000
CDUS41 KPBZ 240702
CLIHLG


CLIMATE REPORT
NATIONAL WEATHER SERVICE PITTSBURGH PA
300 AM EDT SAT JUN 24 2017


...................................

...THE WHEELING CLIMATE SUMMARY FOR JUNE 23 2017...

CLIMATE NORMAL PERIOD 1981 TO 2010
CLIMATE RECORD PERIOD 1878 TO 2017


WEATHER ITEM   OBSERVED TIME   RECORD YEAR NORMAL DEPARTURE LAST
                VALUE   (LST)  VALUE       VALUE  FROM      YEAR
                                                  NORMAL
..................................................................
TEMPERATURE (F)
 YESTERDAY
  MAXIMUM         76    109 PM  94    1948  80     -4       74
  MINIMUM         66   1159 PM  40    1922  60      6       65
  AVERAGE         71                        70      1       70

PRECIPITATION (IN)
  YESTERDAY        2.06R         1.75 1906   0.14   1.92     0.09
  MONTH TO DATE    7.04                      3.88   3.16     2.26
  SINCE JAN 1     25.10                     19.05   6.05    16.39

DEGREE DAYS
 HEATING
  YESTERDAY        0                         0      0        0
  MONTH TO DATE   25                        38    -13       12
  SINCE JUN 1     25                        38    -13       12
  SINCE JUL 1   4572                      5587  -1015     4479

 COOLING
  YESTERDAY        6                                         5
  MONTH TO DATE  135                                       154
  SINCE JUN 1    135                                       154
  SINCE JAN 1    204                                       217
..................................................................


WIND (MPH)
  HIGHEST WIND SPEED    31   HIGHEST WIND DIRECTION     W (250)
  HIGHEST GUST SPEED    48   HIGHEST GUST DIRECTION     W (250)
  AVERAGE WIND SPEED     8.7


SKY COVER
  POSSIBLE SUNSHINE  MM
  AVERAGE SKY COVER 0.9


WEATHER CONDITIONS
 THE FOLLOWING WEATHER WAS RECORDED YESTERDAY.
  THUNDERSTORM
  HEAVY RAIN
  RAIN
  LIGHT RAIN
  FOG


RELATIVE HUMIDITY (PERCENT)
 HIGHEST    93           400 AM
 LOWEST     79          1200 AM
 AVERAGE    86

..........................................................


THE WHEELING CLIMATE NORMALS FOR TODAY
                         NORMAL    RECORD    YEAR
 MAXIMUM TEMPERATURE (F)   80        98      1943
                                             1933
 MINIMUM TEMPERATURE (F)   61        35      1918


SUNRISE AND SUNSET
JUNE 24 2017..........SUNRISE   554 AM EDT   SUNSET   856 PM EDT
JUNE 25 2017..........SUNRISE   555 AM EDT   SUNSET   856 PM EDT


-  INDICATES NEGATIVE NUMBERS.
R  INDICATES RECORD WAS SET OR TIED.
MM INDICATES DATA IS MISSING.
T  INDICATES TRACE AMOUNT.




$$
