000
CDUS41 KPBZ 202213
CLIHLG


CLIMATE REPORT
NATIONAL WEATHER SERVICE PITTSBURGH PA
512 PM EST TUE FEB 20 2018


...................................

...THE WHEELING CLIMATE SUMMARY FOR FEBRUARY 20 2018...
VALID TODAY AS OF 0500 PM LOCAL TIME.

CLIMATE NORMAL PERIOD 1981 TO 2010
CLIMATE RECORD PERIOD 1878 TO 2018


WEATHER ITEM   OBSERVED TIME   RECORD YEAR NORMAL DEPARTURE LAST
                VALUE   (LST)  VALUE       VALUE  FROM      YEAR
                                                  NORMAL
..................................................................
TEMPERATURE (F)
 TODAY
  MAXIMUM         78R   322 PM  68    2016  41     37       59
                                      1930
  MINIMUM         62    557 AM  -6    1936  25     37       41
                                      1903
  AVERAGE         70                        33     37       50

PRECIPITATION (IN)
  TODAY            0.00          1.01 1938   0.08  -0.08     0.00
  MONTH TO DATE    4.92                      1.51   3.41     0.78
  SINCE JAN 1      8.11                      4.13   3.98     4.39

DEGREE DAYS
 HEATING
  TODAY            0                        32    -32       15
  MONTH TO DATE  590                       676    -86      533
  SINCE DEC 1   2860                      2790     70     2449
  SINCE JUL 1   3852                      3918    -66     3248

 COOLING
  TODAY            5                         0      5        0
  MONTH TO DATE    5                         0      5        0
  SINCE DEC 1      5                         0      5        0
  SINCE JAN 1      5                         0      5        0
..................................................................


WIND (MPH)
  HIGHEST WIND SPEED    26   HIGHEST WIND DIRECTION    SW (220)
  HIGHEST GUST SPEED    39   HIGHEST GUST DIRECTION    SW (230)
  AVERAGE WIND SPEED    14.2


SKY COVER
  POSSIBLE SUNSHINE  MM
  AVERAGE SKY COVER 0.2


WEATHER CONDITIONS
 THE FOLLOWING WEATHER WAS RECORDED TODAY.
  NO SIGNIFICANT WEATHER WAS OBSERVED.


RELATIVE HUMIDITY (PERCENT)
 HIGHEST    67           200 AM
 LOWEST     40           300 PM
 AVERAGE    54

..........................................................


THE WHEELING CLIMATE NORMALS FOR TOMORROW
                         NORMAL    RECORD    YEAR
 MAXIMUM TEMPERATURE (F)   41        68      1930
 MINIMUM TEMPERATURE (F)   25       -12      1936


SUNRISE AND SUNSET
FEBRUARY 20 2018......SUNRISE   709 AM EST   SUNSET   604 PM EST
FEBRUARY 21 2018......SUNRISE   708 AM EST   SUNSET   605 PM EST


-  INDICATES NEGATIVE NUMBERS.
R  INDICATES RECORD WAS SET OR TIED.
MM INDICATES DATA IS MISSING.
T  INDICATES TRACE AMOUNT.




$$
