000
CDUS45 KTFX 271001
CLIHLN


CLIMATE REPORT
NATIONAL WEATHER SERVICE GREAT FALLS MT
400 AM MDT WED AUG 27 2014


...................................

...THE HELENA MT CLIMATE SUMMARY FOR AUGUST 26 2014...

CLIMATE NORMAL PERIOD 1981 TO 2010
CLIMATE RECORD PERIOD 1866 TO 2014


WEATHER ITEM   OBSERVED TIME   RECORD YEAR NORMAL DEPARTURE LAST
                VALUE   (LST)  VALUE       VALUE  FROM      YEAR
                                                  NORMAL
..................................................................
TEMPERATURE (F)
 YESTERDAY
  MAXIMUM         82    359 PM  97    2010  82      0       85
  MINIMUM         46    538 AM  35    1992  50     -4       57
  AVERAGE         64                        66     -2       71

PRECIPITATION (IN)
  YESTERDAY        0.00          0.34 1954   0.04  -0.04     0.05
  MONTH TO DATE    2.10                      1.00   1.10     1.65
  SINCE OCT 1      9.85                      9.92  -0.07    11.36
  SINCE JAN 1      8.85                      8.35   0.50     8.06

SNOWFALL (IN)
  YESTERDAY        0.0           T    1989   0.0    0.0      0.0
                                      1995
  MONTH TO DATE    0.0                       0.2   -0.2      0.0
  SINCE JUN 1      0.0                       0.2   -0.2      0.0
  SINCE JUL 1      0.0                       0.2   -0.2      0.0
  SNOW DEPTH       0

DEGREE DAYS
 HEATING
  YESTERDAY        1                         2     -1        0
  MONTH TO DATE   43                        26     17        3
  SINCE JUN 1    170                       189    -19      149
  SINCE JUL 1     43                        53    -10        3

 COOLING
  YESTERDAY        0                         3     -3        6
  MONTH TO DATE  167                       133     34      169
  SINCE JUN 1    434                       363     71      470
  SINCE JAN 1    438                       371     67      477
..................................................................


WIND (MPH)
  HIGHEST WIND SPEED    15   HIGHEST WIND DIRECTION    NW (320)
  HIGHEST GUST SPEED    18   HIGHEST GUST DIRECTION    NW (300)
  AVERAGE WIND SPEED     3.0


SKY COVER
  AVERAGE SKY COVER 0.0


WEATHER CONDITIONS
 THE FOLLOWING WEATHER WAS RECORDED YESTERDAY.
  NO SIGNIFICANT WEATHER WAS OBSERVED.


RELATIVE HUMIDITY (PERCENT)
 HIGHEST    93           400 AM
 LOWEST     20           400 PM
 AVERAGE    57

..........................................................


THE HELENA MT CLIMATE NORMALS FOR TODAY
                         NORMAL    RECORD    YEAR
 MAXIMUM TEMPERATURE (F)   81        98      2001
 MINIMUM TEMPERATURE (F)   50        37      1993


SUNRISE AND SUNSET
AUGUST 27 2014........SUNRISE   642 AM MDT   SUNSET   816 PM MDT
AUGUST 28 2014........SUNRISE   643 AM MDT   SUNSET   815 PM MDT


-  INDICATES NEGATIVE NUMBERS.
R  INDICATES RECORD WAS SET OR TIED.
MM INDICATES DATA IS MISSING.
T  INDICATES TRACE AMOUNT.




$$
