000
CDUS45 KTFX 262232
CLIHLN


CLIMATE REPORT
NATIONAL WEATHER SERVICE GREAT FALLS MT
430 PM MDT TUE JUL 26 2016


...................................

...THE HELENA MT CLIMATE SUMMARY FOR JULY 26 2016...
VALID TODAY AS OF 0400 PM LOCAL TIME.

CLIMATE NORMAL PERIOD 1981 TO 2010
CLIMATE RECORD PERIOD 1866 TO 2016


WEATHER ITEM   OBSERVED TIME   RECORD YEAR NORMAL DEPARTURE LAST
                VALUE   (LST)  VALUE       VALUE  FROM      YEAR
                                                  NORMAL
..................................................................
TEMPERATURE (F)
 TODAY
  MAXIMUM         93    254 PM  98    1988  88      5       86
                                      1933
  MINIMUM         55    439 AM  43    1999  55      0       58
                                      1971
  AVERAGE         74                        72      2       72

PRECIPITATION (IN)
  TODAY            0.00          0.48 1993   0.03  -0.03     0.01
  MONTH TO DATE    0.73                      1.02  -0.29     0.50
  SINCE OCT 1      6.93                      8.75  -1.82     7.34
  SINCE JAN 1      5.23                      7.18  -1.95     5.06

SNOWFALL (IN)
  TODAY            0.0           0.0  1999   0.0    0.0      0.0
                                      1995
  MONTH TO DATE    0.0                       0.0    0.0      0.0
  SINCE JUN 1      T                         T      0.0      0.0
  SINCE JUL 1      0.0                       0.0    0.0      0.0

DEGREE DAYS
 HEATING
  TODAY            0                         0      0        0
  MONTH TO DATE   18                        26     -8        7
  SINCE JUN 1     72                       162    -90       39
  SINCE JUL 1     18                        26     -8        7

 COOLING
  TODAY            9                         7      2        7
  MONTH TO DATE  154                       150      4      165
  SINCE JUN 1    260                       199     61      342
  SINCE JAN 1    260                       207     53      342
..................................................................


WIND (MPH)
  HIGHEST WIND SPEED     9   HIGHEST WIND DIRECTION     N (10)
  HIGHEST GUST SPEED    13   HIGHEST GUST DIRECTION    NW (320)
  AVERAGE WIND SPEED     2.8


SKY COVER
  AVERAGE SKY COVER 0.0


WEATHER CONDITIONS
 THE FOLLOWING WEATHER WAS RECORDED TODAY.
  NO SIGNIFICANT WEATHER WAS OBSERVED.


RELATIVE HUMIDITY (PERCENT)
 HIGHEST    77           500 AM
 LOWEST     15           300 PM
 AVERAGE    46

..........................................................


THE HELENA MT CLIMATE NORMALS FOR TOMORROW
                         NORMAL    RECORD    YEAR
 MAXIMUM TEMPERATURE (F)   88        99      2006
                                             1935
 MINIMUM TEMPERATURE (F)   55        44      1913


SUNRISE AND SUNSET
JULY 26 2016..........SUNRISE   602 AM MDT   SUNSET   906 PM MDT
JULY 27 2016..........SUNRISE   603 AM MDT   SUNSET   905 PM MDT


-  INDICATES NEGATIVE NUMBERS.
R  INDICATES RECORD WAS SET OR TIED.
MM INDICATES DATA IS MISSING.
T  INDICATES TRACE AMOUNT.




$$
