000
CDUS45 KTFX 281017
CLIHLN


CLIMATE REPORT
NATIONAL WEATHER SERVICE GREAT FALLS MT
414 AM MDT SAT MAY 28 2016


...................................

...THE HELENA MT CLIMATE SUMMARY FOR MAY 27 2016...

CLIMATE NORMAL PERIOD 1981 TO 2010
CLIMATE RECORD PERIOD 1866 TO 2016


WEATHER ITEM   OBSERVED TIME   RECORD YEAR NORMAL DEPARTURE LAST
                VALUE   (LST)  VALUE       VALUE  FROM      YEAR
                                                  NORMAL
..................................................................
TEMPERATURE (F)
 YESTERDAY
  MAXIMUM         63   1118 AM  90    1986  70     -7       67
                                      1936
  MINIMUM         46    435 AM  27    1995  44      2       50
  AVERAGE         55                        57     -2       59

PRECIPITATION (IN)
  YESTERDAY        0.03          1.16 2006   0.07  -0.04     0.51
  MONTH TO DATE    1.45                      1.55  -0.10     1.96
  SINCE OCT 1      4.82                      5.35  -0.53     5.94
  SINCE JAN 1      3.12                      3.78  -0.66     3.66

SNOWFALL (IN)
  YESTERDAY        0.0           T    1982   0.0    0.0      0.0
                                      1995
  MONTH TO DATE    T                         0.9   -0.9      0.0
  SINCE MAR 1      T                        10.8  -10.8       T
  SINCE JUL 1     14.8                      38.1  -23.3     24.3
  SNOW DEPTH       0

DEGREE DAYS
 HEATING
  YESTERDAY       10                         8      2        6
  MONTH TO DATE  309                       319    -10      311
  SINCE MAR 1   1518                      1812   -294     1498
  SINCE JUL 1   6458                      7373   -915     6506

 COOLING
  YESTERDAY        0                         0      0        0
  MONTH TO DATE    0                         0      0        0
  SINCE MAR 1      0                         0      0        0
  SINCE JAN 1      0                         0      0        0
..................................................................


WIND (MPH)
  HIGHEST WIND SPEED    17   HIGHEST WIND DIRECTION     W (250)
  HIGHEST GUST SPEED    23   HIGHEST GUST DIRECTION     S (190)
  AVERAGE WIND SPEED     6.3


SKY COVER
  AVERAGE SKY COVER 0.7


WEATHER CONDITIONS
 THE FOLLOWING WEATHER WAS RECORDED YESTERDAY.
  LIGHT RAIN


RELATIVE HUMIDITY (PERCENT)
 HIGHEST    86           100 AM
 LOWEST     49           200 PM
 AVERAGE    68

..........................................................


THE HELENA MT CLIMATE NORMALS FOR TODAY
                         NORMAL    RECORD    YEAR
 MAXIMUM TEMPERATURE (F)   70        95      1919
 MINIMUM TEMPERATURE (F)   44        28      1947


SUNRISE AND SUNSET
MAY 28 2016...........SUNRISE   541 AM MDT   SUNSET   911 PM MDT
MAY 29 2016...........SUNRISE   540 AM MDT   SUNSET   912 PM MDT


-  INDICATES NEGATIVE NUMBERS.
R  INDICATES RECORD WAS SET OR TIED.
MM INDICATES DATA IS MISSING.
T  INDICATES TRACE AMOUNT.




$$
