555
CDUS45 KTFX 070928
CLIHLN


CLIMATE REPORT
NATIONAL WEATHER SERVICE GREAT FALLS MT
228 AM MST SUN FEB 7 2016


...................................

...THE HELENA MT CLIMATE SUMMARY FOR FEBRUARY 6 2016...

CLIMATE NORMAL PERIOD 1981 TO 2010
CLIMATE RECORD PERIOD 1866 TO 2016


WEATHER ITEM   OBSERVED TIME   RECORD YEAR NORMAL DEPARTURE LAST
                VALUE   (LST)  VALUE       VALUE  FROM      YEAR
                                                  NORMAL
..................................................................
TEMPERATURE (F)
 YESTERDAY
  MAXIMUM         41    143 PM  67    2015  37      4       67
  MINIMUM         24    459 AM -27    1936  16      8       37
  AVERAGE         33                        26      7       52

PRECIPITATION (IN)
  YESTERDAY        T             0.41 1895   0.01  -0.01     0.00
  MONTH TO DATE    T                         0.06  -0.06     0.01
  SINCE OCT 1      2.01                      1.99   0.02     2.93
  SINCE JAN 1      0.31                      0.42  -0.11     0.65

SNOWFALL (IN)
  YESTERDAY        T             7.0  1933   0.2   -0.2      0.0
  MONTH TO DATE    T                         1.2   -1.2      0.1
  SINCE DEC 1     11.3                      14.7   -3.4     11.9
  SINCE JUL 1     14.8                      23.5   -8.7     22.7
  SNOW DEPTH       1

DEGREE DAYS
 HEATING
  YESTERDAY       32                        39     -7       13
  MONTH TO DATE  218                       236    -18      182
  SINCE DEC 1   2750                      2872   -122     2628
  SINCE JUL 1   4379                      4754   -375     4340

 COOLING
  YESTERDAY        0                         0      0        0
  MONTH TO DATE    0                         0      0        0
  SINCE DEC 1      0                         0      0        0
  SINCE JAN 1      0                         0      0        0
..................................................................


WIND (MPH)
  HIGHEST WIND SPEED    40   HIGHEST WIND DIRECTION     W (270)
  HIGHEST GUST SPEED    53   HIGHEST GUST DIRECTION     W (270)
  AVERAGE WIND SPEED    16.0


SKY COVER
  AVERAGE SKY COVER 0.5


WEATHER CONDITIONS
 THE FOLLOWING WEATHER WAS RECORDED YESTERDAY.
  LIGHT RAIN
  LIGHT SNOW


RELATIVE HUMIDITY (PERCENT)
 HIGHEST    81           300 AM
 LOWEST     44          1100 AM
 AVERAGE    63

..........................................................


THE HELENA MT CLIMATE NORMALS FOR TODAY
                         NORMAL    RECORD    YEAR
 MAXIMUM TEMPERATURE (F)   37        62      1886
 MINIMUM TEMPERATURE (F)   16       -36      1936


SUNRISE AND SUNSET
FEBRUARY  7 2016......SUNRISE   744 AM MST   SUNSET   540 PM MST
FEBRUARY  8 2016......SUNRISE   743 AM MST   SUNSET   542 PM MST


-  INDICATES NEGATIVE NUMBERS.
R  INDICATES RECORD WAS SET OR TIED.
MM INDICATES DATA IS MISSING.
T  INDICATES TRACE AMOUNT.




$$
