000
CDUS45 KTFX 040934
CLIHLN


CLIMATE REPORT
NATIONAL WEATHER SERVICE GREAT FALLS MT
332 AM MDT TUE AUG 4 2015


...................................

...THE HELENA MT CLIMATE SUMMARY FOR AUGUST 3 2015...

CLIMATE NORMAL PERIOD 1981 TO 2010
CLIMATE RECORD PERIOD 1866 TO 2015


WEATHER ITEM   OBSERVED TIME   RECORD YEAR NORMAL DEPARTURE LAST
                VALUE   (LST)  VALUE       VALUE  FROM      YEAR
                                                  NORMAL
..................................................................
TEMPERATURE (F)
 YESTERDAY
  MAXIMUM         97    337 PM 102    2001  88      9       91
  MINIMUM         58    500 AM  43    1972  55      3       57
  AVERAGE         78                        71      7       74

PRECIPITATION (IN)
  YESTERDAY        0.00          0.28 2003   0.04  -0.04     0.00
  MONTH TO DATE    0.00                      0.11  -0.11     0.00
  SINCE OCT 1      8.12                      9.03  -0.91     7.75
  SINCE JAN 1      5.84                      7.46  -1.62     6.75

SNOWFALL (IN)
  YESTERDAY        0.0           0.0  1999   0.0    0.0      0.0
                                      1995
  MONTH TO DATE    0.0                       0.0    0.0      0.0
  SINCE JUN 1      0.0                       T      0.0      0.0
  SINCE JUL 1      0.0                       0.0    0.0      0.0
  SNOW DEPTH       0

DEGREE DAYS
 HEATING
  YESTERDAY        0                         0      0        0
  MONTH TO DATE    0                         0      0        0
  SINCE JUN 1     47                       163   -116      127
  SINCE JUL 1     15                        27    -12        0

 COOLING
  YESTERDAY       13                         7      6        9
  MONTH TO DATE   35                        21     14       29
  SINCE JUN 1    393                       251    142      296
  SINCE JAN 1    393                       259    134      300
..................................................................


WIND (MPH)
  HIGHEST WIND SPEED    18   HIGHEST WIND DIRECTION     S (190)
  HIGHEST GUST SPEED    26   HIGHEST GUST DIRECTION    SW (210)
  AVERAGE WIND SPEED     5.3


SKY COVER
  AVERAGE SKY COVER 0.0


WEATHER CONDITIONS
 THE FOLLOWING WEATHER WAS RECORDED YESTERDAY.
  THUNDERSTORM


RELATIVE HUMIDITY (PERCENT)
 HIGHEST    53           500 AM
 LOWEST     16           300 PM
 AVERAGE    35

..........................................................


THE HELENA MT CLIMATE NORMALS FOR TODAY
                         NORMAL    RECORD    YEAR
 MAXIMUM TEMPERATURE (F)   88       102      1961
 MINIMUM TEMPERATURE (F)   55        41      1923


SUNRISE AND SUNSET
AUGUST  4 2015........SUNRISE   612 AM MDT   SUNSET   855 PM MDT
AUGUST  5 2015........SUNRISE   613 AM MDT   SUNSET   854 PM MDT


-  INDICATES NEGATIVE NUMBERS.
R  INDICATES RECORD WAS SET OR TIED.
MM INDICATES DATA IS MISSING.
T  INDICATES TRACE AMOUNT.




$$
