000
CDUS45 KTFX 222222
CLIHLN


CLIMATE REPORT
NATIONAL WEATHER SERVICE GREAT FALLS MT
422 PM MDT MON SEP 22 2014


...................................

...THE HELENA MT CLIMATE SUMMARY FOR SEPTEMBER 22 2014...
VALID TODAY AS OF 0400 PM LOCAL TIME.

CLIMATE NORMAL PERIOD 1981 TO 2010
CLIMATE RECORD PERIOD 1866 TO 2014


WEATHER ITEM   OBSERVED TIME   RECORD YEAR NORMAL DEPARTURE LAST
                VALUE   (LST)  VALUE       VALUE  FROM      YEAR
                                                  NORMAL
..................................................................
TEMPERATURE (F)
 TODAY
  MAXIMUM         79    259 PM  89    1966  70      9       70
  MINIMUM         48    547 AM  21    1934  41      7       47
  AVERAGE         64                        55      9       59

PRECIPITATION (IN)
  TODAY            0.00          0.48 1930   0.03  -0.03     0.03
  MONTH TO DATE    0.19                      0.84  -0.65     0.38
  SINCE OCT 1     10.05                     10.96  -0.91    11.80
  SINCE JAN 1      9.05                      9.39  -0.34     8.50

SNOWFALL (IN)
  TODAY            0.0           5.1  1934   0.0    0.0      0.0
  MONTH TO DATE    T                         0.8   -0.8      0.0
  SINCE SEP 1      T                         0.8   -0.8      0.0
  SINCE JUL 1      T                         1.1   -1.1      0.0
  SNOW DEPTH       0

DEGREE DAYS
 HEATING
  TODAY            1                        10     -9        6
  MONTH TO DATE  151                       145      6       41
  SINCE SEP 1    151                       145      6       41
  SINCE JUL 1    198                       214    -16       44

 COOLING
  TODAY            0                         0      0        0
  MONTH TO DATE    4                        22    -18       80
  SINCE SEP 1      4                        22    -18       80
  SINCE JAN 1    452                       405     47      589
..................................................................


WIND (MPH)
  HIGHEST WIND SPEED    12   HIGHEST WIND DIRECTION    SE (150)
  HIGHEST GUST SPEED    14   HIGHEST GUST DIRECTION    SE (150)
  AVERAGE WIND SPEED     2.2


SKY COVER
  AVERAGE SKY COVER 0.0


WEATHER CONDITIONS
 THE FOLLOWING WEATHER WAS RECORDED TODAY.
  NO SIGNIFICANT WEATHER WAS OBSERVED.


RELATIVE HUMIDITY (PERCENT)
 HIGHEST    80           600 AM
 LOWEST     35           300 PM
 AVERAGE    58

..........................................................


THE HELENA MT CLIMATE NORMALS FOR TOMORROW
                         NORMAL    RECORD    YEAR
 MAXIMUM TEMPERATURE (F)   69        90      1966
 MINIMUM TEMPERATURE (F)   41        16      1926


SUNRISE AND SUNSET
SEPTEMBER 22 2014.....SUNRISE   715 AM MDT   SUNSET   725 PM MDT
SEPTEMBER 23 2014.....SUNRISE   716 AM MDT   SUNSET   723 PM MDT


-  INDICATES NEGATIVE NUMBERS.
R  INDICATES RECORD WAS SET OR TIED.
MM INDICATES DATA IS MISSING.
T  INDICATES TRACE AMOUNT.




$$
