000
CDUS45 KTFX 270036
CLIHLN


CLIMATE REPORT
NATIONAL WEATHER SERVICE GREAT FALLS MT
536 PM MST WED NOV 26 2014


...................................

...THE HELENA MT CLIMATE SUMMARY FOR NOVEMBER 26 2014...
VALID TODAY AS OF 0500 PM LOCAL TIME.

CLIMATE NORMAL PERIOD 1981 TO 2010
CLIMATE RECORD PERIOD 1866 TO 2014


WEATHER ITEM   OBSERVED TIME   RECORD YEAR NORMAL DEPARTURE LAST
                VALUE   (LST)  VALUE       VALUE  FROM      YEAR
                                                  NORMAL
..................................................................
TEMPERATURE (F)
 TODAY
  MAXIMUM         35    229 PM  66    1933  37     -2       41
  MINIMUM         30    852 AM -18    1985  18     12       18
  AVERAGE         33                        28      5       30

PRECIPITATION (IN)
  TODAY            0.30          0.31 1994   0.01   0.29     0.00
  MONTH TO DATE    0.77                      0.42   0.35     0.15
  SINCE OCT 1      1.17                      1.10   0.07     0.71
  SINCE JAN 1     11.13                     10.75   0.38    10.29

SNOWFALL (IN)
  TODAY            4.0           6.5  1955   0.2    3.8      0.0
  MONTH TO DATE    4.7                       3.9    0.8      1.5
  SINCE SEP 1      4.7                       7.6   -2.9      3.5
  SINCE JUL 1      4.7                       7.9   -3.2      3.5
  SNOW DEPTH       4

DEGREE DAYS
 HEATING
  TODAY           32                        37     -5       35
  MONTH TO DATE  909                       821     88      814
  SINCE SEP 1   1486                      1660   -174     1663
  SINCE JUL 1   1533                      1729   -196     1666

 COOLING
  TODAY            0                         0      0        0
  MONTH TO DATE    0                         0      0        0
  SINCE SEP 1     21                        23     -2       80
  SINCE JAN 1    469                       406     63      589
..................................................................


WIND (MPH)
  HIGHEST WIND SPEED     7   HIGHEST WIND DIRECTION    SE (140)
  HIGHEST GUST SPEED     8   HIGHEST GUST DIRECTION    SE (130)
  AVERAGE WIND SPEED     2.1


SKY COVER
  AVERAGE SKY COVER 0.9


WEATHER CONDITIONS
 THE FOLLOWING WEATHER WAS RECORDED TODAY.
  LIGHT SNOW
  FOG
  HAZE


RELATIVE HUMIDITY (PERCENT)
 HIGHEST   100           200 AM
 LOWEST     82           300 PM
 AVERAGE    91

..........................................................


THE HELENA MT CLIMATE NORMALS FOR TOMORROW
                         NORMAL    RECORD    YEAR
 MAXIMUM TEMPERATURE (F)   37        58      1949
                                             1945
 MINIMUM TEMPERATURE (F)   17       -22      1896


SUNRISE AND SUNSET
NOVEMBER 26 2014......SUNRISE   745 AM MST   SUNSET   445 PM MST
NOVEMBER 27 2014......SUNRISE   747 AM MST   SUNSET   444 PM MST


-  INDICATES NEGATIVE NUMBERS.
R  INDICATES RECORD WAS SET OR TIED.
MM INDICATES DATA IS MISSING.
T  INDICATES TRACE AMOUNT.




$$
