000
CDHW40 PHFO 281245
CLIHNL


CLIMATE REPORT
NATIONAL WEATHER SERVICE HONOLULU HI
245 AM HST FRI NOV 28 2014


...................................

...THE HONOLULU HI CLIMATE SUMMARY FOR NOVEMBER 27 2014...

CLIMATE NORMAL PERIOD 1981 TO 2010
CLIMATE RECORD PERIOD 1946 TO 2014


WEATHER ITEM   OBSERVED TIME   RECORD YEAR NORMAL DEPARTURE LAST
                VALUE   (LST)  VALUE       VALUE  FROM      YEAR
                                                  NORMAL
..................................................................
TEMPERATURE (F)
 YESTERDAY
  MAXIMUM         82    134 PM  87    1988  83     -1       84
                                      1983
  MINIMUM         74    531 AM  58    1972  70      4       71
  AVERAGE         78                        77      1       78

PRECIPITATION (IN)
  YESTERDAY        0.00          3.24 2001   0.07  -0.07     0.00
  MONTH TO DATE    1.43                      2.17  -0.74     1.43
  SINCE SEP 1      7.52                      4.71   2.81     2.94
  SINCE JAN 1     19.75                     13.61   6.14    12.02

SNOWFALL (IN)
  YESTERDAY        0.0
  MONTH TO DATE    0.0
  SINCE SEP 1      0.0
  SINCE JUL 1      0.0
  SNOW DEPTH       0

DEGREE DAYS
 HEATING
  YESTERDAY        0                         0      0        0
  MONTH TO DATE    0                         0      0        0
  SINCE SEP 1      0                         0      0        0
  SINCE JUL 1      0                         0      0        0

 COOLING
  YESTERDAY       13                        12      1       13
  MONTH TO DATE  368                       347     21      329
  SINCE SEP 1   1430                      1309    121     1244
  SINCE JAN 1   4588                      4293    295     4104
..................................................................


WIND (MPH)
  HIGHEST WIND SPEED    25   HIGHEST WIND DIRECTION    NE (50)
  HIGHEST GUST SPEED    36   HIGHEST GUST DIRECTION    NE (30)
  AVERAGE WIND SPEED    15.2


SKY COVER
  POSSIBLE SUNSHINE  MM
  AVERAGE SKY COVER 0.6


WEATHER CONDITIONS
 THE FOLLOWING WEATHER WAS RECORDED YESTERDAY.
  NO SIGNIFICANT WEATHER WAS OBSERVED.


RELATIVE HUMIDITY (PERCENT)
 HIGHEST    60          1200 AM
 LOWEST     45          1200 PM
 AVERAGE    53

..........................................................


THE HONOLULU HI CLIMATE NORMALS FOR TODAY
                         NORMAL    RECORD    YEAR
 MAXIMUM TEMPERATURE (F)   83        89      1963
 MINIMUM TEMPERATURE (F)   70        60      1972


SUNRISE AND SUNSET
NOVEMBER 28 2014......SUNRISE   651 AM HST   SUNSET   548 PM HST
NOVEMBER 29 2014......SUNRISE   652 AM HST   SUNSET   548 PM HST


-  INDICATES NEGATIVE NUMBERS.
R  INDICATES RECORD WAS SET OR TIED.
MM INDICATES DATA IS MISSING.
T  INDICATES TRACE AMOUNT.




$$
