000
CDHW40 PHFO 260226
CLIHNL


CLIMATE REPORT
NATIONAL WEATHER SERVICE HONOLULU HI
426 PM HST MON MAY 25 2015


...................................

...THE HONOLULU HI CLIMATE SUMMARY FOR MAY 25 2015...
VALID TODAY AS OF 0400 PM LOCAL TIME.

CLIMATE NORMAL PERIOD 1981 TO 2010
CLIMATE RECORD PERIOD 1946 TO 2015


WEATHER ITEM   OBSERVED TIME   RECORD YEAR NORMAL DEPARTURE LAST
                VALUE   (LST)  VALUE       VALUE  FROM      YEAR
                                                  NORMAL
..................................................................
TEMPERATURE (F)
 TODAY
  MAXIMUM         82   1130 AM  89    2005  85     -3       80
                                      1996
                                      1992
  MINIMUM         68    641 AM  66    1974  72     -4       69
                                      1959
  AVERAGE         75                        79     -4       75

PRECIPITATION (IN)
  TODAY            0.00          1.94 2014   0.02  -0.02     1.94
  MONTH TO DATE    0.15                      0.53  -0.38     3.34
  SINCE MAR 1      1.14                      3.18  -2.04     6.28
  SINCE JAN 1      2.94                      7.48  -4.54     9.96

SNOWFALL (IN)
  TODAY            0.0
  MONTH TO DATE    0.0
  SINCE MAR 1      0.0
  SINCE JUL 1      0.0
  SNOW DEPTH       0

DEGREE DAYS
 HEATING
  TODAY            0                         0      0        0
  MONTH TO DATE    0                         0      0        0
  SINCE MAR 1      0                         0      0        0
  SINCE JUL 1      0                         0      0        0

 COOLING
  TODAY           10                        14     -4       10
  MONTH TO DATE  272                       312    -40      325
  SINCE MAR 1    888                       937    -49     1000
  SINCE JAN 1   1398                      1419    -21     1519
..................................................................


WIND (MPH)
  HIGHEST WIND SPEED    14   HIGHEST WIND DIRECTION    SW (230)
  HIGHEST GUST SPEED    18   HIGHEST GUST DIRECTION    NE (50)
  AVERAGE WIND SPEED     7.7


SKY COVER
  POSSIBLE SUNSHINE  MM
  AVERAGE SKY COVER 0.6


WEATHER CONDITIONS
 THE FOLLOWING WEATHER WAS RECORDED TODAY.
  NO SIGNIFICANT WEATHER WAS OBSERVED.


RELATIVE HUMIDITY (PERCENT)
 HIGHEST    76           500 AM
 LOWEST     39          1000 AM
 AVERAGE    58

..........................................................


THE HONOLULU HI CLIMATE NORMALS FOR TOMORROW
                         NORMAL    RECORD    YEAR
 MAXIMUM TEMPERATURE (F)   86        90      1992
 MINIMUM TEMPERATURE (F)   72        65      1972


SUNRISE AND SUNSET
MAY 25 2015...........SUNRISE   550 AM HST   SUNSET   707 PM HST
MAY 26 2015...........SUNRISE   550 AM HST   SUNSET   708 PM HST


-  INDICATES NEGATIVE NUMBERS.
R  INDICATES RECORD WAS SET OR TIED.
MM INDICATES DATA IS MISSING.
T  INDICATES TRACE AMOUNT.




$$
