000
CDHW40 PHFO 161245
CLIHNL


CLIMATE REPORT
NATIONAL WEATHER SERVICE HONOLULU HI
245 AM HST WED AUG 16 2017


...................................

...THE HONOLULU HI CLIMATE SUMMARY FOR AUGUST 15 2017...

CLIMATE NORMAL PERIOD 1981 TO 2010
CLIMATE RECORD PERIOD 1946 TO 2017


WEATHER ITEM   OBSERVED TIME   RECORD YEAR NORMAL DEPARTURE LAST
                VALUE   (LST)  VALUE       VALUE  FROM      YEAR
                                                  NORMAL
..................................................................
TEMPERATURE (F)
 YESTERDAY
  MAXIMUM         88    240 PM  92    2005  89     -1       89
  MINIMUM         75    544 AM   1    2016  75      0       MM
  AVERAGE         82                        82      0       MM

PRECIPITATION (IN)
  YESTERDAY        T             1.20 1982   0.02  -0.02     0.00
  MONTH TO DATE    0.04                      0.27  -0.23     0.12
  SINCE JUN 1      0.59                      1.04  -0.45     3.02
  SINCE JAN 1     14.08                      8.61   5.47     7.06

SNOWFALL (IN)
  YESTERDAY        0.0
  MONTH TO DATE    0.0
  SINCE JUN 1      0.0
  SINCE JUL 1      0.0
  SNOW DEPTH      MM

DEGREE DAYS
 HEATING
  YESTERDAY        0                         0      0       MM
  MONTH TO DATE    0                         0      0        0
  SINCE JUN 1      0                         0      0        0
  SINCE JUL 1      0                         0      0        0

 COOLING
  YESTERDAY       17                        17      0       MM
  MONTH TO DATE  259                       255      4      197
  SINCE JUN 1   1227                      1213     14     1132
  SINCE JAN 1   2928                      2715    213     2846
..................................................................


WIND (MPH)
  HIGHEST WIND SPEED    22   HIGHEST WIND DIRECTION    NE (50)
  HIGHEST GUST SPEED    34   HIGHEST GUST DIRECTION     E (70)
  AVERAGE WIND SPEED    12.1


SKY COVER
  POSSIBLE SUNSHINE  MM
  AVERAGE SKY COVER  MM


WEATHER CONDITIONS
 THE FOLLOWING WEATHER WAS RECORDED YESTERDAY.
  NO SIGNIFICANT WEATHER WAS OBSERVED.


RELATIVE HUMIDITY (PERCENT)
 HIGHEST    MM
 LOWEST     MM
 AVERAGE    MM

..........................................................


THE HONOLULU HI CLIMATE NORMALS FOR TODAY
                         NORMAL    RECORD    YEAR
 MAXIMUM TEMPERATURE (F)   89        92      1994
                                             1986
                                             1984
 MINIMUM TEMPERATURE (F)   75        68      2009
                                             1974


SUNRISE AND SUNSET
AUGUST 16 2017........SUNRISE   611 AM HST   SUNSET   701 PM HST
AUGUST 17 2017........SUNRISE   611 AM HST   SUNSET   700 PM HST


-  INDICATES NEGATIVE NUMBERS.
R  INDICATES RECORD WAS SET OR TIED.
MM INDICATES DATA IS MISSING.
T  INDICATES TRACE AMOUNT.




$$
