000
CDHW40 PHFO 170258
CLIHNL


CLIMATE REPORT
NATIONAL WEATHER SERVICE HONOLULU HI
458 PM HST MON OCT 16 2017


...................................

...THE HONOLULU HI CLIMATE SUMMARY FOR OCTOBER 16 2017...
VALID TODAY AS OF 0400 PM LOCAL TIME.

CLIMATE NORMAL PERIOD 1981 TO 2010
CLIMATE RECORD PERIOD 1946 TO 2017


WEATHER ITEM   OBSERVED TIME   RECORD YEAR NORMAL DEPARTURE LAST
                VALUE   (LST)  VALUE       VALUE  FROM      YEAR
                                                  NORMAL
..................................................................
TEMPERATURE (F)
 TODAY
  MAXIMUM         87   1140 AM  92    1995  87      0       87
  MINIMUM         76   1210 AM  67    1961  74      2       72
  AVERAGE         82                        80      2       80

PRECIPITATION (IN)
  TODAY            T             2.12 1991   0.06  -0.06     0.00
  MONTH TO DATE    0.11                      0.79  -0.68     0.02
  SINCE SEP 1      0.21                      1.49  -1.28     2.94
  SINCE JAN 1     16.10                     10.39   5.71    11.46

SNOWFALL (IN)
  TODAY            0.0
  MONTH TO DATE    0.0
  SINCE SEP 1      0.0
  SINCE JUL 1      0.0
  SNOW DEPTH      MM

DEGREE DAYS
 HEATING
  TODAY            0                         0      0        0
  MONTH TO DATE    0                         0      0        0
  SINCE SEP 1      0                         0      0        0
  SINCE JUL 1      0                         0      0        0

 COOLING
  TODAY           17                        15      2       15
  MONTH TO DATE  268                       249     19      248
  SINCE SEP 1    776                       744     32      720
  SINCE JAN 1   3829                      3728    101     3835
..................................................................


WIND (MPH)
  HIGHEST WIND SPEED    36   HIGHEST WIND DIRECTION     E (70)
  HIGHEST GUST SPEED    42   HIGHEST GUST DIRECTION    NE (60)
  AVERAGE WIND SPEED    MM


SKY COVER
  POSSIBLE SUNSHINE  MM
  AVERAGE SKY COVER  MM


WEATHER CONDITIONS
 THE FOLLOWING WEATHER WAS RECORDED TODAY.
  NO SIGNIFICANT WEATHER WAS OBSERVED.


RELATIVE HUMIDITY (PERCENT)
 HIGHEST    MM
 LOWEST     MM
 AVERAGE    MM

..........................................................


THE HONOLULU HI CLIMATE NORMALS FOR TOMORROW
                         NORMAL    RECORD    YEAR
 MAXIMUM TEMPERATURE (F)   87        91      1995
                                             1983
 MINIMUM TEMPERATURE (F)   73        66      1978


SUNRISE AND SUNSET
OCTOBER 16 2017.......SUNRISE   628 AM HST   SUNSET   606 PM HST
OCTOBER 17 2017.......SUNRISE   628 AM HST   SUNSET   605 PM HST


-  INDICATES NEGATIVE NUMBERS.
R  INDICATES RECORD WAS SET OR TIED.
MM INDICATES DATA IS MISSING.
T  INDICATES TRACE AMOUNT.




$$
