000
CDHW40 PHFO 240253
CLIHNL


CLIMATE REPORT
NATIONAL WEATHER SERVICE HONOLULU HI
453 PM HST THU FEB 23 2017


...................................

...THE HONOLULU HI CLIMATE SUMMARY FOR FEBRUARY 23 2017...
VALID TODAY AS OF 0400 PM LOCAL TIME.

CLIMATE NORMAL PERIOD 1981 TO 2010
CLIMATE RECORD PERIOD 1946 TO 2017


WEATHER ITEM   OBSERVED TIME   RECORD YEAR NORMAL DEPARTURE LAST
                VALUE   (LST)  VALUE       VALUE  FROM      YEAR
                                                  NORMAL
..................................................................
TEMPERATURE (F)
 TODAY
  MAXIMUM         80    216 PM  85    1996  80      0       79
                                      1984
                                      1981
  MINIMUM         67    721 AM  60    1990  66      1       66
                                      1987
  AVERAGE         74                        73      1       73

PRECIPITATION (IN)
  TODAY            0.00          5.52 1955   0.08  -0.08     0.00
  MONTH TO DATE    5.82                      1.61   4.21     0.32
  SINCE DEC 1      6.90                      7.16  -0.26     0.62
  SINCE JAN 1      6.03                      3.92   2.11     0.35

SNOWFALL (IN)
  TODAY            0.0
  MONTH TO DATE    0.0
  SINCE DEC 1      0.0
  SINCE JUL 1      0.0
  SNOW DEPTH       0

DEGREE DAYS
 HEATING
  TODAY            0                         0      0        0
  MONTH TO DATE    0                         0      0        0
  SINCE DEC 1      0                         0      0        0
  SINCE JUL 1      0                         0      0        0

 COOLING
  TODAY            9                         8      1        8
  MONTH TO DATE  213                       184     29      232
  SINCE DEC 1    791                       740     51      931
  SINCE JAN 1    486                       438     48      525
..................................................................


WIND (MPH)
  HIGHEST WIND SPEED    22   HIGHEST WIND DIRECTION     E (70)
  HIGHEST GUST SPEED    30   HIGHEST GUST DIRECTION    NE (50)
  AVERAGE WIND SPEED    10.7


SKY COVER
  POSSIBLE SUNSHINE  MM
  AVERAGE SKY COVER 0.4


WEATHER CONDITIONS
 THE FOLLOWING WEATHER WAS RECORDED TODAY.
  NO SIGNIFICANT WEATHER WAS OBSERVED.


RELATIVE HUMIDITY (PERCENT)
 HIGHEST    68           500 AM
 LOWEST     45          1200 PM
 AVERAGE    57

..........................................................


THE HONOLULU HI CLIMATE NORMALS FOR TOMORROW
                         NORMAL    RECORD    YEAR
 MAXIMUM TEMPERATURE (F)   80        86      2004
 MINIMUM TEMPERATURE (F)   66        58      1962


SUNRISE AND SUNSET
FEBRUARY 23 2017......SUNRISE   656 AM HST   SUNSET   634 PM HST
FEBRUARY 24 2017......SUNRISE   656 AM HST   SUNSET   634 PM HST


-  INDICATES NEGATIVE NUMBERS.
R  INDICATES RECORD WAS SET OR TIED.
MM INDICATES DATA IS MISSING.
T  INDICATES TRACE AMOUNT.




$$
