863
CDHW40 PHFO 260228
CLIHNL


CLIMATE REPORT
NATIONAL WEATHER SERVICE HONOLULU HI
428 PM HST SAT MAR 25 2017


...................................

...THE HONOLULU HI CLIMATE SUMMARY FOR MARCH 25 2017...
VALID TODAY AS OF 0400 PM LOCAL TIME.

CLIMATE NORMAL PERIOD 1981 TO 2010
CLIMATE RECORD PERIOD 1946 TO 2017


WEATHER ITEM   OBSERVED TIME   RECORD YEAR NORMAL DEPARTURE LAST
                VALUE   (LST)  VALUE       VALUE  FROM      YEAR
                                                  NORMAL
..................................................................
TEMPERATURE (F)
 TODAY
  MAXIMUM         86    141 PM  88    1983  82      4       78
  MINIMUM         69    532 AM  56    1955  69      0       70
  AVERAGE         78                        75      3       74

PRECIPITATION (IN)
  TODAY            0.00          1.51 1971   0.06  -0.06     0.20
  MONTH TO DATE    2.75                      1.68   1.07     0.22
  SINCE MAR 1      2.75                      1.68   1.07     0.22
  SINCE JAN 1     10.08                      5.98   4.10     0.65

SNOWFALL (IN)
  TODAY            0.0
  MONTH TO DATE    0.0
  SINCE MAR 1      0.0
  SINCE JUL 1      0.0
  SNOW DEPTH       0

DEGREE DAYS
 HEATING
  TODAY            0                         0      0        0
  MONTH TO DATE    0                         0      0        0
  SINCE MAR 1      0                         0      0        0
  SINCE JUL 1      0                         0      0        0

 COOLING
  TODAY           13                        10      3        9
  MONTH TO DATE  273                       233     40      246
  SINCE MAR 1    273                       233     40      246
  SINCE JAN 1    800                       715     85      828
..................................................................


WIND (MPH)
  HIGHEST WIND SPEED    23   HIGHEST WIND DIRECTION     E (70)
  HIGHEST GUST SPEED    27   HIGHEST GUST DIRECTION    NE (60)
  AVERAGE WIND SPEED    10.1


SKY COVER
  POSSIBLE SUNSHINE  MM
  AVERAGE SKY COVER 0.3


WEATHER CONDITIONS
 THE FOLLOWING WEATHER WAS RECORDED TODAY.
  NO SIGNIFICANT WEATHER WAS OBSERVED.


RELATIVE HUMIDITY (PERCENT)
 HIGHEST    84           200 AM
 LOWEST     43           300 PM
 AVERAGE    64

..........................................................


THE HONOLULU HI CLIMATE NORMALS FOR TOMORROW
                         NORMAL    RECORD    YEAR
 MAXIMUM TEMPERATURE (F)   82        87      1984
                                             1981
 MINIMUM TEMPERATURE (F)   69        57      1955


SUNRISE AND SUNSET
MARCH 25 2017.........SUNRISE   631 AM HST   SUNSET   645 PM HST
MARCH 26 2017.........SUNRISE   630 AM HST   SUNSET   645 PM HST


-  INDICATES NEGATIVE NUMBERS.
R  INDICATES RECORD WAS SET OR TIED.
MM INDICATES DATA IS MISSING.
T  INDICATES TRACE AMOUNT.




$$
