000
CDUS43 KFSD 232230
CLIHON


CLIMATE REPORT
NATIONAL WEATHER SERVICE SIOUX FALLS SD
427 PM CST MON JAN 23 2017


...................................

...THE HURON SD CLIMATE SUMMARY FOR JANUARY 23 2017...
VALID TODAY AS OF 0400 PM LOCAL TIME.

CLIMATE NORMAL PERIOD 1981 TO 2010
CLIMATE RECORD PERIOD 1881 TO 2017


WEATHER ITEM   OBSERVED TIME   RECORD YEAR NORMAL DEPARTURE LAST
                VALUE   (LST)  VALUE       VALUE  FROM      YEAR
                                                  NORMAL
..................................................................
TEMPERATURE (F)
 TODAY
  MAXIMUM         31    359 PM  57    1981  27      4       32
  MINIMUM         29    948 AM -24    2003   7     22       15
                                      1948
                                      1883
  AVERAGE         30                        17     13       24

PRECIPITATION (IN)
  TODAY            0.00          0.28 1894   0.02  -0.02     0.00
  MONTH TO DATE    0.33                      0.37  -0.04     0.22
  SINCE DEC 1      1.72                      0.89   0.83     1.50
  SINCE JAN 1      0.33                      0.37  -0.04     0.22

SNOWFALL (IN)
  TODAY            0.0           3.4  1982   0.3   -0.3      0.0
  MONTH TO DATE    4.0                       5.4   -1.4      3.5
  SINCE DEC 1     14.0                      13.4    0.6     17.8
  SINCE JUL 1     18.7                      21.7   -3.0     23.4
  SNOW DEPTH       T

DEGREE DAYS
 HEATING
  TODAY           35                        48    -13       41
  MONTH TO DATE 1180                      1119     61     1197
  SINCE DEC 1   2679                      2537    142     2455
  SINCE JUL 1   3887                      4239   -352     3745

 COOLING
  TODAY            0                         0      0        0
  MONTH TO DATE    0                         0      0        0
  SINCE DEC 1      0                         0      0        0
  SINCE JAN 1      0                         0      0        0
..................................................................


WIND (MPH)
  HIGHEST WIND SPEED    14   HIGHEST WIND DIRECTION    NW (300)
  HIGHEST GUST SPEED    17   HIGHEST GUST DIRECTION     W (290)
  AVERAGE WIND SPEED     5.1


SKY COVER
  POSSIBLE SUNSHINE  MM
  AVERAGE SKY COVER 1.0


WEATHER CONDITIONS
 THE FOLLOWING WEATHER WAS RECORDED TODAY.
  NO SIGNIFICANT WEATHER WAS OBSERVED.


RELATIVE HUMIDITY (PERCENT)
 HIGHEST    92          1200 AM
 LOWEST     85           100 AM
 AVERAGE    89

..........................................................


THE HURON SD CLIMATE NORMALS FOR TOMORROW
                         NORMAL    RECORD    YEAR
 MAXIMUM TEMPERATURE (F)   27        62      1981
 MINIMUM TEMPERATURE (F)    7       -35      1894


SUNRISE AND SUNSET
JANUARY 23 2017.......SUNRISE   800 AM CST   SUNSET   530 PM CST
JANUARY 24 2017.......SUNRISE   759 AM CST   SUNSET   532 PM CST


-  INDICATES NEGATIVE NUMBERS.
R  INDICATES RECORD WAS SET OR TIED.
MM INDICATES DATA IS MISSING.
T  INDICATES TRACE AMOUNT.




$$
