000
CDUS43 KFSD 300625
CLIHON


CLIMATE REPORT
NATIONAL WEATHER SERVICE SIOUX FALLS SD
124 AM CDT SUN AUG 30 2015


...................................

...THE HURON SD CLIMATE SUMMARY FOR AUGUST 29 2015...

CLIMATE NORMAL PERIOD 1981 TO 2010
CLIMATE RECORD PERIOD 1881 TO 2015


WEATHER ITEM   OBSERVED TIME   RECORD YEAR NORMAL DEPARTURE LAST
                VALUE   (LST)  VALUE       VALUE  FROM      YEAR
                                                  NORMAL
..................................................................
TEMPERATURE (F)
 YESTERDAY
  MAXIMUM         83    437 PM 101    2012  82      1       83
                                      1961
  MINIMUM         58    643 AM  36    1946  56      2       62
  AVERAGE         71                        69      2       73

PRECIPITATION (IN)
  YESTERDAY        0.00          1.29 1924   0.07  -0.07     0.21
  MONTH TO DATE    5.04                      2.29   2.75     3.03
  SINCE JUN 1     13.25                      9.14   4.11     9.07
  SINCE JAN 1     19.19                     17.12   2.07    13.56

SNOWFALL (IN)
  YESTERDAY        0.0           0.0    MM   0.0    0.0      0.0
  MONTH TO DATE    0.0                       0.0    0.0      0.0
  SINCE JUN 1      T                         0.0    0.0      0.0
  SINCE JUL 1      0.0                       0.0    0.0      0.0
  SNOW DEPTH       0

DEGREE DAYS
 HEATING
  YESTERDAY        0                         2     -2        0
  MONTH TO DATE   36                        14     22       10
  SINCE JUN 1     51                        73    -22       73
  SINCE JUL 1     40                        22     18       33

 COOLING
  YESTERDAY        6                         5      1        8
  MONTH TO DATE  184                       216    -32      175
  SINCE JUN 1    616                       626    -10      455
  SINCE JAN 1    636                       659    -23      517
..................................................................


WIND (MPH)
  HIGHEST WIND SPEED    16   HIGHEST WIND DIRECTION     S (190)
  HIGHEST GUST SPEED    22   HIGHEST GUST DIRECTION    SE (140)
  AVERAGE WIND SPEED    10.8


SKY COVER
  POSSIBLE SUNSHINE  MM
  AVERAGE SKY COVER 0.0


WEATHER CONDITIONS
 THE FOLLOWING WEATHER WAS RECORDED YESTERDAY.
  NO SIGNIFICANT WEATHER WAS OBSERVED.


RELATIVE HUMIDITY (PERCENT)
 HIGHEST   100           200 AM
 LOWEST     65           200 PM
 AVERAGE    83

..........................................................


THE HURON SD CLIMATE NORMALS FOR TODAY
                         NORMAL    RECORD    YEAR
 MAXIMUM TEMPERATURE (F)   81       102      1898
 MINIMUM TEMPERATURE (F)   56        36      1893


SUNRISE AND SUNSET
AUGUST 30 2015........SUNRISE   653 AM CDT   SUNSET   813 PM CDT
AUGUST 31 2015........SUNRISE   654 AM CDT   SUNSET   811 PM CDT


-  INDICATES NEGATIVE NUMBERS.
R  INDICATES RECORD WAS SET OR TIED.
MM INDICATES DATA IS MISSING.
T  INDICATES TRACE AMOUNT.




$$
