000
CDUS44 KHGX 261308
CLIHOU

CLIMATE REPORT
NATIONAL WEATHER SERVICE HOUSTON/GALVESTON TX
808 AM CDT WED JUL 26 2017


...MORNING CLIMATE DATA...

                            MORNING LOW    PRECIP SINCE MIDNIGHT
HOUSTON INTERCONTINENTAL         77                0.00
GALVESTON SCHOLES FIELD          79                0.00
BRYAN/COLLEGE STATION            77                0.00
HOUSTON HOBBY                    79                0.00

...................................

...THE HOUSTON INTERCONTINENTAL CLIMATE SUMMARY FOR JULY 25 2017...

CLIMATE NORMAL PERIOD 1981 TO 2010
CLIMATE RECORD PERIOD 1892 TO 2017


WEATHER ITEM   OBSERVED TIME   RECORD YEAR NORMAL DEPARTURE LAST
                VALUE   (LST)  VALUE       VALUE  FROM      YEAR
                                                  NORMAL
..................................................................
TEMPERATURE (F)
 YESTERDAY
  MAXIMUM         95    235 PM 102    1964  94      1       98
  MINIMUM         77    617 AM  65    1894  75      2       77
  AVERAGE         86                        85      1       88

PRECIPITATION (IN)
  YESTERDAY        0.00          3.74 1959   0.10  -0.10      T
  MONTH TO DATE    6.29                      3.20   3.09     0.75
  SINCE JUN 1     13.48                      9.13   4.35    13.87
  SINCE JAN 1     31.71                     27.52   4.19    42.82

DEGREE DAYS
 COOLING
  YESTERDAY       21                        20      1       23
  MONTH TO DATE  503                       482     21      575
  SINCE JUN 1   1024                      1002     22     1095
  SINCE JAN 1   1933                      1654    279     1676
..................................................................


WIND (MPH)
  HIGHEST WIND SPEED    15   HIGHEST WIND DIRECTION     S (160)
  HIGHEST GUST SPEED    19   HIGHEST GUST DIRECTION     S (160)


RELATIVE HUMIDITY (PERCENT)
 HIGHEST    91
 LOWEST     49
 AVERAGE    70

..........................................................


THE HOUSTON INTERCONTINENTAL CLIMATE NORMALS FOR TODAY
                         NORMAL    RECORD    YEAR
 MAXIMUM TEMPERATURE (F)   94       105      1954
 MINIMUM TEMPERATURE (F)   75        68      1972
                                             1891


SUNRISE AND SUNSET
JULY 26 2017..........SUNRISE   637 AM CDT   SUNSET   818 PM CDT
JULY 27 2017..........SUNRISE   638 AM CDT   SUNSET   818 PM CDT


-  INDICATES NEGATIVE NUMBERS.
R  INDICATES RECORD WAS SET OR TIED.
MM INDICATES DATA IS MISSING.
T  INDICATES TRACE AMOUNT.


&&

...................................

...THE HOUSTON/HOBBY AIRPORT CLIMATE SUMMARY FOR JULY 25 2017...

CLIMATE NORMAL PERIOD 1981 TO 2010
CLIMATE RECORD PERIOD 1930 TO 2017


WEATHER ITEM   OBSERVED TIME   RECORD YEAR NORMAL DEPARTURE LAST
                VALUE   (LST)  VALUE       VALUE  FROM      YEAR
                                                  NORMAL
..................................................................
TEMPERATURE (F)
 YESTERDAY
  MAXIMUM         95   1232 PM 101    1964  93      2       97
  MINIMUM         79    130 AM  68    1931  76      3       76
  AVERAGE         87                        84      3       87

PRECIPITATION (IN)
  YESTERDAY        0.00          4.88 1979   0.12  -0.12     2.08
  MONTH TO DATE    3.12                      3.92  -0.80     2.27
  SINCE JUN 1      8.32                     11.02  -2.70    11.10
  SINCE JAN 1     28.25                     29.30  -1.05    35.95

DEGREE DAYS
 COOLING
  YESTERDAY       22                        19      3       22
  MONTH TO DATE  533                       469     64      564
  SINCE JUN 1   1069                       979     90     1114
  SINCE JAN 1   2003                      1633    370     1885
..................................................................


WIND (MPH)
  HIGHEST WIND SPEED    15   HIGHEST WIND DIRECTION     S (160)
  HIGHEST GUST SPEED    22   HIGHEST GUST DIRECTION     S (160)


RELATIVE HUMIDITY (PERCENT)
 HIGHEST    79
 LOWEST     56
 AVERAGE    68

..........................................................


THE HOUSTON/HOBBY AIRPORT CLIMATE NORMALS FOR TODAY
                         NORMAL    RECORD    YEAR
 MAXIMUM TEMPERATURE (F)   93       104      1954
 MINIMUM TEMPERATURE (F)   76        68      1933


SUNRISE AND SUNSET
JULY 26 2017..........SUNRISE   637 AM CDT   SUNSET   818 PM CDT
JULY 27 2017..........SUNRISE   638 AM CDT   SUNSET   817 PM CDT


-  INDICATES NEGATIVE NUMBERS.
R  INDICATES RECORD WAS SET OR TIED.
MM INDICATES DATA IS MISSING.
T  INDICATES TRACE AMOUNT.


...MISCELLANEOUS CLIMATE DATA FOR YESTERDAY...

LOCATION                        HIGH    LOW     PRECIP
PEARLAND                         94      78       T
SUGAR LAND                       93      79      0.00
TOMBALL                          95      79      0.00
CONROE                           96      72      0.00
HUNTSVILLE                       96      78      0.00
ANGLETON/LAKE JACKSON            93      75      0.19
PALACIOS                         89      80      0.00
LEAGUE CITY (NWS)                90      77      0.00


THIS PRODUCT...ALONG WITH OTHER WEATHER...HYDROLOGIC...AND CLIMATE
PRODUCTS...IS AVAILABLE ON THE WEB AT HTTP://WWW.WEATHER.GOV/HGX

$$
