000
CDUS44 KHGX 291428
CLIHOU

CLIMATE REPORT
NATIONAL WEATHER SERVICE HOUSTON/GALVESTON TX
827 AM CST MON DEC 29 2014


...MORNING CLIMATE DATA...

                            MORNING LOW    PRECIP SINCE MIDNIGHT
HOUSTON INTERCONTINENTAL         39                0.00
GALVESTON SCHOLES FIELD          44                0.00
BRYAN/COLLEGE STATION            31                0.00
HOUSTON HOBBY                    41                0.00

...................................


...THE HOUSTON INTERCONTINENTAL CLIMATE SUMMARY FOR DECEMBER 28 2014...

CLIMATE NORMAL PERIOD 1981 TO 2010
CLIMATE RECORD PERIOD 1892 TO 2014


WEATHER ITEM   OBSERVED TIME   RECORD YEAR NORMAL DEPARTURE LAST
                VALUE   (LST)  VALUE       VALUE  FROM      YEAR
                                                  NORMAL
..................................................................
TEMPERATURE (F)
 YESTERDAY
  MAXIMUM         46   1240 AM  80    1996  63    -17       60
  MINIMUM         41   1036 PM  15    1894  43     -2       41
  AVERAGE         44                        53     -9       51

PRECIPITATION (IN)
  YESTERDAY        0.67          2.70 1900   0.11   0.56     0.00
  MONTH TO DATE    5.60                      3.44   2.16     1.66
  SINCE DEC 1      5.60                      3.44   2.16     1.66
  SINCE JAN 1     43.72                     49.47  -5.75    38.84

SNOWFALL (IN)
  YESTERDAY       MM             0.4  1925
  MONTH TO DATE    0.0
  SINCE DEC 1      0.0
  SINCE JUL 1      0.0

DEGREE DAYS
 HEATING
  YESTERDAY       21                        13      8       14
  MONTH TO DATE  194                       316   -122      389
  SINCE DEC 1    194                       316   -122      389
  SINCE JUL 1    442                       501    -59      638
..................................................................


WIND (MPH)
  HIGHEST WIND SPEED    17   HIGHEST WIND DIRECTION     N (340)
  HIGHEST GUST SPEED    21   HIGHEST GUST DIRECTION     N (350)




RELATIVE HUMIDITY (PERCENT)
 HIGHEST    93
 LOWEST     89
 AVERAGE    91

..........................................................


THE HOUSTON INTERCONTINENTAL CLIMATE NORMALS FOR TODAY
                         NORMAL    RECORD    YEAR
 MAXIMUM TEMPERATURE (F)   63        81      1984
 MINIMUM TEMPERATURE (F)   43        15      1894


SUNRISE AND SUNSET
DECEMBER 29 2014......SUNRISE   716 AM CST   SUNSET   531 PM CST
DECEMBER 30 2014......SUNRISE   717 AM CST   SUNSET   531 PM CST


-  INDICATES NEGATIVE NUMBERS.
R  INDICATES RECORD WAS SET OR TIED.
MM INDICATES DATA IS MISSING.
T  INDICATES TRACE AMOUNT.




...................................

...THE HOUSTON/HOBBY AIRPORT CLIMATE SUMMARY FOR DECEMBER 28 2014...

CLIMATE NORMAL PERIOD 1981 TO 2010
CLIMATE RECORD PERIOD 1930 TO 2014


WEATHER ITEM   OBSERVED TIME   RECORD YEAR NORMAL DEPARTURE LAST
                VALUE   (LST)  VALUE       VALUE  FROM      YEAR
                                                  NORMAL
..................................................................
TEMPERATURE (F)
 YESTERDAY
  MAXIMUM         48   1201 AM  80    1996  63    -15       61
                                      1971
  MINIMUM         42    946 PM  30    1961  45     -3       43
  AVERAGE         45                        54     -9       52

PRECIPITATION (IN)
  YESTERDAY        0.58          1.76 1960   0.13   0.45     0.00
  MONTH TO DATE    4.61                      3.67   0.94     0.87
  SINCE DEC 1      4.61                      3.67   0.94     0.87
  SINCE JAN 1     41.13                     54.29 -13.16    43.06

SNOWFALL (IN)
  YESTERDAY       MM            MM      MM
  MONTH TO DATE    0.0
  SINCE DEC 1      0.0
  SINCE JUL 1      0.0

DEGREE DAYS
 HEATING
  YESTERDAY       20                        12      8       13
  MONTH TO DATE  165                       285   -120      351
  SINCE DEC 1    165                       285   -120      351
  SINCE JUL 1    379                       441    -62      568
..................................................................


WIND (MPH)
  HIGHEST WIND SPEED    20   HIGHEST WIND DIRECTION     N (350)
  HIGHEST GUST SPEED    23   HIGHEST GUST DIRECTION     N (360)




RELATIVE HUMIDITY (PERCENT)
 HIGHEST   100
 LOWEST     80
 AVERAGE    90

..........................................................


THE HOUSTON/HOBBY AIRPORT CLIMATE NORMALS FOR TODAY
                         NORMAL    RECORD    YEAR
 MAXIMUM TEMPERATURE (F)   63        81      1984
                                             1970
 MINIMUM TEMPERATURE (F)   45        19      1983


SUNRISE AND SUNSET
DECEMBER 29 2014......SUNRISE   715 AM CST   SUNSET   531 PM CST
DECEMBER 30 2014......SUNRISE   716 AM CST   SUNSET   532 PM CST


-  INDICATES NEGATIVE NUMBERS.
R  INDICATES RECORD WAS SET OR TIED.
MM INDICATES DATA IS MISSING.
T  INDICATES TRACE AMOUNT.



...MISCELLANEOUS CLIMATE DATA FOR YESTERDAY...

LOCATION                        HIGH    LOW     PRECIP

PEARLAND                         49      43      0.40
SUGAR LAND                       47      40      0.91
TOMBALL                          46      39      0.82
CONROE                           44      37      0.74
HUNTSVILLE                       42      36      0.60
ANGLETON/LAKE JACKSON            47      41      0.38
PALACIOS                         47      41      0.72
LEAGUE CITY (NWS)                47      41      0.47


THIS PRODUCT...ALONG WITH OTHER WEATHER...HYDROLOGIC...AND CLIMATE
PRODUCTS...IS AVAILABLE ON THE WEB AT HTTP://WWW.SRH.NOAA.GOV/HGX
OR AT HTTP://WEATHER.GOV


$$
