000
CDUS44 KHGX 281311
CLIHOU

CLIMATE REPORT
NATIONAL WEATHER SERVICE HOUSTON/GALVESTON TX
810 AM CDT SAT MAR 28 2015


...MORNING CLIMATE DATA...

                            MORNING LOW    PRECIP SINCE MIDNIGHT
HOUSTON INTERCONTINENTAL         49                0.00
GALVESTON SCHOLES FIELD          59                0.00
BRYAN/COLLEGE STATION            49                0.00
HOUSTON HOBBY                    52                0.00

...................................


...THE HOUSTON INTERCONTINENTAL CLIMATE SUMMARY FOR MARCH 27 2015...

CLIMATE NORMAL PERIOD 1981 TO 2010
CLIMATE RECORD PERIOD 1892 TO 2015


WEATHER ITEM   OBSERVED TIME   RECORD YEAR NORMAL DEPARTURE LAST
                VALUE   (LST)  VALUE       VALUE  FROM      YEAR
                                                  NORMAL
..................................................................
TEMPERATURE (F)
 YESTERDAY
  MAXIMUM         80    325 PM  89    1935  76      4       71
  MINIMUM         44    537 AM  31    1955  55    -11       62
  AVERAGE         62                        65     -3       67

PRECIPITATION (IN)
  YESTERDAY        0.00          3.00 1923   0.11  -0.11     0.02
  MONTH TO DATE    6.34                      2.99   3.35     2.43
  SINCE MAR 1      6.34                      2.99   3.35     2.43
  SINCE JAN 1     10.17                      9.57   0.60     5.78

SNOWFALL (IN)
  YESTERDAY        0.0          MM      MM
  MONTH TO DATE    0.0
  SINCE MAR 1      0.0
  SINCE JUL 1      0.0

DEGREE DAYS
 HEATING
  YESTERDAY        3                         3      0        0
  MONTH TO DATE  139                       131      8      208
  SINCE MAR 1    139                       131      8      208
  SINCE JUL 1   1458                      1319    139     1688

 COOLING
  YESTERDAY        0                         3     -3        2
  MONTH TO DATE   47                        58    -11       23
  SINCE MAR 1     47                        58    -11       23
  SINCE JAN 1     57                        96    -39       57
..................................................................


WIND (MPH)
  HIGHEST WIND SPEED    18   HIGHEST WIND DIRECTION    NW (330)
  HIGHEST GUST SPEED    23   HIGHEST GUST DIRECTION    NW (300)


RELATIVE HUMIDITY (PERCENT)
 HIGHEST    82
 LOWEST     21
 AVERAGE    52

..........................................................


THE HOUSTON INTERCONTINENTAL CLIMATE NORMALS FOR TODAY
                         NORMAL    RECORD    YEAR
 MAXIMUM TEMPERATURE (F)   76        89      1972
 MINIMUM TEMPERATURE (F)   55        33      1931


SUNRISE AND SUNSET
MARCH 28 2015.........SUNRISE   716 AM CDT   SUNSET   738 PM CDT
MARCH 29 2015.........SUNRISE   715 AM CDT   SUNSET   738 PM CDT


-  INDICATES NEGATIVE NUMBERS.
R  INDICATES RECORD WAS SET OR TIED.
MM INDICATES DATA IS MISSING.
T  INDICATES TRACE AMOUNT.


&&

...................................

...THE HOUSTON/HOBBY AIRPORT CLIMATE SUMMARY FOR MARCH 27 2015...

CLIMATE NORMAL PERIOD 1981 TO 2010
CLIMATE RECORD PERIOD 1930 TO 2015


WEATHER ITEM   OBSERVED TIME   RECORD YEAR NORMAL DEPARTURE LAST
                VALUE   (LST)  VALUE       VALUE  FROM      YEAR
                                                  NORMAL
..................................................................
TEMPERATURE (F)
 YESTERDAY
  MAXIMUM         79    451 PM  88    1935  75      4       71
  MINIMUM         46    535 AM  31    1955  56    -10       63
  AVERAGE         63                        66     -3       67

PRECIPITATION (IN)
  YESTERDAY        0.00          2.04 1980   0.11  -0.11     0.04
  MONTH TO DATE    6.25                      2.80   3.45     2.53
  SINCE MAR 1      6.25                      2.80   3.45     2.53
  SINCE JAN 1     12.13                      9.88   2.25     5.15

SNOWFALL (IN)
  YESTERDAY        0.0          MM      MM
  MONTH TO DATE    0.0
  SINCE MAR 1      0.0
  SINCE JUL 1      0.0

DEGREE DAYS
 HEATING
  YESTERDAY        2                         2      0        0
  MONTH TO DATE  115                       113      2      185
  SINCE MAR 1    115                       113      2      185
  SINCE JUL 1   1300                      1183    117     1512

 COOLING
  YESTERDAY        0                         3     -3        2
  MONTH TO DATE   55                        57     -2       26
  SINCE MAR 1     55                        57     -2       26
  SINCE JAN 1     65                        95    -30       65
..................................................................


WIND (MPH)
  HIGHEST WIND SPEED    18   HIGHEST WIND DIRECTION    NW (320)
  HIGHEST GUST SPEED    28   HIGHEST GUST DIRECTION    NW (330)


RELATIVE HUMIDITY (PERCENT)
 HIGHEST    80
 LOWEST     19
 AVERAGE    50

..........................................................


THE HOUSTON/HOBBY AIRPORT CLIMATE NORMALS FOR TODAY
                         NORMAL    RECORD    YEAR
 MAXIMUM TEMPERATURE (F)   75        91      1972
 MINIMUM TEMPERATURE (F)   57        33      1931


SUNRISE AND SUNSET
MARCH 28 2015.........SUNRISE   716 AM CDT   SUNSET   737 PM CDT
MARCH 29 2015.........SUNRISE   714 AM CDT   SUNSET   738 PM CDT


-  INDICATES NEGATIVE NUMBERS.
R  INDICATES RECORD WAS SET OR TIED.
MM INDICATES DATA IS MISSING.
T  INDICATES TRACE AMOUNT.
..........................................................

...MISCELLANEOUS CLIMATE DATA FOR YESTERDAY...

LOCATION                        HIGH    LOW     PRECIP

PEARLAND                         79      46      0.00
SUGAR LAND                       78      43      0.00
TOMBALL                          79      43      0.00
CONROE                           78      37      0.00
HUNTSVILLE                       78      41      0.00
ANGLETON/LAKE JACKSON            75      42      0.00
PALACIOS                         78      46      0.00
LEAGUE CITY (NWS)                78      45      0.00


THIS PRODUCT...ALONG WITH OTHER WEATHER...HYDROLOGIC...AND CLIMATE
PRODUCTS...IS AVAILABLE ON THE WEB AT HTTP://WWW.SRH.NOAA.GOV/HGX
OR AT HTTP://WEATHER.GOV

$$
