000
CDUS44 KHGX 250738
CLIHOU


CLIMATE REPORT
NATIONAL WEATHER SERVICE HOUSTON/GALVESTON TX
238 AM CDT FRI APR 25 2014


...................................

...THE HOUSTON INTERCONTINENTAL CLIMATE SUMMARY FOR APRIL 24 2014...

CLIMATE NORMAL PERIOD 1981 TO 2010
CLIMATE RECORD PERIOD 1892 TO 2014


WEATHER ITEM   OBSERVED TIME   RECORD YEAR NORMAL DEPARTURE LAST
                VALUE   (LST)  VALUE       VALUE  FROM      YEAR
                                                  NORMAL
..................................................................
TEMPERATURE (F)
 YESTERDAY
  MAXIMUM         84    302 PM  92    1894  81      3       71
  MINIMUM         69   1218 AM  46    1995  62      7       49
  AVERAGE         77                        72      5       60

PRECIPITATION (IN)
  YESTERDAY        0.00          2.24 1918   0.12  -0.12      T
  MONTH TO DATE    1.56                      2.54  -0.98     2.62
  SINCE MAR 1      4.01                      5.95  -1.94     3.51
  SINCE JAN 1      7.36                     12.53  -5.17     8.04

SNOWFALL (IN)
  YESTERDAY        0.0          MM      MM
  MONTH TO DATE    0.0
  SINCE MAR 1      0.0
  SINCE JUL 1      T

DEGREE DAYS
 HEATING
  YESTERDAY        0                         0      0        5
  MONTH TO DATE   41                        35      6       67
  SINCE MAR 1    255                       176     79      243
  SINCE JUL 1   1735                      1364    371     1173

 COOLING
  YESTERDAY       12                         7      5        0
  MONTH TO DATE  117                       126     -9       75
  SINCE MAR 1    149                       197    -48      140
  SINCE JAN 1    183                       235    -52      180
..................................................................


WIND (MPH)
  HIGHEST WIND SPEED    20   HIGHEST WIND DIRECTION     S (160)
  HIGHEST GUST SPEED    23   HIGHEST GUST DIRECTION     S (160)




RELATIVE HUMIDITY (PERCENT)
 HIGHEST    90
 LOWEST     55
 AVERAGE    73

..........................................................


THE HOUSTON INTERCONTINENTAL CLIMATE NORMALS FOR TODAY
                         NORMAL    RECORD    YEAR
 MAXIMUM TEMPERATURE (F)   82        90      2006
                                             1945
                                             1932
 MINIMUM TEMPERATURE (F)   62        41      1910


SUNRISE AND SUNSET
APRIL 25 2014.........SUNRISE   644 AM CDT   SUNSET   755 PM CDT
APRIL 26 2014.........SUNRISE   643 AM CDT   SUNSET   756 PM CDT


-  INDICATES NEGATIVE NUMBERS.
R  INDICATES RECORD WAS SET OR TIED.
MM INDICATES DATA IS MISSING.
T  INDICATES TRACE AMOUNT.




...................................

...THE HOUSTON/HOBBY AIRPORT CLIMATE SUMMARY FOR APRIL 24 2014...

CLIMATE NORMAL PERIOD 1981 TO 2010
CLIMATE RECORD PERIOD 1930 TO 2014


WEATHER ITEM   OBSERVED TIME   RECORD YEAR NORMAL DEPARTURE LAST
                VALUE   (LST)  VALUE       VALUE  FROM      YEAR
                                                  NORMAL
..................................................................
TEMPERATURE (F)
 YESTERDAY
  MAXIMUM         83    240 PM  90    1987  81      2       73
  MINIMUM         68   1159 PM  49    1995  63      5       50
  AVERAGE         76                        72      4       62

PRECIPITATION (IN)
  YESTERDAY        0.00          4.72 2009   0.12  -0.12      T
  MONTH TO DATE    1.30                      2.51  -1.21     3.25
  SINCE MAR 1      3.84                      5.71  -1.87     4.43
  SINCE JAN 1      6.46                     12.79  -6.33     9.19

SNOWFALL (IN)
  YESTERDAY        0.0          MM      MM
  MONTH TO DATE    0.0
  SINCE MAR 1      0.0
  SINCE JUL 1      T

DEGREE DAYS
 HEATING
  YESTERDAY        0                         0      0        3
  MONTH TO DATE   31                        27      4       52
  SINCE MAR 1    218                       148     70      195
  SINCE JUL 1   1545                      1218    327      963

 COOLING
  YESTERDAY       11                         7      4        0
  MONTH TO DATE  108                       127    -19       75
  SINCE MAR 1    146                       196    -50      146
  SINCE JAN 1    185                       234    -49      192
..................................................................


WIND (MPH)
  HIGHEST WIND SPEED    20   HIGHEST WIND DIRECTION     S (170)
  HIGHEST GUST SPEED    26   HIGHEST GUST DIRECTION     S (170)




RELATIVE HUMIDITY (PERCENT)
 HIGHEST    90
 LOWEST     55
 AVERAGE    73

..........................................................


THE HOUSTON/HOBBY AIRPORT CLIMATE NORMALS FOR TODAY
                         NORMAL    RECORD    YEAR
 MAXIMUM TEMPERATURE (F)   81        91      1932
 MINIMUM TEMPERATURE (F)   63        46      1937


SUNRISE AND SUNSET
APRIL 25 2014.........SUNRISE   644 AM CDT   SUNSET   754 PM CDT
APRIL 26 2014.........SUNRISE   643 AM CDT   SUNSET   755 PM CDT


-  INDICATES NEGATIVE NUMBERS.
R  INDICATES RECORD WAS SET OR TIED.
MM INDICATES DATA IS MISSING.
T  INDICATES TRACE AMOUNT.




$$
