000
CDUS44 KHGX 270730
CLIHOU


CLIMATE REPORT
NATIONAL WEATHER SERVICE HOUSTON/GALVESTON TX
229 AM CDT WED AUG 27 2014


...................................

...THE HOUSTON INTERCONTINENTAL CLIMATE SUMMARY FOR AUGUST 26 2014...

CLIMATE NORMAL PERIOD 1981 TO 2010
CLIMATE RECORD PERIOD 1892 TO 2014


WEATHER ITEM   OBSERVED TIME   RECORD YEAR NORMAL DEPARTURE LAST
                VALUE   (LST)  VALUE       VALUE  FROM      YEAR
                                                  NORMAL
..................................................................
TEMPERATURE (F)
 YESTERDAY
  MAXIMUM         97    300 PM 104    2011  94      3       80
  MINIMUM         74    600 AM  57    1891  74      0       74
  AVERAGE         86                        84      2       77

PRECIPITATION (IN)
  YESTERDAY        0.00          1.66 1959   0.14  -0.14     0.72
  MONTH TO DATE    0.39                      3.02  -2.63     3.33
  SINCE JUN 1      7.97                     12.74  -4.77    11.88
  SINCE JAN 1     27.04                     31.13  -4.09    21.20

DEGREE DAYS
 COOLING
  YESTERDAY       21                        19      2       12
  MONTH TO DATE  525                       516      9      534
  SINCE JUN 1   1646                      1637      9     1721
  SINCE JAN 1   2187                      2289   -102     2291
..................................................................


WIND (MPH)
  HIGHEST WIND SPEED    16   HIGHEST WIND DIRECTION    NE (60)
  HIGHEST GUST SPEED    21   HIGHEST GUST DIRECTION     E (70)




RELATIVE HUMIDITY (PERCENT)
 HIGHEST    87
 LOWEST     42
 AVERAGE    65

..........................................................


THE HOUSTON INTERCONTINENTAL CLIMATE NORMALS FOR TODAY
                         NORMAL    RECORD    YEAR
 MAXIMUM TEMPERATURE (F)   94       109      2011
 MINIMUM TEMPERATURE (F)   74        59      1891


SUNRISE AND SUNSET
AUGUST 27 2014........SUNRISE   656 AM CDT   SUNSET   750 PM CDT
AUGUST 28 2014........SUNRISE   656 AM CDT   SUNSET   748 PM CDT


-  INDICATES NEGATIVE NUMBERS.
R  INDICATES RECORD WAS SET OR TIED.
MM INDICATES DATA IS MISSING.
T  INDICATES TRACE AMOUNT.




...................................

...THE HOUSTON/HOBBY AIRPORT CLIMATE SUMMARY FOR AUGUST 26 2014...

CLIMATE NORMAL PERIOD 1981 TO 2010
CLIMATE RECORD PERIOD 1930 TO 2014


WEATHER ITEM   OBSERVED TIME   RECORD YEAR NORMAL DEPARTURE LAST
                VALUE   (LST)  VALUE       VALUE  FROM      YEAR
                                                  NORMAL
..................................................................
TEMPERATURE (F)
 YESTERDAY
  MAXIMUM         94    155 PM 100    1990  92      2       84
  MINIMUM         78    418 PM  66    1966  76      2       76
                                      1931
  AVERAGE         86                        84      2       80

PRECIPITATION (IN)
  YESTERDAY        0.23          3.33 1959   0.19   0.04     0.06
  MONTH TO DATE    1.74                      4.07  -2.33     1.47
  SINCE JUN 1      5.98                     15.83  -9.85     4.41
  SINCE JAN 1     22.82                     34.11 -11.29    22.87

DEGREE DAYS
 COOLING
  YESTERDAY       21                        19      2       15
  MONTH TO DATE  540                       494     46      530
  SINCE JUN 1   1664                      1587     77     1753
  SINCE JAN 1   2215                      2241    -26     2323
..................................................................


WIND (MPH)
  HIGHEST WIND SPEED    30   HIGHEST WIND DIRECTION     E (70)
  HIGHEST GUST SPEED    38   HIGHEST GUST DIRECTION     E (70)




RELATIVE HUMIDITY (PERCENT)
 HIGHEST    85
 LOWEST     49
 AVERAGE    67

..........................................................


THE HOUSTON/HOBBY AIRPORT CLIMATE NORMALS FOR TODAY
                         NORMAL    RECORD    YEAR
 MAXIMUM TEMPERATURE (F)   92       106      2011
 MINIMUM TEMPERATURE (F)   75        65      1930


SUNRISE AND SUNSET
AUGUST 27 2014........SUNRISE   656 AM CDT   SUNSET   749 PM CDT
AUGUST 28 2014........SUNRISE   656 AM CDT   SUNSET   748 PM CDT


-  INDICATES NEGATIVE NUMBERS.
R  INDICATES RECORD WAS SET OR TIED.
MM INDICATES DATA IS MISSING.
T  INDICATES TRACE AMOUNT.




$$
