000
CDUS44 KHGX 050719
CLIHOU


CLIMATE REPORT
NATIONAL WEATHER SERVICE HOUSTON/GALVESTON TX
218 AM CDT WED AUG 5 2015


...................................

...THE HOUSTON INTERCONTINENTAL CLIMATE SUMMARY FOR AUGUST 4 2015...

CLIMATE NORMAL PERIOD 1981 TO 2010
CLIMATE RECORD PERIOD 1892 TO 2015


WEATHER ITEM   OBSERVED TIME   RECORD YEAR NORMAL DEPARTURE LAST
                VALUE   (LST)  VALUE       VALUE  FROM      YEAR
                                                  NORMAL
..................................................................
TEMPERATURE (F)
 YESTERDAY
  MAXIMUM         98   1253 PM 102    1951  95      3       92
  MINIMUM         75    554 AM  63    1976  75      0       73
  AVERAGE         87                        85      2       83

PRECIPITATION (IN)
  YESTERDAY        T             2.94 1975   0.11  -0.11      T
  MONTH TO DATE    T                         0.41  -0.41     0.01
  SINCE JUN 1     12.00                     10.13   1.87     7.59
  SINCE JAN 1     42.44                     28.52  13.92    26.66

DEGREE DAYS
 COOLING
  YESTERDAY       22                        20      2       18
  MONTH TO DATE   84                        80      4       61
  SINCE JUN 1   1267                      1201     66     1182
  SINCE JAN 1   1959                      1853    106     1723
..................................................................


WIND (MPH)
  HIGHEST WIND SPEED    18   HIGHEST WIND DIRECTION     S (180)
  HIGHEST GUST SPEED    24   HIGHEST GUST DIRECTION     S (180)




RELATIVE HUMIDITY (PERCENT)
 HIGHEST    94
 LOWEST     42
 AVERAGE    68

..........................................................


THE HOUSTON INTERCONTINENTAL CLIMATE NORMALS FOR TODAY
                         NORMAL    RECORD    YEAR
 MAXIMUM TEMPERATURE (F)   95       103      1964
 MINIMUM TEMPERATURE (F)   75        64      1976
                                             1891


SUNRISE AND SUNSET
AUGUST  5 2015........SUNRISE   643 AM CDT   SUNSET   812 PM CDT
AUGUST  6 2015........SUNRISE   643 AM CDT   SUNSET   811 PM CDT


-  INDICATES NEGATIVE NUMBERS.
R  INDICATES RECORD WAS SET OR TIED.
MM INDICATES DATA IS MISSING.
T  INDICATES TRACE AMOUNT.


&&

...................................

...THE HOUSTON/HOBBY AIRPORT CLIMATE SUMMARY FOR AUGUST 4 2015...

CLIMATE NORMAL PERIOD 1981 TO 2010
CLIMATE RECORD PERIOD 1930 TO 2015


WEATHER ITEM   OBSERVED TIME   RECORD YEAR NORMAL DEPARTURE LAST
                VALUE   (LST)  VALUE       VALUE  FROM      YEAR
                                                  NORMAL
..................................................................
TEMPERATURE (F)
 YESTERDAY
  MAXIMUM         95   1214 PM 100    1956  93      2       93
                                      1951
  MINIMUM         77    535 AM  69    1976  76      1       77
                                      1949
  AVERAGE         86                        84      2       85

PRECIPITATION (IN)
  YESTERDAY        0.15          4.16 1975   0.13   0.02      T
  MONTH TO DATE    0.15                      0.54  -0.39     0.85
  SINCE JUN 1      7.59                     12.30  -4.71     5.09
  SINCE JAN 1     42.45                     30.58  11.87    21.93

DEGREE DAYS
 COOLING
  YESTERDAY       21                        19      2       20
  MONTH TO DATE   87                        76     11       67
  SINCE JUN 1   1283                      1169    114     1191
  SINCE JAN 1   2022                      1823    199     1742
..................................................................


WIND (MPH)
  HIGHEST WIND SPEED    25   HIGHEST WIND DIRECTION     S (200)
  HIGHEST GUST SPEED    31   HIGHEST GUST DIRECTION    SW (210)




RELATIVE HUMIDITY (PERCENT)
 HIGHEST    85
 LOWEST     43
 AVERAGE    64

..........................................................


THE HOUSTON/HOBBY AIRPORT CLIMATE NORMALS FOR TODAY
                         NORMAL    RECORD    YEAR
 MAXIMUM TEMPERATURE (F)   93       100      2013
                                             1964
                                             1951
 MINIMUM TEMPERATURE (F)   76        69      1976
                                             1936


SUNRISE AND SUNSET
AUGUST  5 2015........SUNRISE   643 AM CDT   SUNSET   811 PM CDT
AUGUST  6 2015........SUNRISE   644 AM CDT   SUNSET   810 PM CDT


-  INDICATES NEGATIVE NUMBERS.
R  INDICATES RECORD WAS SET OR TIED.
MM INDICATES DATA IS MISSING.
T  INDICATES TRACE AMOUNT.




$$
