000
CDUS44 KHGX 061412
CLIHOU

CLIMATE REPORT
NATIONAL WEATHER SERVICE HOUSTON/GALVESTON TX
810 AM CST TUE DEC 6 2016

...MORNING CLIMATE DATA...

                            MORNING LOW    PRECIP SINCE MIDNIGHT
HOUSTON INTERCONTINENTAL         48                0.00
GALVESTON SCHOLES FIELD          52                0.00
BRYAN/COLLEGE STATION            47                0.00
HOUSTON HOBBY                    49                0.00

...................................

...THE HOUSTON INTERCONTINENTAL CLIMATE SUMMARY FOR DECEMBER 5 2016...

CLIMATE NORMAL PERIOD 1981 TO 2010
CLIMATE RECORD PERIOD 1892 TO 2016


WEATHER ITEM   OBSERVED TIME   RECORD YEAR NORMAL DEPARTURE LAST
                VALUE   (LST)  VALUE       VALUE  FROM      YEAR
                                                  NORMAL
..................................................................
TEMPERATURE (F)
 YESTERDAY
  MAXIMUM         54    421 PM  83    1998  66    -12       66
  MINIMUM         50    738 AM  26    2009  46      4       37
  AVERAGE         52                        56     -4       52

PRECIPITATION (IN)
  YESTERDAY        0.94          2.02 1944   0.13   0.81     0.00
  MONTH TO DATE    2.67                      0.68   1.99     0.02
  SINCE DEC 1      2.67                      0.68   1.99     0.02
  SINCE JAN 1     60.07                     46.71  13.36    64.84

SNOWFALL (IN)
  YESTERDAY        0.0           0.0  2002
                                      2001
  MONTH TO DATE    0.0
  SINCE DEC 1      0.0
  SINCE JUL 1      0.0

DEGREE DAYS
 HEATING
  YESTERDAY       13                        10      3       13
  MONTH TO DATE   62                        47     15       64
  SINCE DEC 1     62                        47     15       64
  SINCE JUL 1    120                       232   -112      177
..................................................................


WIND (MPH)
  HIGHEST WIND SPEED    17   HIGHEST WIND DIRECTION     E (70)
  HIGHEST GUST SPEED    21   HIGHEST GUST DIRECTION    NE (30)




RELATIVE HUMIDITY (PERCENT)
 HIGHEST    96
 LOWEST     89
 AVERAGE    93

..........................................................


THE HOUSTON INTERCONTINENTAL CLIMATE NORMALS FOR TODAY
                         NORMAL    RECORD    YEAR
 MAXIMUM TEMPERATURE (F)   66        82      1951
 MINIMUM TEMPERATURE (F)   46        20      1950


SUNRISE AND SUNSET
DECEMBER  6 2016......SUNRISE   704 AM CST   SUNSET   521 PM CST
DECEMBER  7 2016......SUNRISE   705 AM CST   SUNSET   522 PM CST


-  INDICATES NEGATIVE NUMBERS.
R  INDICATES RECORD WAS SET OR TIED.
MM INDICATES DATA IS MISSING.
T  INDICATES TRACE AMOUNT.


&&

...................................

...THE HOUSTON/HOBBY AIRPORT CLIMATE SUMMARY FOR DECEMBER 5 2016...

CLIMATE NORMAL PERIOD 1981 TO 2010
CLIMATE RECORD PERIOD 1930 TO 2016


WEATHER ITEM   OBSERVED TIME   RECORD YEAR NORMAL DEPARTURE LAST
                VALUE   (LST)  VALUE       VALUE  FROM      YEAR
                                                  NORMAL
..................................................................
TEMPERATURE (F)
 YESTERDAY
  MAXIMUM         56    107 PM  84    1975  67    -11       67
  MINIMUM         50    514 AM  27    2009  48      2       40
  AVERAGE         53                        57     -4       54

PRECIPITATION (IN)
  YESTERDAY        0.69          2.80 1969   0.13   0.56     0.00
  MONTH TO DATE    2.09                      0.69   1.40     0.03
  SINCE DEC 1      2.09                      0.69   1.40     0.03
  SINCE JAN 1     55.22                     51.31   3.91    73.67

SNOWFALL (IN)
  YESTERDAY        0.0          MM      MM
  MONTH TO DATE    0.0
  SINCE DEC 1      0.0
  SINCE JUL 1      0.0

DEGREE DAYS
 HEATING
  YESTERDAY       12                         9      3       11
  MONTH TO DATE   44                        42      2       50
  SINCE DEC 1     44                        42      2       50
  SINCE JUL 1     81                       198   -117      124
..................................................................


WIND (MPH)
  HIGHEST WIND SPEED    21   HIGHEST WIND DIRECTION    NE (40)
  HIGHEST GUST SPEED    26   HIGHEST GUST DIRECTION    NE (40)




RELATIVE HUMIDITY (PERCENT)
 HIGHEST   100
 LOWEST     89
 AVERAGE    95

..........................................................


THE HOUSTON/HOBBY AIRPORT CLIMATE NORMALS FOR TODAY
                         NORMAL    RECORD    YEAR
 MAXIMUM TEMPERATURE (F)   66        81      1994
                                             1966
                                             1951
 MINIMUM TEMPERATURE (F)   48        21      1950


SUNRISE AND SUNSET
DECEMBER  6 2016......SUNRISE   703 AM CST   SUNSET   522 PM CST
DECEMBER  7 2016......SUNRISE   704 AM CST   SUNSET   522 PM CST


-  INDICATES NEGATIVE NUMBERS.
R  INDICATES RECORD WAS SET OR TIED.
MM INDICATES DATA IS MISSING.
T  INDICATES TRACE AMOUNT.

...MISCELLANEOUS CLIMATE DATA FOR YESTERDAY...

LOCATION                        HIGH    LOW     PRECIP
PEARLAND                         57      52      0.44
SUGAR LAND                       54      50      0.84
TOMBALL                          54      49      1.01
CONROE                           53      48      0.81
HUNTSVILLE                       51      47      0.82
ANGLETON/LAKE JACKSON            56      49      0.15
PALACIOS                         54      50      0.09
LEAGUE CITY (NWS)                55      50      0.62


THIS PRODUCT...ALONG WITH OTHER WEATHER...HYDROLOGIC...AND CLIMATE
PRODUCTS...IS AVAILABLE ON THE WEB AT HTTP://WWW.SRH.NOAA.GOV/HGX
OR AT HTTP://WEATHER.GOV



$$
