000
CDUS44 KHGX 232221
CLIHOU

CLIMATE REPORT
NATIONAL WEATHER SERVICE HOUSTON/GALVESTON TX
419 PM CST TUE JAN 23 2018


...................................

...THE HOUSTON INTERCONTINENTAL CLIMATE SUMMARY FOR JANUARY 23 2018...
VALID TODAY AS OF 400 PM LOCAL TIME.

CLIMATE NORMAL PERIOD 1981 TO 2010
CLIMATE RECORD PERIOD 1892 TO 2018


WEATHER ITEM   OBSERVED TIME   RECORD YEAR NORMAL DEPARTURE LAST
                VALUE   (LST)  VALUE       VALUE  FROM      YEAR
                                                  NORMAL
..................................................................
TEMPERATURE (F)
 TODAY
  MAXIMUM         65    154 PM  83    1972  63      2       72
  MINIMUM         38    715 AM  14    1940  43     -5       48
  AVERAGE         52                        53     -1       60

PRECIPITATION (IN)
  TODAY            0.00          2.62 1920   0.11  -0.11     0.00
  MONTH TO DATE    2.34                      2.48  -0.14     6.09
  SINCE DEC 1      6.06                      6.22  -0.16     9.65
  SINCE JAN 1      2.34                      2.48  -0.14     6.09

SNOWFALL (IN)
  TODAY            0.0           0.8  1926   0.0    0.0      0.0
  MONTH TO DATE    0.1                       0.0    0.1      0.0
  SINCE DEC 1      0.8                       0.1    0.7      0.0
  SINCE JUL 1      0.8                       0.1    0.7      0.0
  SNOW DEPTH       0

DEGREE DAYS
 HEATING
  TODAY           13                        12      1        5
  MONTH TO DATE  421                       294    127      150
  SINCE DEC 1    785                       648    137      409
  SINCE JUL 1    896                       833     63      467
..................................................................


WIND (MPH)
  RESULTANT WIND SPEED   5   RESULTANT WIND DIRECTION   N (340)
  HIGHEST WIND SPEED    15   HIGHEST WIND DIRECTION     N (10)
  HIGHEST GUST SPEED    21   HIGHEST GUST DIRECTION    NW (310)
  AVERAGE WIND SPEED     5.8



WEATHER CONDITIONS
 THE FOLLOWING WEATHER WAS RECORDED TODAY.
  NO SIGNIFICANT WEATHER WAS OBSERVED.


RELATIVE HUMIDITY (PERCENT)
 HIGHEST    85           400 AM
 LOWEST     19          1200 PM
 AVERAGE    52

..........................................................


THE HOUSTON INTERCONTINENTAL CLIMATE NORMALS FOR TOMORROW
                         NORMAL    RECORD    YEAR
 MAXIMUM TEMPERATURE (F)   63        82      1971
 MINIMUM TEMPERATURE (F)   43        18      1963
                                             1894


SUNRISE AND SUNSET
JANUARY 23 2018.......SUNRISE   716 AM CST   SUNSET   551 PM CST
JANUARY 24 2018.......SUNRISE   715 AM CST   SUNSET   552 PM CST


-  INDICATES NEGATIVE NUMBERS.
R  INDICATES RECORD WAS SET OR TIED.
MM INDICATES DATA IS MISSING.
T  INDICATES TRACE AMOUNT.


&&

...................................

...THE HOUSTON/HOBBY AIRPORT CLIMATE SUMMARY FOR JANUARY 23 2018...
VALID TODAY AS OF 400 PM LOCAL TIME.

CLIMATE NORMAL PERIOD 1981 TO 2010
CLIMATE RECORD PERIOD 1930 TO 2018


WEATHER ITEM   OBSERVED TIME   RECORD YEAR NORMAL DEPARTURE LAST
                VALUE   (LST)  VALUE       VALUE  FROM      YEAR
                                                  NORMAL
..................................................................
TEMPERATURE (F)
 TODAY
  MAXIMUM         64    345 PM  85    1972  63      1       72
  MINIMUM         40    458 AM   5    1940  45     -5       51
  AVERAGE         52                        54     -2       62

PRECIPITATION (IN)
  TODAY            0.00          1.42 1980   0.13  -0.13     0.00
  MONTH TO DATE    2.36                      2.84  -0.48     4.07
  SINCE DEC 1      7.02                      6.87   0.15     7.76
  SINCE JAN 1      2.36                      2.84  -0.48     4.07

SNOWFALL (IN)
  TODAY            0.0          MM      MM   0.0    0.0      0.0
  MONTH TO DATE    T                         0.0    0.0      0.0
  SINCE DEC 1      1.5                       0.0    1.5      0.0
  SINCE JUL 1      1.5                       0.0    1.5      0.0
  SNOW DEPTH       0

DEGREE DAYS
 HEATING
  TODAY           13                        11      2        3
  MONTH TO DATE  411                       271    140      131
  SINCE DEC 1    763                       591    172      343
  SINCE JUL 1    844                       747     97      380
..................................................................


WIND (MPH)
  RESULTANT WIND SPEED   5   RESULTANT WIND DIRECTION   N (340)
  HIGHEST WIND SPEED    15   HIGHEST WIND DIRECTION     N (10)
  HIGHEST GUST SPEED    18   HIGHEST GUST DIRECTION     N (10)
  AVERAGE WIND SPEED     6.2



WEATHER CONDITIONS
 THE FOLLOWING WEATHER WAS RECORDED TODAY.
  NO SIGNIFICANT WEATHER WAS OBSERVED.


RELATIVE HUMIDITY (PERCENT)
 HIGHEST    85           500 AM
 LOWEST     17           300 PM
 AVERAGE    51

..........................................................


THE HOUSTON/HOBBY AIRPORT CLIMATE NORMALS FOR TOMORROW
                         NORMAL    RECORD    YEAR
 MAXIMUM TEMPERATURE (F)   63        83      1971
 MINIMUM TEMPERATURE (F)   45        17      1963


SUNRISE AND SUNSET
JANUARY 23 2018.......SUNRISE   715 AM CST   SUNSET   551 PM CST
JANUARY 24 2018.......SUNRISE   715 AM CST   SUNSET   552 PM CST


-  INDICATES NEGATIVE NUMBERS.
R  INDICATES RECORD WAS SET OR TIED.
MM INDICATES DATA IS MISSING.
T  INDICATES TRACE AMOUNT.

...MISCELLANEOUS CLIMATE DATA FOR TODAY...

LOCATION                        HIGH    LOW     PRECIP
PEARLAND                         65      37      0.00
SUGAR LAND                       66      38      0.00
TOMBALL                          63      34      0.00
CONROE                           63      28      0.00
HUNTSVILLE                       62      32      0.00
ANGLETON/LAKE JACKSON            67      37      0.00
PALACIOS                         68      36      0.00
LEAGUE CITY (NWS)                66      40      0.00


THIS PRODUCT...ALONG WITH OTHER WEATHER...HYDROLOGIC...AND CLIMATE
PRODUCTS...IS AVAILABLE ON THE WEB AT HTTP://WWW.WEATHER.GOV/HGX


$$
