000
CDUS44 KHGX 201415
CLIHOU

CLIMATE REPORT
NATIONAL WEATHER SERVICE HOUSTON/GALVESTON TX
810 AM CST FRI JAN 20 2017


...MORNING CLIMATE DATA...

                            MORNING LOW    PRECIP SINCE MIDNIGHT
HOUSTON INTERCONTINENTAL         57                0.00
GALVESTON SCHOLES FIELD          62                0.00
BRYAN/COLLEGE STATION            58                0.00
HOUSTON HOBBY                    58                0.00
...................................

...THE HOUSTON INTERCONTINENTAL CLIMATE SUMMARY FOR JANUARY 19 2017...

CLIMATE NORMAL PERIOD 1981 TO 2010
CLIMATE RECORD PERIOD 1892 TO 2017


WEATHER ITEM   OBSERVED TIME   RECORD YEAR NORMAL DEPARTURE LAST
                VALUE   (LST)  VALUE       VALUE  FROM      YEAR
                                                  NORMAL
..................................................................
TEMPERATURE (F)
 YESTERDAY
  MAXIMUM         64    627 PM  81    2000  63      1       68
  MINIMUM         55    856 AM  10    1940  43     12       39
  AVERAGE         60                        53      7       54

PRECIPITATION (IN)
  YESTERDAY        0.43          2.00 1898   0.11   0.32     0.00
  MONTH TO DATE    5.09                      2.03   3.06     1.89
  SINCE DEC 1      8.65                      5.77   2.88     7.10
  SINCE JAN 1      5.09                      2.03   3.06     1.89

SNOWFALL (IN)
  YESTERDAY        0.0           0.0  2002
  MONTH TO DATE    0.0
  SINCE DEC 1      0.0
  SINCE JUL 1      0.0

DEGREE DAYS
 HEATING
  YESTERDAY        5                        12     -7       11
  MONTH TO DATE  143                       246   -103      268
  SINCE DEC 1    402                       600   -198      488
  SINCE JUL 1    460                       785   -325      601
..................................................................


WIND (MPH)
  HIGHEST WIND SPEED    16   HIGHEST WIND DIRECTION     E (90)
  HIGHEST GUST SPEED    19   HIGHEST GUST DIRECTION     W (290)




RELATIVE HUMIDITY (PERCENT)
 HIGHEST   100
 LOWEST     78
 AVERAGE    89

..........................................................


THE HOUSTON INTERCONTINENTAL CLIMATE NORMALS FOR TODAY
                         NORMAL    RECORD    YEAR
 MAXIMUM TEMPERATURE (F)   63        81      2012
 MINIMUM TEMPERATURE (F)   43        20      1985
                                             1892


SUNRISE AND SUNSET
JANUARY 20 2017.......SUNRISE   717 AM CST   SUNSET   549 PM CST
JANUARY 21 2017.......SUNRISE   716 AM CST   SUNSET   549 PM CST


-  INDICATES NEGATIVE NUMBERS.
R  INDICATES RECORD WAS SET OR TIED.
MM INDICATES DATA IS MISSING.
T  INDICATES TRACE AMOUNT.


&&

...................................

...THE HOUSTON/HOBBY AIRPORT CLIMATE SUMMARY FOR JANUARY 19 2017...

CLIMATE NORMAL PERIOD 1981 TO 2010
CLIMATE RECORD PERIOD 1930 TO 2017


WEATHER ITEM   OBSERVED TIME   RECORD YEAR NORMAL DEPARTURE LAST
                VALUE   (LST)  VALUE       VALUE  FROM      YEAR
                                                  NORMAL
..................................................................
TEMPERATURE (F)
 YESTERDAY
  MAXIMUM         68    440 PM  81    2000  63      5       70
  MINIMUM         56    911 AM  12    1940  45     11       44
  AVERAGE         62                        54      8       57

PRECIPITATION (IN)
  YESTERDAY        0.58          3.41 1968   0.13   0.45     0.00
  MONTH TO DATE    2.60                      2.32   0.28     1.96
  SINCE DEC 1      6.29                      6.35  -0.06     5.45
  SINCE JAN 1      2.60                      2.32   0.28     1.96

SNOWFALL (IN)
  YESTERDAY        0.0          MM      MM
  MONTH TO DATE    0.0
  SINCE DEC 1      0.0
  SINCE JUL 1      0.0

DEGREE DAYS
 HEATING
  YESTERDAY        3                        11     -8        8
  MONTH TO DATE  126                       227   -101      233
  SINCE DEC 1    338                       547   -209      404
  SINCE JUL 1    375                       703   -328      478
..................................................................


WIND (MPH)
  HIGHEST WIND SPEED    14   HIGHEST WIND DIRECTION    SW (210)
  HIGHEST GUST SPEED    17   HIGHEST GUST DIRECTION    SW (210)




RELATIVE HUMIDITY (PERCENT)
 HIGHEST   100
 LOWEST     76
 AVERAGE    88

..........................................................


THE HOUSTON/HOBBY AIRPORT CLIMATE NORMALS FOR TODAY
                         NORMAL    RECORD    YEAR
 MAXIMUM TEMPERATURE (F)   63        82      1972
 MINIMUM TEMPERATURE (F)   45        19      1989


SUNRISE AND SUNSET
JANUARY 20 2017.......SUNRISE   716 AM CST   SUNSET   549 PM CST
JANUARY 21 2017.......SUNRISE   716 AM CST   SUNSET   550 PM CST


-  INDICATES NEGATIVE NUMBERS.
R  INDICATES RECORD WAS SET OR TIED.
MM INDICATES DATA IS MISSING.
T  INDICATES TRACE AMOUNT.

...MISCELLANEOUS CLIMATE DATA FOR YESTERDAY...

LOCATION                        HIGH    LOW     PRECIP
PEARLAND                         71      58      0.75
SUGAR LAND                       63      53      0.50
TOMBALL                          62      54      0.27
CONROE                           64      53      0.16
HUNTSVILLE                       62      52      0.07
ANGLETON/LAKE JACKSON            72      56      0.56
PALACIOS                         66      55      0.35
LEAGUE CITY (NWS)                70      56      0.56


THIS PRODUCT...ALONG WITH OTHER WEATHER...HYDROLOGIC...AND CLIMATE
PRODUCTS...IS AVAILABLE ON THE WEB AT HTTP://WWW.SRH.NOAA.GOV/HGX
OR AT HTTP://WEATHER.GOV

$$
