000
CDUS44 KHGX 301305
CLIHOU

CLIMATE REPORT
NATIONAL WEATHER SERVICE HOUSTON/GALVESTON TX
805 AM CDT THU MAR 30 2017

...MORNING CLIMATE DATA...

                            MORNING LOW    PRECIP SINCE MIDNIGHT
HOUSTON INTERCONTINENTAL         61                0.00
GALVESTON SCHOLES FIELD          66                0.00
BRYAN/COLLEGE STATION            54                0.00
HOUSTON HOBBY                    62                0.00

...................................

...THE HOUSTON INTERCONTINENTAL CLIMATE SUMMARY FOR MARCH 29 2017...

CLIMATE NORMAL PERIOD 1981 TO 2010
CLIMATE RECORD PERIOD 1892 TO 2017


WEATHER ITEM   OBSERVED TIME   RECORD YEAR NORMAL DEPARTURE LAST
                VALUE   (LST)  VALUE       VALUE  FROM      YEAR
                                                  NORMAL
..................................................................
TEMPERATURE (F)
 YESTERDAY
  MAXIMUM         79    525 PM  90    1974  76      3       71
  MINIMUM         64   1120 PM  35    1894  55      9       59
  AVERAGE         72                        66      6       65

PRECIPITATION (IN)
  YESTERDAY        1.68          1.75 1897   0.10   1.58      T
  MONTH TO DATE    5.63                      3.20   2.43     3.10
  SINCE MAR 1      5.63                      3.20   2.43     3.10
  SINCE JAN 1     14.14                      9.78   4.36     7.21

SNOWFALL (IN)
  YESTERDAY        0.0          MM      MM
  MONTH TO DATE    0.0
  SINCE MAR 1      0.0
  SINCE JUL 1      0.0

DEGREE DAYS
 HEATING
  YESTERDAY        0                         3     -3        0
  MONTH TO DATE   52                       137    -85       80
  SINCE MAR 1     52                       137    -85       80
  SINCE JUL 1    652                      1325   -673      997

 COOLING
  YESTERDAY        7                         3      4        0
  MONTH TO DATE  150                        64     86       82
  SINCE MAR 1    150                        64     86       82
  SINCE JAN 1    329                       102    227      119
..................................................................


WIND (MPH)
  HIGHEST WIND SPEED    25   HIGHEST WIND DIRECTION     S (160)
  HIGHEST GUST SPEED    31   HIGHEST GUST DIRECTION    SE (150)


RELATIVE HUMIDITY (PERCENT)
 HIGHEST   100
 LOWEST     74
 AVERAGE    87

..........................................................


THE HOUSTON INTERCONTINENTAL CLIMATE NORMALS FOR TODAY
                         NORMAL    RECORD    YEAR
 MAXIMUM TEMPERATURE (F)   76        96      1946
 MINIMUM TEMPERATURE (F)   55        33      1987


SUNRISE AND SUNSET
MARCH 30 2017.........SUNRISE   713 AM CDT   SUNSET   739 PM CDT
MARCH 31 2017.........SUNRISE   712 AM CDT   SUNSET   740 PM CDT


-  INDICATES NEGATIVE NUMBERS.
R  INDICATES RECORD WAS SET OR TIED.
MM INDICATES DATA IS MISSING.
T  INDICATES TRACE AMOUNT.


&&

...................................

...THE HOUSTON/HOBBY AIRPORT CLIMATE SUMMARY FOR MARCH 29 2017...

CLIMATE NORMAL PERIOD 1981 TO 2010
CLIMATE RECORD PERIOD 1930 TO 2017


WEATHER ITEM   OBSERVED TIME   RECORD YEAR NORMAL DEPARTURE LAST
                VALUE   (LST)  VALUE       VALUE  FROM      YEAR
                                                  NORMAL
..................................................................
TEMPERATURE (F)
 YESTERDAY
  MAXIMUM         81    431 PM  91    1974  75      6       71
  MINIMUM         65   1159 PM  35    1931  57      8       63
  AVERAGE         73                        66      7       67

PRECIPITATION (IN)
  YESTERDAY        1.14          1.80 1995   0.10   1.04     0.01
  MONTH TO DATE    8.15                      3.01   5.14     4.06
  SINCE MAR 1      8.15                      3.01   5.14     4.06
  SINCE JAN 1     14.27                     10.09   4.18     8.23

SNOWFALL (IN)
  YESTERDAY        0.0          MM      MM
  MONTH TO DATE    0.0
  SINCE MAR 1      0.0
  SINCE JUL 1      0.0

DEGREE DAYS
 HEATING
  YESTERDAY        0                         2     -2        0
  MONTH TO DATE   42                       117    -75       44
  SINCE MAR 1     42                       117    -75       44
  SINCE JUL 1    540                      1187   -647      782

 COOLING
  YESTERDAY        8                         3      5        2
  MONTH TO DATE  162                        63     99      118
  SINCE MAR 1    162                        63     99      118
  SINCE JAN 1    349                       101    248      156
..................................................................


WIND (MPH)
  HIGHEST WIND SPEED    22   HIGHEST WIND DIRECTION     S (160)
  HIGHEST GUST SPEED    32   HIGHEST GUST DIRECTION    SE (140)


RELATIVE HUMIDITY (PERCENT)
 HIGHEST   100
 LOWEST     67
 AVERAGE    84

..........................................................


THE HOUSTON/HOBBY AIRPORT CLIMATE NORMALS FOR TODAY
                         NORMAL    RECORD    YEAR
 MAXIMUM TEMPERATURE (F)   76        96      1946
 MINIMUM TEMPERATURE (F)   57        35      2003


SUNRISE AND SUNSET
MARCH 30 2017.........SUNRISE   713 AM CDT   SUNSET   739 PM CDT
MARCH 31 2017.........SUNRISE   711 AM CDT   SUNSET   739 PM CDT


-  INDICATES NEGATIVE NUMBERS.
R  INDICATES RECORD WAS SET OR TIED.
MM INDICATES DATA IS MISSING.
T  INDICATES TRACE AMOUNT.


...MISCELLANEOUS CLIMATE DATA FOR YESTERDAY...

LOCATION                        HIGH    LOW     PRECIP
PEARLAND                         82      66      1.89
SUGAR LAND                       84      61      0.97
TOMBALL                          82      64      1.68
CONROE                           79      62      0.26
HUNTSVILLE                       81      60      0.27
ANGLETON/LAKE JACKSON            84      65      0.09
PALACIOS                         86      60      0.86
LEAGUE CITY (NWS)                80      64      0.89


THIS PRODUCT...ALONG WITH OTHER WEATHER...HYDROLOGIC...AND CLIMATE
PRODUCTS...IS AVAILABLE ON THE WEB AT HTTP://WWW.SRH.NOAA.GOV/HGX
OR AT HTTP://WEATHER.GOV

$$
