000
CDUS44 KHGX 280726
CLIHOU


CLIMATE REPORT
NATIONAL WEATHER SERVICE HOUSTON/GALVESTON TX
225 AM CDT SUN AUG 28 2016


...................................

...THE HOUSTON INTERCONTINENTAL CLIMATE SUMMARY FOR AUGUST 27 2016...

CLIMATE NORMAL PERIOD 1981 TO 2010
CLIMATE RECORD PERIOD 1892 TO 2016


WEATHER ITEM   OBSERVED TIME   RECORD YEAR NORMAL DEPARTURE LAST
                VALUE   (LST)  VALUE       VALUE  FROM      YEAR
                                                  NORMAL
..................................................................
TEMPERATURE (F)
 YESTERDAY
  MAXIMUM         91    149 PM 109    2011  94     -3       93
  MINIMUM         74    508 PM  59    1891  74      0       69
  AVERAGE         83                        84     -1       81

PRECIPITATION (IN)
  YESTERDAY        T             8.32 1945   0.14  -0.14     0.00
  MONTH TO DATE   10.30                      3.16   7.14     2.94
  SINCE JUN 1     24.51                     12.88  11.63    14.94
  SINCE JAN 1     53.46                     31.27  22.19    45.38

DEGREE DAYS
 COOLING
  YESTERDAY       18                        19     -1       16
  MONTH TO DATE  542                       535      7      569
  SINCE JUN 1   1755                      1656     99     1752
  SINCE JAN 1   2336                      2308     28     2444
..................................................................


WIND (MPH)
  HIGHEST WIND SPEED    30   HIGHEST WIND DIRECTION    NE (50)
  HIGHEST GUST SPEED    37   HIGHEST GUST DIRECTION    NE (40)




RELATIVE HUMIDITY (PERCENT)
 HIGHEST    94
 LOWEST     56
 AVERAGE    75

..........................................................


THE HOUSTON INTERCONTINENTAL CLIMATE NORMALS FOR TODAY
                         NORMAL    RECORD    YEAR
 MAXIMUM TEMPERATURE (F)   94       107      2011
 MINIMUM TEMPERATURE (F)   74        63      1992


SUNRISE AND SUNSET
AUGUST 28 2016........SUNRISE   657 AM CDT   SUNSET   748 PM CDT
AUGUST 29 2016........SUNRISE   657 AM CDT   SUNSET   747 PM CDT


-  INDICATES NEGATIVE NUMBERS.
R  INDICATES RECORD WAS SET OR TIED.
MM INDICATES DATA IS MISSING.
T  INDICATES TRACE AMOUNT.


&&

...................................

...THE HOUSTON/HOBBY AIRPORT CLIMATE SUMMARY FOR AUGUST 27 2016...

CLIMATE NORMAL PERIOD 1981 TO 2010
CLIMATE RECORD PERIOD 1930 TO 2016


WEATHER ITEM   OBSERVED TIME   RECORD YEAR NORMAL DEPARTURE LAST
                VALUE   (LST)  VALUE       VALUE  FROM      YEAR
                                                  NORMAL
..................................................................
TEMPERATURE (F)
 YESTERDAY
  MAXIMUM         91    327 PM 106    2011  92     -1       92
  MINIMUM         76    555 AM  65    1930  75      1       71
  AVERAGE         84                        84      0       82

PRECIPITATION (IN)
  YESTERDAY        0.00         14.58 1945   0.20  -0.20     0.00
  MONTH TO DATE    7.55                      4.27   3.28    10.76
  SINCE JUN 1     21.79                     16.03   5.76    18.20
  SINCE JAN 1     46.64                     34.31  12.33    53.06

DEGREE DAYS
 COOLING
  YESTERDAY       19                        19      0       17
  MONTH TO DATE  554                       513     41      570
  SINCE JUN 1   1787                      1606    181     1766
  SINCE JAN 1   2558                      2260    298     2505
..................................................................


WIND (MPH)
  HIGHEST WIND SPEED    24   HIGHEST WIND DIRECTION    NE (40)
  HIGHEST GUST SPEED    28   HIGHEST GUST DIRECTION    NE (30)




RELATIVE HUMIDITY (PERCENT)
 HIGHEST    94
 LOWEST     56
 AVERAGE    75

..........................................................


THE HOUSTON/HOBBY AIRPORT CLIMATE NORMALS FOR TODAY
                         NORMAL    RECORD    YEAR
 MAXIMUM TEMPERATURE (F)   92       103      2011
 MINIMUM TEMPERATURE (F)   75        65      1930


SUNRISE AND SUNSET
AUGUST 28 2016........SUNRISE   657 AM CDT   SUNSET   747 PM CDT
AUGUST 29 2016........SUNRISE   657 AM CDT   SUNSET   746 PM CDT


-  INDICATES NEGATIVE NUMBERS.
R  INDICATES RECORD WAS SET OR TIED.
MM INDICATES DATA IS MISSING.
T  INDICATES TRACE AMOUNT.




$$
