297
CDUS44 KHGX 131431
CLIHOU

CLIMATE REPORT
NATIONAL WEATHER SERVICE HOUSTON/GALVESTON TX
830 AM CST SAT FEB 13 2016


...MORNING CLIMATE DATA...

                            MORNING LOW    PRECIP SINCE MIDNIGHT
HOUSTON INTERCONTINENTAL         51                0.00
GALVESTON SCHOLES FIELD          55                0.00
BRYAN/COLLEGE STATION            52                0.00
HOUSTON HOBBY                    55                0.00

...................................

...THE HOUSTON INTERCONTINENTAL CLIMATE SUMMARY FOR FEBRUARY 12 2016...

CLIMATE NORMAL PERIOD 1981 TO 2010
CLIMATE RECORD PERIOD 1892 TO 2016


WEATHER ITEM   OBSERVED TIME   RECORD YEAR NORMAL DEPARTURE LAST
                VALUE   (LST)  VALUE       VALUE  FROM      YEAR
                                                  NORMAL
..................................................................
TEMPERATURE (F)
 YESTERDAY
  MAXIMUM         78    434 PM  84    1922  66     12       66
  MINIMUM         55   1159 PM   6    1899  46      9       46
  AVERAGE         67                        56     11       56

PRECIPITATION (IN)
  YESTERDAY        0.00          2.70 1908   0.12  -0.12     0.00
  MONTH TO DATE    0.15                      1.32  -1.17     0.34
  SINCE DEC 1      7.52                      8.44  -0.92     9.11
  SINCE JAN 1      2.31                      4.70  -2.39     3.51

SNOWFALL (IN)
  YESTERDAY        0.0           3.0  1960
  MONTH TO DATE    0.0
  SINCE DEC 1      0.0
  SINCE JUL 1      0.0

DEGREE DAYS
 HEATING
  YESTERDAY        0                        10    -10        9
  MONTH TO DATE  112                       129    -17      123
  SINCE DEC 1    722                       868   -146      844
  SINCE JUL 1    835                      1053   -218     1092
..................................................................


WIND (MPH)
  HIGHEST WIND SPEED    14   HIGHEST WIND DIRECTION     W (280)
  HIGHEST GUST SPEED    20   HIGHEST GUST DIRECTION    SW (230)


RELATIVE HUMIDITY (PERCENT)
 HIGHEST    93
 LOWEST     40
 AVERAGE    67

..........................................................


THE HOUSTON INTERCONTINENTAL CLIMATE NORMALS FOR TODAY
                         NORMAL    RECORD    YEAR
 MAXIMUM TEMPERATURE (F)   66        83      1962
 MINIMUM TEMPERATURE (F)   46         6      1899


SUNRISE AND SUNSET
FEBRUARY 13 2016......SUNRISE   703 AM CST   SUNSET   608 PM CST
FEBRUARY 14 2016......SUNRISE   702 AM CST   SUNSET   609 PM CST


-  INDICATES NEGATIVE NUMBERS.
R  INDICATES RECORD WAS SET OR TIED.
MM INDICATES DATA IS MISSING.
T  INDICATES TRACE AMOUNT.


&&

...................................

...THE HOUSTON/HOBBY AIRPORT CLIMATE SUMMARY FOR FEBRUARY 12 2016...

CLIMATE NORMAL PERIOD 1981 TO 2010
CLIMATE RECORD PERIOD 1930 TO 2016


WEATHER ITEM   OBSERVED TIME   RECORD YEAR NORMAL DEPARTURE LAST
                VALUE   (LST)  VALUE       VALUE  FROM      YEAR
                                                  NORMAL
..................................................................
TEMPERATURE (F)
 YESTERDAY
  MAXIMUM         80    343 PM  82    1962  65     15       67
  MINIMUM         50    550 AM  25    1963  48      2       50
  AVERAGE         65                        57      8       59

PRECIPITATION (IN)
  YESTERDAY        0.01          3.54 1997   0.12  -0.11     0.00
  MONTH TO DATE    0.20                      1.40  -1.20     0.28
  SINCE DEC 1      6.20                      9.30  -3.10    10.02
  SINCE JAN 1      2.71                      5.27  -2.56     5.41

SNOWFALL (IN)
  YESTERDAY        0.0           4.4  1960
  MONTH TO DATE    0.0
  SINCE DEC 1      0.0
  SINCE JUL 1      0.0

DEGREE DAYS
 HEATING
  YESTERDAY        0                         9     -9        6
  MONTH TO DATE  100                       117    -17      106
  SINCE DEC 1    611                       792   -181      766
  SINCE JUL 1    685                       948   -263      980
..................................................................


WIND (MPH)
  HIGHEST WIND SPEED    20   HIGHEST WIND DIRECTION    SW (230)
  HIGHEST GUST SPEED    24   HIGHEST GUST DIRECTION    SW (220)


RELATIVE HUMIDITY (PERCENT)
 HIGHEST   100
 LOWEST     39
 AVERAGE    70

..........................................................


THE HOUSTON/HOBBY AIRPORT CLIMATE NORMALS FOR TODAY
                         NORMAL    RECORD    YEAR
 MAXIMUM TEMPERATURE (F)   66        84      1962
 MINIMUM TEMPERATURE (F)   48        26      1963
                                             1958


SUNRISE AND SUNSET
FEBRUARY 13 2016......SUNRISE   703 AM CST   SUNSET   608 PM CST
FEBRUARY 14 2016......SUNRISE   702 AM CST   SUNSET   609 PM CST


-  INDICATES NEGATIVE NUMBERS.
R  INDICATES RECORD WAS SET OR TIED.
MM INDICATES DATA IS MISSING.
T  INDICATES TRACE AMOUNT.

...........................................................

...MISCELLANEOUS CLIMATE DATA FOR YESTERDAY...

LOCATION                        HIGH    LOW     PRECIP

PEARLAND                         81      50      0.00
SUGAR LAND                       79      49      0.00
TOMBALL                          79      48      0.00
CONROE                           78      50      0.00
HUNTSVILLE                       77      56      0.00
ANGLETON/LAKE JACKSON            79      49      0.00
PALACIOS                         72      59      0.00
LEAGUE CITY (NWS)                79      53      0.00


THIS PRODUCT...ALONG WITH OTHER WEATHER...HYDROLOGIC...AND CLIMATE
PRODUCTS...IS AVAILABLE ON THE WEB AT HTTP://WWW.SRH.NOAA.GOV/HGX
OR AT HTTP://WEATHER.GOV

$$
