000
CDUS44 KHGX 220839
CLIHOU


CLIMATE REPORT
NATIONAL WEATHER SERVICE HOUSTON/GALVESTON TX
339 AM CDT MON SEP 22 2014


...................................

...THE HOUSTON INTERCONTINENTAL CLIMATE SUMMARY FOR SEPTEMBER 21 2014...

CLIMATE NORMAL PERIOD 1981 TO 2010
CLIMATE RECORD PERIOD 1892 TO 2014


WEATHER ITEM   OBSERVED TIME   RECORD YEAR NORMAL DEPARTURE LAST
                VALUE   (LST)  VALUE       VALUE  FROM      YEAR
                                                  NORMAL
..................................................................
TEMPERATURE (F)
 YESTERDAY
  MAXIMUM         91    304 PM 100    2005  88      3       82
  MINIMUM         73    648 AM  53    1983  68      5       70
                                      1918
  AVERAGE         82                        78      4       76

PRECIPITATION (IN)
  YESTERDAY        0.00          3.07 1958   0.13  -0.13     0.02
  MONTH TO DATE    3.88                      2.97   0.91     4.06
  SINCE SEP 1      3.88                      2.97   0.91     4.06
  SINCE JAN 1     31.77                     34.84  -3.07    25.26

DEGREE DAYS
 HEATING
  YESTERDAY        0                         0      0        0
  MONTH TO DATE    0                         0      0        0
  SINCE SEP 1      0                         0      0        0
  SINCE JUL 1      0                         0      0        0

 COOLING
  YESTERDAY       17                        13      4       11
  MONTH TO DATE  356                       335     21      394
  SINCE SEP 1    356                       335     21      394
  SINCE JAN 1   2632                      2717    -85     2787
..................................................................


WIND (MPH)
  HIGHEST WIND SPEED    14   HIGHEST WIND DIRECTION    NE (60)
  HIGHEST GUST SPEED    18   HIGHEST GUST DIRECTION    NE (40)




RELATIVE HUMIDITY (PERCENT)
 HIGHEST    94
 LOWEST     47
 AVERAGE    71

..........................................................


THE HOUSTON INTERCONTINENTAL CLIMATE NORMALS FOR TODAY
                         NORMAL    RECORD    YEAR
 MAXIMUM TEMPERATURE (F)   88       100      2005
 MINIMUM TEMPERATURE (F)   68        49      1983


SUNRISE AND SUNSET
SEPTEMBER 22 2014.....SUNRISE   710 AM CDT   SUNSET   718 PM CDT
SEPTEMBER 23 2014.....SUNRISE   710 AM CDT   SUNSET   717 PM CDT


-  INDICATES NEGATIVE NUMBERS.
R  INDICATES RECORD WAS SET OR TIED.
MM INDICATES DATA IS MISSING.
T  INDICATES TRACE AMOUNT.




...................................

...THE HOUSTON/HOBBY AIRPORT CLIMATE SUMMARY FOR SEPTEMBER 21 2014...

CLIMATE NORMAL PERIOD 1981 TO 2010
CLIMATE RECORD PERIOD 1930 TO 2014


WEATHER ITEM   OBSERVED TIME   RECORD YEAR NORMAL DEPARTURE LAST
                VALUE   (LST)  VALUE       VALUE  FROM      YEAR
                                                  NORMAL
..................................................................
TEMPERATURE (F)
 YESTERDAY
  MAXIMUM         91    256 PM 100    2005  87      4       79
  MINIMUM         75   1159 PM  52    1938  70      5       72
  AVERAGE         83                        79      4       76

PRECIPITATION (IN)
  YESTERDAY        0.00          3.28 1940   0.16  -0.16     1.39
  MONTH TO DATE    4.55                      3.87   0.68     5.04
  SINCE SEP 1      4.55                      3.87   0.68     5.04
  SINCE JAN 1     29.08                     38.97  -9.89    27.91

DEGREE DAYS
 HEATING
  YESTERDAY        0                         0      0        0
  MONTH TO DATE    0                         0      0        0
  SINCE SEP 1      0                         0      0        0
  SINCE JUL 1      0                         0      0        0

 COOLING
  YESTERDAY       18                        14      4       11
  MONTH TO DATE  365                       339     26      404
  SINCE SEP 1    365                       339     26      404
  SINCE JAN 1   2669                      2680    -11     2830
..................................................................


WIND (MPH)
  HIGHEST WIND SPEED    15   HIGHEST WIND DIRECTION    NE (50)
  HIGHEST GUST SPEED    24   HIGHEST GUST DIRECTION    NE (50)




RELATIVE HUMIDITY (PERCENT)
 HIGHEST    94
 LOWEST     49
 AVERAGE    72

..........................................................


THE HOUSTON/HOBBY AIRPORT CLIMATE NORMALS FOR TODAY
                         NORMAL    RECORD    YEAR
 MAXIMUM TEMPERATURE (F)   87        99      2005
 MINIMUM TEMPERATURE (F)   70        53      1983


SUNRISE AND SUNSET
SEPTEMBER 22 2014.....SUNRISE   709 AM CDT   SUNSET   718 PM CDT
SEPTEMBER 23 2014.....SUNRISE   710 AM CDT   SUNSET   716 PM CDT


-  INDICATES NEGATIVE NUMBERS.
R  INDICATES RECORD WAS SET OR TIED.
MM INDICATES DATA IS MISSING.
T  INDICATES TRACE AMOUNT.




$$
