000
CDUS44 KHGX 021309 CCA
CLIHOU

CLIMATE REPORT
NATIONAL WEATHER SERVICE HOUSTON/GALVESTON TX
809 AM CDT WED SEP 2 2015


...MORNING CLIMATE DATA...

                            MORNING LOW    PRECIP SINCE MIDNIGHT
HOUSTON INTERCONTINENTAL         73                 T
GALVESTON SCHOLES FIELD          73                2.25
BRYAN/COLLEGE STATION            70                0.00
HOUSTON HOBBY                    72                0.52

...................................

...THE HOUSTON INTERCONTINENTAL CLIMATE SUMMARY FOR SEPTEMBER 1 2015...

CLIMATE NORMAL PERIOD 1981 TO 2010
CLIMATE RECORD PERIOD 1892 TO 2015


WEATHER ITEM   OBSERVED TIME   RECORD YEAR NORMAL DEPARTURE LAST
                VALUE   (LST)  VALUE       VALUE  FROM      YEAR
                                                  NORMAL
..................................................................
TEMPERATURE (F)
 YESTERDAY
  MAXIMUM         81    258 PM 107    2000  93    -12       93
  MINIMUM         72    633 AM  63    1915  74     -2       74
  AVERAGE         77                        83     -6       84

PRECIPITATION (IN)
  YESTERDAY        T             2.22 1892   0.15  -0.15     0.36
  MONTH TO DATE    T                         0.15  -0.15     0.36
  SINCE SEP 1      T                         0.15  -0.15     0.36
  SINCE JAN 1     45.38                     32.02  13.36    28.25

DEGREE DAYS
 COOLING
  YESTERDAY       12                        18     -6       19
  MONTH TO DATE   12                        18     -6       19
  SINCE SEP 1     12                        18     -6       19
  SINCE JAN 1   2517                      2400    117     2295
..................................................................


WIND (MPH)
  HIGHEST WIND SPEED    14   HIGHEST WIND DIRECTION    SE (140)
  HIGHEST GUST SPEED    22   HIGHEST GUST DIRECTION     N (340)




RELATIVE HUMIDITY (PERCENT)
 HIGHEST   100
 LOWEST     71
 AVERAGE    86

..........................................................


THE HOUSTON INTERCONTINENTAL CLIMATE NORMALS FOR TODAY
                         NORMAL    RECORD    YEAR
 MAXIMUM TEMPERATURE (F)   93       104      2000
 MINIMUM TEMPERATURE (F)   73        60      1893


SUNRISE AND SUNSET
SEPTEMBER  2 2015.....SUNRISE   659 AM CDT   SUNSET   743 PM CDT
SEPTEMBER  3 2015.....SUNRISE   659 AM CDT   SUNSET   742 PM CDT


-  INDICATES NEGATIVE NUMBERS.
R  INDICATES RECORD WAS SET OR TIED.
MM INDICATES DATA IS MISSING.
T  INDICATES TRACE AMOUNT.



&&
...................................

...THE HOUSTON/HOBBY AIRPORT CLIMATE SUMMARY FOR SEPTEMBER 1 2015...

CLIMATE NORMAL PERIOD 1981 TO 2010
CLIMATE RECORD PERIOD 1930 TO 2015


WEATHER ITEM   OBSERVED TIME   RECORD YEAR NORMAL DEPARTURE LAST
                VALUE   (LST)  VALUE       VALUE  FROM      YEAR
                                                  NORMAL
..................................................................
TEMPERATURE (F)
 YESTERDAY
  MAXIMUM         79    611 PM 104    2000  91    -12       93
  MINIMUM         73   1153 AM  66    1950  75     -2       77
  AVERAGE         76                        83     -7       85

PRECIPITATION (IN)
  YESTERDAY        0.24          2.87 2001   0.19   0.05     0.00
  MONTH TO DATE    0.24                      0.19   0.05     0.00
  SINCE SEP 1      0.24                      0.19   0.05     0.00
  SINCE JAN 1     53.30                     35.29  18.01    24.53

DEGREE DAYS
 COOLING
  YESTERDAY       11                        18     -7       20
  MONTH TO DATE   11                        18     -7       20
  SINCE SEP 1     11                        18     -7       20
  SINCE JAN 1   2580                      2359    221     2324
..................................................................


WIND (MPH)
  HIGHEST WIND SPEED    13   HIGHEST WIND DIRECTION     S (200)
  HIGHEST GUST SPEED    16   HIGHEST GUST DIRECTION     S (190)




RELATIVE HUMIDITY (PERCENT)
 HIGHEST    93
 LOWEST     79
 AVERAGE    86

..........................................................


THE HOUSTON/HOBBY AIRPORT CLIMATE NORMALS FOR TODAY
                         NORMAL    RECORD    YEAR
 MAXIMUM TEMPERATURE (F)   91       104      2000
 MINIMUM TEMPERATURE (F)   75        68      1950


SUNRISE AND SUNSET
SEPTEMBER  2 2015.....SUNRISE   659 AM CDT   SUNSET   742 PM CDT
SEPTEMBER  3 2015.....SUNRISE   659 AM CDT   SUNSET   741 PM CDT


-  INDICATES NEGATIVE NUMBERS.
R  INDICATES RECORD WAS SET OR TIED.
MM INDICATES DATA IS MISSING.
T  INDICATES TRACE AMOUNT.

..........................................................

...MISCELLANEOUS CLIMATE DATA FOR YESTERDAY...

LOCATION                        HIGH    LOW     PRECIP

PEARLAND                         81      73      0.27
SUGAR LAND                       82      72      1.25
TOMBALL                          83      71      0.00
CONROE                           86      68      0.00
HUNTSVILLE                       88      71      0.05
ANGLETON/LAKE JACKSON            83      72      0.41
PALACIOS                         85      71      2.05
LEAGUE CITY (NWS)                79      71      1.89


THIS PRODUCT...ALONG WITH OTHER WEATHER...HYDROLOGIC...AND CLIMATE
PRODUCTS...IS AVAILABLE ON THE WEB AT HTTP://WWW.SRH.NOAA.GOV/HGX
OR AT HTTP://WEATHER.GOV

$$
