000
CDUS46 KSEW 300847
CLIHQM


CLIMATE REPORT
NATIONAL WEATHER SERVICE SEATTLE WA
146 AM PDT SAT JUL 30 2016


...................................

...THE HOQUIAM WA AIRPORT CLIMATE SUMMARY FOR JULY 29 2016...

CLIMATE NORMAL PERIOD 1981 TO 2010
CLIMATE RECORD PERIOD 1953 TO 2016


WEATHER ITEM   OBSERVED TIME   RECORD YEAR NORMAL DEPARTURE LAST
                VALUE   (LST)  VALUE       VALUE  FROM      YEAR
                                                  NORMAL
..................................................................
TEMPERATURE (F)
 YESTERDAY
  MAXIMUM         68    409 PM  84    2015  67      1       84
  MINIMUM         53    348 AM  45    1969  54     -1       52
                                      1959
  AVERAGE         61                        61      0       68

PRECIPITATION (IN)
  YESTERDAY        0.00          0.37 2001   0.03  -0.03     0.00
  MONTH TO DATE    0.37                      1.09  -0.72     0.38
  SINCE OCT 1     74.49                     63.91  10.58    58.29
  SINCE JAN 1     41.07                     36.25   4.82    26.87

DEGREE DAYS
 HEATING
  YESTERDAY        4                         4      0        0
  MONTH TO DATE  106                       149    -43       43
  SINCE JUN 1    319                       395    -76      203

 COOLING
  YESTERDAY        0                         0      0        3
  MONTH TO DATE    0                         0      0       10
  SINCE JUN 1     13                         2     11       13
  SINCE JAN 1     18                         3     15       13
..................................................................


WIND (MPH)
  RESULTANT WIND SPEED   6   RESULTANT WIND DIRECTION  SW (240)
  HIGHEST WIND SPEED    21   HIGHEST WIND DIRECTION    SW (230)
  HIGHEST GUST SPEED    23   HIGHEST GUST DIRECTION    SW (230)
  AVERAGE WIND SPEED     7.9


SKY COVER
  AVERAGE SKY COVER 0.4


WEATHER CONDITIONS
 THE FOLLOWING WEATHER WAS RECORDED YESTERDAY.
  FOG
  FOG W/VISIBILITY <= 1/4 MILE


RELATIVE HUMIDITY (PERCENT)
 HIGHEST   100          1200 AM
 LOWEST     73           500 PM
 AVERAGE    87

..........................................................


THE HOQUIAM WA AIRPORT CLIMATE NORMALS FOR TODAY
                         NORMAL    RECORD    YEAR
 MAXIMUM TEMPERATURE (F)   67        93      1959
 MINIMUM TEMPERATURE (F)   54        45      1969


SUNRISE AND SUNSET
JULY 30 2016..........SUNRISE   554 AM PDT   SUNSET   850 PM PDT
JULY 31 2016..........SUNRISE   555 AM PDT   SUNSET   849 PM PDT


-  INDICATES NEGATIVE NUMBERS.
R  INDICATES RECORD WAS SET OR TIED.
MM INDICATES DATA IS MISSING.
T  INDICATES TRACE AMOUNT.




$$
