000
CDUS46 KSEW 100830
CLIHQM


CLIMATE REPORT
NATIONAL WEATHER SERVICE SEATTLE WA
1230 AM PST WED FEB 10 2016


...................................

...THE HOQUIAM WA AIRPORT CLIMATE SUMMARY FOR FEBRUARY 9 2016...

CLIMATE NORMAL PERIOD 1981 TO 2010
CLIMATE RECORD PERIOD 1953 TO 2016


WEATHER ITEM   OBSERVED TIME   RECORD YEAR NORMAL DEPARTURE LAST
                VALUE   (LST)  VALUE       VALUE  FROM      YEAR
                                                  NORMAL
..................................................................
TEMPERATURE (F)
 YESTERDAY
  MAXIMUM         66    252 PM  67    1963  49     17       59
  MINIMUM         44    821 AM  28    1982  38      6       50
  AVERAGE         55                        43     12       55

PRECIPITATION (IN)
  YESTERDAY        0.00          2.43 1990   0.28  -0.28     0.59
  MONTH TO DATE    1.46                      2.54  -1.08     4.52
  SINCE OCT 1     49.18                     40.53   8.65    46.94
  SINCE JAN 1     15.76                     12.87   2.89    15.52

DEGREE DAYS
 HEATING
  YESTERDAY       10                        22    -12       10
  MONTH TO DATE  159                       198    -39      120
  SINCE DEC 1   1468                      1619   -151     1289

 COOLING
  YESTERDAY        0                         0      0        0
  MONTH TO DATE    0                         0      0        0
  SINCE DEC 1      0                         0      0        0
  SINCE JAN 1      0                         0      0        0
..................................................................


WIND (MPH)
  RESULTANT WIND SPEED   8   RESULTANT WIND DIRECTION   E (70)
  HIGHEST WIND SPEED    20   HIGHEST WIND DIRECTION     E (80)
  HIGHEST GUST SPEED    21   HIGHEST GUST DIRECTION     E (80)
  AVERAGE WIND SPEED     9.4


SKY COVER
  AVERAGE SKY COVER 0.0


WEATHER CONDITIONS
 THE FOLLOWING WEATHER WAS RECORDED YESTERDAY.
  FOG


RELATIVE HUMIDITY (PERCENT)
 HIGHEST    93          1100 PM
 LOWEST     51           600 PM
 AVERAGE    72

..........................................................


THE HOQUIAM WA AIRPORT CLIMATE NORMALS FOR TODAY
                         NORMAL    RECORD    YEAR
 MAXIMUM TEMPERATURE (F)   49        66      1963
 MINIMUM TEMPERATURE (F)   38        19      1987


SUNRISE AND SUNSET
FEBRUARY 10 2016......SUNRISE   729 AM PST   SUNSET   532 PM PST
FEBRUARY 11 2016......SUNRISE   727 AM PST   SUNSET   534 PM PST


-  INDICATES NEGATIVE NUMBERS.
R  INDICATES RECORD WAS SET OR TIED.
MM INDICATES DATA IS MISSING.
T  INDICATES TRACE AMOUNT.




$$
