000
CDUS46 KSEW 280832
CLIHQM


CLIMATE REPORT
NATIONAL WEATHER SERVICE SEATTLE WA
131 AM PDT THU APR 28 2016


...................................

...THE HOQUIAM WA AIRPORT CLIMATE SUMMARY FOR APRIL 27 2016...

CLIMATE NORMAL PERIOD 1981 TO 2010
CLIMATE RECORD PERIOD 1953 TO 2016


WEATHER ITEM   OBSERVED TIME   RECORD YEAR NORMAL DEPARTURE LAST
                VALUE   (LST)  VALUE       VALUE  FROM      YEAR
                                                  NORMAL
..................................................................
TEMPERATURE (F)
 YESTERDAY
  MAXIMUM         62        MM  83    1987  57      5       79
  MINIMUM         46        MM  29    1954  43      3       51
  AVERAGE         54                        50      4       65

PRECIPITATION (IN)
  YESTERDAY        0.02          2.23 1981   0.14  -0.12     0.07
  MONTH TO DATE    2.68                      4.70  -2.02     3.12
  SINCE OCT 1     71.87                     56.89  14.98    57.15
  SINCE JAN 1     38.45                     29.23   9.22    25.73

DEGREE DAYS
 HEATING
  YESTERDAY       11                        15     -4        0
  MONTH TO DATE  294                       444   -150      434
  SINCE MAR 1    822                      1033   -211      897

 COOLING
  YESTERDAY        0                         0      0        0
  MONTH TO DATE    4                         0      4        0
  SINCE MAR 1      4                         0      4        0
  SINCE JAN 1      4                         0      4        0
..................................................................


WIND (MPH)
  RESULTANT WIND SPEED  MM   RESULTANT WIND DIRECTION  MM
  HIGHEST WIND SPEED    MM   HIGHEST WIND DIRECTION    MM
  HIGHEST GUST SPEED    MM   HIGHEST GUST DIRECTION    MM
  AVERAGE WIND SPEED    MM


SKY COVER
  AVERAGE SKY COVER  MM


WEATHER CONDITIONS
 THE FOLLOWING WEATHER WAS RECORDED YESTERDAY.
  LIGHT RAIN


RELATIVE HUMIDITY (PERCENT)
 HIGHEST    MM
 LOWEST     MM
 AVERAGE    MM

..........................................................


THE HOQUIAM WA AIRPORT CLIMATE NORMALS FOR TODAY
                         NORMAL    RECORD    YEAR
 MAXIMUM TEMPERATURE (F)   57        73      1957
 MINIMUM TEMPERATURE (F)   43        31      1964


SUNRISE AND SUNSET
APRIL 28 2016.........SUNRISE   604 AM PDT   SUNSET   823 PM PDT
APRIL 29 2016.........SUNRISE   602 AM PDT   SUNSET   824 PM PDT


-  INDICATES NEGATIVE NUMBERS.
R  INDICATES RECORD WAS SET OR TIED.
MM INDICATES DATA IS MISSING.
T  INDICATES TRACE AMOUNT.




$$
