000
CDUS46 KSEW 160833
CLIHQM


CLIMATE REPORT
NATIONAL WEATHER SERVICE SEATTLE WA
132 AM PDT MON OCT 16 2017


...................................

...THE HOQUIAM WA AIRPORT CLIMATE SUMMARY FOR OCTOBER 15 2017...

CLIMATE NORMAL PERIOD 1981 TO 2010
CLIMATE RECORD PERIOD 1953 TO 2017


WEATHER ITEM   OBSERVED TIME   RECORD YEAR NORMAL DEPARTURE LAST
                VALUE   (LST)  VALUE       VALUE  FROM      YEAR
                                                  NORMAL
..................................................................
TEMPERATURE (F)
 YESTERDAY
  MAXIMUM         61    402 PM  75    2002  59      2       57
  MINIMUM         37    625 AM  33    2008  46     -9       51
  AVERAGE         49                        52     -3       54

PRECIPITATION (IN)
  YESTERDAY        0.00          2.11 2016   0.20  -0.20     2.11
  MONTH TO DATE    0.81                      2.39  -1.58     9.66
  SINCE OCT 1      0.81                      2.39  -1.58     9.66
  SINCE JAN 1     46.31                     42.28   4.03    54.57

DEGREE DAYS
 HEATING
  YESTERDAY       16                        13      3       11
  MONTH TO DATE  196                       163     33      164
  SINCE SEP 1    338                       359    -21      366

 COOLING
  YESTERDAY        0                         0      0        0
  MONTH TO DATE    0                         0      0        0
  SINCE SEP 1     32                         7     25        1
  SINCE JAN 1     77                        23     54       50
..................................................................


WIND (MPH)
  RESULTANT WIND SPEED   1   RESULTANT WIND DIRECTION   E (100)
  HIGHEST WIND SPEED    14   HIGHEST WIND DIRECTION     W (290)
  HIGHEST GUST SPEED    19   HIGHEST GUST DIRECTION    NW (300)
  AVERAGE WIND SPEED     5.0


SKY COVER
  AVERAGE SKY COVER 0.0


WEATHER CONDITIONS
 THE FOLLOWING WEATHER WAS RECORDED YESTERDAY.
  FOG


RELATIVE HUMIDITY (PERCENT)
 HIGHEST   100           300 AM
 LOWEST     64           400 PM
 AVERAGE    82

..........................................................


THE HOQUIAM WA AIRPORT CLIMATE NORMALS FOR TODAY
                         NORMAL    RECORD    YEAR
 MAXIMUM TEMPERATURE (F)   59        77      2002
 MINIMUM TEMPERATURE (F)   45        34      1971


SUNRISE AND SUNSET
OCTOBER 16 2017.......SUNRISE   736 AM PDT   SUNSET   626 PM PDT
OCTOBER 17 2017.......SUNRISE   737 AM PDT   SUNSET   624 PM PDT


-  INDICATES NEGATIVE NUMBERS.
R  INDICATES RECORD WAS SET OR TIED.
MM INDICATES DATA IS MISSING.
T  INDICATES TRACE AMOUNT.




$$
