000
CDUS46 KSEW 290831
CLIHQM


CLIMATE REPORT
NATIONAL WEATHER SERVICE SEATTLE WA
130 AM PDT FRI MAY 29 2015


...................................

...THE HOQUIAM WA AIRPORT CLIMATE SUMMARY FOR MAY 28 2015...

CLIMATE NORMAL PERIOD 1981 TO 2010
CLIMATE RECORD PERIOD 1953 TO 2015


WEATHER ITEM   OBSERVED TIME   RECORD YEAR NORMAL DEPARTURE LAST
                VALUE   (LST)  VALUE       VALUE  FROM      YEAR
                                                  NORMAL
..................................................................
TEMPERATURE (F)
 YESTERDAY
  MAXIMUM         61    131 PM  82    1972  61      0       63
  MINIMUM         51    612 AM  37    1966  48      3       47
  AVERAGE         56                        55      1       55

PRECIPITATION (IN)
  YESTERDAY        0.00          0.70 1997   0.10  -0.10     0.02
  MONTH TO DATE    0.28                      3.00  -2.72     4.75
  SINCE OCT 1     57.53                     60.29  -2.76    51.80
  SINCE JAN 1     26.11                     32.63  -6.52    39.69

DEGREE DAYS
 HEATING
  YESTERDAY        9                        10     -1       10
  MONTH TO DATE  301                       340    -39      239
  SINCE MAR 1   1236                      1418   -182     1221

 COOLING
  YESTERDAY        0                         0      0        0
  MONTH TO DATE    0                         0      0       11
  SINCE MAR 1      0                         0      0       15
  SINCE JAN 1      0                         0      0       15
..................................................................


WIND (MPH)
  RESULTANT WIND SPEED   6   RESULTANT WIND DIRECTION   W (250)
  HIGHEST WIND SPEED    17   HIGHEST WIND DIRECTION    SW (240)
  HIGHEST GUST SPEED    20   HIGHEST GUST DIRECTION    SW (240)
  AVERAGE WIND SPEED     7.3


SKY COVER
  AVERAGE SKY COVER 0.8


WEATHER CONDITIONS
 THE FOLLOWING WEATHER WAS RECORDED YESTERDAY.
  FOG


RELATIVE HUMIDITY (PERCENT)
 HIGHEST   100           100 AM
 LOWEST     75           300 PM
 AVERAGE    88

..........................................................


THE HOQUIAM WA AIRPORT CLIMATE NORMALS FOR TODAY
                         NORMAL    RECORD    YEAR
 MAXIMUM TEMPERATURE (F)   61        87      2007
 MINIMUM TEMPERATURE (F)   48        39      1966


SUNRISE AND SUNSET
MAY 29 2015...........SUNRISE   527 AM PDT   SUNSET   900 PM PDT
MAY 30 2015...........SUNRISE   526 AM PDT   SUNSET   901 PM PDT


-  INDICATES NEGATIVE NUMBERS.
R  INDICATES RECORD WAS SET OR TIED.
MM INDICATES DATA IS MISSING.
T  INDICATES TRACE AMOUNT.




$$
