000
CDUS46 KSEW 070829
CLIHQM


CLIMATE REPORT
NATIONAL WEATHER SERVICE SEATTLE WA
1229 AM PST WED DEC 7 2016


...................................

...THE HOQUIAM WA AIRPORT CLIMATE SUMMARY FOR DECEMBER 6 2016...

CLIMATE NORMAL PERIOD 1981 TO 2010
CLIMATE RECORD PERIOD 1953 TO 2016


WEATHER ITEM   OBSERVED TIME   RECORD YEAR NORMAL DEPARTURE LAST
                VALUE   (LST)  VALUE       VALUE  FROM      YEAR
                                                  NORMAL
..................................................................
TEMPERATURE (F)
 YESTERDAY
  MAXIMUM         43    159 PM  56    1965  47     -4       53
  MINIMUM         31    631 AM  20    1972  37     -6       48
  AVERAGE         37                        42     -5       51

PRECIPITATION (IN)
  YESTERDAY        T             1.67 1970   0.33  -0.33     0.80
  MONTH TO DATE    1.96                      2.05  -0.09     3.92
  SINCE OCT 1     33.73                     19.75  13.98    21.15
  SINCE JAN 1     78.64                     59.64  19.00    52.55

DEGREE DAYS
 HEATING
  YESTERDAY       28                        23      5       14
  MONTH TO DATE  136                       136      0      101
  SINCE DEC 1    136                       136      0      101

 COOLING
  YESTERDAY        0                         0      0        0
  MONTH TO DATE    0                         0      0        0
  SINCE DEC 1      0                         0      0        0
  SINCE JAN 1     50                        23     27       35
..................................................................


WIND (MPH)
  RESULTANT WIND SPEED   5   RESULTANT WIND DIRECTION  NE (40)
  HIGHEST WIND SPEED    10   HIGHEST WIND DIRECTION    NE (60)
  HIGHEST GUST SPEED    14   HIGHEST GUST DIRECTION    NE (50)
  AVERAGE WIND SPEED     5.7


SKY COVER
  AVERAGE SKY COVER 0.3


WEATHER CONDITIONS
 THE FOLLOWING WEATHER WAS RECORDED YESTERDAY.
  LIGHT RAIN
  FOG


RELATIVE HUMIDITY (PERCENT)
 HIGHEST   100          1200 AM
 LOWEST     67           200 PM
 AVERAGE    84

..........................................................


THE HOQUIAM WA AIRPORT CLIMATE NORMALS FOR TODAY
                         NORMAL    RECORD    YEAR
 MAXIMUM TEMPERATURE (F)   47        56      2014
 MINIMUM TEMPERATURE (F)   37        15      1972


SUNRISE AND SUNSET
DECEMBER  7 2016......SUNRISE   748 AM PST   SUNSET   427 PM PST
DECEMBER  8 2016......SUNRISE   749 AM PST   SUNSET   427 PM PST


-  INDICATES NEGATIVE NUMBERS.
R  INDICATES RECORD WAS SET OR TIED.
MM INDICATES DATA IS MISSING.
T  INDICATES TRACE AMOUNT.




$$
