000
CDUS46 KSEW 180827
CLIHQM


CLIMATE REPORT
NATIONAL WEATHER SERVICE SEATTLE WA
126 AM PDT FRI APR 18 2014


...................................

...THE HOQUIAM WA AIRPORT CLIMATE SUMMARY FOR APRIL 17 2014...

CLIMATE NORMAL PERIOD 1981 TO 2010
CLIMATE RECORD PERIOD 1953 TO 2014


WEATHER ITEM   OBSERVED TIME   RECORD YEAR NORMAL DEPARTURE LAST
                VALUE   (LST)  VALUE       VALUE  FROM      YEAR
                                                  NORMAL
..................................................................
TEMPERATURE (F)
 YESTERDAY
  MAXIMUM         53    403 PM  77    1983  56     -3       55
  MINIMUM         45   1159 PM  27    1964  42      3       38
  AVERAGE         49                        49      0       47

PRECIPITATION (IN)
  YESTERDAY        0.77R         0.73 1958   0.17   0.60      T
  MONTH TO DATE    2.87                      3.14  -0.27     4.99
  SINCE OCT 1     43.57                     55.33 -11.76    37.52
  SINCE JAN 1     31.46                     27.67   3.79    23.91

DEGREE DAYS
 HEATING
  YESTERDAY       16                        16      0       18
  MONTH TO DATE  265                       289    -24      295
  SINCE MAR 1    802                       878    -76      880

 COOLING
  YESTERDAY        0                         0      0        0
  MONTH TO DATE    0                         0      0        0
  SINCE MAR 1      0                         0      0        0
  SINCE JAN 1      0                         0      0        0
..................................................................


WIND (MPH)
  RESULTANT WIND SPEED  10   RESULTANT WIND DIRECTION  SW (210)
  HIGHEST WIND SPEED    30   HIGHEST WIND DIRECTION     W (270)
  HIGHEST GUST SPEED    39   HIGHEST GUST DIRECTION     W (270)
  AVERAGE WIND SPEED    12.9


SKY COVER
  AVERAGE SKY COVER 0.9


WEATHER CONDITIONS
 THE FOLLOWING WEATHER WAS RECORDED YESTERDAY.
  RAIN
  LIGHT RAIN
  FOG


RELATIVE HUMIDITY (PERCENT)
 HIGHEST   100          1200 AM
 LOWEST     71           900 PM
 AVERAGE    86

..........................................................


THE HOQUIAM WA AIRPORT CLIMATE NORMALS FOR TODAY
                         NORMAL    RECORD    YEAR
 MAXIMUM TEMPERATURE (F)   56        72      1962
 MINIMUM TEMPERATURE (F)   42        30      1964
                                             1955


SUNRISE AND SUNSET
APRIL 18 2014.........SUNRISE   622 AM PDT   SUNSET   809 PM PDT
APRIL 19 2014.........SUNRISE   620 AM PDT   SUNSET   810 PM PDT


-  INDICATES NEGATIVE NUMBERS.
R  INDICATES RECORD WAS SET OR TIED.
MM INDICATES DATA IS MISSING.
T  INDICATES TRACE AMOUNT.




$$
