867
CDUS46 KSEW 200829
CLIHQM


CLIMATE REPORT
NATIONAL WEATHER SERVICE SEATTLE WA
128 AM PDT SUN AUG 20 2017


...................................

...THE HOQUIAM WA AIRPORT CLIMATE SUMMARY FOR AUGUST 19 2017...

CLIMATE NORMAL PERIOD 1981 TO 2010
CLIMATE RECORD PERIOD 1953 TO 2017


WEATHER ITEM   OBSERVED TIME   RECORD YEAR NORMAL DEPARTURE LAST
                VALUE   (LST)  VALUE       VALUE  FROM      YEAR
                                                  NORMAL
..................................................................
TEMPERATURE (F)
 YESTERDAY
  MAXIMUM         68    241 PM  95    2016  68      0       95
  MINIMUM         53   1148 PM  43    1973  54     -1       56
  AVERAGE         61                        61      0       76

PRECIPITATION (IN)
  YESTERDAY        0.00          0.79 1965   0.05  -0.05     0.00
  MONTH TO DATE    0.26                      0.65  -0.39     0.19
  SINCE OCT 1     84.41                     64.61  19.80    74.68
  SINCE JAN 1     42.87                     36.95   5.92    41.26

DEGREE DAYS
 HEATING
  YESTERDAY        4                         4      0        0
  MONTH TO DATE   66                        76    -10       66
  SINCE JUN 1    412                       486    -74      397

 COOLING
  YESTERDAY        0                         0      0       11
  MONTH TO DATE   19                         0     19       20
  SINCE JUN 1     33                         8     25       33
  SINCE JAN 1     33                         9     24       38
..................................................................


WIND (MPH)
  RESULTANT WIND SPEED   8   RESULTANT WIND DIRECTION   W (270)
  HIGHEST WIND SPEED    21   HIGHEST WIND DIRECTION     W (290)
  HIGHEST GUST SPEED    30   HIGHEST GUST DIRECTION     W (290)
  AVERAGE WIND SPEED     8.5


SKY COVER
  AVERAGE SKY COVER 0.1


WEATHER CONDITIONS
 THE FOLLOWING WEATHER WAS RECORDED YESTERDAY.
  FOG
  HAZE


RELATIVE HUMIDITY (PERCENT)
 HIGHEST    86           100 AM
 LOWEST     58           300 PM
 AVERAGE    72

..........................................................


THE HOQUIAM WA AIRPORT CLIMATE NORMALS FOR TODAY
                         NORMAL    RECORD    YEAR
 MAXIMUM TEMPERATURE (F)   68        90      1966
 MINIMUM TEMPERATURE (F)   54        47      1973
                                             1960


SUNRISE AND SUNSET
AUGUST 20 2017........SUNRISE   620 AM PDT   SUNSET   817 PM PDT
AUGUST 21 2017........SUNRISE   621 AM PDT   SUNSET   815 PM PDT


-  INDICATES NEGATIVE NUMBERS.
R  INDICATES RECORD WAS SET OR TIED.
MM INDICATES DATA IS MISSING.
T  INDICATES TRACE AMOUNT.




$$
