000
CDUS44 KBRO 280631
CLIHRL


CLIMATE REPORT
NATIONAL WEATHER SERVICE BROWNSVILLE TX
130 AM CDT SAT MAY 28 2016


...................................

...THE HARLINGEN CLIMATE SUMMARY FOR MAY 27 2016...

CLIMATE NORMAL PERIOD 1981 TO 2010
CLIMATE RECORD PERIOD 1912 TO 2016


WEATHER ITEM   OBSERVED TIME   RECORD YEAR NORMAL DEPARTURE LAST
                VALUE   (LST)  VALUE       VALUE  FROM      YEAR
                                                  NORMAL
..................................................................
TEMPERATURE (F)
 YESTERDAY
  MAXIMUM         96    229 PM  99    2011  92      4       92
  MINIMUM         80   1159 PM  59    1913  73      7       76
  AVERAGE         88                        82      6       84

PRECIPITATION (IN)
  YESTERDAY        T             1.11 2007   0.09  -0.09     0.00
  MONTH TO DATE    1.63                      2.14  -0.51     2.74
  SINCE MAR 1      3.90                      5.10  -1.20     9.53
  SINCE JAN 1      5.81                      7.57  -1.76    12.45

SNOWFALL (IN)
  YESTERDAY        0.0
  MONTH TO DATE    0.0
  SINCE MAR 1      0.0
  SINCE JUL 1      0.0

DEGREE DAYS
 HEATING
  YESTERDAY        0                         0      0        0
  MONTH TO DATE    0                         0      0        0
  SINCE MAR 1     13                        54    -41       74
  SINCE JUL 1    389                       622   -233      767

 COOLING
  YESTERDAY       23                        17      6       19
  MONTH TO DATE  468                       416     52      459
  SINCE MAR 1   1140                       905    235      959
  SINCE JAN 1   1280                      1030    250     1018
..................................................................


WIND (MPH)
  HIGHEST WIND SPEED    39   HIGHEST WIND DIRECTION     S (160)
  HIGHEST GUST SPEED    46   HIGHEST GUST DIRECTION     S (170)
  AVERAGE WIND SPEED    18.9



WEATHER CONDITIONS
 THE FOLLOWING WEATHER WAS RECORDED YESTERDAY.
  LIGHT RAIN
  HAZE


RELATIVE HUMIDITY (PERCENT)
 HIGHEST    85
 LOWEST     56
 AVERAGE    71

..........................................................


THE HARLINGEN CLIMATE NORMALS FOR TODAY
                         NORMAL    RECORD    YEAR
 MAXIMUM TEMPERATURE (F)   92       104      1973
 MINIMUM TEMPERATURE (F)   73        58      1913


SUNRISE AND SUNSET
MAY 28 2016...........SUNRISE   639 AM CDT   SUNSET   817 PM CDT
MAY 29 2016...........SUNRISE   639 AM CDT   SUNSET   818 PM CDT


-  INDICATES NEGATIVE NUMBERS.
R  INDICATES RECORD WAS SET OR TIED.
MM INDICATES DATA IS MISSING.
T  INDICATES TRACE AMOUNT.




$$
