000
CDUS44 KBRO 180746
CLIHRL


CLIMATE REPORT
NATIONAL WEATHER SERVICE BROWNSVILLE TX
144 AM CST THU JAN 18 2018


...................................

...THE HARLINGEN CLIMATE SUMMARY FOR JANUARY 17 2018...

CLIMATE NORMAL PERIOD 1981 TO 2010
CLIMATE RECORD PERIOD 1912 TO 2018


WEATHER ITEM   OBSERVED TIME   RECORD YEAR NORMAL DEPARTURE LAST
                VALUE   (LST)  VALUE       VALUE  FROM      YEAR
                                                  NORMAL
..................................................................
TEMPERATURE (F)
 YESTERDAY
  MAXIMUM         39    436 PM  88    1932  71    -32       82
  MINIMUM         29R   814 AM  30    1916  50    -21       64
  AVERAGE         34                        60    -26       73

PRECIPITATION (IN)
  YESTERDAY        0.00          0.50 1934   0.02  -0.02     0.02
  MONTH TO DATE    0.11                      0.44  -0.33     0.03
  SINCE DEC 1      1.12                      1.70  -0.58     1.36
  SINCE JAN 1      0.11                      0.44  -0.33     0.03

SNOWFALL (IN)
  YESTERDAY        0.0
  MONTH TO DATE    T
  SINCE DEC 1      1.0
  SINCE JUL 1      1.0
  SNOW DEPTH       0

DEGREE DAYS
 HEATING
  YESTERDAY       31                         6     25        0
  MONTH TO DATE  204                       118     86       63
  SINCE DEC 1    431                       309    122      165
  SINCE JUL 1    474                       366    108      180

 COOLING
  YESTERDAY        0                         2     -2        8
  MONTH TO DATE    7                        34    -27       93
  SINCE DEC 1     92                        92      0      250
  SINCE JAN 1      7                        34    -27       93
..................................................................


WIND (MPH)
  HIGHEST WIND SPEED    21   HIGHEST WIND DIRECTION     N (10)
  HIGHEST GUST SPEED    25   HIGHEST GUST DIRECTION     N (350)
  AVERAGE WIND SPEED    14.1



WEATHER CONDITIONS
 THE FOLLOWING WEATHER WAS RECORDED YESTERDAY.
  NO SIGNIFICANT WEATHER WAS OBSERVED.


RELATIVE HUMIDITY (PERCENT)
 HIGHEST    75
 LOWEST     44
 AVERAGE    60

..........................................................


THE HARLINGEN CLIMATE NORMALS FOR TODAY
                         NORMAL    RECORD    YEAR
 MAXIMUM TEMPERATURE (F)   71        90      1938
 MINIMUM TEMPERATURE (F)   50        23      1930


SUNRISE AND SUNSET
JANUARY 18 2018.......SUNRISE   719 AM CST   SUNSET   603 PM CST
JANUARY 19 2018.......SUNRISE   719 AM CST   SUNSET   604 PM CST


-  INDICATES NEGATIVE NUMBERS.
R  INDICATES RECORD WAS SET OR TIED.
MM INDICATES DATA IS MISSING.
T  INDICATES TRACE AMOUNT.

$$
