000
CDUS44 KBRO 302126
CLIHRL


CLIMATE REPORT
NATIONAL WEATHER SERVICE BROWNSVILLE TX
426 PM CDT SAT MAY 30 2015


...................................

...THE HARLINGEN CLIMATE SUMMARY FOR MAY 30 2015...
VALID TODAY AS OF 0400 PM LOCAL TIME.

CLIMATE NORMAL PERIOD 1981 TO 2010
CLIMATE RECORD PERIOD 1912 TO 2015


WEATHER ITEM   OBSERVED TIME   RECORD YEAR NORMAL DEPARTURE LAST
                VALUE   (LST)  VALUE       VALUE  FROM      YEAR
                                                  NORMAL
..................................................................
TEMPERATURE (F)
 TODAY
  MAXIMUM         90   1234 PM  98    2012  93     -3       96
                                      2011
  MINIMUM         72    511 AM  55    1992  73     -1       70
  AVERAGE         81                        83     -2       83

PRECIPITATION (IN)
  TODAY            T             1.87 1986   0.09  -0.09     0.00
  MONTH TO DATE    2.78                      2.41   0.37     1.89
  SINCE MAR 1      9.57                      5.37   4.20     3.84
  SINCE JAN 1     12.49                      7.84   4.65     4.84

SNOWFALL (IN)
  TODAY            0.0
  MONTH TO DATE    0.0
  SINCE MAR 1      0.0
  SINCE JUL 1      0.0
  SNOW DEPTH       0

DEGREE DAYS
 HEATING
  TODAY            0                         0      0        0
  MONTH TO DATE    0                         0      0        0
  SINCE MAR 1     74                        54     20      119
  SINCE JUL 1    767                       622    145      930

 COOLING
  TODAY           16                        18     -2       18
  MONTH TO DATE  511                       469     42      396
  SINCE MAR 1   1011                       958     53      807
  SINCE JAN 1   1070                      1083    -13      918
..................................................................


WIND (MPH)
  HIGHEST WIND SPEED    21   HIGHEST WIND DIRECTION     E (110)
  HIGHEST GUST SPEED    24   HIGHEST GUST DIRECTION    SE (130)
  AVERAGE WIND SPEED     8.8



WEATHER CONDITIONS
 THE FOLLOWING WEATHER WAS RECORDED TODAY.
  THUNDERSTORM
  LIGHT RAIN
  FOG


RELATIVE HUMIDITY (PERCENT)
 HIGHEST   100
 LOWEST     64
 AVERAGE    82

..........................................................


THE HARLINGEN CLIMATE NORMALS FOR TOMORROW
                         NORMAL    RECORD    YEAR
 MAXIMUM TEMPERATURE (F)   93       101      2005
 MINIMUM TEMPERATURE (F)   73        57      1984


SUNRISE AND SUNSET
MAY 30 2015...........SUNRISE   639 AM CDT   SUNSET   818 PM CDT
MAY 31 2015...........SUNRISE   639 AM CDT   SUNSET   818 PM CDT


-  INDICATES NEGATIVE NUMBERS.
R  INDICATES RECORD WAS SET OR TIED.
MM INDICATES DATA IS MISSING.
T  INDICATES TRACE AMOUNT.




$$
