000
CDUS44 KBRO 110627
CLIHRL


CLIMATE REPORT
NATIONAL WEATHER SERVICE BROWNSVILLE TX
126 AM CDT FRI JUL 11 2014


...................................

...THE HARLINGEN CLIMATE SUMMARY FOR JULY 10 2014...

CLIMATE NORMAL PERIOD 1981 TO 2010
CLIMATE RECORD PERIOD 1912 TO 2014


WEATHER ITEM   OBSERVED TIME   RECORD YEAR NORMAL DEPARTURE LAST
                VALUE   (LST)  VALUE       VALUE  FROM      YEAR
                                                  NORMAL
..................................................................
TEMPERATURE (F)
 YESTERDAY
  MAXIMUM         79   1051 AM 100    1940  95    -16       91
  MINIMUM         72   1232 PM  69    1976  75     -3       75
                                      1977
  AVERAGE         76                        85     -9       83

PRECIPITATION (IN)
  YESTERDAY        0.55          1.03 1955   0.08   0.47     0.04
  MONTH TO DATE    0.59                      0.74  -0.15     1.16
  SINCE JUN 1      0.88                      3.24  -2.36     1.96
  SINCE JAN 1      5.72                     11.16  -5.44     9.13

DEGREE DAYS
 HEATING
  YESTERDAY        0                         0      0        0
  MONTH TO DATE    0                         0      0        0
  SINCE JUN 1      0                         0      0        0
  SINCE JUL 1      0                         0      0        0

 COOLING
  YESTERDAY       11                        20     -9       18
  MONTH TO DATE  184                       200    -16      187
  SINCE JUN 1    806                       768     38      822
  SINCE JAN 1   1742                      1869   -127     1917
..................................................................


WIND (MPH)
  HIGHEST WIND SPEED    20   HIGHEST WIND DIRECTION     S (160)
  HIGHEST GUST SPEED    25   HIGHEST GUST DIRECTION     S (160)
  AVERAGE WIND SPEED     7.7



WEATHER CONDITIONS
 THE FOLLOWING WEATHER WAS RECORDED YESTERDAY.
  THUNDERSTORM
  HEAVY RAIN
  RAIN
  LIGHT RAIN
  FOG


RELATIVE HUMIDITY (PERCENT)
 HIGHEST   100
 LOWEST     82
 AVERAGE    91

..........................................................


THE HARLINGEN CLIMATE NORMALS FOR TODAY
                         NORMAL    RECORD    YEAR
 MAXIMUM TEMPERATURE (F)   95       102      1947
 MINIMUM TEMPERATURE (F)   75        68      1934


SUNRISE AND SUNSET
JULY 11 2014..........SUNRISE   646 AM CDT   SUNSET   826 PM CDT
JULY 12 2014..........SUNRISE   646 AM CDT   SUNSET   826 PM CDT


-  INDICATES NEGATIVE NUMBERS.
R  INDICATES RECORD WAS SET OR TIED.
MM INDICATES DATA IS MISSING.
T  INDICATES TRACE AMOUNT.

$$
