456
CDUS44 KBRO 230642
CLIHRL


CLIMATE REPORT
NATIONAL WEATHER SERVICE BROWNSVILLE TX
140 AM CDT SAT SEP 23 2017


...................................

...THE HARLINGEN CLIMATE SUMMARY FOR SEPTEMBER 22 2017...

CLIMATE NORMAL PERIOD 1981 TO 2010
CLIMATE RECORD PERIOD 1912 TO 2017


WEATHER ITEM   OBSERVED TIME   RECORD YEAR NORMAL DEPARTURE LAST
                VALUE   (LST)  VALUE       VALUE  FROM      YEAR
                                                  NORMAL
..................................................................
TEMPERATURE (F)
 YESTERDAY
  MAXIMUM         96    203 PM 100    1931  90      6       94
                                      1953
  MINIMUM         77    355 AM  56    1913  71      6       75
  AVERAGE         87                        81      6       85

PRECIPITATION (IN)
  YESTERDAY        0.00          1.10 1932   0.18  -0.18     0.31
  MONTH TO DATE    0.86                      3.96  -3.10     2.23
  SINCE SEP 1      0.86                      3.96  -3.10     2.23
  SINCE JAN 1     13.03                     18.17  -5.14    17.13

DEGREE DAYS
 HEATING
  YESTERDAY        0                         0      0        0
  MONTH TO DATE    0                         0      0        0
  SINCE SEP 1      0                         0      0        0
  SINCE JUL 1      0                         0      0        0

 COOLING
  YESTERDAY       22                        16      6       20
  MONTH TO DATE  409                       387     22      456
  SINCE SEP 1    409                       387     22      456
  SINCE JAN 1   3914                      3311    603     3775
..................................................................


WIND (MPH)
  HIGHEST WIND SPEED    23   HIGHEST WIND DIRECTION     E (110)
  HIGHEST GUST SPEED    30   HIGHEST GUST DIRECTION    SE (120)
  AVERAGE WIND SPEED    11.3



WEATHER CONDITIONS
 THE FOLLOWING WEATHER WAS RECORDED YESTERDAY.
  NO SIGNIFICANT WEATHER WAS OBSERVED.


RELATIVE HUMIDITY (PERCENT)
 HIGHEST    97
 LOWEST     46
 AVERAGE    72

..........................................................


THE HARLINGEN CLIMATE NORMALS FOR TODAY
                         NORMAL    RECORD    YEAR
 MAXIMUM TEMPERATURE (F)   90       101      2005
 MINIMUM TEMPERATURE (F)   71        54      1975


SUNRISE AND SUNSET
SEPTEMBER 23 2017.....SUNRISE   720 AM CDT   SUNSET   726 PM CDT
SEPTEMBER 24 2017.....SUNRISE   720 AM CDT   SUNSET   724 PM CDT


-  INDICATES NEGATIVE NUMBERS.
R  INDICATES RECORD WAS SET OR TIED.
MM INDICATES DATA IS MISSING.
T  INDICATES TRACE AMOUNT.

$$
