000
CDUS44 KBRO 260635
CLIHRL


CLIMATE REPORT
NATIONAL WEATHER SERVICE BROWNSVILLE TX
135 AM CDT FRI AUG 26 2016


...................................

...THE HARLINGEN CLIMATE SUMMARY FOR AUGUST 25 2016...

CLIMATE NORMAL PERIOD 1981 TO 2010
CLIMATE RECORD PERIOD 1912 TO 2016


WEATHER ITEM   OBSERVED TIME   RECORD YEAR NORMAL DEPARTURE LAST
                VALUE   (LST)  VALUE       VALUE  FROM      YEAR
                                                  NORMAL
..................................................................
TEMPERATURE (F)
 YESTERDAY
  MAXIMUM         98   1219 PM 103    1924  95      3       98
  MINIMUM         73    632 AM  62    1927  75     -2       76
  AVERAGE         86                        85      1       87

PRECIPITATION (IN)
  YESTERDAY        0.00          2.59 1967   0.09  -0.09     0.00
  MONTH TO DATE    2.16                      1.12   1.04     2.24
  SINCE JUN 1      7.40                      5.55   1.85     5.57
  SINCE JAN 1     14.29                     13.47   0.82    18.07

SNOWFALL (IN)
  YESTERDAY        0.0
  MONTH TO DATE    0.0
  SINCE JUN 1      0.0
  SINCE JUL 1      0.0

DEGREE DAYS
 HEATING
  YESTERDAY        0                         0      0        0
  MONTH TO DATE    0                         0      0        0
  SINCE JUN 1      0                         0      0        0
  SINCE JUL 1      0                         0      0        0

 COOLING
  YESTERDAY       21                        20      1       22
  MONTH TO DATE  555                       518     37      574
  SINCE JUN 1   1835                      1709    126     1796
  SINCE JAN 1   3196                      2810    386     2880
..................................................................


WIND (MPH)
  HIGHEST WIND SPEED    22   HIGHEST WIND DIRECTION     E (80)
  HIGHEST GUST SPEED    25   HIGHEST GUST DIRECTION     E (80)
  AVERAGE WIND SPEED     9.7



WEATHER CONDITIONS
 THE FOLLOWING WEATHER WAS RECORDED YESTERDAY.
  FOG


RELATIVE HUMIDITY (PERCENT)
 HIGHEST   100
 LOWEST     48
 AVERAGE    74

..........................................................


THE HARLINGEN CLIMATE NORMALS FOR TODAY
                         NORMAL    RECORD    YEAR
 MAXIMUM TEMPERATURE (F)   95       103      1924
                                             1948
 MINIMUM TEMPERATURE (F)   75        65      1926


SUNRISE AND SUNSET
AUGUST 26 2016........SUNRISE   708 AM CDT   SUNSET   756 PM CDT
AUGUST 27 2016........SUNRISE   709 AM CDT   SUNSET   755 PM CDT


-  INDICATES NEGATIVE NUMBERS.
R  INDICATES RECORD WAS SET OR TIED.
MM INDICATES DATA IS MISSING.
T  INDICATES TRACE AMOUNT.




$$
