000
CDUS44 KBRO 270729
CLIHRL


CLIMATE REPORT
NATIONAL WEATHER SERVICE BROWNSVILLE TX
128 AM CST SAT DEC 27 2014


...................................

...THE HARLINGEN CLIMATE SUMMARY FOR DECEMBER 26 2014...

CLIMATE NORMAL PERIOD 1981 TO 2010
CLIMATE RECORD PERIOD 1912 TO 2014


WEATHER ITEM   OBSERVED TIME   RECORD YEAR NORMAL DEPARTURE LAST
                VALUE   (LST)  VALUE       VALUE  FROM      YEAR
                                                  NORMAL
..................................................................
TEMPERATURE (F)
 YESTERDAY
  MAXIMUM         79    229 PM  89    1964  70      9       64
  MINIMUM         64    240 AM  19    1983  49     15       53
  AVERAGE         72                        59     13       59

PRECIPITATION (IN)
  YESTERDAY        T             0.39 2013   0.02  -0.02     0.39
  MONTH TO DATE    1.07                      1.15  -0.08     0.52
  SINCE DEC 1      1.07                      1.15  -0.08     0.52
  SINCE JAN 1     22.86                     25.07  -2.21    29.69

SNOWFALL (IN)
  YESTERDAY        0.0
  MONTH TO DATE    0.0
  SINCE DEC 1      0.0
  SINCE JUL 1      0.0

DEGREE DAYS
 HEATING
  YESTERDAY        0                         7     -7        6
  MONTH TO DATE   51                       156   -105      186
  SINCE DEC 1     51                       156   -105      186
  SINCE JUL 1    186                       213    -27      318

 COOLING
  YESTERDAY        7                         1      6        0
  MONTH TO DATE   91                        49     42       63
  SINCE DEC 1     91                        49     42       63
  SINCE JAN 1   3918                      3983    -65     4076
..................................................................


WIND (MPH)
  HIGHEST WIND SPEED    33   HIGHEST WIND DIRECTION     S (170)
  HIGHEST GUST SPEED    40   HIGHEST GUST DIRECTION     S (170)
  AVERAGE WIND SPEED    17.2



WEATHER CONDITIONS
 THE FOLLOWING WEATHER WAS RECORDED YESTERDAY.
  FOG


RELATIVE HUMIDITY (PERCENT)
 HIGHEST    93
 LOWEST     58
 AVERAGE    76

..........................................................


THE HARLINGEN CLIMATE NORMALS FOR TODAY
                         NORMAL    RECORD    YEAR
 MAXIMUM TEMPERATURE (F)   70        87      2008
                                             1950
 MINIMUM TEMPERATURE (F)   49        28      1983


SUNRISE AND SUNSET
DECEMBER 27 2014......SUNRISE   717 AM CST   SUNSET   547 PM CST
DECEMBER 28 2014......SUNRISE   717 AM CST   SUNSET   548 PM CST


-  INDICATES NEGATIVE NUMBERS.
R  INDICATES RECORD WAS SET OR TIED.
MM INDICATES DATA IS MISSING.
T  INDICATES TRACE AMOUNT.




$$
