289
CDUS44 KBRO 230732
CLIHRL


CLIMATE REPORT
NATIONAL WEATHER SERVICE BROWNSVILLE TX
132 AM CST THU FEB 23 2017


...................................

...THE HARLINGEN CLIMATE SUMMARY FOR FEBRUARY 22 2017...

CLIMATE NORMAL PERIOD 1981 TO 2010
CLIMATE RECORD PERIOD 1912 TO 2017


WEATHER ITEM   OBSERVED TIME   RECORD YEAR NORMAL DEPARTURE LAST
                VALUE   (LST)  VALUE       VALUE  FROM      YEAR
                                                  NORMAL
..................................................................
TEMPERATURE (F)
 YESTERDAY
  MAXIMUM         94    337 PM  96    1925  75     19       83
  MINIMUM         50    617 AM  32    1978  54     -4       66
  AVERAGE         72                        64      8       75

PRECIPITATION (IN)
  YESTERDAY        0.00          2.40 1958   0.03  -0.03     0.00
  MONTH TO DATE    0.41                      1.19  -0.78     0.00
  SINCE DEC 1      2.64                      3.51  -0.87     2.21
  SINCE JAN 1      1.31                      2.25  -0.94     1.91

SNOWFALL (IN)
  YESTERDAY        0.0
  MONTH TO DATE    0.0
  SINCE DEC 1      0.0
  SINCE JUL 1      0.0

DEGREE DAYS
 HEATING
  YESTERDAY        0                         4     -4        0
  MONTH TO DATE    9                       101    -92       51
  SINCE DEC 1    215                       492   -277      324
  SINCE JUL 1    230                       549   -319      360

 COOLING
  YESTERDAY        7                         3      4       10
  MONTH TO DATE  174                        57    117       89
  SINCE DEC 1    462                       164    298      250
  SINCE JAN 1    305                       106    199      117
..................................................................


WIND (MPH)
  HIGHEST WIND SPEED    16   HIGHEST WIND DIRECTION    SE (120)
  HIGHEST GUST SPEED    19   HIGHEST GUST DIRECTION     E (110)
  AVERAGE WIND SPEED     6.3



WEATHER CONDITIONS
 THE FOLLOWING WEATHER WAS RECORDED YESTERDAY.
  FOG


RELATIVE HUMIDITY (PERCENT)
 HIGHEST   100
 LOWEST     14
 AVERAGE    57

..........................................................


THE HARLINGEN CLIMATE NORMALS FOR TODAY
                         NORMAL    RECORD    YEAR
 MAXIMUM TEMPERATURE (F)   76        93      2016
 MINIMUM TEMPERATURE (F)   54        32      1978


SUNRISE AND SUNSET
FEBRUARY 23 2017......SUNRISE   659 AM CST   SUNSET   629 PM CST
FEBRUARY 24 2017......SUNRISE   658 AM CST   SUNSET   629 PM CST


-  INDICATES NEGATIVE NUMBERS.
R  INDICATES RECORD WAS SET OR TIED.
MM INDICATES DATA IS MISSING.
T  INDICATES TRACE AMOUNT.




$$
