000
CDUS44 KBRO 232125
CLIHRL


CLIMATE REPORT
NATIONAL WEATHER SERVICE BROWNSVILLE TX
425 PM CDT TUE SEP 23 2014


...................................

...THE HARLINGEN CLIMATE SUMMARY FOR SEPTEMBER 23 2014...
VALID TODAY AS OF 0400 PM LOCAL TIME.

CLIMATE NORMAL PERIOD 1981 TO 2010
CLIMATE RECORD PERIOD 1912 TO 2014


WEATHER ITEM   OBSERVED TIME   RECORD YEAR NORMAL DEPARTURE LAST
                VALUE   (LST)  VALUE       VALUE  FROM      YEAR
                                                  NORMAL
..................................................................
TEMPERATURE (F)
 TODAY
  MAXIMUM         88    121 PM 101    2005  90     -2       90
  MINIMUM         70    449 AM  54    1975  71     -1       65
  AVERAGE         79                        80     -1       78

PRECIPITATION (IN)
  TODAY            0.32          5.13 1974   0.18   0.14     0.00
  MONTH TO DATE    6.30                      4.14   2.16     9.20
  SINCE SEP 1      6.30                      4.14   2.16     9.20
  SINCE JAN 1     12.95                     18.35  -5.40    21.04

SNOWFALL (IN)
  TODAY            0.0
  MONTH TO DATE    0.0
  SINCE SEP 1      0.0
  SINCE JUL 1      0.0
  SNOW DEPTH       0

DEGREE DAYS
 HEATING
  TODAY            0                         0      0        0
  MONTH TO DATE    0                         0      0        0
  SINCE SEP 1      0                         0      0        0
  SINCE JUL 1      0                         0      0        0

 COOLING
  TODAY           14                        15     -1       13
  MONTH TO DATE  419                       402     17      373
  SINCE SEP 1    419                       402     17      373
  SINCE JAN 1   3316                      3326    -10     3390
..................................................................


WIND (MPH)
  HIGHEST WIND SPEED    15   HIGHEST WIND DIRECTION    NE (40)
  HIGHEST GUST SPEED    20   HIGHEST GUST DIRECTION    NE (40)
  AVERAGE WIND SPEED     7.6



WEATHER CONDITIONS
 THE FOLLOWING WEATHER WAS RECORDED TODAY.
  HEAVY RAIN
  RAIN
  LIGHT RAIN
  FOG
  HAZE


RELATIVE HUMIDITY (PERCENT)
 HIGHEST   100
 LOWEST     63
 AVERAGE    82

..........................................................


THE HARLINGEN CLIMATE NORMALS FOR TOMORROW
                         NORMAL    RECORD    YEAR
 MAXIMUM TEMPERATURE (F)   90       103      2005
 MINIMUM TEMPERATURE (F)   71        55      1975


SUNRISE AND SUNSET
SEPTEMBER 23 2014.....SUNRISE   720 AM CDT   SUNSET   726 PM CDT
SEPTEMBER 24 2014.....SUNRISE   720 AM CDT   SUNSET   725 PM CDT


-  INDICATES NEGATIVE NUMBERS.
R  INDICATES RECORD WAS SET OR TIED.
MM INDICATES DATA IS MISSING.
T  INDICATES TRACE AMOUNT.




$$
