000
CDUS44 KBRO 030625
CLIHRL


CLIMATE REPORT
NATIONAL WEATHER SERVICE BROWNSVILLE TX
125 AM CDT MON AUG 3 2015


...................................

...THE HARLINGEN CLIMATE SUMMARY FOR AUGUST 2 2015...

CLIMATE NORMAL PERIOD 1981 TO 2010
CLIMATE RECORD PERIOD 1912 TO 2015


WEATHER ITEM   OBSERVED TIME   RECORD YEAR NORMAL DEPARTURE LAST
                VALUE   (LST)  VALUE       VALUE  FROM      YEAR
                                                  NORMAL
..................................................................
TEMPERATURE (F)
 YESTERDAY
  MAXIMUM         97    210 PM 101    1953  96      1       97
                                      1960
                                      2002
  MINIMUM         73    439 AM  69    1933  75     -2       76
                                      1951
                                      1972
  AVERAGE         85                        86     -1       87

PRECIPITATION (IN)
  YESTERDAY        0.00          1.48 1947   0.05  -0.05      T
  MONTH TO DATE    0.00                      0.10  -0.10      T
  SINCE JUN 1      3.33                      4.53  -1.20     0.88
  SINCE JAN 1     15.83                     12.45   3.38     5.72

SNOWFALL (IN)
  YESTERDAY        0.0
  MONTH TO DATE    0.0
  SINCE JUN 1      0.0
  SINCE JUL 1      0.0

DEGREE DAYS
 HEATING
  YESTERDAY        0                         0      0        0
  MONTH TO DATE    0                         0      0        0
  SINCE JUN 1      0                         0      0        0
  SINCE JUL 1      0                         0      0        0

 COOLING
  YESTERDAY       20                        21     -1       22
  MONTH TO DATE   42                        42      0       45
  SINCE JUN 1   1264                      1233     31     1317
  SINCE JAN 1   2348                      2334     14     2253
..................................................................


WIND (MPH)
  HIGHEST WIND SPEED    20   HIGHEST WIND DIRECTION    SE (140)
  HIGHEST GUST SPEED    26   HIGHEST GUST DIRECTION     E (110)
  AVERAGE WIND SPEED     7.2



WEATHER CONDITIONS
 THE FOLLOWING WEATHER WAS RECORDED YESTERDAY.
  NO SIGNIFICANT WEATHER WAS OBSERVED.


RELATIVE HUMIDITY (PERCENT)
 HIGHEST    94
 LOWEST     45
 AVERAGE    70

..........................................................


THE HARLINGEN CLIMATE NORMALS FOR TODAY
                         NORMAL    RECORD    YEAR
 MAXIMUM TEMPERATURE (F)   96       102      1915
                                             1958
 MINIMUM TEMPERATURE (F)   75        70      1933
                                             1934
                                             1948


SUNRISE AND SUNSET
AUGUST  3 2015........SUNRISE   657 AM CDT   SUNSET   816 PM CDT
AUGUST  4 2015........SUNRISE   658 AM CDT   SUNSET   816 PM CDT


-  INDICATES NEGATIVE NUMBERS.
R  INDICATES RECORD WAS SET OR TIED.
MM INDICATES DATA IS MISSING.
T  INDICATES TRACE AMOUNT.




$$
