000
CDUS44 KBRO 300641
CLIHRL


CLIMATE REPORT
NATIONAL WEATHER SERVICE BROWNSVILLE TX
140 AM CDT SAT JUL 30 2016


...................................

...THE HARLINGEN CLIMATE SUMMARY FOR JULY 29 2016...

CLIMATE NORMAL PERIOD 1981 TO 2010
CLIMATE RECORD PERIOD 1912 TO 2016


WEATHER ITEM   OBSERVED TIME   RECORD YEAR NORMAL DEPARTURE LAST
                VALUE   (LST)  VALUE       VALUE  FROM      YEAR
                                                  NORMAL
..................................................................
TEMPERATURE (F)
 YESTERDAY
  MAXIMUM         99   1216 PM 104    1957  96      3       99
  MINIMUM         77    621 AM  69    1933  75      2       78
  AVERAGE         88                        86      2       89

PRECIPITATION (IN)
  YESTERDAY        T             1.20 1934   0.05  -0.05     0.00
  MONTH TO DATE    0.09                      1.84  -1.75     1.12
  SINCE JUN 1      5.22                      4.34   0.88     3.33
  SINCE JAN 1     12.11                     12.26  -0.15    15.83

DEGREE DAYS
 HEATING
  YESTERDAY        0                         0      0        0
  MONTH TO DATE    0                         0      0        0
  SINCE JUN 1      0                         0      0        0
  SINCE JUL 1      0                         0      0        0

 COOLING
  YESTERDAY       23                        20      3       24
  MONTH TO DATE  649                       580     69      614
  SINCE JUN 1   1234                      1148     86     1181
  SINCE JAN 1   2595                      2249    346     2265
..................................................................


WIND (MPH)
  HIGHEST WIND SPEED    26   HIGHEST WIND DIRECTION    SE (140)
  HIGHEST GUST SPEED    32   HIGHEST GUST DIRECTION    SE (140)
  AVERAGE WIND SPEED    11.3



WEATHER CONDITIONS
 THE FOLLOWING WEATHER WAS RECORDED YESTERDAY.
  THUNDERSTORM


RELATIVE HUMIDITY (PERCENT)
 HIGHEST    97
 LOWEST     45
 AVERAGE    71

..........................................................


THE HARLINGEN CLIMATE NORMALS FOR TODAY
                         NORMAL    RECORD    YEAR
 MAXIMUM TEMPERATURE (F)   96       105      1946
 MINIMUM TEMPERATURE (F)   75        69      1971


SUNRISE AND SUNSET
JULY 30 2016..........SUNRISE   656 AM CDT   SUNSET   818 PM CDT
JULY 31 2016..........SUNRISE   656 AM CDT   SUNSET   818 PM CDT


-  INDICATES NEGATIVE NUMBERS.
R  INDICATES RECORD WAS SET OR TIED.
MM INDICATES DATA IS MISSING.
T  INDICATES TRACE AMOUNT.

$$
