000
CDUS44 KLZK 040907
CLIHRO


CLIMATE REPORT
NATIONAL WEATHER SERVICE LITTLE ROCK AR
407 AM CDT TUE AUG 4 2015


...................................

...THE HARRISON CLIMATE SUMMARY FOR AUGUST 3 2015...

CLIMATE NORMAL PERIOD 1981 TO 2010
CLIMATE RECORD PERIOD 1891 TO 2015


WEATHER ITEM   OBSERVED TIME   RECORD YEAR NORMAL DEPARTURE LAST
                VALUE   (LST)  VALUE       VALUE  FROM      YEAR
                                                  NORMAL
..................................................................
TEMPERATURE (F)
 YESTERDAY
  MAXIMUM         92    315 PM 112    2011  90      2       86
  MINIMUM         65    530 AM  49    1950  68     -3       62
  AVERAGE         79                        79      0       74

PRECIPITATION (IN)
  YESTERDAY        0.00          2.03 2013   0.13  -0.13     0.00
  MONTH TO DATE    0.00                      0.38  -0.38     0.00
  SINCE JUN 1     12.14                      7.76   4.38    10.22
  SINCE JAN 1     35.09                     25.76   9.33    25.53

SNOWFALL (IN)
  YESTERDAY        0.0          MM      MM   0.0    0.0      0.0
  MONTH TO DATE    0.0                       0.0    0.0      0.0
  SINCE JUN 1      0.0                       0.0    0.0      0.0
  SINCE JUL 1      0.0                       0.0    0.0      0.0
  SNOW DEPTH       0

DEGREE DAYS
 HEATING
  YESTERDAY        0                         0      0        0
  MONTH TO DATE    0                         0      0        0
  SINCE JUN 1      0                         6     -6        1
  SINCE JUL 1      0                         0      0        1

 COOLING
  YESTERDAY       14                        14      0        9
  MONTH TO DATE   40                        42     -2       24
  SINCE JUN 1    834                       721    113      568
  SINCE JAN 1    958                       860     98      755
..................................................................


WIND (MPH)
  HIGHEST WIND SPEED     9   HIGHEST WIND DIRECTION    NW (300)
  HIGHEST GUST SPEED    12   HIGHEST GUST DIRECTION    NW (300)
  AVERAGE WIND SPEED     2.9


SKY COVER
  POSSIBLE SUNSHINE  MM
  AVERAGE SKY COVER 0.0


WEATHER CONDITIONS
 THE FOLLOWING WEATHER WAS RECORDED YESTERDAY.
  HAZE


RELATIVE HUMIDITY (PERCENT)
 HIGHEST    93           200 AM
 LOWEST     38          1200 PM
 AVERAGE    66

..........................................................


THE HARRISON CLIMATE NORMALS FOR TODAY
                         NORMAL    RECORD    YEAR
 MAXIMUM TEMPERATURE (F)   90       107      1918
 MINIMUM TEMPERATURE (F)   68        45      1912


SUNRISE AND SUNSET
AUGUST  4 2015........SUNRISE   622 AM CDT   SUNSET   815 PM CDT
AUGUST  5 2015........SUNRISE   622 AM CDT   SUNSET   814 PM CDT


-  INDICATES NEGATIVE NUMBERS.
R  INDICATES RECORD WAS SET OR TIED.
MM INDICATES DATA IS MISSING.
T  INDICATES TRACE AMOUNT.




$$
