000
CDUS44 KLZK 190717
CLIHRO


CLIMATE REPORT
NATIONAL WEATHER SERVICE LITTLE ROCK AR
117 AM CST SUN FEB 19 2017


...................................

...THE HARRISON CLIMATE SUMMARY FOR FEBRUARY 18 2017...

CLIMATE NORMAL PERIOD 1981 TO 2010
CLIMATE RECORD PERIOD 1891 TO 2017


WEATHER ITEM   OBSERVED TIME   RECORD YEAR NORMAL DEPARTURE LAST
                VALUE   (LST)  VALUE       VALUE  FROM      YEAR
                                                  NORMAL
..................................................................
TEMPERATURE (F)
 YESTERDAY
  MAXIMUM         69    257 PM  75    1986  51     18       72
  MINIMUM         49    710 AM  -7    1910  31     18       40
  AVERAGE         59                        41     18       56

PRECIPITATION (IN)
  YESTERDAY        0.00          1.48 1938   0.09  -0.09     0.00
  MONTH TO DATE    1.01                      1.63  -0.62     0.24
  SINCE DEC 1      4.51                      7.39  -2.88     9.63
  SINCE JAN 1      3.19                      4.19  -1.00     1.19

SNOWFALL (IN)
  YESTERDAY        0.0           4.0  2006   0.1   -0.1      0.0
                                      1927
  MONTH TO DATE    0.0                       2.2   -2.2       T
  SINCE DEC 1      0.9                       7.7   -6.8      0.7
  SINCE JUL 1      0.9                       8.2   -7.3      0.7
  SNOW DEPTH       0

DEGREE DAYS
 HEATING
  YESTERDAY        6                        24    -18        9
  MONTH TO DATE  305                       462   -157      440
  SINCE DEC 1   1855                      2184   -329     1864
  SINCE JUL 1   2305                      2948   -643     2450

 COOLING
  YESTERDAY        0                         0      0        0
  MONTH TO DATE    3                         0      3        0
  SINCE DEC 1      3                         0      3        2
  SINCE JAN 1      3                         0      3        0
..................................................................


WIND (MPH)
  HIGHEST WIND SPEED    10   HIGHEST WIND DIRECTION     S (170)
  HIGHEST GUST SPEED    15   HIGHEST GUST DIRECTION    SE (150)
  AVERAGE WIND SPEED     4.6


SKY COVER
  POSSIBLE SUNSHINE  MM
  AVERAGE SKY COVER 0.4


WEATHER CONDITIONS
 THE FOLLOWING WEATHER WAS RECORDED YESTERDAY.
  NO SIGNIFICANT WEATHER WAS OBSERVED.


RELATIVE HUMIDITY (PERCENT)
 HIGHEST    77          1100 PM
 LOWEST     44           300 PM
 AVERAGE    61

..........................................................


THE HARRISON CLIMATE NORMALS FOR TODAY
                         NORMAL    RECORD    YEAR
 MAXIMUM TEMPERATURE (F)   52        72      1981
                                             1948
                                             1943
 MINIMUM TEMPERATURE (F)   31         2      1903


SUNRISE AND SUNSET
FEBRUARY 19 2017......SUNRISE   655 AM CST   SUNSET   558 PM CST
FEBRUARY 20 2017......SUNRISE   654 AM CST   SUNSET   559 PM CST


-  INDICATES NEGATIVE NUMBERS.
R  INDICATES RECORD WAS SET OR TIED.
MM INDICATES DATA IS MISSING.
T  INDICATES TRACE AMOUNT.




$$
