000
CDUS44 KLZK 180634
CLIHRO


CLIMATE REPORT
NATIONAL WEATHER SERVICE LITTLE ROCK AR
133 AM CDT WED OCT 18 2017


...................................

...THE HARRISON CLIMATE SUMMARY FOR OCTOBER 17 2017...

CLIMATE NORMAL PERIOD 1981 TO 2010
CLIMATE RECORD PERIOD 1891 TO 2017


WEATHER ITEM   OBSERVED TIME   RECORD YEAR NORMAL DEPARTURE LAST
                VALUE   (LST)  VALUE       VALUE  FROM      YEAR
                                                  NORMAL
..................................................................
TEMPERATURE (F)
 YESTERDAY
  MAXIMUM         71    311 PM  90    1929  70      1       85
  MINIMUM         39    600 AM  30    1976  47     -8       66
                                      1952
                                      1943
  AVERAGE         55                        59     -4       76

PRECIPITATION (IN)
  YESTERDAY        0.00          1.51 1979   0.11  -0.11     0.00
  MONTH TO DATE    0.91                      1.86  -0.95     3.10
  SINCE SEP 1      1.49                      6.06  -4.57     4.34
  SINCE JAN 1     36.67                     35.02   1.65    32.62

SNOWFALL (IN)
  YESTERDAY        0.0           T    1898   0.0    0.0      0.0
  MONTH TO DATE    0.0                       0.0    0.0      0.0
  SINCE SEP 1      0.0                       0.0    0.0      0.0
  SINCE JUL 1      0.0                       0.0    0.0      0.0
  SNOW DEPTH       0

DEGREE DAYS
 HEATING
  YESTERDAY       10                         7      3        0
  MONTH TO DATE   47                        94    -47       45
  SINCE SEP 1     51                       136    -85       57
  SINCE JUL 1     51                       137    -86       57

 COOLING
  YESTERDAY        0                         1     -1       11
  MONTH TO DATE   76                        23     53       42
  SINCE SEP 1    282                       191     91      269
  SINCE JAN 1   1387                      1402    -15     1580
..................................................................


WIND (MPH)
  HIGHEST WIND SPEED    15   HIGHEST WIND DIRECTION    SE (150)
  HIGHEST GUST SPEED    20   HIGHEST GUST DIRECTION    SE (150)
  AVERAGE WIND SPEED     6.2


SKY COVER
  POSSIBLE SUNSHINE  MM
  AVERAGE SKY COVER 0.0


WEATHER CONDITIONS
 THE FOLLOWING WEATHER WAS RECORDED YESTERDAY.
  NO SIGNIFICANT WEATHER WAS OBSERVED.


RELATIVE HUMIDITY (PERCENT)
 HIGHEST    93           700 AM
 LOWEST     26           400 PM
 AVERAGE    60

..........................................................


THE HARRISON CLIMATE NORMALS FOR TODAY
                         NORMAL    RECORD    YEAR
 MAXIMUM TEMPERATURE (F)   70        95      1926
 MINIMUM TEMPERATURE (F)   47        24      1948


SUNRISE AND SUNSET
OCTOBER 18 2017.......SUNRISE   723 AM CDT   SUNSET   632 PM CDT
OCTOBER 19 2017.......SUNRISE   723 AM CDT   SUNSET   631 PM CDT


-  INDICATES NEGATIVE NUMBERS.
R  INDICATES RECORD WAS SET OR TIED.
MM INDICATES DATA IS MISSING.
T  INDICATES TRACE AMOUNT.




$$
