000
CDUS44 KLZK 242108
CLIHRO


CLIMATE REPORT
NATIONAL WEATHER SERVICE LITTLE ROCK AR
407 PM CDT THU APR 24 2014


...................................

...THE HARRISON CLIMATE SUMMARY FOR APRIL 24 2014...
VALID TODAY AS OF 0400 PM LOCAL TIME.

CLIMATE NORMAL PERIOD 1981 TO 2010
CLIMATE RECORD PERIOD 1891 TO 2014


WEATHER ITEM   OBSERVED TIME   RECORD YEAR NORMAL DEPARTURE LAST
                VALUE   (LST)  VALUE       VALUE  FROM      YEAR
                                                  NORMAL
..................................................................
TEMPERATURE (F)
 TODAY
  MAXIMUM         74    116 PM  89    1989  71      3       55
  MINIMUM         56    451 AM  27    1910  50      6       36
  AVERAGE         65                        60      5       46

PRECIPITATION (IN)
  TODAY            0.01          2.99 2006   0.17  -0.16     0.05
  MONTH TO DATE    2.56                      3.34  -0.78     2.15
  SINCE MAR 1      7.00                      7.13  -0.13     4.75
  SINCE JAN 1      8.95                     12.33  -3.38    11.37

SNOWFALL (IN)
  TODAY            0.0          MM      MM   0.0    0.0      0.0
  MONTH TO DATE    0.0                       0.3   -0.3       T
  SINCE MAR 1     10.0                       2.3    7.7      1.8
  SINCE JUL 1     25.8                      11.5   14.3      4.6
  SNOW DEPTH       0

DEGREE DAYS
 HEATING
  TODAY            0                         6     -6       19
  MONTH TO DATE  183                       210    -27      238
  SINCE MAR 1    800                       718     82      887
  SINCE JUL 1   4335                      3890    445     3791

 COOLING
  TODAY            0                         1     -1        0
  MONTH TO DATE   14                        24    -10       20
  SINCE MAR 1     14                        30    -16       26
  SINCE JAN 1     14                        30    -16       27
..................................................................


WIND (MPH)
  HIGHEST WIND SPEED    39   HIGHEST WIND DIRECTION    SE (150)
  HIGHEST GUST SPEED    49   HIGHEST GUST DIRECTION    SE (140)
  AVERAGE WIND SPEED    11.8


SKY COVER
  POSSIBLE SUNSHINE  MM
  AVERAGE SKY COVER 0.2


WEATHER CONDITIONS
 THE FOLLOWING WEATHER WAS RECORDED TODAY.
  LIGHT RAIN


RELATIVE HUMIDITY (PERCENT)
 HIGHEST    62           100 AM
 LOWEST     46           600 AM
 AVERAGE    54

..........................................................


THE HARRISON CLIMATE NORMALS FOR TOMORROW
                         NORMAL    RECORD    YEAR
 MAXIMUM TEMPERATURE (F)   71        88      1939
 MINIMUM TEMPERATURE (F)   50        23      1910


SUNRISE AND SUNSET
APRIL 24 2014.........SUNRISE   628 AM CDT   SUNSET   754 PM CDT
APRIL 25 2014.........SUNRISE   626 AM CDT   SUNSET   755 PM CDT


-  INDICATES NEGATIVE NUMBERS.
R  INDICATES RECORD WAS SET OR TIED.
MM INDICATES DATA IS MISSING.
T  INDICATES TRACE AMOUNT.




$$
