000
CDUS44 KLZK 300906
CLIHRO


CLIMATE REPORT
NATIONAL WEATHER SERVICE LITTLE ROCK AR
405 AM CDT TUE JUN 30 2015


...................................

...THE HARRISON CLIMATE SUMMARY FOR JUNE 29 2015...

CLIMATE NORMAL PERIOD 1981 TO 2010
CLIMATE RECORD PERIOD 1891 TO 2015


WEATHER ITEM   OBSERVED TIME   RECORD YEAR NORMAL DEPARTURE LAST
                VALUE   (LST)  VALUE       VALUE  FROM      YEAR
                                                  NORMAL
..................................................................
TEMPERATURE (F)
 YESTERDAY
  MAXIMUM         86    357 PM 104    1934  87     -1       89
  MINIMUM         68   1159 PM  52    1958  66      2       70
  AVERAGE         77                        77      0       80

PRECIPITATION (IN)
  YESTERDAY        0.00          1.30 1992   0.12  -0.12      T
  MONTH TO DATE    5.52                      4.11   1.41     4.88
  SINCE JUN 1      5.52                      4.11   1.41     4.88
  SINCE JAN 1     28.47                     22.11   6.36    20.19

SNOWFALL (IN)
  YESTERDAY        0.0          MM      MM   0.0    0.0      0.0
  MONTH TO DATE    0.0                       0.0    0.0      0.0
  SINCE JUN 1      0.0                       0.0    0.0      0.0
  SINCE JUL 1     13.6                      11.5    2.1     25.8
  SNOW DEPTH       0

DEGREE DAYS
 HEATING
  YESTERDAY        0                         0      0        0
  MONTH TO DATE    0                         3     -3        0
  SINCE JUN 1      0                         3     -3        0
  SINCE JUL 1   4154                      4001    153     4465

 COOLING
  YESTERDAY       12                        12      0       15
  MONTH TO DATE  319                       255     64      259
  SINCE JUN 1    319                       255     64      259
  SINCE JAN 1    443                       394     49      446
..................................................................


WIND (MPH)
  HIGHEST WIND SPEED    16   HIGHEST WIND DIRECTION     W (260)
  HIGHEST GUST SPEED    26   HIGHEST GUST DIRECTION     W (260)
  AVERAGE WIND SPEED     6.9


SKY COVER
  POSSIBLE SUNSHINE  MM
  AVERAGE SKY COVER 0.1


WEATHER CONDITIONS
 THE FOLLOWING WEATHER WAS RECORDED YESTERDAY.
  NO SIGNIFICANT WEATHER WAS OBSERVED.


RELATIVE HUMIDITY (PERCENT)
 HIGHEST    90           900 PM
 LOWEST     48          1200 PM
 AVERAGE    69

..........................................................


THE HARRISON CLIMATE NORMALS FOR TODAY
                         NORMAL    RECORD    YEAR
 MAXIMUM TEMPERATURE (F)   88       102      1952
 MINIMUM TEMPERATURE (F)   66        49      1950


SUNRISE AND SUNSET
JUNE 30 2015..........SUNRISE   558 AM CDT   SUNSET   834 PM CDT
JULY  1 2015..........SUNRISE   559 AM CDT   SUNSET   834 PM CDT


-  INDICATES NEGATIVE NUMBERS.
R  INDICATES RECORD WAS SET OR TIED.
MM INDICATES DATA IS MISSING.
T  INDICATES TRACE AMOUNT.




$$
