000
CDUS44 KLZK 302116
CLIHRO


CLIMATE REPORT
NATIONAL WEATHER SERVICE LITTLE ROCK AR
416 PM CDT TUE SEP 30 2014


...................................

...THE HARRISON CLIMATE SUMMARY FOR SEPTEMBER 30 2014...
VALID TODAY AS OF 0400 PM LOCAL TIME.

CLIMATE NORMAL PERIOD 1981 TO 2010
CLIMATE RECORD PERIOD 1891 TO 2014


WEATHER ITEM   OBSERVED TIME   RECORD YEAR NORMAL DEPARTURE LAST
                VALUE   (LST)  VALUE       VALUE  FROM      YEAR
                                                  NORMAL
..................................................................
TEMPERATURE (F)
 TODAY
  MAXIMUM         82    159 PM  94    1953  75      7       80
  MINIMUM         57    632 AM  31    1949  52      5       59
  AVERAGE         70                        64      6       70

PRECIPITATION (IN)
  TODAY            0.00          2.32 1927   0.12  -0.12     0.00
  MONTH TO DATE    5.15                      4.20   0.95     1.35
  SINCE SEP 1      5.15                      4.20   0.95     1.35
  SINCE JAN 1     31.83                     33.16  -1.33    34.17

SNOWFALL (IN)
  TODAY            0.0          MM      MM   0.0    0.0      0.0
  MONTH TO DATE    0.0                       0.0    0.0      0.0
  SINCE SEP 1      0.0                       0.0    0.0      0.0
  SINCE JUL 1      0.0                       0.0    0.0      0.0
  SNOW DEPTH       0

DEGREE DAYS
 HEATING
  TODAY            0                         4     -4        0
  MONTH TO DATE   33                        42     -9        7
  SINCE SEP 1     33                        42     -9        7
  SINCE JUL 1     34                        43     -9        8

 COOLING
  TODAY            5                         2      3        5
  MONTH TO DATE  166                       168     -2      223
  SINCE SEP 1    166                       168     -2      223
  SINCE JAN 1   1296                      1379    -83     1367
..................................................................


WIND (MPH)
  HIGHEST WIND SPEED    13   HIGHEST WIND DIRECTION    SE (150)
  HIGHEST GUST SPEED    16   HIGHEST GUST DIRECTION    SE (140)
  AVERAGE WIND SPEED     4.4


SKY COVER
  POSSIBLE SUNSHINE  MM
  AVERAGE SKY COVER 0.0


WEATHER CONDITIONS
 THE FOLLOWING WEATHER WAS RECORDED TODAY.
  FOG


RELATIVE HUMIDITY (PERCENT)
 HIGHEST   100           300 AM
 LOWEST     45          1200 PM
 AVERAGE    73

..........................................................


THE HARRISON CLIMATE NORMALS FOR TOMORROW
                         NORMAL    RECORD    YEAR
 MAXIMUM TEMPERATURE (F)   75        96      1926
 MINIMUM TEMPERATURE (F)   52        32      1939


SUNRISE AND SUNSET
SEPTEMBER 30 2014.....SUNRISE   707 AM CDT   SUNSET   658 PM CDT
OCTOBER  1 2014.......SUNRISE   708 AM CDT   SUNSET   656 PM CDT


-  INDICATES NEGATIVE NUMBERS.
R  INDICATES RECORD WAS SET OR TIED.
MM INDICATES DATA IS MISSING.
T  INDICATES TRACE AMOUNT.




$$
