000
CDUS44 KLZK 292110
CLIHRO


CLIMATE REPORT
NATIONAL WEATHER SERVICE LITTLE ROCK AR
410 PM CDT FRI MAY 29 2015


...................................

...THE HARRISON CLIMATE SUMMARY FOR MAY 29 2015...
VALID TODAY AS OF 0400 PM LOCAL TIME.

CLIMATE NORMAL PERIOD 1981 TO 2010
CLIMATE RECORD PERIOD 1891 TO 2015


WEATHER ITEM   OBSERVED TIME   RECORD YEAR NORMAL DEPARTURE LAST
                VALUE   (LST)  VALUE       VALUE  FROM      YEAR
                                                  NORMAL
..................................................................
TEMPERATURE (F)
 TODAY
  MAXIMUM         84    106 PM  99    1926  80      4       76
  MINIMUM         63   1244 AM  40    1947  59      4       63
  AVERAGE         74                        69      5       70

PRECIPITATION (IN)
  TODAY            0.00          1.55 1908   0.14  -0.14     0.08
  MONTH TO DATE    9.15                      4.41   4.74     4.07
  SINCE MAR 1     17.85                     12.52   5.33    13.06
  SINCE JAN 1     21.39                     17.72   3.67    15.01

SNOWFALL (IN)
  TODAY            0.0          MM      MM   0.0    0.0      0.0
  MONTH TO DATE    0.0                       0.0    0.0      0.0
  SINCE MAR 1      4.3                       2.3    2.0     10.0
  SINCE JUL 1     13.6                      11.5    2.1     25.8
  SNOW DEPTH       0

DEGREE DAYS
 HEATING
  TODAY            0                         1     -1        0
  MONTH TO DATE   54                        75    -21       99
  SINCE MAR 1    757                       824    -67      930
  SINCE JUL 1   4152                      3996    156     4465

 COOLING
  TODAY            9                         5      4        5
  MONTH TO DATE   95                        93      2      153
  SINCE MAR 1    120                       130    -10      171
  SINCE JAN 1    120                       130    -10      171
..................................................................


WIND (MPH)
  HIGHEST WIND SPEED    13   HIGHEST WIND DIRECTION    SE (150)
  HIGHEST GUST SPEED    18   HIGHEST GUST DIRECTION     S (170)
  AVERAGE WIND SPEED     7.6


SKY COVER
  POSSIBLE SUNSHINE  MM
  AVERAGE SKY COVER 0.5


WEATHER CONDITIONS
 THE FOLLOWING WEATHER WAS RECORDED TODAY.
  NO SIGNIFICANT WEATHER WAS OBSERVED.


RELATIVE HUMIDITY (PERCENT)
 HIGHEST    93          1200 AM
 LOWEST     58           100 PM
 AVERAGE    76

..........................................................


THE HARRISON CLIMATE NORMALS FOR TOMORROW
                         NORMAL    RECORD    YEAR
 MAXIMUM TEMPERATURE (F)   80        98      1928
 MINIMUM TEMPERATURE (F)   59        35      1947


SUNRISE AND SUNSET
MAY 29 2015...........SUNRISE   558 AM CDT   SUNSET   823 PM CDT
MAY 30 2015...........SUNRISE   557 AM CDT   SUNSET   823 PM CDT


-  INDICATES NEGATIVE NUMBERS.
R  INDICATES RECORD WAS SET OR TIED.
MM INDICATES DATA IS MISSING.
T  INDICATES TRACE AMOUNT.




$$
