000
CDUS44 KLZK 052158
CLIHRO


CLIMATE REPORT
NATIONAL WEATHER SERVICE LITTLE ROCK AR
358 PM CST MON DEC 5 2016


...................................

...THE HARRISON CLIMATE SUMMARY FOR DECEMBER 5 2016...
VALID TODAY AS OF 0300 PM LOCAL TIME.

CLIMATE NORMAL PERIOD 1981 TO 2010
CLIMATE RECORD PERIOD 1891 TO 2016


WEATHER ITEM   OBSERVED TIME   RECORD YEAR NORMAL DEPARTURE LAST
                VALUE   (LST)  VALUE       VALUE  FROM      YEAR
                                                  NORMAL
..................................................................
TEMPERATURE (F)
 TODAY
  MAXIMUM         45    312 PM  77    1956  50     -5       59
  MINIMUM         30    723 AM  11    1911  31     -1       27
  AVERAGE         38                        40     -2       43

PRECIPITATION (IN)
  TODAY            0.00          3.71 1975   0.11  -0.11     0.00
  MONTH TO DATE    0.15                      0.60  -0.45     0.00
  SINCE DEC 1      0.15                      0.60  -0.45     0.00
  SINCE JAN 1     34.24                     41.54  -7.30    54.20

SNOWFALL (IN)
  TODAY            0.0           6.1  1984   0.0    0.0      0.0
  MONTH TO DATE    0.0                       0.0    0.0      0.0
  SINCE DEC 1      0.0                       0.0    0.0      0.0
  SINCE JUL 1      0.0                       0.5   -0.5       T
  SNOW DEPTH       0

DEGREE DAYS
 HEATING
  TODAY           27                        24      3       22
  MONTH TO DATE  119                       118      1      117
  SINCE DEC 1    119                       118      1      117
  SINCE JUL 1    569                       882   -313      703

 COOLING
  TODAY            0                         0      0        0
  MONTH TO DATE    0                         0      0        0
  SINCE DEC 1      0                         0      0        0
  SINCE JAN 1   1647                      1416    231     1464
..................................................................


WIND (MPH)
  HIGHEST WIND SPEED    18   HIGHEST WIND DIRECTION    SE (140)
  HIGHEST GUST SPEED    23   HIGHEST GUST DIRECTION    SE (150)
  AVERAGE WIND SPEED     5.0


SKY COVER
  POSSIBLE SUNSHINE  MM
  AVERAGE SKY COVER 0.6


WEATHER CONDITIONS
 THE FOLLOWING WEATHER WAS RECORDED TODAY.
  FOG
  FOG W/VISIBILITY <= 1/4 MILE


RELATIVE HUMIDITY (PERCENT)
 HIGHEST   100          1200 AM
 LOWEST     76           200 PM
 AVERAGE    88

..........................................................


THE HARRISON CLIMATE NORMALS FOR TOMORROW
                         NORMAL    RECORD    YEAR
 MAXIMUM TEMPERATURE (F)   50        76      1956
 MINIMUM TEMPERATURE (F)   31         2      1950


SUNRISE AND SUNSET
DECEMBER  5 2016......SUNRISE   709 AM CST   SUNSET   458 PM CST
DECEMBER  6 2016......SUNRISE   710 AM CST   SUNSET   458 PM CST


-  INDICATES NEGATIVE NUMBERS.
R  INDICATES RECORD WAS SET OR TIED.
MM INDICATES DATA IS MISSING.
T  INDICATES TRACE AMOUNT.




$$
