000
CDUS44 KLZK 230645
CLIHRO


CLIMATE REPORT
NATIONAL WEATHER SERVICE LITTLE ROCK AR
144 AM CDT TUE MAY 23 2017


...................................

...THE HARRISON CLIMATE SUMMARY FOR MAY 22 2017...

CLIMATE NORMAL PERIOD 1981 TO 2010
CLIMATE RECORD PERIOD 1891 TO 2017


WEATHER ITEM   OBSERVED TIME   RECORD YEAR NORMAL DEPARTURE LAST
                VALUE   (LST)  VALUE       VALUE  FROM      YEAR
                                                  NORMAL
..................................................................
TEMPERATURE (F)
 YESTERDAY
  MAXIMUM         74    323 PM  93    1941  78     -4       78
  MINIMUM         51    555 AM  39    1892  57     -6       54
  AVERAGE         63                        67     -4       66

PRECIPITATION (IN)
  YESTERDAY        0.00          2.25 1905   0.14  -0.14     0.00
  MONTH TO DATE    4.50                      3.46   1.04     1.64
  SINCE MAR 1     21.82                     11.57  10.25     8.70
  SINCE JAN 1     25.40                     16.77   8.63    10.98

SNOWFALL (IN)
  YESTERDAY        0.0          MM      MM   0.0    0.0      0.0
  MONTH TO DATE    0.0                       0.0    0.0      0.0
  SINCE MAR 1      2.5                       2.3    0.2      0.0
  SINCE JUL 1      3.4                      11.5   -8.1      3.7
  SNOW DEPTH       0

DEGREE DAYS
 HEATING
  YESTERDAY        2                         2      0        0
  MONTH TO DATE   60                        66     -6      104
  SINCE MAR 1    576                       815   -239      620
  SINCE JUL 1   2982                      3987  -1005     3233

 COOLING
  YESTERDAY        0                         4     -4        1
  MONTH TO DATE   60                        61     -1       24
  SINCE MAR 1    106                        98      8       47
  SINCE JAN 1    113                        98     15       47
..................................................................


WIND (MPH)
  HIGHEST WIND SPEED    15   HIGHEST WIND DIRECTION    SE (120)
  HIGHEST GUST SPEED    22   HIGHEST GUST DIRECTION    SE (140)
  AVERAGE WIND SPEED     5.7


SKY COVER
  POSSIBLE SUNSHINE  MM
  AVERAGE SKY COVER 0.1


WEATHER CONDITIONS
 THE FOLLOWING WEATHER WAS RECORDED YESTERDAY.
  NO SIGNIFICANT WEATHER WAS OBSERVED.


RELATIVE HUMIDITY (PERCENT)
 HIGHEST    96           100 AM
 LOWEST     38           500 PM
 AVERAGE    67

..........................................................


THE HARRISON CLIMATE NORMALS FOR TODAY
                         NORMAL    RECORD    YEAR
 MAXIMUM TEMPERATURE (F)   78        93      2000
 MINIMUM TEMPERATURE (F)   57        36      1963
                                             1917


SUNRISE AND SUNSET
MAY 23 2017...........SUNRISE   601 AM CDT   SUNSET   819 PM CDT
MAY 24 2017...........SUNRISE   600 AM CDT   SUNSET   819 PM CDT


-  INDICATES NEGATIVE NUMBERS.
R  INDICATES RECORD WAS SET OR TIED.
MM INDICATES DATA IS MISSING.
T  INDICATES TRACE AMOUNT.




$$
