000
CDUS44 KLZK 210909
CLIHRO


CLIMATE REPORT
NATIONAL WEATHER SERVICE LITTLE ROCK AR
409 AM CDT MON APR 21 2014


...................................

...THE HARRISON CLIMATE SUMMARY FOR APRIL 20 2014...

CLIMATE NORMAL PERIOD 1981 TO 2010
CLIMATE RECORD PERIOD 1891 TO 2014


WEATHER ITEM   OBSERVED TIME   RECORD YEAR NORMAL DEPARTURE LAST
                VALUE   (LST)  VALUE       VALUE  FROM      YEAR
                                                  NORMAL
..................................................................
TEMPERATURE (F)
 YESTERDAY
  MAXIMUM         79    339 PM  92    1987  70      9       67
  MINIMUM         54    236 AM  28    1956  48      6       37
                                      1953
                                      1950
  AVERAGE         67                        59      8       52

PRECIPITATION (IN)
  YESTERDAY        0.00          3.07 1977   0.16  -0.16     0.00
  MONTH TO DATE    2.34                      2.69  -0.35     1.62
  SINCE MAR 1      6.78                      6.48   0.30     4.22
  SINCE JAN 1      8.73                     11.68  -2.95    10.84

SNOWFALL (IN)
  YESTERDAY        0.0          MM      MM   0.0    0.0      0.0
  MONTH TO DATE    0.0                       0.3   -0.3       T
  SINCE MAR 1     10.0                       2.3    7.7      1.8
  SINCE JUL 1     25.8                      11.5   14.3      4.6
  SNOW DEPTH       0

DEGREE DAYS
 HEATING
  YESTERDAY        0                         7     -7       13
  MONTH TO DATE  179                       185     -6      191
  SINCE MAR 1    796                       693    103      840
  SINCE JUL 1   4331                      3865    466     3744

 COOLING
  YESTERDAY        2                         1      1        0
  MONTH TO DATE   14                        20     -6       20
  SINCE MAR 1     14                        26    -12       26
  SINCE JAN 1     14                        26    -12       27
..................................................................


WIND (MPH)
  HIGHEST WIND SPEED    16   HIGHEST WIND DIRECTION     S (170)
  HIGHEST GUST SPEED    21   HIGHEST GUST DIRECTION     S (170)
  AVERAGE WIND SPEED     6.2


SKY COVER
  POSSIBLE SUNSHINE  MM
  AVERAGE SKY COVER 0.2


WEATHER CONDITIONS
 THE FOLLOWING WEATHER WAS RECORDED YESTERDAY.
  NO SIGNIFICANT WEATHER WAS OBSERVED.


RELATIVE HUMIDITY (PERCENT)
 HIGHEST    77           200 AM
 LOWEST     33           100 PM
 AVERAGE    55

..........................................................


THE HARRISON CLIMATE NORMALS FOR TODAY
                         NORMAL    RECORD    YEAR
 MAXIMUM TEMPERATURE (F)   71        93      1963
 MINIMUM TEMPERATURE (F)   49        31      1956
                                             1953
                                             1950


SUNRISE AND SUNSET
APRIL 21 2014.........SUNRISE   631 AM CDT   SUNSET   752 PM CDT
APRIL 22 2014.........SUNRISE   630 AM CDT   SUNSET   753 PM CDT


-  INDICATES NEGATIVE NUMBERS.
R  INDICATES RECORD WAS SET OR TIED.
MM INDICATES DATA IS MISSING.
T  INDICATES TRACE AMOUNT.




$$
