000
CDUS44 KLZK 220255
CLIHRO


CLIMATE REPORT
NATIONAL WEATHER SERVICE LITTLE ROCK AR
854 PM CST WED FEB 21 2018


...................................

...THE HARRISON CLIMATE SUMMARY FOR FEBRUARY 21 2018...
VALID TODAY AS OF 0800 PM LOCAL TIME.

CLIMATE NORMAL PERIOD 1981 TO 2010
CLIMATE RECORD PERIOD 1891 TO 2018


WEATHER ITEM   OBSERVED TIME   RECORD YEAR NORMAL DEPARTURE LAST
                VALUE   (LST)  VALUE       VALUE  FROM      YEAR
                                                  NORMAL
..................................................................
TEMPERATURE (F)
 TODAY
  MAXIMUM         35   1206 PM  76    1897  52    -17       59
  MINIMUM         29    517 PM   9    1963  32     -3       56
                                      1939
                                      1911
  AVERAGE         32                        42    -10       58

PRECIPITATION (IN)
  TODAY            0.59          2.55 1945   0.10   0.49     0.13
  MONTH TO DATE    3.75                      1.92   1.83     1.37
  SINCE DEC 1      8.26                      7.68   0.58     4.87
  SINCE JAN 1      6.38                      4.48   1.90     3.55

SNOWFALL (IN)
  TODAY            T             6.0  1912   0.1   -0.1      0.0
  MONTH TO DATE    0.3                       2.5   -2.2      0.0
  SINCE DEC 1      2.1                       8.0   -5.9      0.9
  SINCE JUL 1      2.1                       8.5   -6.4      0.9
  SNOW DEPTH       0

DEGREE DAYS
 HEATING
  TODAY           33                        23     10        7
  MONTH TO DATE  516                       532    -16      318
  SINCE DEC 1   2241                      2254    -13     1868
  SINCE JUL 1   2837                      3018   -181     2318

 COOLING
  TODAY            0                         0      0        0
  MONTH TO DATE    5                         0      5        3
  SINCE DEC 1      5                         0      5        3
  SINCE JAN 1      5                         0      5        3
..................................................................


WIND (MPH)
  HIGHEST WIND SPEED    13   HIGHEST WIND DIRECTION    NW (310)
  HIGHEST GUST SPEED    17   HIGHEST GUST DIRECTION    NW (310)
  AVERAGE WIND SPEED     7.6


SKY COVER
  POSSIBLE SUNSHINE  MM
  AVERAGE SKY COVER 1.0


WEATHER CONDITIONS
 THE FOLLOWING WEATHER WAS RECORDED TODAY.
  RAIN
  LIGHT RAIN
  FREEZING RAIN
  LT FREEZING RAIN
  SLEET
  FOG
  FOG W/VISIBILITY <= 1/4 MILE


RELATIVE HUMIDITY (PERCENT)
 HIGHEST   100          1200 AM
 LOWEST     92           800 AM
 AVERAGE    96

..........................................................


THE HARRISON CLIMATE NORMALS FOR TOMORROW
                         NORMAL    RECORD    YEAR
 MAXIMUM TEMPERATURE (F)   52        77      1995
                                             1927
 MINIMUM TEMPERATURE (F)   32         2      1912


SUNRISE AND SUNSET
FEBRUARY 21 2018......SUNRISE   653 AM CST   SUNSET   600 PM CST
FEBRUARY 22 2018......SUNRISE   652 AM CST   SUNSET   601 PM CST


-  INDICATES NEGATIVE NUMBERS.
R  INDICATES RECORD WAS SET OR TIED.
MM INDICATES DATA IS MISSING.
T  INDICATES TRACE AMOUNT.




$$
