000
CDUS42 KMHX 020527
CLIHSE


CLIMATE REPORT
NATIONAL WEATHER SERVICE NEWPORT/MOREHEAD CITY NC
126 AM EDT WED SEP 2 2015


...................................

...THE CAPE HATTERAS NC CLIMATE SUMMARY FOR SEPTEMBER 1 2015...

CLIMATE NORMAL PERIOD 1981 TO 2010
CLIMATE RECORD PERIOD 1874 TO 2015


WEATHER ITEM   OBSERVED TIME   RECORD YEAR NORMAL DEPARTURE LAST
                VALUE   (LST)  VALUE       VALUE  FROM      YEAR
                                                  NORMAL
..................................................................
TEMPERATURE (F)
 YESTERDAY
  MAXIMUM         85    308 PM  92    1932  83      2       86
  MINIMUM         73   1159 PM  55    1976  72      1       79
  AVERAGE         79                        77      2       83

PRECIPITATION (IN)
  YESTERDAY        T             2.75 2006   0.24  -0.24     0.00
  MONTH TO DATE    T                         0.24  -0.24     0.00
  SINCE SEP 1      T                         0.24  -0.24     0.00
  SINCE JAN 1     36.70                     37.43  -0.73    41.05

SNOWFALL (IN)
  YESTERDAY        0.0
  MONTH TO DATE    0.0
  SINCE NOV 1      2.0
  SINCE JUL 1      0.0
  SNOW DEPTH       0

DEGREE DAYS
 HEATING
  YESTERDAY        0                         0      0        0
  MONTH TO DATE    0                         0      0        0
  SINCE SEP 1      0                         0      0        0
  SINCE JUL 1      0                         0      0        0

 COOLING
  YESTERDAY       14                        12      2       18
  MONTH TO DATE   14                        12      2       18
  SINCE SEP 1     14                        12      2       18
  SINCE JAN 1   1530                      1318    212     1394
..................................................................


WIND (MPH)
  HIGHEST WIND SPEED    12   HIGHEST WIND DIRECTION    SW (210)
  HIGHEST GUST SPEED    16   HIGHEST GUST DIRECTION    SW (210)
  AVERAGE WIND SPEED     4.0


SKY COVER
  POSSIBLE SUNSHINE  MM
  AVERAGE SKY COVER 0.4


WEATHER CONDITIONS
 THE FOLLOWING WEATHER WAS RECORDED YESTERDAY.
  LIGHT RAIN


RELATIVE HUMIDITY (PERCENT)
 HIGHEST    94           400 AM
 LOWEST     70           200 PM
 AVERAGE    82

..........................................................


THE CAPE HATTERAS NC CLIMATE NORMALS FOR TODAY
                         NORMAL    RECORD    YEAR
 MAXIMUM TEMPERATURE (F)   83        91      1989
                                             1912
 MINIMUM TEMPERATURE (F)   72        62      1984
                                             1976


SUNRISE AND SUNSET
SEPTEMBER  2 2015.....SUNRISE   635 AM EDT   SUNSET   728 PM EDT
SEPTEMBER  3 2015.....SUNRISE   636 AM EDT   SUNSET   727 PM EDT


-  INDICATES NEGATIVE NUMBERS.
R  INDICATES RECORD WAS SET OR TIED.
MM INDICATES DATA IS MISSING.
T  INDICATES TRACE AMOUNT.




$$
