332
CDUS42 KMHX 222245
CLIHSE


CLIMATE REPORT
NATIONAL WEATHER SERVICE NEWPORT/MOREHEAD CITY NC
545 PM EST WED NOV 22 2017


...................................

...THE CAPE HATTERAS NC CLIMATE SUMMARY FOR NOVEMBER 22 2017...
VALID TODAY AS OF 0500 PM LOCAL TIME.

CLIMATE NORMAL PERIOD 1981 TO 2010
CLIMATE RECORD PERIOD 1874 TO 2017


WEATHER ITEM   OBSERVED TIME   RECORD YEAR NORMAL DEPARTURE LAST
                VALUE   (LST)  VALUE       VALUE  FROM      YEAR
                                                  NORMAL
..................................................................
TEMPERATURE (F)
 TODAY
  MAXIMUM         69    151 AM  78    1985  62      7       52
  MINIMUM         57    459 PM  28    1987  50      7       43
  AVERAGE         63                        56      7       48

PRECIPITATION (IN)
  TODAY            1.03          2.89 1924   0.15   0.88     0.00
  MONTH TO DATE    2.19                      3.76  -1.57     1.08
  SINCE SEP 1     11.44                     15.39  -3.95    14.98
  SINCE JAN 1     53.80                     52.58   1.22    67.24

SNOWFALL (IN)
  TODAY            0.0
  MONTH TO DATE    0.0
  SINCE NOV 1      0.0
  SINCE JUL 1      0.0
  SNOW DEPTH       0

DEGREE DAYS
 HEATING
  TODAY            2                        10     -8       17
  MONTH TO DATE  134                       156    -22      168
  SINCE SEP 1    167                       231    -64      199
  SINCE JUL 1    167                       231    -64      199

 COOLING
  TODAY            0                         1     -1        0
  MONTH TO DATE   29                        22      7        9
  SINCE SEP 1    589                       406    183      578
  SINCE JAN 1   2350                      1712    638     2213
..................................................................


WIND (MPH)
  HIGHEST WIND SPEED    20   HIGHEST WIND DIRECTION    SE (140)
  HIGHEST GUST SPEED    26   HIGHEST GUST DIRECTION    SE (130)
  AVERAGE WIND SPEED     7.3


SKY COVER
  POSSIBLE SUNSHINE  MM
  AVERAGE SKY COVER 0.7


WEATHER CONDITIONS
 THE FOLLOWING WEATHER WAS RECORDED TODAY.
  HEAVY RAIN
  RAIN
  LIGHT RAIN
  FOG
  FOG W/VISIBILITY <= 1/4 MILE


RELATIVE HUMIDITY (PERCENT)
 HIGHEST   100           400 AM
 LOWEST     67           400 PM
 AVERAGE    84

..........................................................


THE CAPE HATTERAS NC CLIMATE NORMALS FOR TOMORROW
                         NORMAL    RECORD    YEAR
 MAXIMUM TEMPERATURE (F)   62        77      1941
 MINIMUM TEMPERATURE (F)   49        27      1987


SUNRISE AND SUNSET
NOVEMBER 22 2017......SUNRISE   644 AM EST   SUNSET   453 PM EST
NOVEMBER 23 2017......SUNRISE   645 AM EST   SUNSET   452 PM EST


-  INDICATES NEGATIVE NUMBERS.
R  INDICATES RECORD WAS SET OR TIED.
MM INDICATES DATA IS MISSING.
T  INDICATES TRACE AMOUNT.




$$
