000
CDUS42 KMHX 260531
CLIHSE


CLIMATE REPORT
NATIONAL WEATHER SERVICE NEWPORT/MOREHEAD CITY NC
130 AM EDT FRI MAY 26 2017


...................................

...THE CAPE HATTERAS NC CLIMATE SUMMARY FOR MAY 25 2017...

CLIMATE NORMAL PERIOD 1981 TO 2010
CLIMATE RECORD PERIOD 1874 TO 2017


WEATHER ITEM   OBSERVED TIME   RECORD YEAR NORMAL DEPARTURE LAST
                VALUE   (LST)  VALUE       VALUE  FROM      YEAR
                                                  NORMAL
..................................................................
TEMPERATURE (F)
 YESTERDAY
  MAXIMUM         79    126 PM  86    1991  76      3       80
                                      1933
  MINIMUM         67    519 PM  45    1967  63      4       66
  AVERAGE         73                        70      3       73

PRECIPITATION (IN)
  YESTERDAY        0.06          2.55 1895   0.11  -0.05     0.00
  MONTH TO DATE    5.77                      2.89   2.88     4.46
  SINCE MAR 1     19.08                     11.30   7.78    12.74
  SINCE JAN 1     25.39                     20.56   4.83    25.85

SNOWFALL (IN)
  YESTERDAY        0.0
  MONTH TO DATE    0.0
  SINCE NOV 1      T
  SINCE JUL 1      T
  SNOW DEPTH      MM

DEGREE DAYS
 HEATING
  YESTERDAY        0                         1     -1        0
  MONTH TO DATE    3                        46    -43       21
  SINCE MAR 1    406                       656   -250      387
  SINCE JUL 1   1728                      2580   -852     1700

 COOLING
  YESTERDAY        8                         5      3        8
  MONTH TO DATE  157                        80     77       89
  SINCE MAR 1    335                       108    227      143
  SINCE JAN 1    343                       108    235      144
..................................................................


WIND (MPH)
  HIGHEST WIND SPEED    33   HIGHEST WIND DIRECTION    SW (240)
  HIGHEST GUST SPEED    48   HIGHEST GUST DIRECTION    SW (240)
  AVERAGE WIND SPEED    18.5


SKY COVER
  POSSIBLE SUNSHINE  MM
  AVERAGE SKY COVER 0.3


WEATHER CONDITIONS
 THE FOLLOWING WEATHER WAS RECORDED YESTERDAY.
  RAIN
  FOG
  HAZE


RELATIVE HUMIDITY (PERCENT)
 HIGHEST    61           800 PM
 LOWEST     56           400 PM
 AVERAGE    59

..........................................................


THE CAPE HATTERAS NC CLIMATE NORMALS FOR TODAY
                         NORMAL    RECORD    YEAR
 MAXIMUM TEMPERATURE (F)   76        88      1962
 MINIMUM TEMPERATURE (F)   63        45      1967


SUNRISE AND SUNSET
MAY 26 2017...........SUNRISE   551 AM EDT   SUNSET   808 PM EDT
MAY 27 2017...........SUNRISE   551 AM EDT   SUNSET   809 PM EDT


-  INDICATES NEGATIVE NUMBERS.
R  INDICATES RECORD WAS SET OR TIED.
MM INDICATES DATA IS MISSING.
T  INDICATES TRACE AMOUNT.




$$
