000
CDUS42 KMHX 030625
CLIHSE


CLIMATE REPORT
NATIONAL WEATHER SERVICE NEWPORT/MOREHEAD CITY NC
125 AM EST TUE MAR 3 2015


...................................

...THE CAPE HATTERAS NC CLIMATE SUMMARY FOR MARCH 2 2015...

CLIMATE NORMAL PERIOD 1981 TO 2010
CLIMATE RECORD PERIOD 1874 TO 2015


WEATHER ITEM   OBSERVED TIME   RECORD YEAR NORMAL DEPARTURE LAST
                VALUE   (LST)  VALUE       VALUE  FROM      YEAR
                                                  NORMAL
..................................................................
TEMPERATURE (F)
 YESTERDAY
  MAXIMUM         47    133 PM  73    1972  56     -9       61
  MINIMUM         39    831 PM  19    1967  42     -3       38
  AVERAGE         43                        49     -6       50

PRECIPITATION (IN)
  YESTERDAY        0.00          2.66 1927   0.15  -0.15     0.00
  MONTH TO DATE    0.05                      0.30  -0.25     0.00
  SINCE MAR 1      0.05                      0.30  -0.25     0.00
  SINCE JAN 1     12.00                      9.56   2.44    10.09

SNOWFALL (IN)
  YESTERDAY        0.0
  MONTH TO DATE    0.0
  SINCE NOV 1      2.0
  SINCE JUL 1      2.0
  SNOW DEPTH       0

DEGREE DAYS
 HEATING
  YESTERDAY       22                        16      6       15
  MONTH TO DATE   41                        33      8       35
  SINCE MAR 1     41                        33      8       35
  SINCE JUL 1   2214                      1957    257     1868

 COOLING
  YESTERDAY        0                         0      0        0
  MONTH TO DATE    0                         0      0        0
  SINCE MAR 1      0                         0      0        0
  SINCE JAN 1      2                         0      2        0
..................................................................


WIND (MPH)
  HIGHEST WIND SPEED    15   HIGHEST WIND DIRECTION     N (20)
  HIGHEST GUST SPEED    24   HIGHEST GUST DIRECTION     N (10)
  AVERAGE WIND SPEED     8.6


SKY COVER
  POSSIBLE SUNSHINE  MM
  AVERAGE SKY COVER 0.6


WEATHER CONDITIONS
 THE FOLLOWING WEATHER WAS RECORDED YESTERDAY.
  FOG
  FOG W/VISIBILITY <= 1/4 MILE


RELATIVE HUMIDITY (PERCENT)
 HIGHEST   100           100 AM
 LOWEST     60          1000 PM
 AVERAGE    80

..........................................................


THE CAPE HATTERAS NC CLIMATE NORMALS FOR TODAY
                         NORMAL    RECORD    YEAR
 MAXIMUM TEMPERATURE (F)   56        77      1991
 MINIMUM TEMPERATURE (F)   42        22      1980


SUNRISE AND SUNSET
MARCH  3 2015.........SUNRISE   630 AM EST   SUNSET   600 PM EST
MARCH  4 2015.........SUNRISE   628 AM EST   SUNSET   600 PM EST


-  INDICATES NEGATIVE NUMBERS.
R  INDICATES RECORD WAS SET OR TIED.
MM INDICATES DATA IS MISSING.
T  INDICATES TRACE AMOUNT.




$$
