000
CDUS42 KMHX 230537
CLIHSE


CLIMATE REPORT
NATIONAL WEATHER SERVICE NEWPORT/MOREHEAD CITY NC
135 AM EDT SAT MAY 23 2015


...................................

...THE CAPE HATTERAS NC CLIMATE SUMMARY FOR MAY 22 2015...

CLIMATE NORMAL PERIOD 1981 TO 2010
CLIMATE RECORD PERIOD 1874 TO 2015


WEATHER ITEM   OBSERVED TIME   RECORD YEAR NORMAL DEPARTURE LAST
                VALUE   (LST)  VALUE       VALUE  FROM      YEAR
                                                  NORMAL
..................................................................
TEMPERATURE (F)
 YESTERDAY
  MAXIMUM         68    500 PM  85    2014  75     -7       85
                                      2011
  MINIMUM         49   1159 PM  48    2005  62    -13       71
  AVERAGE         59                        69    -10       78

PRECIPITATION (IN)
  YESTERDAY        T             2.47 1908   0.11  -0.11     0.00
  MONTH TO DATE    3.21                      2.55   0.66     1.39
  SINCE MAR 1      7.68                     10.96  -3.28    12.67
  SINCE JAN 1     19.63                     20.22  -0.59    22.76

SNOWFALL (IN)
  YESTERDAY       MM
  MONTH TO DATE    0.0
  SINCE NOV 1      2.0
  SINCE JUL 1      2.0
  SNOW DEPTH       0

DEGREE DAYS
 HEATING
  YESTERDAY        6                         1      5        0
  MONTH TO DATE   52                        43      9        9
  SINCE MAR 1    629                       653    -24      701
  SINCE JUL 1   2802                      2577    225     2534

 COOLING
  YESTERDAY        0                         5     -5       13
  MONTH TO DATE   71                        65      6      148
  SINCE MAR 1     88                        93     -5      175
  SINCE JAN 1     90                        93     -3      175
..................................................................


WIND (MPH)
  HIGHEST WIND SPEED    13   HIGHEST WIND DIRECTION     N (10)
  HIGHEST GUST SPEED    23   HIGHEST GUST DIRECTION     N (360)
  AVERAGE WIND SPEED     5.8


SKY COVER
  POSSIBLE SUNSHINE  MM
  AVERAGE SKY COVER 0.4


WEATHER CONDITIONS
 THE FOLLOWING WEATHER WAS RECORDED YESTERDAY.
  LIGHT RAIN


RELATIVE HUMIDITY (PERCENT)
 HIGHEST    90          1200 AM
 LOWEST     40           600 PM
 AVERAGE    65

..........................................................


THE CAPE HATTERAS NC CLIMATE NORMALS FOR TODAY
                         NORMAL    RECORD    YEAR
 MAXIMUM TEMPERATURE (F)   76        86      1975
 MINIMUM TEMPERATURE (F)   62        45      1968


SUNRISE AND SUNSET
MAY 23 2015...........SUNRISE   553 AM EDT   SUNSET   806 PM EDT
MAY 24 2015...........SUNRISE   553 AM EDT   SUNSET   806 PM EDT


-  INDICATES NEGATIVE NUMBERS.
R  INDICATES RECORD WAS SET OR TIED.
MM INDICATES DATA IS MISSING.
T  INDICATES TRACE AMOUNT.




$$
