000
CDUS42 KMHX 202227
CLIHSE


CLIMATE REPORT
NATIONAL WEATHER SERVICE NEWPORT/MOREHEAD CITY NC
526 PM EST THU NOV 20 2014


...................................

...THE CAPE HATTERAS NC CLIMATE SUMMARY FOR NOVEMBER 20 2014...
VALID TODAY AS OF 0500 PM LOCAL TIME.

CLIMATE NORMAL PERIOD 1981 TO 2010
CLIMATE RECORD PERIOD 1874 TO 2014


WEATHER ITEM   OBSERVED TIME   RECORD YEAR NORMAL DEPARTURE LAST
                VALUE   (LST)  VALUE       VALUE  FROM      YEAR
                                                  NORMAL
..................................................................
TEMPERATURE (F)
 TODAY
  MAXIMUM         55    243 PM  80    1985  63     -8       61
  MINIMUM         43    700 AM  27    1980  50     -7       51
  AVERAGE         49                        56     -7       56

PRECIPITATION (IN)
  TODAY            0.00          4.83 1952   0.14  -0.14     0.00
  MONTH TO DATE    2.60                      3.46  -0.86     1.58
  SINCE SEP 1     16.67                     15.09   1.58    15.86
  SINCE JAN 1     57.72                     52.28   5.44    47.06

SNOWFALL (IN)
  TODAY            0.0
  MONTH TO DATE    0.0
  SINCE NOV 1      0.0
  SINCE JUL 1      0.0
  SNOW DEPTH       0

DEGREE DAYS
 HEATING
  TODAY           16                         9      7        9
  MONTH TO DATE  209                       137     72      126
  SINCE SEP 1    269                       212     57      177
  SINCE JUL 1    269                       212     57      177

 COOLING
  TODAY            0                         1     -1        0
  MONTH TO DATE    0                        20    -20       22
  SINCE SEP 1    386                       404    -18      446
  SINCE JAN 1   1762                      1710     52     1990
..................................................................


WIND (MPH)
  HIGHEST WIND SPEED    21   HIGHEST WIND DIRECTION     W (250)
  HIGHEST GUST SPEED    29   HIGHEST GUST DIRECTION     W (250)
  AVERAGE WIND SPEED    11.6


SKY COVER
  POSSIBLE SUNSHINE  MM
  AVERAGE SKY COVER 0.0


WEATHER CONDITIONS
 THE FOLLOWING WEATHER WAS RECORDED TODAY.
  NO SIGNIFICANT WEATHER WAS OBSERVED.


RELATIVE HUMIDITY (PERCENT)
 HIGHEST    76           100 AM
 LOWEST     38          1200 PM
 AVERAGE    57

..........................................................


THE CAPE HATTERAS NC CLIMATE NORMALS FOR TOMORROW
                         NORMAL    RECORD    YEAR
 MAXIMUM TEMPERATURE (F)   63        77      1931
 MINIMUM TEMPERATURE (F)   50        32      1914


SUNRISE AND SUNSET
NOVEMBER 20 2014......SUNRISE   642 AM EST   SUNSET   454 PM EST
NOVEMBER 21 2014......SUNRISE   643 AM EST   SUNSET   453 PM EST


-  INDICATES NEGATIVE NUMBERS.
R  INDICATES RECORD WAS SET OR TIED.
MM INDICATES DATA IS MISSING.
T  INDICATES TRACE AMOUNT.




$$
