000
CDUS42 KMHX 260532
CLIHSE


CLIMATE REPORT
NATIONAL WEATHER SERVICE NEWPORT/MOREHEAD CITY NC
131 AM EDT THU MAY 26 2016


...................................

...THE CAPE HATTERAS NC CLIMATE SUMMARY FOR MAY 25 2016...

CLIMATE NORMAL PERIOD 1981 TO 2010
CLIMATE RECORD PERIOD 1874 TO 2016


WEATHER ITEM   OBSERVED TIME   RECORD YEAR NORMAL DEPARTURE LAST
                VALUE   (LST)  VALUE       VALUE  FROM      YEAR
                                                  NORMAL
..................................................................
TEMPERATURE (F)
 YESTERDAY
  MAXIMUM         80   1207 PM  86    1991  76      4       80
                                      1933
  MINIMUM         66    324 AM  45    1967  63      3       55
  AVERAGE         73                        70      3       68

PRECIPITATION (IN)
  YESTERDAY        0.00          2.55 1895   0.11  -0.11     0.00
  MONTH TO DATE    4.45                      2.89   1.56     3.21
  SINCE MAR 1     12.73                     11.30   1.43     7.68
  SINCE JAN 1     25.84                     20.56   5.28    19.63

SNOWFALL (IN)
  YESTERDAY        0.0
  MONTH TO DATE    0.0
  SINCE NOV 1      T
  SINCE JUL 1      T
  SNOW DEPTH       0

DEGREE DAYS
 HEATING
  YESTERDAY        0                         1     -1        0
  MONTH TO DATE   21                        46    -25       56
  SINCE MAR 1    387                       656   -269      633
  SINCE JUL 1   1700                      2580   -880     2806

 COOLING
  YESTERDAY        8                         5      3        3
  MONTH TO DATE   89                        80      9       78
  SINCE MAR 1    143                       108     35       95
  SINCE JAN 1    144                       108     36       97
..................................................................


WIND (MPH)
  HIGHEST WIND SPEED    12   HIGHEST WIND DIRECTION     W (280)
  HIGHEST GUST SPEED    18   HIGHEST GUST DIRECTION     W (270)
  AVERAGE WIND SPEED     7.8


SKY COVER
  POSSIBLE SUNSHINE  MM
  AVERAGE SKY COVER 0.0


WEATHER CONDITIONS
 THE FOLLOWING WEATHER WAS RECORDED YESTERDAY.
  NO SIGNIFICANT WEATHER WAS OBSERVED.


RELATIVE HUMIDITY (PERCENT)
 HIGHEST    87          1200 AM
 LOWEST     54          1200 PM
 AVERAGE    71

..........................................................


THE CAPE HATTERAS NC CLIMATE NORMALS FOR TODAY
                         NORMAL    RECORD    YEAR
 MAXIMUM TEMPERATURE (F)   76        88      1962
 MINIMUM TEMPERATURE (F)   63        45      1967


SUNRISE AND SUNSET
MAY 26 2016...........SUNRISE   551 AM EDT   SUNSET   808 PM EDT
MAY 27 2016...........SUNRISE   551 AM EDT   SUNSET   809 PM EDT


-  INDICATES NEGATIVE NUMBERS.
R  INDICATES RECORD WAS SET OR TIED.
MM INDICATES DATA IS MISSING.
T  INDICATES TRACE AMOUNT.




$$
