000
CDUS43 KGID 242327
CLIHSI


CLIMATE REPORT
NATIONAL WEATHER SERVICE HASTINGS NE
524 PM CST WED DEC 24 2014


...................................

...THE HASTINGS NE CLIMATE SUMMARY FOR DECEMBER 24 2014...
VALID TODAY AS OF 0500 PM LOCAL TIME.

CLIMATE NORMAL PERIOD 1981 TO 2010
CLIMATE RECORD PERIOD 1894 TO 2014


WEATHER ITEM   OBSERVED TIME   RECORD YEAR NORMAL DEPARTURE LAST
                VALUE   (LST)  VALUE       VALUE  FROM      YEAR
                                                  NORMAL
..................................................................
TEMPERATURE (F)
 TODAY
  MAXIMUM         40    409 PM  66    1933  35      5       33
  MINIMUM         27   1011 AM -19    1983  17     10        8
  AVERAGE         34                        26      8       21

PRECIPITATION (IN)
  TODAY            0.00          0.73 1982   0.02  -0.02      T
  MONTH TO DATE    0.40                      0.52  -0.12     0.14
  SINCE DEC 1      0.40                      0.52  -0.12     0.14
  SINCE JAN 1     29.07                     27.02   2.05    25.21

SNOWFALL (IN)
  TODAY            0.0           6.0  1915   0.2   -0.2       T
  MONTH TO DATE    0.9                       4.7   -3.8      5.0
  SINCE DEC 1      0.9                       4.7   -3.8      5.0
  SINCE JUL 1      2.6                       8.5   -5.9      5.4
  6 AM SNOW DEPTH    T

DEGREE DAYS
 HEATING
  TODAY           31                        39     -8       44
  MONTH TO DATE  738                       884   -146     1023
  SINCE DEC 1    738                       884   -146     1023
  SINCE JUL 1   2076                      2165    -89     2288

 COOLING
  TODAY            0                         0      0        0
  MONTH TO DATE    0                         0      0        0
  SINCE DEC 1      0                         0      0        0
  SINCE JAN 1   1018                      1077    -59     1158
..................................................................


WIND (MPH)
  HIGHEST WIND SPEED    24   HIGHEST WIND DIRECTION     N (340)
  HIGHEST GUST SPEED    29   HIGHEST GUST DIRECTION     N (340)
  AVERAGE WIND SPEED    13.2


SKY COVER
  AVERAGE SKY COVER 0.6


WEATHER CONDITIONS
 THE FOLLOWING WEATHER WAS RECORDED TODAY.
  NO SIGNIFICANT WEATHER WAS OBSERVED.


RELATIVE HUMIDITY (PERCENT)
 HIGHEST    85           200 AM
 LOWEST     48           300 PM
 AVERAGE    67

..........................................................


THE HASTINGS NE CLIMATE NORMALS FOR TOMORROW
                         NORMAL    RECORD    YEAR
 MAXIMUM TEMPERATURE (F)   35        62      1999
                                             1950
 MINIMUM TEMPERATURE (F)   16       -13      1983


SUNRISE AND SUNSET
DECEMBER 24 2014......SUNRISE   755 AM CST   SUNSET   512 PM CST
DECEMBER 25 2014......SUNRISE   756 AM CST   SUNSET   512 PM CST


-  INDICATES NEGATIVE NUMBERS.
R  INDICATES RECORD WAS SET OR TIED.
MM INDICATES DATA IS MISSING.
T  INDICATES TRACE AMOUNT.

$$
DOXEY
