000
CDUS43 KGID 250632
CLIHSI


CLIMATE REPORT
NATIONAL WEATHER SERVICE HASTINGS NE
130 AM CDT THU AUG 25 2016


...................................

...THE HASTINGS NE CLIMATE SUMMARY FOR AUGUST 24 2016...

CLIMATE NORMAL PERIOD 1981 TO 2010
CLIMATE RECORD PERIOD 1894 TO 2016


WEATHER ITEM   OBSERVED TIME   RECORD YEAR NORMAL DEPARTURE LAST
                VALUE   (LST)  VALUE       VALUE  FROM      YEAR
                                                  NORMAL
..................................................................
TEMPERATURE (F)
 YESTERDAY
  MAXIMUM         74    424 PM 110    1943  84    -10       81
  MINIMUM         57    949 PM  43    1928  62     -5       45
  AVERAGE         66                        73     -7       63

PRECIPITATION (IN)
  YESTERDAY        0.01          0.94 1960   0.11  -0.10     0.00
  MONTH TO DATE    1.19                      2.38  -1.19     2.15
  SINCE JUN 1      4.16                      9.92  -5.76    14.33
  SINCE JAN 1     15.99                     19.74  -3.75    23.05

SNOWFALL (IN)
  YESTERDAY        0.0                       0.0    0.0      0.0
  MONTH TO DATE    0.0                       0.0    0.0      0.0
  SINCE JUN 1      0.0                       0.0    0.0      0.0
  SINCE JUL 1      0.0                       0.0    0.0      0.0
  SNOW DEPTH       0

DEGREE DAYS
 HEATING
  YESTERDAY        0                         0      0        2
  MONTH TO DATE    0                         0      0       11
  SINCE JUN 1      3                        22    -19       18
  SINCE JUL 1      3                         1      2       15

 COOLING
  YESTERDAY        1                         8     -7        0
  MONTH TO DATE  246                       242      4      196
  SINCE JUN 1    974                       843    131      760
  SINCE JAN 1   1003                       902    101      791
..................................................................


WIND (MPH)
  HIGHEST WIND SPEED    15   HIGHEST WIND DIRECTION     N (20)
  HIGHEST GUST SPEED    23   HIGHEST GUST DIRECTION    NE (40)
  AVERAGE WIND SPEED     6.6


SKY COVER
  AVERAGE SKY COVER 0.1


WEATHER CONDITIONS
 THE FOLLOWING WEATHER WAS RECORDED YESTERDAY.
  LIGHT RAIN


RELATIVE HUMIDITY (PERCENT)
 HIGHEST    93           400 AM
 LOWEST     53          1000 AM
 AVERAGE    73

..........................................................


THE HASTINGS NE CLIMATE NORMALS FOR TODAY
                         NORMAL    RECORD    YEAR
 MAXIMUM TEMPERATURE (F)   84       106      1936
 MINIMUM TEMPERATURE (F)   61        45      1910


SUNRISE AND SUNSET
AUGUST 25 2016........SUNRISE   655 AM CDT   SUNSET   816 PM CDT
AUGUST 26 2016........SUNRISE   656 AM CDT   SUNSET   814 PM CDT


-  INDICATES NEGATIVE NUMBERS.
R  INDICATES RECORD WAS SET OR TIED.
MM INDICATES DATA IS MISSING.
T  INDICATES TRACE AMOUNT.




$$
