000
CDUS43 KGID 170632
CLIHSI


CLIMATE REPORT
NATIONAL WEATHER SERVICE HASTINGS NE
129 AM CDT TUE OCT 17 2017


...................................

...THE HASTINGS NE CLIMATE SUMMARY FOR OCTOBER 16 2017...

CLIMATE NORMAL PERIOD 1981 TO 2010
CLIMATE RECORD PERIOD 1894 TO 2017


WEATHER ITEM   OBSERVED TIME   RECORD YEAR NORMAL DEPARTURE LAST
                VALUE   (LST)  VALUE       VALUE  FROM      YEAR
                                                  NORMAL
..................................................................
TEMPERATURE (F)
 YESTERDAY
  MAXIMUM         74    400 PM  96    1926  64     10       79
  MINIMUM         36    506 AM  28    1976  41     -5       51
                                      1966
                                      1943
  AVERAGE         55                        53      2       65

PRECIPITATION (IN)
  YESTERDAY        0.00          2.95 1968   0.08  -0.08      T
  MONTH TO DATE    4.68                      1.15   3.53     0.22
  SINCE SEP 1      6.86                      3.71   3.15     2.02
  SINCE JAN 1     30.30                     24.37   5.93    18.59

SNOWFALL (IN)
  YESTERDAY        0.0          MM      MM   0.0    0.0      0.0
  MONTH TO DATE    T                         0.3   -0.3      0.0
  SINCE SEP 1      T                         0.5   -0.5      0.0
  SINCE JUL 1      T                         0.5   -0.5      0.0
  SNOW DEPTH       0

DEGREE DAYS
 HEATING
  YESTERDAY       10                        13     -3        0
  MONTH TO DATE  134                       157    -23      132
  SINCE SEP 1    186                       247    -61      195
  SINCE JUL 1    190                       253    -63      199

 COOLING
  YESTERDAY        0                         0      0        0
  MONTH TO DATE    5                        11     -6        6
  SINCE SEP 1    171                       121     50      144
  SINCE JAN 1   1128                      1074     54     1192
..................................................................


WIND (MPH)
  HIGHEST WIND SPEED    22   HIGHEST WIND DIRECTION    SW (210)
  HIGHEST GUST SPEED    29   HIGHEST GUST DIRECTION     S (200)
  AVERAGE WIND SPEED     8.5


SKY COVER
  AVERAGE SKY COVER 0.0


WEATHER CONDITIONS
 THE FOLLOWING WEATHER WAS RECORDED YESTERDAY.
  NO SIGNIFICANT WEATHER WAS OBSERVED.


RELATIVE HUMIDITY (PERCENT)
 HIGHEST    85           200 AM
 LOWEST     22           300 PM
 AVERAGE    54

..........................................................


THE HASTINGS NE CLIMATE NORMALS FOR TODAY
                         NORMAL    RECORD    YEAR
 MAXIMUM TEMPERATURE (F)   64        87      1961
 MINIMUM TEMPERATURE (F)   40        19      1922


SUNRISE AND SUNSET
OCTOBER 17 2017.......SUNRISE   747 AM CDT   SUNSET   650 PM CDT
OCTOBER 18 2017.......SUNRISE   748 AM CDT   SUNSET   649 PM CDT


-  INDICATES NEGATIVE NUMBERS.
R  INDICATES RECORD WAS SET OR TIED.
MM INDICATES DATA IS MISSING.
T  INDICATES TRACE AMOUNT.




$$
