000
CDUS43 KGID 192327
CLIHSI


CLIMATE REPORT
NATIONAL WEATHER SERVICE HASTINGS NE
526 PM CST THU JAN 19 2017


...................................

...THE HASTINGS NE CLIMATE SUMMARY FOR JANUARY 19 2017...
VALID TODAY AS OF 0500 PM LOCAL TIME.

CLIMATE NORMAL PERIOD 1981 TO 2010
CLIMATE RECORD PERIOD 1894 TO 2017


WEATHER ITEM   OBSERVED TIME   RECORD YEAR NORMAL DEPARTURE LAST
                VALUE   (LST)  VALUE       VALUE  FROM      YEAR
                                                  NORMAL
..................................................................
TEMPERATURE (F)
 TODAY
  MAXIMUM         42    459 PM  67    2014  36      6       27
  MINIMUM         36    327 AM -17    1943  16     20       20
  AVERAGE         39                        26     13       24

PRECIPITATION (IN)
  TODAY            0.00          0.69 1988   0.01  -0.01     0.04
  MONTH TO DATE    0.82                      0.19   0.63     0.21
  SINCE DEC 1      1.43                      0.80   0.63     2.39
  SINCE JAN 1      0.82                      0.19   0.63     0.21

SNOWFALL (IN)
  TODAY            0.0           6.2  2011   0.2   -0.2      0.6
  MONTH TO DATE    3.7                       3.4    0.3      3.4
  SINCE DEC 1      4.7                       9.5   -4.8      8.0
  SINCE JUL 1      4.8                      13.3   -8.5     12.2
  SNOW DEPTH       0

DEGREE DAYS
 HEATING
  TODAY           26                        39    -13       41
  MONTH TO DATE  801                       745     56      759
  SINCE DEC 1   1983                      1904     79     1743
  SINCE JUL 1   2850                      3185   -335     2669

 COOLING
  TODAY            0                         0      0        0
  MONTH TO DATE    0                         0      0        0
  SINCE DEC 1      0                         0      0        0
  SINCE JAN 1      0                         0      0        0
..................................................................


WIND (MPH)
  HIGHEST WIND SPEED    12   HIGHEST WIND DIRECTION    SE (150)
  HIGHEST GUST SPEED    16   HIGHEST GUST DIRECTION     S (170)
  AVERAGE WIND SPEED     7.1


SKY COVER
  AVERAGE SKY COVER 0.8


WEATHER CONDITIONS
 THE FOLLOWING WEATHER WAS RECORDED TODAY.
  FOG
  FOG W/VISIBILITY <= 1/4 MILE


RELATIVE HUMIDITY (PERCENT)
 HIGHEST   100           400 AM
 LOWEST     85          1200 AM
 AVERAGE    93

..........................................................


THE HASTINGS NE CLIMATE NORMALS FOR TOMORROW
                         NORMAL    RECORD    YEAR
 MAXIMUM TEMPERATURE (F)   36        68      1944
 MINIMUM TEMPERATURE (F)   16       -13      1985


SUNRISE AND SUNSET
JANUARY 19 2017.......SUNRISE   753 AM CST   SUNSET   536 PM CST
JANUARY 20 2017.......SUNRISE   753 AM CST   SUNSET   538 PM CST


-  INDICATES NEGATIVE NUMBERS.
R  INDICATES RECORD WAS SET OR TIED.
MM INDICATES DATA IS MISSING.
T  INDICATES TRACE AMOUNT.




$$
