000
CDUS43 KGID 290628
CLIHSI


CLIMATE REPORT
NATIONAL WEATHER SERVICE HASTINGS NE
128 AM CDT THU SEP 29 2016


...................................

...THE HASTINGS NE CLIMATE SUMMARY FOR SEPTEMBER 28 2016...

CLIMATE NORMAL PERIOD 1981 TO 2010
CLIMATE RECORD PERIOD 1894 TO 2016


WEATHER ITEM   OBSERVED TIME   RECORD YEAR NORMAL DEPARTURE LAST
                VALUE   (LST)  VALUE       VALUE  FROM      YEAR
                                                  NORMAL
..................................................................
TEMPERATURE (F)
 YESTERDAY
  MAXIMUM         71    354 PM  96    1953  72     -1       88
  MINIMUM         47   1159 PM  28    1951  49     -2       59
  AVERAGE         59                        61     -2       74

PRECIPITATION (IN)
  YESTERDAY        0.00          3.94 1988   0.08  -0.08     0.00
  MONTH TO DATE    1.80                      2.42  -0.62     1.05
  SINCE SEP 1      1.80                      2.42  -0.62     1.05
  SINCE JAN 1     18.37                     23.08  -4.71    24.10

SNOWFALL (IN)
  YESTERDAY        0.0                       0.0    0.0      0.0
  MONTH TO DATE    0.0                       0.2   -0.2      0.0
  SINCE SEP 1      0.0                       0.2   -0.2      0.0
  SINCE JUL 1      0.0                       0.2   -0.2      0.0
  SNOW DEPTH       0

DEGREE DAYS
 HEATING
  YESTERDAY        6                         6      0        0
  MONTH TO DATE   44                        76    -32       12
  SINCE SEP 1     44                        76    -32       12
  SINCE JUL 1     48                        82    -34       27

 COOLING
  YESTERDAY        0                         2     -2        9
  MONTH TO DATE  138                       107     31      226
  SINCE SEP 1    138                       107     31      226
  SINCE JAN 1   1186                      1060    126     1069
..................................................................


WIND (MPH)
  HIGHEST WIND SPEED    18   HIGHEST WIND DIRECTION     N (20)
  HIGHEST GUST SPEED    29   HIGHEST GUST DIRECTION     N (20)
  AVERAGE WIND SPEED     8.8


SKY COVER
  AVERAGE SKY COVER 0.0


WEATHER CONDITIONS
 THE FOLLOWING WEATHER WAS RECORDED YESTERDAY.
  NO SIGNIFICANT WEATHER WAS OBSERVED.


RELATIVE HUMIDITY (PERCENT)
 HIGHEST    80           600 AM
 LOWEST     31          1100 AM
 AVERAGE    56

..........................................................


THE HASTINGS NE CLIMATE NORMALS FOR TODAY
                         NORMAL    RECORD    YEAR
 MAXIMUM TEMPERATURE (F)   72        96      1953
 MINIMUM TEMPERATURE (F)   48        30      1916
                                             1912


SUNRISE AND SUNSET
SEPTEMBER 29 2016.....SUNRISE   729 AM CDT   SUNSET   718 PM CDT
SEPTEMBER 30 2016.....SUNRISE   730 AM CDT   SUNSET   717 PM CDT


-  INDICATES NEGATIVE NUMBERS.
R  INDICATES RECORD WAS SET OR TIED.
MM INDICATES DATA IS MISSING.
T  INDICATES TRACE AMOUNT.




$$
