000
CDUS43 KGID 010636
CLIHSI


CLIMATE REPORT
NATIONAL WEATHER SERVICE HASTINGS NE
1234 AM CST SUN FEB 1 2015


...................................

...THE HASTINGS NE CLIMATE SUMMARY FOR JANUARY 31 2015...

CLIMATE NORMAL PERIOD 1981 TO 2010
CLIMATE RECORD PERIOD 1894 TO 2015


WEATHER ITEM   OBSERVED TIME   RECORD YEAR NORMAL DEPARTURE LAST
                VALUE   (LST)  VALUE       VALUE  FROM      YEAR
                                                  NORMAL
..................................................................
TEMPERATURE (F)
 YESTERDAY
  MAXIMUM         35   1233 AM  70    1911  37     -2       21
  MINIMUM         31   1159 PM -20    1918  17     14       15
  AVERAGE         33                        27      6       18

PRECIPITATION (IN)
  YESTERDAY        0.70R         0.65 1908   0.02   0.68     0.20
  MONTH TO DATE    0.77                      0.41   0.36     0.37
  SINCE DEC 1      1.31                      1.02   0.29     0.51
  SINCE JAN 1      0.77                      0.41   0.36     0.37

SNOWFALL (IN)
  YESTERDAY        4.5           9.8  2002   0.2    4.3      3.2
  MONTH TO DATE    5.7                       6.0   -0.3      5.4
  SINCE DEC 1      9.1                      12.1   -3.0     10.4
  SINCE JUL 1     10.8                      15.9   -5.1     10.8
  SNOW DEPTH       T   AT 6 AM

DEGREE DAYS
 HEATING
  YESTERDAY       32                        38     -6       47
  MONTH TO DATE 1109                      1207    -98     1204
  SINCE DEC 1   2183                      2368   -185     2457
  SINCE JUL 1   3521                      3649   -128     3722

 COOLING
  YESTERDAY        0                         0      0        0
  MONTH TO DATE    0                         0      0        0
  SINCE DEC 1      0                         0      0        0
  SINCE JAN 1      0                         0      0        0
..................................................................


WIND (MPH)
  HIGHEST WIND SPEED    13   HIGHEST WIND DIRECTION     N (360)
  HIGHEST GUST SPEED    16   HIGHEST GUST DIRECTION     N (360)
  AVERAGE WIND SPEED     8.0


SKY COVER
  AVERAGE SKY COVER 0.9


WEATHER CONDITIONS
 THE FOLLOWING WEATHER WAS RECORDED YESTERDAY.
  LIGHT RAIN
  LIGHT SNOW
  FOG


RELATIVE HUMIDITY (PERCENT)
 HIGHEST   100          1000 PM
 LOWEST     89           200 AM
 AVERAGE    95

..........................................................


THE HASTINGS NE CLIMATE NORMALS FOR TODAY
                         NORMAL    RECORD    YEAR
 MAXIMUM TEMPERATURE (F)   37        72      2003
 MINIMUM TEMPERATURE (F)   17       -22      1917


SUNRISE AND SUNSET
FEBRUARY  1 2015......SUNRISE   744 AM CST   SUNSET   551 PM CST
FEBRUARY  2 2015......SUNRISE   743 AM CST   SUNSET   553 PM CST


-  INDICATES NEGATIVE NUMBERS.
R  INDICATES RECORD WAS SET OR TIED.
MM INDICATES DATA IS MISSING.
T  INDICATES TRACE AMOUNT.




$$
