000
CDUS43 KGID 270722
CLIHSI


CLIMATE REPORT
NATIONAL WEATHER SERVICE HASTINGS NE
120 AM CST MON FEB 27 2017


...................................

...THE HASTINGS NE CLIMATE SUMMARY FOR FEBRUARY 26 2017...

CLIMATE NORMAL PERIOD 1981 TO 2010
CLIMATE RECORD PERIOD 1894 TO 2017


WEATHER ITEM   OBSERVED TIME   RECORD YEAR NORMAL DEPARTURE LAST
                VALUE   (LST)  VALUE       VALUE  FROM      YEAR
                                                  NORMAL
..................................................................
TEMPERATURE (F)
 YESTERDAY
  MAXIMUM         45    440 PM  74    1986  43      2       58
  MINIMUM         23   1130 PM  -8    1934  23      0       25
  AVERAGE         34                        33      1       42

PRECIPITATION (IN)
  YESTERDAY        0.00          0.45 1906   0.02  -0.02     0.00
  MONTH TO DATE    0.27                      0.45  -0.18     1.57
  SINCE DEC 1      1.71                      1.47   0.24     4.10
  SINCE JAN 1      1.10                      0.86   0.24     1.92

SNOWFALL (IN)
  YESTERDAY        0.0           4.0  1912   0.2   -0.2      0.0
                                      1906
  MONTH TO DATE    4.3                       6.1   -1.8     16.0
  SINCE DEC 1      9.0                      18.2   -9.2     26.1
  SINCE JUL 1      9.1                      22.0  -12.9     30.3
  SNOW DEPTH       T

DEGREE DAYS
 HEATING
  YESTERDAY       31                        32     -1       23
  MONTH TO DATE  680                       919   -239      805
  SINCE DEC 1   3012                      3287   -275     2930
  SINCE JUL 1   3879                      4568   -689     3856

 COOLING
  YESTERDAY        0                         0      0        0
  MONTH TO DATE    0                         0      0        0
  SINCE DEC 1      0                         0      0        0
  SINCE JAN 1      0                         0      0        0
..................................................................


WIND (MPH)
  HIGHEST WIND SPEED    15   HIGHEST WIND DIRECTION     W (290)
  HIGHEST GUST SPEED    22   HIGHEST GUST DIRECTION     W (290)
  AVERAGE WIND SPEED     7.4


SKY COVER
  AVERAGE SKY COVER 0.2


WEATHER CONDITIONS
 THE FOLLOWING WEATHER WAS RECORDED YESTERDAY.
  NO SIGNIFICANT WEATHER WAS OBSERVED.


RELATIVE HUMIDITY (PERCENT)
 HIGHEST    81           500 AM
 LOWEST     22           400 PM
 AVERAGE    52

..........................................................


THE HASTINGS NE CLIMATE NORMALS FOR TODAY
                         NORMAL    RECORD    YEAR
 MAXIMUM TEMPERATURE (F)   44        77      2006
 MINIMUM TEMPERATURE (F)   23        -8      1962


SUNRISE AND SUNSET
FEBRUARY 27 2017......SUNRISE   710 AM CST   SUNSET   623 PM CST
FEBRUARY 28 2017......SUNRISE   709 AM CST   SUNSET   624 PM CST


-  INDICATES NEGATIVE NUMBERS.
R  INDICATES RECORD WAS SET OR TIED.
MM INDICATES DATA IS MISSING.
T  INDICATES TRACE AMOUNT.




$$
