093
CDUS43 KGID 170630
CLIHSI


CLIMATE REPORT
NATIONAL WEATHER SERVICE HASTINGS NE
1229 AM CST SUN DEC 17 2017


...................................

...THE HASTINGS NE CLIMATE SUMMARY FOR DECEMBER 16 2017...

CLIMATE NORMAL PERIOD 1981 TO 2010
CLIMATE RECORD PERIOD 1894 TO 2017


WEATHER ITEM   OBSERVED TIME   RECORD YEAR NORMAL DEPARTURE LAST
                VALUE   (LST)  VALUE       VALUE  FROM      YEAR
                                                  NORMAL
..................................................................
TEMPERATURE (F)
 YESTERDAY
  MAXIMUM         54   1227 PM  68    1962  36     18       28
  MINIMUM         24    747 AM -15    1989  18      6       16
  AVERAGE         39                        27     12       22

PRECIPITATION (IN)
  YESTERDAY        0.00          0.45 1961   0.01  -0.01      T
  MONTH TO DATE    0.03                      0.42  -0.39     0.08
  SINCE DEC 1      0.03                      0.42  -0.39     0.08
  SINCE JAN 1     30.42                     26.92   3.50    20.13

SNOWFALL (IN)
  YESTERDAY        0.0           6.0  1961   0.2   -0.2      0.0
  MONTH TO DATE    0.2                       3.0   -2.8      0.7
  SINCE DEC 1      0.2                       3.0   -2.8      0.7
  SINCE JUL 1      0.4                       6.8   -6.4      0.8
  6 AM SNOW DEPTH  0

DEGREE DAYS
 HEATING
  YESTERDAY       26                        38    -12       43
  MONTH TO DATE  454                       575   -121      650
  SINCE DEC 1    454                       575   -121      650
  SINCE JUL 1   1597                      1856   -259     1517

 COOLING
  YESTERDAY        0                         0      0        0
  MONTH TO DATE    0                         0      0        0
  SINCE DEC 1      0                         0      0        0
  SINCE JAN 1   1129                      1077     52     1195
..................................................................


WIND (MPH)
  HIGHEST WIND SPEED    21   HIGHEST WIND DIRECTION    NE (40)
  HIGHEST GUST SPEED    26   HIGHEST GUST DIRECTION    NE (50)
  AVERAGE WIND SPEED    10.4


SKY COVER
  AVERAGE SKY COVER 0.0


WEATHER CONDITIONS
 THE FOLLOWING WEATHER WAS RECORDED YESTERDAY.
  NO SIGNIFICANT WEATHER WAS OBSERVED.


RELATIVE HUMIDITY (PERCENT)
 HIGHEST    82           900 PM
 LOWEST     32          1200 PM
 AVERAGE    57

..........................................................


THE HASTINGS NE CLIMATE NORMALS FOR TODAY
                         NORMAL    RECORD    YEAR
 MAXIMUM TEMPERATURE (F)   36        72      1939
 MINIMUM TEMPERATURE (F)   18       -11      2016
                                             1964
                                             1914


SUNRISE AND SUNSET
DECEMBER 17 2017......SUNRISE   752 AM CST   SUNSET   508 PM CST
DECEMBER 18 2017......SUNRISE   752 AM CST   SUNSET   509 PM CST


-  INDICATES NEGATIVE NUMBERS.
R  INDICATES RECORD WAS SET OR TIED.
MM INDICATES DATA IS MISSING.
T  INDICATES TRACE AMOUNT.




$$
