000
CDUS44 KHUN 280721
CLIHSV


CLIMATE REPORT
NATIONAL WEATHER SERVICE HUNTSVILLE AL
221 AM CDT THU AUG 28 2014


...................................

...THE HUNTSVILLE CLIMATE SUMMARY FOR AUGUST 27 2014...

CLIMATE NORMAL PERIOD 1981 TO 2010
CLIMATE RECORD PERIOD 1894 TO 2014


WEATHER ITEM   OBSERVED TIME   RECORD YEAR NORMAL DEPARTURE LAST
                VALUE   (LST)  VALUE       VALUE  FROM      YEAR
                                                  NORMAL
..................................................................
TEMPERATURE (F)
 YESTERDAY
  MAXIMUM         93    204 PM 104    1943  90      3       88
  MINIMUM         68    518 AM  52    1945  68      0       62
  AVERAGE         81                        79      2       75

PRECIPITATION (IN)
  YESTERDAY        0.00          0.92 1992   0.10  -0.10     0.00
  MONTH TO DATE    2.09                      3.17  -1.08     1.81
  SINCE JUN 1     13.69                     11.51   2.18    14.50
  SINCE JAN 1     37.16                     35.88   1.28    43.62

SNOWFALL (IN)
  YESTERDAY        0.0
  MONTH TO DATE    0.0
  SINCE JUN 1      0.0
  SINCE JUL 1      0.0
  SNOW DEPTH       0

DEGREE DAYS
 HEATING
  YESTERDAY        0                         0      0        0
  MONTH TO DATE    0                         0      0        0
  SINCE JUN 1      0                         1     -1        0
  SINCE JUL 1      0                         0      0        0

 COOLING
  YESTERDAY       16                        14      2       10
  MONTH TO DATE  423                       417      6      322
  SINCE JUN 1   1217                      1279    -62     1167
  SINCE JAN 1   1488                      1542    -54     1400
..................................................................


WIND (MPH)
  HIGHEST WIND SPEED    10   HIGHEST WIND DIRECTION     E (80)
  HIGHEST GUST SPEED    17   HIGHEST GUST DIRECTION    NE (60)
  AVERAGE WIND SPEED     2.2


SKY COVER
  POSSIBLE SUNSHINE  MM
  AVERAGE SKY COVER 0.3


WEATHER CONDITIONS
 THE FOLLOWING WEATHER WAS RECORDED YESTERDAY.
  FOG


RELATIVE HUMIDITY (PERCENT)
 HIGHEST    90          1200 AM
 LOWEST     36           200 PM
 AVERAGE    63

..........................................................


THE HUNTSVILLE CLIMATE NORMALS FOR TODAY
                         NORMAL    RECORD    YEAR
 MAXIMUM TEMPERATURE (F)   90       103      1924
                                             1920
 MINIMUM TEMPERATURE (F)   68        56      1967
                                             1927
                                             1922


SUNRISE AND SUNSET
AUGUST 28 2014........SUNRISE   617 AM CDT   SUNSET   719 PM CDT
AUGUST 29 2014........SUNRISE   618 AM CDT   SUNSET   717 PM CDT


-  INDICATES NEGATIVE NUMBERS.
R  INDICATES RECORD WAS SET OR TIED.
MM INDICATES DATA IS MISSING.
T  INDICATES TRACE AMOUNT.


$$
