000
CDUS44 KHUN 270716
CLIHSV


CLIMATE REPORT
NATIONAL WEATHER SERVICE HUNTSVILLE AL
215 AM CDT TUE JUN 27 2017


...................................

...THE HUNTSVILLE CLIMATE SUMMARY FOR JUNE 26 2017...

CLIMATE NORMAL PERIOD 1981 TO 2010
CLIMATE RECORD PERIOD 1894 TO 2017


WEATHER ITEM   OBSERVED TIME   RECORD YEAR NORMAL DEPARTURE LAST
                VALUE   (LST)  VALUE       VALUE  FROM      YEAR
                                                  NORMAL
..................................................................
TEMPERATURE (F)
 YESTERDAY
  MAXIMUM         85   1217 PM 106    1930  90     -5       99
  MINIMUM         58    501 AM  51    1974  69    -11       74
  AVERAGE         72                        80     -8       87

PRECIPITATION (IN)
  YESTERDAY        0.00          1.86 1938   0.14  -0.14     1.56
  MONTH TO DATE    5.97                      3.69   2.28     4.40
  SINCE JUN 1      5.97                      3.69   2.28     4.40
  SINCE JAN 1     28.69                     28.06   0.63    22.70

SNOWFALL (IN)
  YESTERDAY        0.0
  MONTH TO DATE    0.0
  SINCE JUN 1      0.0
  SINCE JUL 1      T
  SNOW DEPTH       0

DEGREE DAYS
 HEATING
  YESTERDAY        0                         0      0        0
  MONTH TO DATE    0                         0      0        0
  SINCE JUN 1      0                         0      0        0
  SINCE JUL 1   1967                      3001  -1034     2253

 COOLING
  YESTERDAY        7                        15     -8       22
  MONTH TO DATE  318                       321     -3      415
  SINCE JUN 1    318                       321     -3      415
  SINCE JAN 1    707                       584    123      702
..................................................................


WIND (MPH)
  HIGHEST WIND SPEED    14   HIGHEST WIND DIRECTION     N (10)
  HIGHEST GUST SPEED    16   HIGHEST GUST DIRECTION    NW (330)
  AVERAGE WIND SPEED     2.9


SKY COVER
  POSSIBLE SUNSHINE  MM
  AVERAGE SKY COVER 0.5


WEATHER CONDITIONS
 THE FOLLOWING WEATHER WAS RECORDED YESTERDAY.
  FOG


RELATIVE HUMIDITY (PERCENT)
 HIGHEST   100           400 AM
 LOWEST     37          1200 PM
 AVERAGE    69

..........................................................


THE HUNTSVILLE CLIMATE NORMALS FOR TODAY
                         NORMAL    RECORD    YEAR
 MAXIMUM TEMPERATURE (F)   90       103      1952
                                             1934
                                             1931
 MINIMUM TEMPERATURE (F)   69        55      1974
                                             1968
                                             1958


SUNRISE AND SUNSET
JUNE 27 2017..........SUNRISE   536 AM CDT   SUNSET   804 PM CDT
JUNE 28 2017..........SUNRISE   537 AM CDT   SUNSET   804 PM CDT


-  INDICATES NEGATIVE NUMBERS.
R  INDICATES RECORD WAS SET OR TIED.
MM INDICATES DATA IS MISSING.
T  INDICATES TRACE AMOUNT.




$$
