000
CDUS44 KHUN 020734
CLIHSV


CLIMATE REPORT
NATIONAL WEATHER SERVICE HUNTSVILLE AL
233 AM CDT TUE JUN 2 2015


...................................

...THE HUNTSVILLE CLIMATE SUMMARY FOR JUNE 1 2015...

CLIMATE NORMAL PERIOD 1981 TO 2010
CLIMATE RECORD PERIOD 1894 TO 2015


WEATHER ITEM   OBSERVED TIME   RECORD YEAR NORMAL DEPARTURE LAST
                VALUE   (LST)  VALUE       VALUE  FROM      YEAR
                                                  NORMAL
..................................................................
TEMPERATURE (F)
 YESTERDAY
  MAXIMUM         81    229 PM  97    2011  85     -4       85
                                      1951
                                      1934
  MINIMUM         65   1158 PM  45    1972  64      1       71
  AVERAGE         73                        74     -1       78

PRECIPITATION (IN)
  YESTERDAY        0.90          2.29 1946   0.15   0.75     0.17
  MONTH TO DATE    0.90                      0.15   0.75     0.17
  SINCE JUN 1      0.90                      0.15   0.75     0.17
  SINCE JAN 1     26.28                     24.52   1.76    23.64

SNOWFALL (IN)
  YESTERDAY        0.0
  MONTH TO DATE    0.0
  SINCE JUN 1      0.0
  SINCE JUL 1      9.8
  SNOW DEPTH       0

DEGREE DAYS
 HEATING
  YESTERDAY        0                         0      0        0
  MONTH TO DATE    0                         0      0        0
  SINCE JUN 1      0                         0      0        0
  SINCE JUL 1   3030                      3001     29     3463

 COOLING
  YESTERDAY        8                        10     -2       13
  MONTH TO DATE    8                        10     -2       13
  SINCE JUN 1      8                        10     -2       13
  SINCE JAN 1    333                       273     60      284
..................................................................


WIND (MPH)
  HIGHEST WIND SPEED    15   HIGHEST WIND DIRECTION    NW (310)
  HIGHEST GUST SPEED    22   HIGHEST GUST DIRECTION    NW (310)
  AVERAGE WIND SPEED     5.3


SKY COVER
  POSSIBLE SUNSHINE  MM
  AVERAGE SKY COVER 0.7


WEATHER CONDITIONS
 THE FOLLOWING WEATHER WAS RECORDED YESTERDAY.
  THUNDERSTORM
  HEAVY RAIN
  RAIN
  LIGHT RAIN
  FOG


RELATIVE HUMIDITY (PERCENT)
 HIGHEST    93           300 AM
 LOWEST     58           200 PM
 AVERAGE    76

..........................................................


THE HUNTSVILLE CLIMATE NORMALS FOR TODAY
                         NORMAL    RECORD    YEAR
 MAXIMUM TEMPERATURE (F)   86        97      2011
                                             1921
 MINIMUM TEMPERATURE (F)   64        46      1956


SUNRISE AND SUNSET
JUNE  2 2015..........SUNRISE   535 AM CDT   SUNSET   755 PM CDT
JUNE  3 2015..........SUNRISE   535 AM CDT   SUNSET   756 PM CDT


-  INDICATES NEGATIVE NUMBERS.
R  INDICATES RECORD WAS SET OR TIED.
MM INDICATES DATA IS MISSING.
T  INDICATES TRACE AMOUNT.




$$
