000
CDUS44 KHUN 032237
CLIHSV


CLIMATE REPORT
NATIONAL WEATHER SERVICE HUNTSVILLE AL
436 PM CST SAT DEC 3 2016


...................................

...THE HUNTSVILLE CLIMATE SUMMARY FOR DECEMBER 3 2016...
VALID TODAY AS OF 0400 PM LOCAL TIME.

CLIMATE NORMAL PERIOD 1981 TO 2010
CLIMATE RECORD PERIOD 1894 TO 2016


WEATHER ITEM   OBSERVED TIME   RECORD YEAR NORMAL DEPARTURE LAST
                VALUE   (LST)  VALUE       VALUE  FROM      YEAR
                                                  NORMAL
..................................................................
TEMPERATURE (F)
 TODAY
  MAXIMUM         50   1014 AM  75    1998  57     -7       50
                                      1970
                                      1961
  MINIMUM         37    214 AM   9    1929  37      0       35
  AVERAGE         44                        47     -3       43

PRECIPITATION (IN)
  TODAY            0.10          3.28 1983   0.19  -0.09     0.00
  MONTH TO DATE    0.10                      0.58  -0.48     1.51
  SINCE DEC 1      0.10                      0.58  -0.48     1.51
  SINCE JAN 1     38.63                     49.15 -10.52    55.40

SNOWFALL (IN)
  TODAY           MM
  MONTH TO DATE    0.0
  SINCE DEC 1      0.0
  SINCE JUL 1      0.0
  SNOW DEPTH       0

DEGREE DAYS
 HEATING
  TODAY           21                        18      3       22
  MONTH TO DATE   57                        54      3       44
  SINCE DEC 1     57                        54      3       44
  SINCE JUL 1    321                       581   -260      338

 COOLING
  TODAY            0                         0      0        0
  MONTH TO DATE    0                         0      0        0
  SINCE DEC 1      0                         0      0        0
  SINCE JAN 1   2548                      1949    599     2279
..................................................................


WIND (MPH)
  HIGHEST WIND SPEED     7   HIGHEST WIND DIRECTION     W (250)
  HIGHEST GUST SPEED     9   HIGHEST GUST DIRECTION     E (70)
  AVERAGE WIND SPEED     2.8


SKY COVER
  POSSIBLE SUNSHINE  MM
  AVERAGE SKY COVER 0.6


WEATHER CONDITIONS
 THE FOLLOWING WEATHER WAS RECORDED TODAY.
  LIGHT RAIN


RELATIVE HUMIDITY (PERCENT)
 HIGHEST    92           100 AM
 LOWEST     56          1000 AM
 AVERAGE    74

..........................................................


THE HUNTSVILLE CLIMATE NORMALS FOR TOMORROW
                         NORMAL    RECORD    YEAR
 MAXIMUM TEMPERATURE (F)   56        79      1998
 MINIMUM TEMPERATURE (F)   37        15      1929


SUNRISE AND SUNSET
DECEMBER  3 2016......SUNRISE   638 AM CST   SUNSET   436 PM CST
DECEMBER  4 2016......SUNRISE   639 AM CST   SUNSET   436 PM CST


-  INDICATES NEGATIVE NUMBERS.
R  INDICATES RECORD WAS SET OR TIED.
MM INDICATES DATA IS MISSING.
T  INDICATES TRACE AMOUNT.




$$
