029
CDUS44 KHUN 230703
CLIHSV


CLIMATE REPORT
NATIONAL WEATHER SERVICE HUNTSVILLE AL
202 AM CDT THU MAR 23 2017


...................................

...THE HUNTSVILLE CLIMATE SUMMARY FOR MARCH 22 2017...

CLIMATE NORMAL PERIOD 1981 TO 2010
CLIMATE RECORD PERIOD 1894 TO 2017


WEATHER ITEM   OBSERVED TIME   RECORD YEAR NORMAL DEPARTURE LAST
                VALUE   (LST)  VALUE       VALUE  FROM      YEAR
                                                  NORMAL
..................................................................
TEMPERATURE (F)
 YESTERDAY
  MAXIMUM         65    357 PM  88    1907  67     -2       69
  MINIMUM         47   1159 PM  22    1986  44      3       33
                                      1915
  AVERAGE         56                        55      1       51

PRECIPITATION (IN)
  YESTERDAY        0.01          2.05 1993   0.17  -0.16     0.00
  MONTH TO DATE    2.65                      3.67  -1.02     2.50
  SINCE MAR 1      2.65                      3.67  -1.02     2.50
  SINCE JAN 1     11.52                     13.40  -1.88    12.45

SNOWFALL (IN)
  YESTERDAY        0.0
  MONTH TO DATE    T
  SINCE MAR 1      T
  SINCE JUL 1      T
  SNOW DEPTH       0

DEGREE DAYS
 HEATING
  YESTERDAY        9                        10     -1       14
  MONTH TO DATE  301                       286     15      188
  SINCE MAR 1    301                       286     15      188
  SINCE JUL 1   1868                      2738   -870     2084

 COOLING
  YESTERDAY        0                         0      0        0
  MONTH TO DATE    7                         0      7       23
  SINCE MAR 1      7                         0      7       23
  SINCE JAN 1     12                         1     11       24
..................................................................


WIND (MPH)
  HIGHEST WIND SPEED    18   HIGHEST WIND DIRECTION    NE (40)
  HIGHEST GUST SPEED    23   HIGHEST GUST DIRECTION     N (10)
  AVERAGE WIND SPEED    10.2


SKY COVER
  POSSIBLE SUNSHINE  MM
  AVERAGE SKY COVER 0.5


WEATHER CONDITIONS
 THE FOLLOWING WEATHER WAS RECORDED YESTERDAY.
  LIGHT RAIN


RELATIVE HUMIDITY (PERCENT)
 HIGHEST    93           200 AM
 LOWEST     30           500 PM
 AVERAGE    62

..........................................................


THE HUNTSVILLE CLIMATE NORMALS FOR TODAY
                         NORMAL    RECORD    YEAR
 MAXIMUM TEMPERATURE (F)   67        85      1995
                                             1939
                                             1935
 MINIMUM TEMPERATURE (F)   44        20      1968


SUNRISE AND SUNSET
MARCH 23 2017.........SUNRISE   646 AM CDT   SUNSET   701 PM CDT
MARCH 24 2017.........SUNRISE   645 AM CDT   SUNSET   702 PM CDT


-  INDICATES NEGATIVE NUMBERS.
R  INDICATES RECORD WAS SET OR TIED.
MM INDICATES DATA IS MISSING.
T  INDICATES TRACE AMOUNT.




$$
