000
CDUS44 KHUN 282226
CLIHSV


CLIMATE REPORT
NATIONAL WEATHER SERVICE HUNTSVILLE AL
426 PM CST SAT FEB 28 2015


...................................

...THE HUNTSVILLE CLIMATE SUMMARY FOR FEBRUARY 28 2015...
VALID TODAY AS OF 0400 PM LOCAL TIME.

CLIMATE NORMAL PERIOD 1981 TO 2010
CLIMATE RECORD PERIOD 1894 TO 2015


WEATHER ITEM   OBSERVED TIME   RECORD YEAR NORMAL DEPARTURE LAST
                VALUE   (LST)  VALUE       VALUE  FROM      YEAR
                                                  NORMAL
..................................................................
TEMPERATURE (F)
 TODAY
  MAXIMUM         55    147 PM  80    1918  60     -5       57
  MINIMUM         30    315 AM  15    1935  39     -9       26
  AVERAGE         43                        49     -6       42

PRECIPITATION (IN)
  TODAY            0.00          2.70 1939   0.18  -0.18     0.02
  MONTH TO DATE    3.77                      4.84  -1.07     6.57
  SINCE DEC 1     13.47                     15.50  -2.03    16.44
  SINCE JAN 1      7.74                      9.73  -1.99     9.87

SNOWFALL (IN)
  TODAY            0.0
  MONTH TO DATE    8.8
  SINCE DEC 1      8.8
  SINCE JUL 1      8.8
  SNOW DEPTH       1

DEGREE DAYS
 HEATING
  TODAY           22                        16      6       23
  MONTH TO DATE  745                       542    203      611
  SINCE DEC 1   2025                      1925    100     2200
  SINCE JUL 1   2641                      2452    189     2835

 COOLING
  TODAY            0                         0      0        0
  MONTH TO DATE    0                         1     -1        1
  SINCE DEC 1      0                         3     -3        6
  SINCE JAN 1      0                         1     -1        1
..................................................................


WIND (MPH)
  HIGHEST WIND SPEED    15   HIGHEST WIND DIRECTION    SE (120)
  HIGHEST GUST SPEED    17   HIGHEST GUST DIRECTION     E (110)
  AVERAGE WIND SPEED     7.5


SKY COVER
  POSSIBLE SUNSHINE  MM
  AVERAGE SKY COVER 0.8


WEATHER CONDITIONS
 THE FOLLOWING WEATHER WAS RECORDED TODAY.
  NO SIGNIFICANT WEATHER WAS OBSERVED.


RELATIVE HUMIDITY (PERCENT)
 HIGHEST    63           600 AM
 LOWEST     45           100 PM
 AVERAGE    54

..........................................................


THE HUNTSVILLE CLIMATE NORMALS FOR TOMORROW
                         NORMAL    RECORD    YEAR
 MAXIMUM TEMPERATURE (F)   60        81      1932
 MINIMUM TEMPERATURE (F)   39        15      1980
                                             1920


SUNRISE AND SUNSET
FEBRUARY 28 2015......SUNRISE   618 AM CST   SUNSET   542 PM CST
MARCH  1 2015.........SUNRISE   617 AM CST   SUNSET   543 PM CST


-  INDICATES NEGATIVE NUMBERS.
R  INDICATES RECORD WAS SET OR TIED.
MM INDICATES DATA IS MISSING.
T  INDICATES TRACE AMOUNT.




$$
