000
CDUS44 KHUN 010705
CLIHSV


CLIMATE REPORT
NATIONAL WEATHER SERVICE HUNTSVILLE AL
205 AM CDT MON SEP 1 2014


...................................

...THE HUNTSVILLE CLIMATE SUMMARY FOR AUGUST 31 2014...

CLIMATE NORMAL PERIOD 1981 TO 2010
CLIMATE RECORD PERIOD 1894 TO 2014


WEATHER ITEM   OBSERVED TIME   RECORD YEAR NORMAL DEPARTURE LAST
                VALUE   (LST)  VALUE       VALUE  FROM      YEAR
                                                  NORMAL
..................................................................
TEMPERATURE (F)
 YESTERDAY
  MAXIMUM         84    300 PM 101    1945  90     -6       95
  MINIMUM         72    513 AM  51    1946  68      4       73
  AVERAGE         78                        79     -1       84

PRECIPITATION (IN)
  YESTERDAY        0.56          3.12 1961   0.11   0.45     0.00
  MONTH TO DATE    3.08                      3.61  -0.53     1.81
  SINCE JUN 1     14.68                     11.95   2.73    14.50
  SINCE JAN 1     38.15                     36.32   1.83    43.62

SNOWFALL (IN)
  YESTERDAY        0.0
  MONTH TO DATE    0.0
  SINCE JUN 1      0.0
  SINCE JUL 1      0.0
  SNOW DEPTH       0

DEGREE DAYS
 HEATING
  YESTERDAY        0                         0      0        0
  MONTH TO DATE    0                         0      0        0
  SINCE JUN 1      0                         1     -1        0
  SINCE JUL 1      0                         0      0        0

 COOLING
  YESTERDAY       13                        14     -1       19
  MONTH TO DATE  487                       470     17      388
  SINCE JUN 1   1281                      1332    -51     1233
  SINCE JAN 1   1552                      1595    -43     1466
..................................................................


WIND (MPH)
  HIGHEST WIND SPEED    26   HIGHEST WIND DIRECTION     W (250)
  HIGHEST GUST SPEED    37   HIGHEST GUST DIRECTION     W (250)
  AVERAGE WIND SPEED     5.1


SKY COVER
  POSSIBLE SUNSHINE  MM
  AVERAGE SKY COVER 0.7


WEATHER CONDITIONS
 THE FOLLOWING WEATHER WAS RECORDED YESTERDAY.
  THUNDERSTORM
  HEAVY RAIN
  RAIN
  LIGHT RAIN
  FOG
  HAZE


RELATIVE HUMIDITY (PERCENT)
 HIGHEST   100          1200 AM
 LOWEST     70           300 PM
 AVERAGE    85

..........................................................


THE HUNTSVILLE CLIMATE NORMALS FOR TODAY
                         NORMAL    RECORD    YEAR
 MAXIMUM TEMPERATURE (F)   89       101      1951
 MINIMUM TEMPERATURE (F)   67        48      1946


SUNRISE AND SUNSET
SEPTEMBER  1 2014.....SUNRISE   620 AM CDT   SUNSET   713 PM CDT
SEPTEMBER  2 2014.....SUNRISE   621 AM CDT   SUNSET   712 PM CDT


-  INDICATES NEGATIVE NUMBERS.
R  INDICATES RECORD WAS SET OR TIED.
MM INDICATES DATA IS MISSING.
T  INDICATES TRACE AMOUNT.




$$
