000
CDUS44 KHUN 200703
CLIHSV


CLIMATE REPORT
NATIONAL WEATHER SERVICE HUNTSVILLE AL
202 AM CDT MON OCT 20 2014


...................................

...THE HUNTSVILLE CLIMATE SUMMARY FOR OCTOBER 19 2014...

CLIMATE NORMAL PERIOD 1981 TO 2010
CLIMATE RECORD PERIOD 1894 TO 2014


WEATHER ITEM   OBSERVED TIME   RECORD YEAR NORMAL DEPARTURE LAST
                VALUE   (LST)  VALUE       VALUE  FROM      YEAR
                                                  NORMAL
..................................................................
TEMPERATURE (F)
 YESTERDAY
  MAXIMUM         71    327 PM  90    1926  74     -3       72
  MINIMUM         46    617 AM  25    1948  50     -4       43
  AVERAGE         59                        62     -3       58

PRECIPITATION (IN)
  YESTERDAY        0.00          2.78 2004   0.11  -0.11     0.00
  MONTH TO DATE    5.98                      2.12   3.86     0.57
  SINCE SEP 1      6.47                      5.84   0.63     4.92
  SINCE JAN 1     44.62                     42.16   2.46    48.54

SNOWFALL (IN)
  YESTERDAY        0.0
  MONTH TO DATE    0.0
  SINCE SEP 1      0.0
  SINCE JUL 1      0.0
  SNOW DEPTH       0

DEGREE DAYS
 HEATING
  YESTERDAY        6                         5      1        7
  MONTH TO DATE   36                        61    -25       27
  SINCE SEP 1     36                        74    -38       27
  SINCE JUL 1     36                        74    -38       27

 COOLING
  YESTERDAY        0                         2     -2        0
  MONTH TO DATE   94                        56     38       85
  SINCE SEP 1    464                       331    133      356
  SINCE JAN 1   2016                      1926     90     1822
..................................................................


WIND (MPH)
  HIGHEST WIND SPEED    10   HIGHEST WIND DIRECTION    NE (50)
  HIGHEST GUST SPEED    13   HIGHEST GUST DIRECTION    NE (60)
  AVERAGE WIND SPEED     3.9


SKY COVER
  POSSIBLE SUNSHINE  MM
  AVERAGE SKY COVER 0.3


WEATHER CONDITIONS
 THE FOLLOWING WEATHER WAS RECORDED YESTERDAY.
  NO SIGNIFICANT WEATHER WAS OBSERVED.


RELATIVE HUMIDITY (PERCENT)
 HIGHEST    93           300 AM
 LOWEST     38           300 PM
 AVERAGE    66

..........................................................


THE HUNTSVILLE CLIMATE NORMALS FOR TODAY
                         NORMAL    RECORD    YEAR
 MAXIMUM TEMPERATURE (F)   73        90      1941
 MINIMUM TEMPERATURE (F)   50        30      1925
                                             1913


SUNRISE AND SUNSET
OCTOBER 20 2014.......SUNRISE   657 AM CDT   SUNSET   606 PM CDT
OCTOBER 21 2014.......SUNRISE   658 AM CDT   SUNSET   605 PM CDT


-  INDICATES NEGATIVE NUMBERS.
R  INDICATES RECORD WAS SET OR TIED.
MM INDICATES DATA IS MISSING.
T  INDICATES TRACE AMOUNT.




$$
