000
CDUS43 KAPX 310546
CLIHTL


CLIMATE REPORT
NATIONAL WEATHER SERVICE GAYLORD MI
1245 AM EST SAT JAN 31 2015


...................................

...THE HOUGHTON LAKE MI CLIMATE SUMMARY FOR JANUARY 30 2015...

CLIMATE NORMAL PERIOD 1981 TO 2010
CLIMATE RECORD PERIOD 1913 TO 2015


WEATHER ITEM   OBSERVED TIME   RECORD YEAR NORMAL DEPARTURE LAST
                VALUE   (LST)  VALUE       VALUE  FROM      YEAR
                                                  NORMAL
..................................................................
TEMPERATURE (F)
 YESTERDAY
  MAXIMUM         17    353 PM  46    1988  26     -9       27
                                      1974
  MINIMUM          5   1142 PM -32    1951   9     -4        7
  AVERAGE         11                        18     -7       17

PRECIPITATION (IN)
  YESTERDAY        T             0.90 1947   0.05  -0.05     0.10
  MONTH TO DATE    1.19                      1.47  -0.28     1.59
  SINCE DEC 1      2.62                      3.12  -0.50     3.79
  SINCE JAN 1      1.19                      1.47  -0.28     1.59

SNOWFALL (IN)
  YESTERDAY        T            11.0  1947   0.5   -0.5      1.3
  MONTH TO DATE   11.8                      16.5   -4.7     15.0
  SINCE OCT 1     30.7                      41.5  -10.8     39.9
  SINCE JUL 1     30.7                      41.5  -10.8     39.9
  SNOW DEPTH       9

DEGREE DAYS
 HEATING
  YESTERDAY       54                        47      7       48
  MONTH TO DATE 1493                      1407     86     1580
  SINCE DEC 1   2664                      2681    -17     3019
  SINCE JUL 1   4667                      4564    103     4884
..................................................................


WIND (MPH)
  HIGHEST WIND SPEED    25   HIGHEST WIND DIRECTION    NW (330)
  HIGHEST GUST SPEED    35   HIGHEST GUST DIRECTION    NW (330)
  AVERAGE WIND SPEED     8.7




RELATIVE HUMIDITY (PERCENT)
 HIGHEST    83
 LOWEST     53
 AVERAGE    68

..........................................................


THE HOUGHTON LAKE MI CLIMATE NORMALS FOR TODAY
                         NORMAL    RECORD    YEAR
 MAXIMUM TEMPERATURE (F)   26        49      2012
 MINIMUM TEMPERATURE (F)    9       -23      1994


SUNRISE AND SUNSET
JANUARY 31 2015.......SUNRISE   758 AM EST   SUNSET   546 PM EST
FEBRUARY  1 2015......SUNRISE   757 AM EST   SUNSET   548 PM EST


-  INDICATES NEGATIVE NUMBERS.
R  INDICATES RECORD WAS SET OR TIED.
MM INDICATES DATA IS MISSING.
T  INDICATES TRACE AMOUNT.




$$
