283
CDUS43 KAPX 200530
CLIHTL


CLIMATE REPORT
NATIONAL WEATHER SERVICE GAYLORD MI
1230 AM EST MON FEB 20 2017


...................................

...THE HOUGHTON LAKE MI CLIMATE SUMMARY FOR FEBRUARY 19 2017...

CLIMATE NORMAL PERIOD 1981 TO 2010
CLIMATE RECORD PERIOD 1913 TO 2017


WEATHER ITEM   OBSERVED TIME   RECORD YEAR NORMAL DEPARTURE LAST
                VALUE   (LST)  VALUE       VALUE  FROM      YEAR
                                                  NORMAL
..................................................................
TEMPERATURE (F)
 YESTERDAY
  MAXIMUM         52    409 PM  61    1930  30     22       52
  MINIMUM         28   1137 PM -24    1920  11     17       26
  AVERAGE         40                        21     19       39

PRECIPITATION (IN)
  YESTERDAY        0.00          1.31 1971   0.05  -0.05     0.11
  MONTH TO DATE    0.66                      0.76  -0.10     1.05
  SINCE DEC 1      5.85                      3.92   1.93     6.38
  SINCE JAN 1      3.63                      2.27   1.36     2.81

SNOWFALL (IN)
  YESTERDAY        0.0           4.0  1963   0.4   -0.4      0.0
  MONTH TO DATE    2.3                       8.7   -6.4      6.5
  SINCE OCT 1     64.7                      50.8   13.9     29.4
  SINCE JUL 1     64.7                      50.8   13.9     29.4
  SNOW DEPTH       6

DEGREE DAYS
 HEATING
  YESTERDAY       25                        44    -19       26
  MONTH TO DATE  765                       874   -109      846
  SINCE DEC 1   3267                      3603   -336     3086
  SINCE JUL 1   4587                      5486   -899     4565
..................................................................


WIND (MPH)
  HIGHEST WIND SPEED    12   HIGHEST WIND DIRECTION     W (280)
  HIGHEST GUST SPEED    16   HIGHEST GUST DIRECTION     W (290)
  AVERAGE WIND SPEED     4.2




RELATIVE HUMIDITY (PERCENT)
 HIGHEST    92
 LOWEST     44
 AVERAGE    68

..........................................................


THE HOUGHTON LAKE MI CLIMATE NORMALS FOR TODAY
                         NORMAL    RECORD    YEAR
 MAXIMUM TEMPERATURE (F)   31        57      1930
 MINIMUM TEMPERATURE (F)   11       -29      2015


SUNRISE AND SUNSET
FEBRUARY 20 2017......SUNRISE   730 AM EST   SUNSET   615 PM EST
FEBRUARY 21 2017......SUNRISE   729 AM EST   SUNSET   616 PM EST


-  INDICATES NEGATIVE NUMBERS.
R  INDICATES RECORD WAS SET OR TIED.
MM INDICATES DATA IS MISSING.
T  INDICATES TRACE AMOUNT.




$$
