000
CDUS43 KAPX 010538
CLIHTL


CLIMATE REPORT
NATIONAL WEATHER SERVICE GAYLORD MI
137 AM EDT WED JUL 1 2015


...................................

...THE HOUGHTON LAKE MI CLIMATE SUMMARY FOR JUNE 30 2015...

CLIMATE NORMAL PERIOD 1981 TO 2010
CLIMATE RECORD PERIOD 1913 TO 2015


WEATHER ITEM   OBSERVED TIME   RECORD YEAR NORMAL DEPARTURE LAST
                VALUE   (LST)  VALUE       VALUE  FROM      YEAR
                                                  NORMAL
..................................................................
TEMPERATURE (F)
 YESTERDAY
  MAXIMUM         69    315 PM  99    1927  79    -10       85
  MINIMUM         51    527 AM  31    1919  53     -2       68
  AVERAGE         60                        66     -6       77

PRECIPITATION (IN)
  YESTERDAY        0.07          1.00 1976   0.10  -0.03     0.05
  MONTH TO DATE    3.16                      3.10   0.06     2.62
  SINCE JUN 1      3.16                      3.10   0.06     2.62
  SINCE JAN 1     11.78                     12.96  -1.18    15.10

DEGREE DAYS
 HEATING
  YESTERDAY        5                         2      3        0
  MONTH TO DATE  114                       123     -9       74
  SINCE JUN 1    114                       124    -10       74
  SINCE JUL 1   8596                      8143    453     8968

 COOLING
  YESTERDAY        0                         3     -3       12
  MONTH TO DATE   20                        59    -39       73
  SINCE JUN 1     20                        59    -39       73
  SINCE JAN 1     45                        75    -30       88
..................................................................


WIND (MPH)
  HIGHEST WIND SPEED    15   HIGHEST WIND DIRECTION     E (90)
  HIGHEST GUST SPEED    18   HIGHEST GUST DIRECTION     E (100)
  AVERAGE WIND SPEED     4.9




RELATIVE HUMIDITY (PERCENT)
 HIGHEST   100
 LOWEST     68
 AVERAGE    84

..........................................................


THE HOUGHTON LAKE MI CLIMATE NORMALS FOR TODAY
                         NORMAL    RECORD    YEAR
 MAXIMUM TEMPERATURE (F)   79       103      1931
 MINIMUM TEMPERATURE (F)   54        33      1950


SUNRISE AND SUNSET
JULY  1 2015..........SUNRISE   558 AM EDT   SUNSET   927 PM EDT
JULY  2 2015..........SUNRISE   559 AM EDT   SUNSET   926 PM EDT


-  INDICATES NEGATIVE NUMBERS.
R  INDICATES RECORD WAS SET OR TIED.
MM INDICATES DATA IS MISSING.
T  INDICATES TRACE AMOUNT.




$$
