000
CDUS43 KAPX 240536
CLIHTL


CLIMATE REPORT
NATIONAL WEATHER SERVICE GAYLORD MI
136 AM EDT SUN JUL 24 2016


...................................

...THE HOUGHTON LAKE MI CLIMATE SUMMARY FOR JULY 23 2016...

CLIMATE NORMAL PERIOD 1981 TO 2010
CLIMATE RECORD PERIOD 1913 TO 2016


WEATHER ITEM   OBSERVED TIME   RECORD YEAR NORMAL DEPARTURE LAST
                VALUE   (LST)  VALUE       VALUE  FROM      YEAR
                                                  NORMAL
..................................................................
TEMPERATURE (F)
 YESTERDAY
  MAXIMUM         90    239 PM  95    1940  80     10       84
  MINIMUM         58    538 AM  35    1947  55      3       46
  AVERAGE         74                        67      7       65

PRECIPITATION (IN)
  YESTERDAY        0.00          1.20 1962   0.09  -0.09     0.00
  MONTH TO DATE    2.60                      1.98   0.62     1.39
  SINCE JUN 1      5.36                      5.08   0.28     4.55
  SINCE JAN 1     19.43                     14.94   4.49    13.17

DEGREE DAYS
 HEATING
  YESTERDAY        0                         1     -1        0
  MONTH TO DATE   27                        35     -8       48
  SINCE JUN 1    132                       159    -27      165
  SINCE JUL 1     27                        35     -8       48

 COOLING
  YESTERDAY        9                         4      5        0
  MONTH TO DATE  118                        89     29       57
  SINCE JUN 1    162                       148     14       77
  SINCE JAN 1    191                       164     27      102
..................................................................


WIND (MPH)
  HIGHEST WIND SPEED    12   HIGHEST WIND DIRECTION    SW (240)
  HIGHEST GUST SPEED    14   HIGHEST GUST DIRECTION     N (10)
  AVERAGE WIND SPEED     3.6




RELATIVE HUMIDITY (PERCENT)
 HIGHEST    97
 LOWEST     27
 AVERAGE    62

..........................................................


THE HOUGHTON LAKE MI CLIMATE NORMALS FOR TODAY
                         NORMAL    RECORD    YEAR
 MAXIMUM TEMPERATURE (F)   80       106      1934
 MINIMUM TEMPERATURE (F)   55        36      1931


SUNRISE AND SUNSET
JULY 24 2016..........SUNRISE   618 AM EDT   SUNSET   912 PM EDT
JULY 25 2016..........SUNRISE   619 AM EDT   SUNSET   911 PM EDT


-  INDICATES NEGATIVE NUMBERS.
R  INDICATES RECORD WAS SET OR TIED.
MM INDICATES DATA IS MISSING.
T  INDICATES TRACE AMOUNT.




$$
