000
CDUS43 KAPX 250530
CLIHTL


CLIMATE REPORT
NATIONAL WEATHER SERVICE GAYLORD MI
129 AM EDT FRI JUL 25 2014


...................................

...THE HOUGHTON LAKE MI CLIMATE SUMMARY FOR JULY 24 2014...

CLIMATE NORMAL PERIOD 1981 TO 2010
CLIMATE RECORD PERIOD 1913 TO 2014


WEATHER ITEM   OBSERVED TIME   RECORD YEAR NORMAL DEPARTURE LAST
                VALUE   (LST)  VALUE       VALUE  FROM      YEAR
                                                  NORMAL
..................................................................
TEMPERATURE (F)
 YESTERDAY
  MAXIMUM         72    454 PM 106    1934  80     -8       74
  MINIMUM         45    558 AM  36    1931  55    -10       47
  AVERAGE         59                        67     -8       61

PRECIPITATION (IN)
  YESTERDAY        0.00          1.65 2011   0.10  -0.10     0.00
  MONTH TO DATE    2.33                      2.08   0.25     0.63
  SINCE JUN 1      4.95                      5.18  -0.23     1.92
  SINCE JAN 1     17.43                     15.04   2.39    17.86

DEGREE DAYS
 HEATING
  YESTERDAY        6                         1      5        4
  MONTH TO DATE   75                        36     39       19
  SINCE JUN 1    149                       160    -11      121
  SINCE JUL 1     75                        36     39       19

 COOLING
  YESTERDAY        0                         4     -4        0
  MONTH TO DATE   37                        93    -56      145
  SINCE JUN 1    110                       152    -42      224
  SINCE JAN 1    125                       168    -43      264
..................................................................


WIND (MPH)
  HIGHEST WIND SPEED    13   HIGHEST WIND DIRECTION     N (360)
  HIGHEST GUST SPEED    16   HIGHEST GUST DIRECTION     N (350)
  AVERAGE WIND SPEED     4.8




RELATIVE HUMIDITY (PERCENT)
 HIGHEST   100
 LOWEST     40
 AVERAGE    70

..........................................................


THE HOUGHTON LAKE MI CLIMATE NORMALS FOR TODAY
                         NORMAL    RECORD    YEAR
 MAXIMUM TEMPERATURE (F)   80        99      1941
 MINIMUM TEMPERATURE (F)   55        37      2004


SUNRISE AND SUNSET
JULY 25 2014..........SUNRISE   618 AM EDT   SUNSET   912 PM EDT
JULY 26 2014..........SUNRISE   619 AM EDT   SUNSET   910 PM EDT


-  INDICATES NEGATIVE NUMBERS.
R  INDICATES RECORD WAS SET OR TIED.
MM INDICATES DATA IS MISSING.
T  INDICATES TRACE AMOUNT.




$$
