000
CDUS43 KAPX 090528
CLIHTL


CLIMATE REPORT
NATIONAL WEATHER SERVICE GAYLORD MI
1227 AM EST TUE FEB 9 2016


...................................

...THE HOUGHTON LAKE MI CLIMATE SUMMARY FOR FEBRUARY 8 2016...

CLIMATE NORMAL PERIOD 1981 TO 2010
CLIMATE RECORD PERIOD 1913 TO 2016


WEATHER ITEM   OBSERVED TIME   RECORD YEAR NORMAL DEPARTURE LAST
                VALUE   (LST)  VALUE       VALUE  FROM      YEAR
                                                  NORMAL
..................................................................
TEMPERATURE (F)
 YESTERDAY
  MAXIMUM         41    336 PM  50    1990  28     13       26
                                      1925
  MINIMUM         21    834 AM -25    1934  10     11       12
  AVERAGE         31                        19     12       19

PRECIPITATION (IN)
  YESTERDAY        0.00          0.57 2001   0.04  -0.04      T
  MONTH TO DATE    0.76                      0.30   0.46     0.23
  SINCE DEC 1      6.09                      3.46   2.63     2.85
  SINCE JAN 1      2.52                      1.81   0.71     1.42

SNOWFALL (IN)
  YESTERDAY        0.0           3.7  1941   0.5   -0.5       T
  MONTH TO DATE    3.5                       3.9   -0.4      2.6
  SINCE OCT 1     26.4                      46.0  -19.6     33.3
  SINCE JUL 1     26.4                      46.0  -19.6     33.3
  SNOW DEPTH      10

DEGREE DAYS
 HEATING
  YESTERDAY       34                        46    -12       46
  MONTH TO DATE  298                       375    -77      413
  SINCE DEC 1   2538                      3104   -566     3126
  SINCE JUL 1   4017                      4987   -970     5129
..................................................................


WIND (MPH)
  HIGHEST WIND SPEED    16   HIGHEST WIND DIRECTION    NW (320)
  HIGHEST GUST SPEED    20   HIGHEST GUST DIRECTION    NW (320)
  AVERAGE WIND SPEED     4.2




RELATIVE HUMIDITY (PERCENT)
 HIGHEST   100
 LOWEST     54
 AVERAGE    77

..........................................................


THE HOUGHTON LAKE MI CLIMATE NORMALS FOR TODAY
                         NORMAL    RECORD    YEAR
 MAXIMUM TEMPERATURE (F)   28        51      1925
 MINIMUM TEMPERATURE (F)   10       -28      1951
                                             1934


SUNRISE AND SUNSET
FEBRUARY  9 2016......SUNRISE   748 AM EST   SUNSET   559 PM EST
FEBRUARY 10 2016......SUNRISE   746 AM EST   SUNSET   600 PM EST


-  INDICATES NEGATIVE NUMBERS.
R  INDICATES RECORD WAS SET OR TIED.
MM INDICATES DATA IS MISSING.
T  INDICATES TRACE AMOUNT.




$$
