000
CDUS43 KAPX 250529
CLIHTL


CLIMATE REPORT
NATIONAL WEATHER SERVICE GAYLORD MI
128 AM EDT SAT MAR 25 2017


...................................

...THE HOUGHTON LAKE MI CLIMATE SUMMARY FOR MARCH 24 2017...

CLIMATE NORMAL PERIOD 1981 TO 2010
CLIMATE RECORD PERIOD 1913 TO 2017


WEATHER ITEM   OBSERVED TIME   RECORD YEAR NORMAL DEPARTURE LAST
                VALUE   (LST)  VALUE       VALUE  FROM      YEAR
                                                  NORMAL
..................................................................
TEMPERATURE (F)
 YESTERDAY
  MAXIMUM         56    126 PM  69    1939  43     13       31
  MINIMUM         34   1159 PM -14    1940  22     12       24
  AVERAGE         45                        32     13       28

PRECIPITATION (IN)
  YESTERDAY        0.62          0.74 2016   0.07   0.55     0.74
  MONTH TO DATE    1.81                      1.37   0.44     3.08
  SINCE MAR 1      1.81                      1.37   0.44     3.08
  SINCE JAN 1      7.29                      4.09   3.20     6.20

SNOWFALL (IN)
  YESTERDAY        0.0           5.9  1951   0.2   -0.2      3.3
  MONTH TO DATE    9.4                       6.8    2.6     13.1
  SINCE OCT 1     75.8                      61.3   14.5     46.5
  SINCE JUL 1     75.8                      61.3   14.5     46.5
  SNOW DEPTH       0

DEGREE DAYS
 HEATING
  YESTERDAY       20                        33    -13       37
  MONTH TO DATE  906                       898      8      746
  SINCE MAR 1    906                       898      8      746
  SINCE JUL 1   5756                      6770  -1014     5659

 COOLING
  YESTERDAY        0                         0      0        0
  MONTH TO DATE    0                         0      0        0
  SINCE MAR 1      0                         0      0        0
  SINCE JAN 1      0                         0      0        0
..................................................................


WIND (MPH)
  HIGHEST WIND SPEED    17   HIGHEST WIND DIRECTION     S (160)
  HIGHEST GUST SPEED    24   HIGHEST GUST DIRECTION    SE (150)
  AVERAGE WIND SPEED     6.6




RELATIVE HUMIDITY (PERCENT)
 HIGHEST    96
 LOWEST     48
 AVERAGE    72

..........................................................


THE HOUGHTON LAKE MI CLIMATE NORMALS FOR TODAY
                         NORMAL    RECORD    YEAR
 MAXIMUM TEMPERATURE (F)   44        75      1945
 MINIMUM TEMPERATURE (F)   22       -16      1974


SUNRISE AND SUNSET
MARCH 25 2017.........SUNRISE   732 AM EDT   SUNSET   758 PM EDT
MARCH 26 2017.........SUNRISE   730 AM EDT   SUNSET   759 PM EDT


-  INDICATES NEGATIVE NUMBERS.
R  INDICATES RECORD WAS SET OR TIED.
MM INDICATES DATA IS MISSING.
T  INDICATES TRACE AMOUNT.




$$
