000
CDUS43 KAPX 180527
CLIHTL


CLIMATE REPORT
NATIONAL WEATHER SERVICE GAYLORD MI
127 AM EDT THU SEP 18 2014


...................................

...THE HOUGHTON LAKE MI CLIMATE SUMMARY FOR SEPTEMBER 17 2014...

CLIMATE NORMAL PERIOD 1981 TO 2010
CLIMATE RECORD PERIOD 1913 TO 2014


WEATHER ITEM   OBSERVED TIME   RECORD YEAR NORMAL DEPARTURE LAST
                VALUE   (LST)  VALUE       VALUE  FROM      YEAR
                                                  NORMAL
..................................................................
TEMPERATURE (F)
 YESTERDAY
  MAXIMUM         66    352 PM  89    1927  69     -3       66
  MINIMUM         45   1017 PM  27    1959  45      0       28
                                      1937
  AVERAGE         56                        57     -1       47

PRECIPITATION (IN)
  YESTERDAY        0.00          1.88 1987   0.10  -0.10     0.00
  MONTH TO DATE    2.63                      1.74   0.89     0.52
  SINCE SEP 1      2.63                      1.74   0.89     0.52
  SINCE JAN 1     22.51                     20.86   1.65    20.62

DEGREE DAYS
 HEATING
  YESTERDAY        9                         9      0       18
  MONTH TO DATE  136                       108     28      120
  SINCE SEP 1    136                       108     28      120
  SINCE JUL 1    292                       235     57      245

 COOLING
  YESTERDAY        0                         1     -1        0
  MONTH TO DATE   15                        17     -2       30
  SINCE SEP 1     15                        17     -2       30
  SINCE JAN 1    210                       282    -72      376
..................................................................


WIND (MPH)
  HIGHEST WIND SPEED    13   HIGHEST WIND DIRECTION     W (270)
  HIGHEST GUST SPEED    18   HIGHEST GUST DIRECTION     W (270)
  AVERAGE WIND SPEED     6.3




RELATIVE HUMIDITY (PERCENT)
 HIGHEST    93
 LOWEST     48
 AVERAGE    71

..........................................................


THE HOUGHTON LAKE MI CLIMATE NORMALS FOR TODAY
                         NORMAL    RECORD    YEAR
 MAXIMUM TEMPERATURE (F)   68        87      1955
 MINIMUM TEMPERATURE (F)   45        28      1932
                                             1929
                                             1928


SUNRISE AND SUNSET
SEPTEMBER 18 2014.....SUNRISE   721 AM EDT   SUNSET   744 PM EDT
SEPTEMBER 19 2014.....SUNRISE   722 AM EDT   SUNSET   742 PM EDT


-  INDICATES NEGATIVE NUMBERS.
R  INDICATES RECORD WAS SET OR TIED.
MM INDICATES DATA IS MISSING.
T  INDICATES TRACE AMOUNT.




$$
