000
CDUS43 KAPX 030530
CLIHTL


CLIMATE REPORT
NATIONAL WEATHER SERVICE GAYLORD MI
130 AM EDT THU SEP 3 2015


...................................

...THE HOUGHTON LAKE MI CLIMATE SUMMARY FOR SEPTEMBER 2 2015...

CLIMATE NORMAL PERIOD 1981 TO 2010
CLIMATE RECORD PERIOD 1913 TO 2015


WEATHER ITEM   OBSERVED TIME   RECORD YEAR NORMAL DEPARTURE LAST
                VALUE   (LST)  VALUE       VALUE  FROM      YEAR
                                                  NORMAL
..................................................................
TEMPERATURE (F)
 YESTERDAY
  MAXIMUM         88    137 PM  95    1929  74     14       76
  MINIMUM         63   1110 PM  30    1946  50     13       54
                                      1919
  AVERAGE         76                        62     14       65

PRECIPITATION (IN)
  YESTERDAY        0.86          1.26 1923   0.10   0.76     0.00
  MONTH TO DATE    0.86                      0.20   0.66     0.53
  SINCE SEP 1      0.86                      0.20   0.66     0.53
  SINCE JAN 1     17.37                     19.32  -1.95    20.41

DEGREE DAYS
 HEATING
  YESTERDAY        0                         5     -5        0
  MONTH TO DATE    0                         9     -9        0
  SINCE SEP 1      0                         9     -9        0
  SINCE JUL 1     90                       136    -46      156

 COOLING
  YESTERDAY       11                         1     10        0
  MONTH TO DATE   17                         2     15        3
  SINCE SEP 1     17                         2     15        3
  SINCE JAN 1    275                       267      8      198
..................................................................


WIND (MPH)
  HIGHEST WIND SPEED    46   HIGHEST WIND DIRECTION    NW (310)
  HIGHEST GUST SPEED    57   HIGHEST GUST DIRECTION    NW (320)
  AVERAGE WIND SPEED     4.5




RELATIVE HUMIDITY (PERCENT)
 HIGHEST   100
 LOWEST     61
 AVERAGE    81

..........................................................


THE HOUGHTON LAKE MI CLIMATE NORMALS FOR TODAY
                         NORMAL    RECORD    YEAR
 MAXIMUM TEMPERATURE (F)   74        96      1929
 MINIMUM TEMPERATURE (F)   49        26      1946


SUNRISE AND SUNSET
SEPTEMBER  3 2015.....SUNRISE   704 AM EDT   SUNSET   812 PM EDT
SEPTEMBER  4 2015.....SUNRISE   705 AM EDT   SUNSET   810 PM EDT


-  INDICATES NEGATIVE NUMBERS.
R  INDICATES RECORD WAS SET OR TIED.
MM INDICATES DATA IS MISSING.
T  INDICATES TRACE AMOUNT.




$$
