000
CDUS43 KAPX 210533
CLIHTL


CLIMATE REPORT
NATIONAL WEATHER SERVICE GAYLORD MI
130 AM EDT SAT OCT 21 2017


...................................

...THE HOUGHTON LAKE MI CLIMATE SUMMARY FOR OCTOBER 20 2017...

CLIMATE NORMAL PERIOD 1981 TO 2010
CLIMATE RECORD PERIOD 1913 TO 2017


WEATHER ITEM   OBSERVED TIME   RECORD YEAR NORMAL DEPARTURE LAST
                VALUE   (LST)  VALUE       VALUE  FROM      YEAR
                                                  NORMAL
..................................................................
TEMPERATURE (F)
 YESTERDAY
  MAXIMUM         74    344 PM  83    1920  54     20       54
  MINIMUM         36    320 AM  14    1919  35      1       38
  AVERAGE         55                        44     11       46

PRECIPITATION (IN)
  YESTERDAY        0.00          0.95 1982   0.08  -0.08     0.00
  MONTH TO DATE    1.83                      1.70   0.13     2.20
  SINCE SEP 1      2.56                      4.80  -2.24     5.13
  SINCE JAN 1     28.17                     23.92   4.25    28.74

SNOWFALL (IN)
  YESTERDAY        0.0           2.7  1992   0.0    0.0      0.0
  MONTH TO DATE    0.0                       0.2   -0.2      0.0
  SINCE OCT 1      0.0                       0.2   -0.2      0.0
  SINCE JUL 1      0.0                       0.2   -0.2      0.0
  SNOW DEPTH       0

DEGREE DAYS
 HEATING
  YESTERDAY       10                        21    -11       19
  MONTH TO DATE  184                       348   -164      201
  SINCE SEP 1    356                       602   -246      325
  SINCE JUL 1    446                       729   -283      358

 COOLING
  YESTERDAY        0                         0      0        0
  MONTH TO DATE    4                         0      4        2
  SINCE SEP 1     76                        20     56       50
  SINCE JAN 1    320                       285     35      459
..................................................................


WIND (MPH)
  HIGHEST WIND SPEED    16   HIGHEST WIND DIRECTION    SW (220)
  HIGHEST GUST SPEED    23   HIGHEST GUST DIRECTION    SW (240)
  AVERAGE WIND SPEED     5.8




RELATIVE HUMIDITY (PERCENT)
 HIGHEST    85
 LOWEST     41
 AVERAGE    63

..........................................................


THE HOUGHTON LAKE MI CLIMATE NORMALS FOR TODAY
                         NORMAL    RECORD    YEAR
 MAXIMUM TEMPERATURE (F)   54        82      1947
 MINIMUM TEMPERATURE (F)   34        16      1918


SUNRISE AND SUNSET
OCTOBER 21 2017.......SUNRISE   802 AM EDT   SUNSET   644 PM EDT
OCTOBER 22 2017.......SUNRISE   803 AM EDT   SUNSET   643 PM EDT


-  INDICATES NEGATIVE NUMBERS.
R  INDICATES RECORD WAS SET OR TIED.
MM INDICATES DATA IS MISSING.
T  INDICATES TRACE AMOUNT.




$$
