000
CDUS43 KAPX 300528
CLIHTL


CLIMATE REPORT
NATIONAL WEATHER SERVICE GAYLORD MI
127 AM EDT TUE SEP 30 2014


...................................

...THE HOUGHTON LAKE MI CLIMATE SUMMARY FOR SEPTEMBER 29 2014...

CLIMATE NORMAL PERIOD 1981 TO 2010
CLIMATE RECORD PERIOD 1913 TO 2014


WEATHER ITEM   OBSERVED TIME   RECORD YEAR NORMAL DEPARTURE LAST
                VALUE   (LST)  VALUE       VALUE  FROM      YEAR
                                                  NORMAL
..................................................................
TEMPERATURE (F)
 YESTERDAY
  MAXIMUM         77    230 PM  83    1922  63     14       67
                                      1921
  MINIMUM         42    636 AM  21    1918  41      1       39
  AVERAGE         60                        52      8       53

PRECIPITATION (IN)
  YESTERDAY        0.18          1.25 1986   0.10   0.08     0.60
  MONTH TO DATE    3.23                      3.00   0.23     1.81
  SINCE SEP 1      3.23                      3.00   0.23     1.81
  SINCE JAN 1     23.11                     22.12   0.99    21.91

DEGREE DAYS
 HEATING
  YESTERDAY        5                        13     -8       12
  MONTH TO DATE  235                       240     -5      251
  SINCE SEP 1    235                       240     -5      251
  SINCE JUL 1    391                       367     24      376

 COOLING
  YESTERDAY        0                         0      0        0
  MONTH TO DATE   15                        18     -3       35
  SINCE SEP 1     15                        18     -3       35
  SINCE JAN 1    210                       283    -73      381
..................................................................


WIND (MPH)
  HIGHEST WIND SPEED    17   HIGHEST WIND DIRECTION    NW (320)
  HIGHEST GUST SPEED    22   HIGHEST GUST DIRECTION    NW (300)
  AVERAGE WIND SPEED     6.3




RELATIVE HUMIDITY (PERCENT)
 HIGHEST   100
 LOWEST     57
 AVERAGE    79

..........................................................


THE HOUGHTON LAKE MI CLIMATE NORMALS FOR TODAY
                         NORMAL    RECORD    YEAR
 MAXIMUM TEMPERATURE (F)   63        87      1922
 MINIMUM TEMPERATURE (F)   41        19      1918


SUNRISE AND SUNSET
SEPTEMBER 30 2014.....SUNRISE   735 AM EDT   SUNSET   721 PM EDT
OCTOBER  1 2014.......SUNRISE   736 AM EDT   SUNSET   719 PM EDT


-  INDICATES NEGATIVE NUMBERS.
R  INDICATES RECORD WAS SET OR TIED.
MM INDICATES DATA IS MISSING.
T  INDICATES TRACE AMOUNT.




$$
