000
CDUS43 KAPX 170543
CLIHTL


CLIMATE REPORT
NATIONAL WEATHER SERVICE GAYLORD MI
1243 AM EST WED DEC 17 2014


...................................

...THE HOUGHTON LAKE MI CLIMATE SUMMARY FOR DECEMBER 16 2014...

CLIMATE NORMAL PERIOD 1981 TO 2010
CLIMATE RECORD PERIOD 1913 TO 2014


WEATHER ITEM   OBSERVED TIME   RECORD YEAR NORMAL DEPARTURE LAST
                VALUE   (LST)  VALUE       VALUE  FROM      YEAR
                                                  NORMAL
..................................................................
TEMPERATURE (F)
 YESTERDAY
  MAXIMUM         42    236 PM  55    1984  30     12       17
  MINIMUM         33   1159 PM -16    1919  17     16       -8
  AVERAGE         38                        24     14        5

PRECIPITATION (IN)
  YESTERDAY        0.19          1.01 1953   0.04   0.15     0.03
  MONTH TO DATE    0.32                      0.93  -0.61     1.33
  SINCE DEC 1      0.32                      0.93  -0.61     1.33
  SINCE JAN 1     29.68                     28.03   1.65    29.83

SNOWFALL (IN)
  YESTERDAY        0.0           6.0  1921   0.5   -0.5      0.4
  MONTH TO DATE    1.0                       8.2   -7.2     10.1
  SINCE OCT 1     13.9                      17.3   -3.4     13.9
  SINCE JUL 1     13.9                      17.3   -3.4     13.9
  SNOW DEPTH       0

DEGREE DAYS
 HEATING
  YESTERDAY       27                        41    -14       60
  MONTH TO DATE  587                       621    -34      738
  SINCE DEC 1    587                       621    -34      738
  SINCE JUL 1   2590                      2504     86     2603
..................................................................


WIND (MPH)
  HIGHEST WIND SPEED    14   HIGHEST WIND DIRECTION     W (280)
  HIGHEST GUST SPEED    19   HIGHEST GUST DIRECTION     W (270)
  AVERAGE WIND SPEED     5.4




RELATIVE HUMIDITY (PERCENT)
 HIGHEST   100
 LOWEST     89
 AVERAGE    95

..........................................................


THE HOUGHTON LAKE MI CLIMATE NORMALS FOR TODAY
                         NORMAL    RECORD    YEAR
 MAXIMUM TEMPERATURE (F)   30        44      2006
                                             1959
 MINIMUM TEMPERATURE (F)   17       -17      1919


SUNRISE AND SUNSET
DECEMBER 17 2014......SUNRISE   809 AM EST   SUNSET   501 PM EST
DECEMBER 18 2014......SUNRISE   810 AM EST   SUNSET   501 PM EST


-  INDICATES NEGATIVE NUMBERS.
R  INDICATES RECORD WAS SET OR TIED.
MM INDICATES DATA IS MISSING.
T  INDICATES TRACE AMOUNT.




$$
