000
CDUS43 KAPX 102148
CLIHTL


CLIMATE REPORT
NATIONAL WEATHER SERVICE GAYLORD MI
546 PM EDT THU JUL 10 2014


...................................

...THE HOUGHTON LAKE MI CLIMATE SUMMARY FOR JULY 10 2014...
VALID TODAY AS OF 0500 PM LOCAL TIME.

CLIMATE NORMAL PERIOD 1981 TO 2010
CLIMATE RECORD PERIOD 1913 TO 2014


WEATHER ITEM   OBSERVED TIME   RECORD YEAR NORMAL DEPARTURE LAST
                VALUE   (LST)  VALUE       VALUE  FROM      YEAR
                                                  NORMAL
..................................................................
TEMPERATURE (F)
 TODAY
  MAXIMUM         73    354 PM 106    1936  80     -7       76
  MINIMUM         40    548 AM  31    1926  54    -14       58
  AVERAGE         57                        67    -10       67

PRECIPITATION (IN)
  TODAY            0.00          3.55 1984   0.08  -0.08     0.02
  MONTH TO DATE    0.21                      0.83  -0.62     0.47
  SINCE JUN 1      2.83                      3.93  -1.10     1.76
  SINCE JAN 1     15.31                     13.79   1.52    17.70

DEGREE DAYS
 HEATING
  TODAY            8                         2      6        0
  MONTH TO DATE   30                        20     10        5
  SINCE JUN 1    104                       144    -40      107
  SINCE JUL 1     30                        20     10        5

 COOLING
  TODAY            0                         4     -4        2
  MONTH TO DATE   20                        37    -17       49
  SINCE JUN 1     93                        96     -3      128
  SINCE JAN 1    108                       112     -4      168
..................................................................


WIND (MPH)
  RESULTANT WIND SPEED   1   RESULTANT WIND DIRECTION   W (290)
  HIGHEST WIND SPEED    12   HIGHEST WIND DIRECTION     S (200)
  HIGHEST GUST SPEED    17   HIGHEST GUST DIRECTION     N (10)
  AVERAGE WIND SPEED     3.8


SKY COVER
  POSSIBLE SUNSHINE  MM
  AVERAGE SKY COVER 0.2


WEATHER CONDITIONS
 THE FOLLOWING WEATHER WAS RECORDED TODAY.
  FOG
  FOG W/VISIBILITY <= 1/4 MILE


RELATIVE HUMIDITY (PERCENT)
 HIGHEST   100           100 AM
 LOWEST     33           400 PM
 AVERAGE    67

..........................................................


THE HOUGHTON LAKE MI CLIMATE NORMALS FOR TOMORROW
                         NORMAL    RECORD    YEAR
 MAXIMUM TEMPERATURE (F)   80       105      1936
 MINIMUM TEMPERATURE (F)   55        26      1919


SUNRISE AND SUNSET
JULY 10 2014..........SUNRISE   604 AM EDT   SUNSET   923 PM EDT
JULY 11 2014..........SUNRISE   605 AM EDT   SUNSET   923 PM EDT


-  INDICATES NEGATIVE NUMBERS.
R  INDICATES RECORD WAS SET OR TIED.
MM INDICATES DATA IS MISSING.
T  INDICATES TRACE AMOUNT.




$$
