000
CDUS43 KAPX 240528
CLIHTL


CLIMATE REPORT
NATIONAL WEATHER SERVICE GAYLORD MI
1228 AM EST SAT FEB 24 2018


...................................

...THE HOUGHTON LAKE MI CLIMATE SUMMARY FOR FEBRUARY 23 2018...

CLIMATE NORMAL PERIOD 1981 TO 2010
CLIMATE RECORD PERIOD 1913 TO 2018


WEATHER ITEM   OBSERVED TIME   RECORD YEAR NORMAL DEPARTURE LAST
                VALUE   (LST)  VALUE       VALUE  FROM      YEAR
                                                  NORMAL
..................................................................
TEMPERATURE (F)
 YESTERDAY
  MAXIMUM         38    355 PM  59    1984  32      6       54
  MINIMUM         28    238 AM -23    2015  12     16       32
  AVERAGE         33                        22     11       43

PRECIPITATION (IN)
  YESTERDAY        0.03          0.79 1959   0.05  -0.02     0.02
  MONTH TO DATE    2.22                      0.95   1.27     0.83
  SINCE DEC 1      5.47                      4.11   1.36     6.02
  SINCE JAN 1      3.99                      2.46   1.53     3.80

SNOWFALL (IN)
  YESTERDAY        0.0           9.5  1959   0.5   -0.5      0.0
  MONTH TO DATE    9.1                      10.5   -1.4      2.3
  SINCE OCT 1     34.9                      52.6  -17.7     64.7
  SINCE JUL 1     34.9                      52.6  -17.7     64.7
  SNOW DEPTH       0

DEGREE DAYS
 HEATING
  YESTERDAY       32                        43    -11       22
  MONTH TO DATE 1024                      1049    -25      857
  SINCE DEC 1   3814                      3778     36     3359
  SINCE JUL 1   5415                      5661   -246     4679
..................................................................


WIND (MPH)
  HIGHEST WIND SPEED    21   HIGHEST WIND DIRECTION     W (280)
  HIGHEST GUST SPEED    27   HIGHEST GUST DIRECTION     W (280)
  AVERAGE WIND SPEED    11.0




RELATIVE HUMIDITY (PERCENT)
 HIGHEST   100
 LOWEST     58
 AVERAGE    79

..........................................................


THE HOUGHTON LAKE MI CLIMATE NORMALS FOR TODAY
                         NORMAL    RECORD    YEAR
 MAXIMUM TEMPERATURE (F)   32        61      1930
 MINIMUM TEMPERATURE (F)   12       -26      1913


SUNRISE AND SUNSET
FEBRUARY 24 2018......SUNRISE   724 AM EST   SUNSET   620 PM EST
FEBRUARY 25 2018......SUNRISE   723 AM EST   SUNSET   621 PM EST


-  INDICATES NEGATIVE NUMBERS.
R  INDICATES RECORD WAS SET OR TIED.
MM INDICATES DATA IS MISSING.
T  INDICATES TRACE AMOUNT.




$$
