000
CDUS41 KRLX 270821
CLIHTS


CLIMATE REPORT
NATIONAL WEATHER SERVICE CHARLESTON WV
321 AM EST MON FEB 27 2017


...................................

...THE HUNTINGTON WV CLIMATE SUMMARY FOR FEBRUARY 26 2017...

CLIMATE NORMAL PERIOD 1981 TO 2010
CLIMATE RECORD PERIOD 1897 TO 2017


WEATHER ITEM   OBSERVED TIME   RECORD YEAR NORMAL DEPARTURE LAST
                VALUE   (LST)  VALUE       VALUE  FROM      YEAR
                                                  NORMAL
..................................................................
TEMPERATURE (F)
 YESTERDAY
  MAXIMUM         47    530 PM  79    1977  50     -3       37
  MINIMUM         27    656 AM   2    1967  30     -3       30
  AVERAGE         37                        40     -3       34

PRECIPITATION (IN)
  YESTERDAY        0.00          2.04 1945   0.11  -0.11      T
  MONTH TO DATE    2.02                      2.84  -0.82     5.40
  SINCE JAN 1      6.00                      5.81   0.19     7.39

SNOWFALL (IN)
  YESTERDAY        0.0
  MONTH TO DATE    T
  SINCE SEP 1      5.9
  SNOW DEPTH       0

DEGREE DAYS
 HEATING
  YESTERDAY       28                        25      3       31
  MONTH TO DATE  484                       728   -244      707
  SINCE DEC 1   2011                      2565   -554     2266
  SINCE JUL 1   2609                      3452   -843     2986

 COOLING
  YESTERDAY        0                         0      0        0
  MONTH TO DATE    1                         0      1        0
  SINCE DEC 1      1                         1      0        0
  SINCE JAN 1      1                         0      1        0
..................................................................


WIND (MPH)
  HIGHEST WIND SPEED    13   HIGHEST WIND DIRECTION     W (250)
  HIGHEST GUST SPEED    17   HIGHEST GUST DIRECTION     W (250)
  AVERAGE WIND SPEED     5.8


SKY COVER
  POSSIBLE SUNSHINE  MM


WEATHER CONDITIONS
 THE FOLLOWING WEATHER WAS RECORDED YESTERDAY.
  NO SIGNIFICANT WEATHER WAS OBSERVED.


RELATIVE HUMIDITY (PERCENT)
 HIGHEST    63           500 AM
 LOWEST     25           300 PM
 AVERAGE    44

..........................................................


THE HUNTINGTON WV CLIMATE NORMALS FOR TODAY
                         NORMAL    RECORD    YEAR
 MAXIMUM TEMPERATURE (F)   50        77      1996
 MINIMUM TEMPERATURE (F)   31         2      1963
                                             1934


SUNRISE AND SUNSET
FEBRUARY 27 2017......SUNRISE   705 AM EST   SUNSET   622 PM EST
FEBRUARY 28 2017......SUNRISE   703 AM EST   SUNSET   623 PM EST


-  INDICATES NEGATIVE NUMBERS.
R  INDICATES RECORD WAS SET OR TIED.
MM INDICATES DATA IS MISSING.
T  INDICATES TRACE AMOUNT.




$$
