000
CDUS41 KRLX 012124
CLIHTS


CLIMATE REPORT
NATIONAL WEATHER SERVICE CHARLESTON WV
521 PM EDT SAT AUG 1 2015


...................................

...THE HUNTINGTON WV CLIMATE SUMMARY FOR AUGUST 1 2015...
VALID TODAY AS OF 0500 PM LOCAL TIME.

CLIMATE NORMAL PERIOD 1981 TO 2010
CLIMATE RECORD PERIOD 1897 TO 2015


WEATHER ITEM   OBSERVED TIME   RECORD YEAR NORMAL DEPARTURE LAST
                VALUE   (LST)  VALUE       VALUE  FROM      YEAR
                                                  NORMAL
..................................................................
TEMPERATURE (F)
 TODAY
  MAXIMUM         85    306 PM  98    1931  86     -1       82
                                      1917
  MINIMUM         62    609 AM  52    1914  65     -3       59
  AVERAGE         74                        76     -2       71

PRECIPITATION (IN)
  TODAY            0.00          1.18 1950   0.14  -0.14     0.30
  MONTH TO DATE    0.00                      0.14  -0.14     0.30
  SINCE JUN 1     13.17                      8.57   4.60     8.82
  SINCE JAN 1     33.60                     26.65   6.95    28.36

DEGREE DAYS
 HEATING
  TODAY            0                         0      0        0
  MONTH TO DATE    0                         0      0        0
  SINCE JUN 1     14                        12      2        3
  SINCE JUL 1      0                         0      0        3

 COOLING
  TODAY            9                        11     -2        6
  MONTH TO DATE    9                        11     -2        6
  SINCE JUN 1    579                       568     11      487
  SINCE JAN 1    745                       681     64      601
..................................................................


WIND (MPH)
  HIGHEST WIND SPEED    12   HIGHEST WIND DIRECTION    NW (330)
  HIGHEST GUST SPEED    16   HIGHEST GUST DIRECTION     N (340)
  AVERAGE WIND SPEED     3.9


SKY COVER
  POSSIBLE SUNSHINE  MM
  AVERAGE SKY COVER 0.1


WEATHER CONDITIONS
 THE FOLLOWING WEATHER WAS RECORDED TODAY.
  NO SIGNIFICANT WEATHER WAS OBSERVED.


RELATIVE HUMIDITY (PERCENT)
 HIGHEST    93           100 AM
 LOWEST     37           100 PM
 AVERAGE    65

..........................................................


THE HUNTINGTON WV CLIMATE NORMALS FOR TOMORROW
                         NORMAL    RECORD    YEAR
 MAXIMUM TEMPERATURE (F)   86       101      1930
 MINIMUM TEMPERATURE (F)   65        53      1992


SUNRISE AND SUNSET
AUGUST  1 2015........SUNRISE   632 AM EDT   SUNSET   840 PM EDT
AUGUST  2 2015........SUNRISE   633 AM EDT   SUNSET   839 PM EDT


-  INDICATES NEGATIVE NUMBERS.
R  INDICATES RECORD WAS SET OR TIED.
MM INDICATES DATA IS MISSING.
T  INDICATES TRACE AMOUNT.




$$
