000
CDUS41 KRLX 210721
CLIHTS


CLIMATE REPORT
NATIONAL WEATHER SERVICE CHARLESTON WV
319 AM EDT SUN SEP 21 2014


...................................

...THE HUNTINGTON WV CLIMATE SUMMARY FOR SEPTEMBER 20 2014...

CLIMATE NORMAL PERIOD 1981 TO 2010
CLIMATE RECORD PERIOD 1897 TO 2014


WEATHER ITEM   OBSERVED TIME   RECORD YEAR NORMAL DEPARTURE LAST
                VALUE   (LST)  VALUE       VALUE  FROM      YEAR
                                                  NORMAL
..................................................................
TEMPERATURE (F)
 YESTERDAY
  MAXIMUM         81    313 PM  96    1940  77      4       86
  MINIMUM         59    624 AM  38    1903  55      4       67
  AVERAGE         70                        66      4       77

PRECIPITATION (IN)
  YESTERDAY        0.00          1.87 1948   0.08  -0.08     0.00
  MONTH TO DATE    3.22                      1.91   1.31     0.76
  SINCE JAN 1     37.56                     32.16   5.40    33.18

SNOWFALL (IN)
  YESTERDAY        0.0
  MONTH TO DATE    0.0
  SINCE SEP 1      0.0
  SNOW DEPTH       0

DEGREE DAYS
 HEATING
  YESTERDAY        0                         2     -2        0
  MONTH TO DATE   35                        17     18       16
  SINCE SEP 1     35                        17     18       16
  SINCE JUL 1     38                        19     19       20

 COOLING
  YESTERDAY        5                         3      2       12
  MONTH TO DATE  104                       109     -5      126
  SINCE SEP 1    104                       109     -5      126
  SINCE JAN 1    945                      1086   -141     1158
..................................................................


WIND (MPH)
  HIGHEST WIND SPEED    13   HIGHEST WIND DIRECTION    SW (220)
  HIGHEST GUST SPEED    19   HIGHEST GUST DIRECTION     S (170)
  AVERAGE WIND SPEED     4.5


SKY COVER
  POSSIBLE SUNSHINE  MM


WEATHER CONDITIONS
 THE FOLLOWING WEATHER WAS RECORDED YESTERDAY.
  FOG


RELATIVE HUMIDITY (PERCENT)
 HIGHEST   100          1100 PM
 LOWEST     58           100 PM
 AVERAGE    79

..........................................................


THE HUNTINGTON WV CLIMATE NORMALS FOR TODAY
                         NORMAL    RECORD    YEAR
 MAXIMUM TEMPERATURE (F)   77        96      1940
                                             1931
 MINIMUM TEMPERATURE (F)   54        36      1962
                                             1956


SUNRISE AND SUNSET
SEPTEMBER 21 2014.....SUNRISE   717 AM EDT   SUNSET   729 PM EDT
SEPTEMBER 22 2014.....SUNRISE   718 AM EDT   SUNSET   727 PM EDT


-  INDICATES NEGATIVE NUMBERS.
R  INDICATES RECORD WAS SET OR TIED.
MM INDICATES DATA IS MISSING.
T  INDICATES TRACE AMOUNT.




$$
