000
CDUS41 KRLX 060816
CLIHTS


CLIMATE REPORT
NATIONAL WEATHER SERVICE CHARLESTON WV
316 AM EST TUE DEC 6 2016


...................................

...THE HUNTINGTON WV CLIMATE SUMMARY FOR DECEMBER 5 2016...

CLIMATE NORMAL PERIOD 1981 TO 2010
CLIMATE RECORD PERIOD 1897 TO 2016


WEATHER ITEM   OBSERVED TIME   RECORD YEAR NORMAL DEPARTURE LAST
                VALUE   (LST)  VALUE       VALUE  FROM      YEAR
                                                  NORMAL
..................................................................
TEMPERATURE (F)
 YESTERDAY
  MAXIMUM         49    307 PM  76    2001  48      1       53
  MINIMUM         43   1159 PM  14    2008  31     12       26
                                      1991
  AVERAGE         46                        40      6       40

PRECIPITATION (IN)
  YESTERDAY        T             1.92 1923   0.11  -0.11     0.00
                                      1922
  MONTH TO DATE    0.06                      0.55  -0.49     2.47
  SINCE JAN 1     42.35                     39.83   2.52    45.38

SNOWFALL (IN)
  YESTERDAY        0.0
  MONTH TO DATE    0.0
  SINCE SEP 1      T
  SNOW DEPTH       0

DEGREE DAYS
 HEATING
  YESTERDAY       19                        25     -6       25
  MONTH TO DATE  121                       123     -2      115
  SINCE DEC 1    121                       123     -2      115
  SINCE JUL 1    719                      1010   -291      835

 COOLING
  YESTERDAY        0                         0      0        0
  MONTH TO DATE    0                         0      0        0
  SINCE DEC 1      0                         0      0        0
  SINCE JAN 1   1589                      1134    455     1137
..................................................................


WIND (MPH)
  HIGHEST WIND SPEED    13   HIGHEST WIND DIRECTION     W (260)
  HIGHEST GUST SPEED    19   HIGHEST GUST DIRECTION     W (250)
  AVERAGE WIND SPEED     5.4


SKY COVER
  POSSIBLE SUNSHINE  MM


WEATHER CONDITIONS
 THE FOLLOWING WEATHER WAS RECORDED YESTERDAY.
  NO SIGNIFICANT WEATHER WAS OBSERVED.


RELATIVE HUMIDITY (PERCENT)
 HIGHEST    93           100 AM
 LOWEST     56           200 PM
 AVERAGE    75

..........................................................


THE HUNTINGTON WV CLIMATE NORMALS FOR TODAY
                         NORMAL    RECORD    YEAR
 MAXIMUM TEMPERATURE (F)   48        75      1998
                                             1956
 MINIMUM TEMPERATURE (F)   31         8      1977


SUNRISE AND SUNSET
DECEMBER  6 2016......SUNRISE   733 AM EST   SUNSET   509 PM EST
DECEMBER  7 2016......SUNRISE   734 AM EST   SUNSET   509 PM EST


-  INDICATES NEGATIVE NUMBERS.
R  INDICATES RECORD WAS SET OR TIED.
MM INDICATES DATA IS MISSING.
T  INDICATES TRACE AMOUNT.




$$
