000
CDUS41 KRLX 220816
CLIHTS


CLIMATE REPORT
NATIONAL WEATHER SERVICE CHARLESTON WV
316 AM EST THU FEB 22 2018


...................................

...THE HUNTINGTON WV CLIMATE SUMMARY FOR FEBRUARY 21 2018...

CLIMATE NORMAL PERIOD 1981 TO 2010
CLIMATE RECORD PERIOD 1897 TO 2018


WEATHER ITEM   OBSERVED TIME   RECORD YEAR NORMAL DEPARTURE LAST
                VALUE   (LST)  VALUE       VALUE  FROM      YEAR
                                                  NORMAL
..................................................................
TEMPERATURE (F)
 YESTERDAY
  MAXIMUM         77R  1147 AM  75    2017  48     29       75
  MINIMUM         49   1159 PM   2    1963  29     20       44
  AVERAGE         63                        39     24       60

PRECIPITATION (IN)
  YESTERDAY        0.08          1.55 1993   0.11  -0.03     0.00
  MONTH TO DATE    6.10                      2.26   3.84     0.93
  SINCE JAN 1      9.01                      5.23   3.78     4.91

SNOWFALL (IN)
  YESTERDAY        0.0          11.0  1929   0.3   -0.3      0.0
  MONTH TO DATE    0.2                       5.9   -5.7       T
  SINCE SEP 1      7.2                      17.4  -10.2      5.9
  SNOW DEPTH       0

DEGREE DAYS
 HEATING
  YESTERDAY        2                        26    -24        5
  MONTH TO DATE  468                       600   -132      426
  SINCE DEC 1   2392                      2437    -45     1953
  SINCE JUL 1   3164                      3324   -160     2551

 COOLING
  YESTERDAY        0                         0      0        0
  MONTH TO DATE    7                         0      7        0
  SINCE DEC 1      7                         1      6        0
  SINCE JAN 1      7                         0      7        0
..................................................................


WIND (MPH)
  HIGHEST WIND SPEED    25   HIGHEST WIND DIRECTION    SW (220)
  HIGHEST GUST SPEED    33   HIGHEST GUST DIRECTION    SW (230)
  AVERAGE WIND SPEED     9.0


SKY COVER
  POSSIBLE SUNSHINE  MM
  AVERAGE SKY COVER 0.7


WEATHER CONDITIONS
 THE FOLLOWING WEATHER WAS RECORDED YESTERDAY.
  HEAVY RAIN
  RAIN
  LIGHT RAIN
  FOG


RELATIVE HUMIDITY (PERCENT)
 HIGHEST    86          1100 PM
 LOWEST     44          1200 AM
 AVERAGE    65

..........................................................


THE HUNTINGTON WV CLIMATE NORMALS FOR TODAY
                         NORMAL    RECORD    YEAR
 MAXIMUM TEMPERATURE (F)   49        75      1930
 MINIMUM TEMPERATURE (F)   29        -5      1968


SUNRISE AND SUNSET
FEBRUARY 22 2018......SUNRISE   712 AM EST   SUNSET   616 PM EST
FEBRUARY 23 2018......SUNRISE   710 AM EST   SUNSET   617 PM EST


-  INDICATES NEGATIVE NUMBERS.
R  INDICATES RECORD WAS SET OR TIED.
MM INDICATES DATA IS MISSING.
T  INDICATES TRACE AMOUNT.




$$
