000
CDUS41 KRLX 280717
CLIHTS


CLIMATE REPORT
NATIONAL WEATHER SERVICE CHARLESTON WV
315 AM EDT THU AUG 28 2014


...................................

...THE HUNTINGTON WV CLIMATE SUMMARY FOR AUGUST 27 2014...

CLIMATE NORMAL PERIOD 1981 TO 2010
CLIMATE RECORD PERIOD 1897 TO 2014


WEATHER ITEM   OBSERVED TIME   RECORD YEAR NORMAL DEPARTURE LAST
                VALUE   (LST)  VALUE       VALUE  FROM      YEAR
                                                  NORMAL
..................................................................
TEMPERATURE (F)
 YESTERDAY
  MAXIMUM         86    321 PM 103    1948  85      1       87
  MINIMUM         60    632 AM  47    1945  63     -3       67
  AVERAGE         73                        74     -1       77

PRECIPITATION (IN)
  YESTERDAY        0.06          1.80 1982   0.11  -0.05     0.00
  MONTH TO DATE    5.97                      3.30   2.67     3.05
  SINCE JAN 1     34.03                     29.81   4.22    30.29

SNOWFALL (IN)
  YESTERDAY        0.0
  MONTH TO DATE    0.0
  SINCE SEP 1     36.8
  SNOW DEPTH       0

DEGREE DAYS
 HEATING
  YESTERDAY        0                         0      0        0
  MONTH TO DATE    0                         0      0        4
  SINCE JUN 1      3                        12     -9        4
  SINCE JUL 1      3                         0      3        4

 COOLING
  YESTERDAY        8                         9     -1       12
  MONTH TO DATE  203                       275    -72      215
  SINCE JUN 1    684                       832   -148      809
  SINCE JAN 1    798                       945   -147      979
..................................................................


WIND (MPH)
  HIGHEST WIND SPEED    10   HIGHEST WIND DIRECTION    NW (330)
  HIGHEST GUST SPEED    14   HIGHEST GUST DIRECTION    NW (330)
  AVERAGE WIND SPEED     2.3


SKY COVER
  POSSIBLE SUNSHINE  MM


WEATHER CONDITIONS
 THE FOLLOWING WEATHER WAS RECORDED YESTERDAY.
  THUNDERSTORM
  FOG
  HAZE


RELATIVE HUMIDITY (PERCENT)
 HIGHEST   100           100 AM
 LOWEST     58          1200 PM
 AVERAGE    79

..........................................................


THE HUNTINGTON WV CLIMATE NORMALS FOR TODAY
                         NORMAL    RECORD    YEAR
 MAXIMUM TEMPERATURE (F)   85       103      1948
 MINIMUM TEMPERATURE (F)   63        49      1986


SUNRISE AND SUNSET
AUGUST 28 2014........SUNRISE   656 AM EDT   SUNSET   806 PM EDT
AUGUST 29 2014........SUNRISE   657 AM EDT   SUNSET   804 PM EDT


-  INDICATES NEGATIVE NUMBERS.
R  INDICATES RECORD WAS SET OR TIED.
MM INDICATES DATA IS MISSING.
T  INDICATES TRACE AMOUNT.




$$
