000
CDUS41 KRLX 020727
CLIHTS


CLIMATE REPORT
NATIONAL WEATHER SERVICE CHARLESTON WV
315 AM EDT MON MAY 2 2016


...................................

...THE HUNTINGTON WV CLIMATE SUMMARY FOR MAY 1 2016...

CLIMATE NORMAL PERIOD 1981 TO 2010
CLIMATE RECORD PERIOD 1897 TO 2016


WEATHER ITEM   OBSERVED TIME   RECORD YEAR NORMAL DEPARTURE LAST
                VALUE   (LST)  VALUE       VALUE  FROM      YEAR
                                                  NORMAL
..................................................................
TEMPERATURE (F)
 YESTERDAY
  MAXIMUM         78    236 PM  92    1942  72      6       67
  MINIMUM         60   1159 PM  32    1969  49     11       44
                                      1945
  AVERAGE         69                        60      9       56

PRECIPITATION (IN)
  YESTERDAY        1.97          2.01 2003   0.14   1.83     0.00
  MONTH TO DATE    1.97                      0.14   1.83     0.00
  SINCE JAN 1     16.34                     13.52   2.82    19.34

SNOWFALL (IN)
  YESTERDAY        0.0
  MONTH TO DATE    0.0
  SINCE SEP 1     23.8
  SNOW DEPTH       0

DEGREE DAYS
 HEATING
  YESTERDAY        0                         6     -6        9
  MONTH TO DATE    0                         6     -6        9
  SINCE MAR 1    626                       893   -267      911
  SINCE JUL 1   3661                      4394   -733     4927

 COOLING
  YESTERDAY        4                         1      3        0
  MONTH TO DATE    4                         1      3        0
  SINCE MAR 1     51                        33     18        9
  SINCE JAN 1     51                        33     18        9
..................................................................


WIND (MPH)
  HIGHEST WIND SPEED    29   HIGHEST WIND DIRECTION     W (290)
  HIGHEST GUST SPEED    41   HIGHEST GUST DIRECTION     W (290)
  AVERAGE WIND SPEED     5.3


SKY COVER
  POSSIBLE SUNSHINE  MM


WEATHER CONDITIONS
 THE FOLLOWING WEATHER WAS RECORDED YESTERDAY.
  THUNDERSTORM
  HEAVY RAIN
  RAIN
  LIGHT RAIN
  FOG


RELATIVE HUMIDITY (PERCENT)
 HIGHEST   100           400 AM
 LOWEST     64           200 PM
 AVERAGE    82

..........................................................


THE HUNTINGTON WV CLIMATE NORMALS FOR TODAY
                         NORMAL    RECORD    YEAR
 MAXIMUM TEMPERATURE (F)   72        94      1899
 MINIMUM TEMPERATURE (F)   49        32      1963
                                             1943


SUNRISE AND SUNSET
MAY  2 2016...........SUNRISE   632 AM EDT   SUNSET   823 PM EDT
MAY  3 2016...........SUNRISE   631 AM EDT   SUNSET   824 PM EDT


-  INDICATES NEGATIVE NUMBERS.
R  INDICATES RECORD WAS SET OR TIED.
MM INDICATES DATA IS MISSING.
T  INDICATES TRACE AMOUNT.




$$
