000
CDUS41 KRLX 252218
CLIHTS


CLIMATE REPORT
NATIONAL WEATHER SERVICE CHARLESTON WV
516 PM EST TUE NOV 25 2014


...................................

...THE HUNTINGTON WV CLIMATE SUMMARY FOR NOVEMBER 25 2014...
VALID TODAY AS OF 0500 PM LOCAL TIME.

CLIMATE NORMAL PERIOD 1981 TO 2010
CLIMATE RECORD PERIOD 1897 TO 2014


WEATHER ITEM   OBSERVED TIME   RECORD YEAR NORMAL DEPARTURE LAST
                VALUE   (LST)  VALUE       VALUE  FROM      YEAR
                                                  NORMAL
..................................................................
TEMPERATURE (F)
 TODAY
  MAXIMUM         53    329 PM  74    1946  53      0       43
  MINIMUM         36    740 AM   7    1950  34      2       17
  AVERAGE         45                        43      2       30

PRECIPITATION (IN)
  TODAY            0.00          2.13 1900   0.12  -0.12     0.01
  MONTH TO DATE    2.08                      2.85  -0.77     2.13
  SINCE SEP 1     10.63                      8.44   2.19     5.95
  SINCE JAN 1     44.97                     38.69   6.28    38.37

DEGREE DAYS
 HEATING
  TODAY           20                        22     -2       35
  MONTH TO DATE  600                       435    165      481
  SINCE SEP 1    957                       772    185      780
  SINCE JUL 1    960                       774    186      784

 COOLING
  TODAY            0                         0      0        0
  MONTH TO DATE    0                         0      0        1
  SINCE SEP 1    130                       155    -25      183
  SINCE JAN 1    971                      1132   -161     1215
..................................................................


WIND (MPH)
  HIGHEST WIND SPEED    14   HIGHEST WIND DIRECTION    SW (240)
  HIGHEST GUST SPEED    20   HIGHEST GUST DIRECTION     W (250)
  AVERAGE WIND SPEED     6.5


SKY COVER
  POSSIBLE SUNSHINE  MM
  AVERAGE SKY COVER 0.0


WEATHER CONDITIONS
 THE FOLLOWING WEATHER WAS RECORDED TODAY.
  NO SIGNIFICANT WEATHER WAS OBSERVED.


RELATIVE HUMIDITY (PERCENT)
 HIGHEST    82           500 AM
 LOWEST     38           300 PM
 AVERAGE    60

..........................................................


THE HUNTINGTON WV CLIMATE NORMALS FOR TOMORROW
                         NORMAL    RECORD    YEAR
 MAXIMUM TEMPERATURE (F)   52        75      1908
 MINIMUM TEMPERATURE (F)   34        13      1903


SUNRISE AND SUNSET
NOVEMBER 25 2014......SUNRISE   722 AM EST   SUNSET   512 PM EST
NOVEMBER 26 2014......SUNRISE   723 AM EST   SUNSET   511 PM EST


-  INDICATES NEGATIVE NUMBERS.
R  INDICATES RECORD WAS SET OR TIED.
MM INDICATES DATA IS MISSING.
T  INDICATES TRACE AMOUNT.




$$
