000
CDUS43 KIND 250531
CLIHUF


CLIMATE REPORT
NATIONAL WEATHER SERVICE INDIANAPOLIS IN
131 AM EDT MON MAY 25 2015


...................................

...THE TERRE HAUTE IN CLIMATE SUMMARY FOR MAY 24 2015...

CLIMATE NORMAL PERIOD 1981 TO 2010
CLIMATE RECORD PERIOD 9999 TO 9999


WEATHER ITEM   OBSERVED TIME   NORMAL DEPARTURE LAST
                VALUE   (LST)  VALUE  FROM      YEAR
                                      NORMAL
......................................................
TEMPERATURE (F)
 YESTERDAY
  MAXIMUM         83    438 PM  77      6       78
  MINIMUM         61    211 AM  55      6       50
  AVERAGE         72            66      6       64

PRECIPITATION (IN)
  YESTERDAY        0.00          0.21  -0.21     0.00
  MONTH TO DATE    2.44          5.51  -3.07     2.61
  SINCE MAR 1     10.46         13.03  -2.57    10.64
  SINCE JAN 1     13.36         17.32  -3.96    14.67

DEGREE DAYS
 HEATING
  YESTERDAY        0             3     -3        1
  MONTH TO DATE   77           120    -43      126
  SINCE MAR 1   1196          1177     19     1302
  SINCE JUL 1   5830          5340    490     6037

 COOLING
  YESTERDAY        7             3      4        0
  MONTH TO DATE   90            45     45       63
  SINCE MAR 1     96            60     36       69
  SINCE JAN 1     96            60     36       69
......................................................


WIND (MPH)
  HIGHEST WIND SPEED    23   HIGHEST WIND DIRECTION     S (160)
  HIGHEST GUST SPEED    29   HIGHEST GUST DIRECTION    SE (150)
  AVERAGE WIND SPEED    10.7


SKY COVER
  AVERAGE SKY COVER 0.3


WEATHER CONDITIONS
 THE FOLLOWING WEATHER WAS RECORDED YESTERDAY.
  NO SIGNIFICANT WEATHER WAS OBSERVED.


RELATIVE HUMIDITY (PERCENT)
 HIGHEST    72           200 AM
 LOWEST     47           100 PM
 AVERAGE    60

..........................................................


THE TERRE HAUTE IN CLIMATE NORMALS FOR TODAY
                         NORMAL
 MAXIMUM TEMPERATURE (F)   77
 MINIMUM TEMPERATURE (F)   55


SUNRISE AND SUNSET
MAY 25 2015...........SUNRISE   628 AM EDT   SUNSET   905 PM EDT
MAY 26 2015...........SUNRISE   627 AM EDT   SUNSET   906 PM EDT


-  INDICATES NEGATIVE NUMBERS.
R  INDICATES RECORD WAS SET OR TIED.
MM INDICATES DATA IS MISSING.
T  INDICATES TRACE AMOUNT.




$$
