000
CDUS43 KIND 280537
CLIHUF


CLIMATE REPORT
NATIONAL WEATHER SERVICE INDIANAPOLIS IN
135 AM EDT TUE JUL 28 2015


...................................

...THE TERRE HAUTE IN CLIMATE SUMMARY FOR JULY 27 2015...

CLIMATE NORMAL PERIOD 1981 TO 2010
CLIMATE RECORD PERIOD 9999 TO 9999


WEATHER ITEM   OBSERVED TIME   NORMAL DEPARTURE LAST
                VALUE   (LST)  VALUE  FROM      YEAR
                                      NORMAL
......................................................
TEMPERATURE (F)
 YESTERDAY
  MAXIMUM         90    312 PM  85      5       87
  MINIMUM         69    606 AM  64      5       68
  AVERAGE         80            74      6       78

PRECIPITATION (IN)
  YESTERDAY        0.00          0.13  -0.13     0.36
  MONTH TO DATE    2.38          4.29  -1.91     2.41
  SINCE JUN 1     10.02          8.73   1.29    10.33
  SINCE JAN 1     24.65         27.17  -2.52    25.34

DEGREE DAYS
 HEATING
  YESTERDAY        0             0      0        0
  MONTH TO DATE    0             0      0        6
  SINCE JUN 1     13            13      0        8
  SINCE JUL 1      0             0      0        6

 COOLING
  YESTERDAY       15             9      6       13
  MONTH TO DATE  259           274    -15      161
  SINCE JUN 1    515           509      6      448
  SINCE JAN 1    659           595     64      575
......................................................


WIND (MPH)
  HIGHEST WIND SPEED     9   HIGHEST WIND DIRECTION    NE (40)
  HIGHEST GUST SPEED    11   HIGHEST GUST DIRECTION    NE (50)
  AVERAGE WIND SPEED     2.6


SKY COVER
  AVERAGE SKY COVER 0.6


WEATHER CONDITIONS
 THE FOLLOWING WEATHER WAS RECORDED YESTERDAY.
  FOG
  FOG W/VISIBILITY <= 1/4 MILE


RELATIVE HUMIDITY (PERCENT)
 HIGHEST   100           500 AM
 LOWEST     63           400 PM
 AVERAGE    82

..........................................................


THE TERRE HAUTE IN CLIMATE NORMALS FOR TODAY
                         NORMAL
 MAXIMUM TEMPERATURE (F)   85
 MINIMUM TEMPERATURE (F)   64


SUNRISE AND SUNSET
JULY 28 2015..........SUNRISE   645 AM EDT   SUNSET   906 PM EDT
JULY 29 2015..........SUNRISE   646 AM EDT   SUNSET   905 PM EDT


-  INDICATES NEGATIVE NUMBERS.
R  INDICATES RECORD WAS SET OR TIED.
MM INDICATES DATA IS MISSING.
T  INDICATES TRACE AMOUNT.




$$
