000
CDUS43 KIND 190531
CLIHUF


CLIMATE REPORT
NATIONAL WEATHER SERVICE INDIANAPOLIS IN
1231 AM EST SUN NOV 19 2017


...................................

...THE TERRE HAUTE IN CLIMATE SUMMARY FOR NOVEMBER 18 2017...

CLIMATE NORMAL PERIOD 1981 TO 2010
CLIMATE RECORD PERIOD 9999 TO 9999


WEATHER ITEM   OBSERVED TIME   NORMAL DEPARTURE LAST
                VALUE   (LST)  VALUE  FROM      YEAR
                                      NORMAL
......................................................
TEMPERATURE (F)
 YESTERDAY
  MAXIMUM         67    133 PM  51     16       72
  MINIMUM         37    648 PM  33      4       43
  AVERAGE         52            42     10       58

PRECIPITATION (IN)
  YESTERDAY        0.62          0.13   0.49     0.61
  MONTH TO DATE    3.35          2.30   1.05     0.62
  SINCE SEP 1      9.05          9.29  -0.24     6.27
  SINCE JAN 1     44.89         40.57   4.32    33.23

DEGREE DAYS
 HEATING
  YESTERDAY       13            23    -10        7
  MONTH TO DATE  347           344      3      239
  SINCE SEP 1    658           766   -108      434
  SINCE JUL 1    658           771   -113      438

 COOLING
  YESTERDAY        0             0      0        0
  MONTH TO DATE    0             0      0        4
  SINCE SEP 1    219           114    105      243
  SINCE JAN 1   1129           993    136     1391
......................................................


WIND (MPH)
  HIGHEST WIND SPEED    32   HIGHEST WIND DIRECTION    SW (210)
  HIGHEST GUST SPEED    42   HIGHEST GUST DIRECTION     S (200)
  AVERAGE WIND SPEED    17.9


SKY COVER
  AVERAGE SKY COVER 1.0


WEATHER CONDITIONS
 THE FOLLOWING WEATHER WAS RECORDED YESTERDAY.
  THUNDERSTORM
  HEAVY RAIN
  RAIN
  LIGHT RAIN
  FOG


RELATIVE HUMIDITY (PERCENT)
 HIGHEST    86           400 PM
 LOWEST     55          1200 AM
 AVERAGE    71

..........................................................


THE TERRE HAUTE IN CLIMATE NORMALS FOR TODAY
                         NORMAL
 MAXIMUM TEMPERATURE (F)   51
 MINIMUM TEMPERATURE (F)   33


SUNRISE AND SUNSET
NOVEMBER 19 2017......SUNRISE   738 AM EST   SUNSET   531 PM EST
NOVEMBER 20 2017......SUNRISE   739 AM EST   SUNSET   531 PM EST


-  INDICATES NEGATIVE NUMBERS.
R  INDICATES RECORD WAS SET OR TIED.
MM INDICATES DATA IS MISSING.
T  INDICATES TRACE AMOUNT.




$$
