000
CDUS43 KIND 270531
CLIHUF


CLIMATE REPORT
NATIONAL WEATHER SERVICE INDIANAPOLIS IN
131 AM EDT THU APR 27 2017


...................................

...THE TERRE HAUTE IN CLIMATE SUMMARY FOR APRIL 26 2017...

CLIMATE NORMAL PERIOD 1981 TO 2010
CLIMATE RECORD PERIOD 9999 TO 9999


WEATHER ITEM   OBSERVED TIME   NORMAL DEPARTURE LAST
                VALUE   (LST)  VALUE  FROM      YEAR
                                      NORMAL
......................................................
TEMPERATURE (F)
 YESTERDAY
  MAXIMUM         82    202 PM  68     14       82
  MINIMUM         60   1159 PM  46     14       57
  AVERAGE         71            57     14       70

PRECIPITATION (IN)
  YESTERDAY        1.15          0.20   0.95     1.33
  MONTH TO DATE    3.81          3.20   0.61     4.08
  SINCE MAR 1      7.38          6.57   0.81     8.08
  SINCE JAN 1     11.72         10.86   0.86    10.53

DEGREE DAYS
 HEATING
  YESTERDAY        0             9     -9        0
  MONTH TO DATE  189           333   -144      306
  SINCE MAR 1    760          1024   -264      794
  SINCE JUL 1   4095          5187  -1092     4256

 COOLING
  YESTERDAY        6             1      5        5
  MONTH TO DATE   25            12     13        9
  SINCE MAR 1     27            13     14        9
  SINCE JAN 1     27            13     14        9
......................................................


WIND (MPH)
  HIGHEST WIND SPEED    24   HIGHEST WIND DIRECTION    SW (210)
  HIGHEST GUST SPEED    32   HIGHEST GUST DIRECTION    SW (210)
  AVERAGE WIND SPEED    10.7


SKY COVER
  AVERAGE SKY COVER 0.2


WEATHER CONDITIONS
 THE FOLLOWING WEATHER WAS RECORDED YESTERDAY.
  THUNDERSTORM
  HEAVY RAIN
  RAIN
  LIGHT RAIN
  FOG


RELATIVE HUMIDITY (PERCENT)
 HIGHEST    93           700 PM
 LOWEST     42           200 PM
 AVERAGE    68

..........................................................


THE TERRE HAUTE IN CLIMATE NORMALS FOR TODAY
                         NORMAL
 MAXIMUM TEMPERATURE (F)   68
 MINIMUM TEMPERATURE (F)   46


SUNRISE AND SUNSET
APRIL 27 2017.........SUNRISE   655 AM EDT   SUNSET   839 PM EDT
APRIL 28 2017.........SUNRISE   654 AM EDT   SUNSET   840 PM EDT


-  INDICATES NEGATIVE NUMBERS.
R  INDICATES RECORD WAS SET OR TIED.
MM INDICATES DATA IS MISSING.
T  INDICATES TRACE AMOUNT.




$$
