000
CDUS41 KCAR 220527
CLIHUL


CLIMATE REPORT
NATIONAL WEATHER SERVICE CARIBOU, ME
127 AM EDT TUE AUG 22 2017


...................................

...THE HOULTON ME CLIMATE SUMMARY FOR AUGUST 21 2017...

CLIMATE NORMAL PERIOD 1981 TO 2010
CLIMATE RECORD PERIOD 1948 TO 2017


WEATHER ITEM   OBSERVED TIME   RECORD YEAR NORMAL DEPARTURE LAST
                VALUE   (LST)  VALUE       VALUE  FROM      YEAR
                                                  NORMAL
..................................................................
TEMPERATURE (F)
 YESTERDAY
  MAXIMUM         82   1222 PM  92    1976  75      7       79
  MINIMUM         55    159 AM  36    2007  51      4       57
  AVERAGE         69                        63      6       68

PRECIPITATION (IN)
  YESTERDAY        0.00          0.97 2004   0.12  -0.12     0.00
  MONTH TO DATE    2.82                      2.64   0.18     4.83
  SINCE JUN 1      7.53                      9.95  -2.42    11.11
  SINCE JAN 1     22.28                     24.58  -2.30    25.49

SNOWFALL (IN)
  YESTERDAY       MM             0.0  2003   0.0   MM       MM
  MONTH TO DATE   MM                         0.0   MM       MM
  SINCE JUN 1     MM                         0.0   MM       MM
  SINCE JUL 1     MM                         0.0   MM       MM
  SNOW DEPTH      MM

DEGREE DAYS
 HEATING
  YESTERDAY        0                         3     -3        0
  MONTH TO DATE   38                        51    -13       36
  SINCE JUN 1    249                       292    -43      254
  SINCE JUL 1     89                       111    -22       79

 COOLING
  YESTERDAY        4                         2      2        3
  MONTH TO DATE   41                        44     -3       43
  SINCE JUN 1    159                       160     -1      175
  SINCE JAN 1    165                       164      1      182
..................................................................


WIND (MPH)
  HIGHEST WIND SPEED    15   HIGHEST WIND DIRECTION     W (250)
  HIGHEST GUST SPEED    19   HIGHEST GUST DIRECTION    SW (240)
  AVERAGE WIND SPEED     5.4


SKY COVER
  POSSIBLE SUNSHINE  MM
  AVERAGE SKY COVER 0.0


WEATHER CONDITIONS
 THE FOLLOWING WEATHER WAS RECORDED YESTERDAY.
  NO SIGNIFICANT WEATHER WAS OBSERVED.


RELATIVE HUMIDITY (PERCENT)
 HIGHEST   100           200 AM
 LOWEST     51          1200 PM
 AVERAGE    76

..........................................................


THE HOULTON ME CLIMATE NORMALS FOR TODAY
                         NORMAL    RECORD    YEAR
 MAXIMUM TEMPERATURE (F)   75        95      1976
 MINIMUM TEMPERATURE (F)   51        35      1982


SUNRISE AND SUNSET
AUGUST 22 2017........SUNRISE   539 AM EDT   SUNSET   728 PM EDT
AUGUST 23 2017........SUNRISE   541 AM EDT   SUNSET   726 PM EDT


-  INDICATES NEGATIVE NUMBERS.
R  INDICATES RECORD WAS SET OR TIED.
MM INDICATES DATA IS MISSING.
T  INDICATES TRACE AMOUNT.




$$
