000
CDUS41 KCAR 302025
CLIHUL


CLIMATE REPORT
NATIONAL WEATHER SERVICE CARIBOU, ME
425 PM EDT SAT AUG 30 2014


...................................

...THE HOULTON ME CLIMATE SUMMARY FOR AUGUST 30 2014...
VALID TODAY AS OF 0400 PM LOCAL TIME.

CLIMATE NORMAL PERIOD 1981 TO 2010
CLIMATE RECORD PERIOD 1948 TO 2014


WEATHER ITEM   OBSERVED TIME   RECORD YEAR NORMAL DEPARTURE LAST
                VALUE   (LST)  VALUE       VALUE  FROM      YEAR
                                                  NORMAL
..................................................................
TEMPERATURE (F)
 TODAY
  MAXIMUM         76    201 PM  91    2010  73      3       73
  MINIMUM         47    228 AM  32    1982  49     -2       36
  AVERAGE         62                        61      1       55

PRECIPITATION (IN)
  TODAY            0.00          0.98 2007   0.10  -0.10     0.01
  MONTH TO DATE    2.25                      3.59  -1.34     4.32
  SINCE JUN 1     12.94                     10.90   2.04    15.95
  SINCE JAN 1     27.64                     25.53   2.11    27.18

SNOWFALL (IN)
  TODAY           MM             0.0  2003   0.0   MM       MM
  MONTH TO DATE   MM                         0.0   MM       MM
  SINCE JUN 1     MM                         0.0   MM       MM
  SINCE JUL 1     MM                         0.0   MM       MM
  SNOW DEPTH      MM

DEGREE DAYS
 HEATING
  TODAY            3                         5     -2       10
  MONTH TO DATE   48                        91    -43       96
  SINCE JUN 1    214                       332   -118      330
  SINCE JUL 1     85                       151    -66      133

 COOLING
  TODAY            0                         1     -1        0
  MONTH TO DATE   45                        54     -9       30
  SINCE JUN 1    200                       170     30      173
  SINCE JAN 1    201                       174     27      177
..................................................................


WIND (MPH)
  HIGHEST WIND SPEED    20   HIGHEST WIND DIRECTION    SW (240)
  HIGHEST GUST SPEED    27   HIGHEST GUST DIRECTION    SW (210)
  AVERAGE WIND SPEED     8.6


SKY COVER
  POSSIBLE SUNSHINE  MM
  AVERAGE SKY COVER 0.1


WEATHER CONDITIONS
 THE FOLLOWING WEATHER WAS RECORDED TODAY.
  NO SIGNIFICANT WEATHER WAS OBSERVED.


RELATIVE HUMIDITY (PERCENT)
 HIGHEST    93           200 AM
 LOWEST     50           200 PM
 AVERAGE    72

..........................................................


THE HOULTON ME CLIMATE NORMALS FOR TOMORROW
                         NORMAL    RECORD    YEAR
 MAXIMUM TEMPERATURE (F)   73        93      2010
 MINIMUM TEMPERATURE (F)   49        32      1965


SUNRISE AND SUNSET
AUGUST 30 2014........SUNRISE   549 AM EDT   SUNSET   713 PM EDT
AUGUST 31 2014........SUNRISE   550 AM EDT   SUNSET   712 PM EDT


-  INDICATES NEGATIVE NUMBERS.
R  INDICATES RECORD WAS SET OR TIED.
MM INDICATES DATA IS MISSING.
T  INDICATES TRACE AMOUNT.




$$
