000
CDUS41 KCAR 250538
CLIHUL


CLIMATE REPORT
NATIONAL WEATHER SERVICE CARIBOU, ME
1234 AM EST SAT FEB 25 2017


...................................

...THE HOULTON ME CLIMATE SUMMARY FOR FEBRUARY 24 2017...

CLIMATE NORMAL PERIOD 1981 TO 2010
CLIMATE RECORD PERIOD 1948 TO 2017


WEATHER ITEM   OBSERVED TIME   RECORD YEAR NORMAL DEPARTURE LAST
                VALUE   (LST)  VALUE       VALUE  FROM      YEAR
                                                  NORMAL
..................................................................
TEMPERATURE (F)
 YESTERDAY
  MAXIMUM         52R   338 PM  52    2000  29     23       33
  MINIMUM         34   1159 PM -18    1939   6     28       20
  AVERAGE         43                        18     25       27

PRECIPITATION (IN)
  YESTERDAY        0.03          0.89 1994   0.07  -0.04     0.86
  MONTH TO DATE    1.03                      1.70  -0.67     2.83
  SINCE DEC 1      6.78                      7.85  -1.07     8.44
  SINCE JAN 1      3.86                      4.56  -0.70     4.25

SNOWFALL (IN)
  YESTERDAY       MM             6.0  1967   0.6   MM       MM
  MONTH TO DATE   MM                        15.2   MM       MM
  SINCE DEC 1     MM                        54.9   MM       MM
  SINCE JUL 1     MM                        63.0   MM       MM
  SNOW DEPTH      MM

DEGREE DAYS
 HEATING
  YESTERDAY       22                        47    -25       38
  MONTH TO DATE 1203                      1212     -9     1123
  SINCE DEC 1   4085                      4279   -194     3646
  SINCE JUL 1   5828                      6387   -559     5441

 COOLING
  YESTERDAY        0                         0      0        0
  MONTH TO DATE    0                         0      0        0
  SINCE DEC 1      0                         0      0        0
  SINCE JAN 1      0                         0      0        0
..................................................................


WIND (MPH)
  HIGHEST WIND SPEED    15   HIGHEST WIND DIRECTION     N (350)
  HIGHEST GUST SPEED    17   HIGHEST GUST DIRECTION     N (350)
  AVERAGE WIND SPEED     5.9


SKY COVER
  POSSIBLE SUNSHINE  MM
  AVERAGE SKY COVER 0.4


WEATHER CONDITIONS
 THE FOLLOWING WEATHER WAS RECORDED YESTERDAY.
  LIGHT RAIN
  FOG


RELATIVE HUMIDITY (PERCENT)
 HIGHEST   100          1100 PM
 LOWEST     54           100 PM
 AVERAGE    77

..........................................................


THE HOULTON ME CLIMATE NORMALS FOR TODAY
                         NORMAL    RECORD    YEAR
 MAXIMUM TEMPERATURE (F)   30        54      2016
 MINIMUM TEMPERATURE (F)    7       -21      1972


SUNRISE AND SUNSET
FEBRUARY 25 2017......SUNRISE   617 AM EST   SUNSET   512 PM EST
FEBRUARY 26 2017......SUNRISE   615 AM EST   SUNSET   514 PM EST


-  INDICATES NEGATIVE NUMBERS.
R  INDICATES RECORD WAS SET OR TIED.
MM INDICATES DATA IS MISSING.
T  INDICATES TRACE AMOUNT.




$$
