000
CDUS41 KCAR 190531
CLIHUL


CLIMATE REPORT
NATIONAL WEATHER SERVICE CARIBOU, ME
126 AM EDT SAT APR 19 2014


...................................

...THE HOULTON ME CLIMATE SUMMARY FOR APRIL 18 2014...

CLIMATE NORMAL PERIOD 1981 TO 2010
CLIMATE RECORD PERIOD 1948 TO 2014


WEATHER ITEM   OBSERVED TIME   RECORD YEAR NORMAL DEPARTURE LAST
                VALUE   (LST)  VALUE       VALUE  FROM      YEAR
                                                  NORMAL
..................................................................
TEMPERATURE (F)
 YESTERDAY
  MAXIMUM         49    409 PM  68    1973  51     -2       48
  MINIMUM         19    514 AM   6    2003  30    -11       23
  AVERAGE         34                        40     -6       36

PRECIPITATION (IN)
  YESTERDAY        0.00          0.67 1954   0.13  -0.13      T
  MONTH TO DATE    2.29                      2.30  -0.01     0.92
  SINCE MAR 1      4.77                      4.89  -0.12     2.69
  SINCE JAN 1     10.35                      9.75   0.60     5.09

SNOWFALL (IN)
  YESTERDAY       MM             0.5  1953   0.1   MM       MM
  MONTH TO DATE    0.0                       4.7   -4.7     MM
  SINCE MAR 1      0.0                      22.5  -22.5     MM
  SINCE JUL 1      0.0                      88.1  -88.1     MM
  SNOW DEPTH      MM

DEGREE DAYS
 HEATING
  YESTERDAY       31                        25      6       29
  MONTH TO DATE  507                       517    -10      559
  SINCE MAR 1   2008                      1740    268     1634
  SINCE JUL 1   8598                      8313    285     7739

 COOLING
  YESTERDAY        0                         0      0        0
  MONTH TO DATE    0                         0      0        0
  SINCE MAR 1      0                         0      0        0
  SINCE JAN 1      0                         0      0        0
..................................................................


WIND (MPH)
  HIGHEST WIND SPEED    15   HIGHEST WIND DIRECTION    SW (230)
  HIGHEST GUST SPEED    20   HIGHEST GUST DIRECTION    SW (220)
  AVERAGE WIND SPEED     5.8


SKY COVER
  POSSIBLE SUNSHINE  MM
  AVERAGE SKY COVER 0.0


WEATHER CONDITIONS
 THE FOLLOWING WEATHER WAS RECORDED YESTERDAY.
  NO SIGNIFICANT WEATHER WAS OBSERVED.


RELATIVE HUMIDITY (PERCENT)
 HIGHEST    91           500 AM
 LOWEST     29           200 PM
 AVERAGE    60

..........................................................


THE HOULTON ME CLIMATE NORMALS FOR TODAY
                         NORMAL    RECORD    YEAR
 MAXIMUM TEMPERATURE (F)   52        76      1976
 MINIMUM TEMPERATURE (F)   30        18      1990


SUNRISE AND SUNSET
APRIL 19 2014.........SUNRISE   538 AM EDT   SUNSET   724 PM EDT
APRIL 20 2014.........SUNRISE   536 AM EDT   SUNSET   725 PM EDT


-  INDICATES NEGATIVE NUMBERS.
R  INDICATES RECORD WAS SET OR TIED.
MM INDICATES DATA IS MISSING.
T  INDICATES TRACE AMOUNT.




$$
