000
CDUS41 KCAR 110533
CLIHUL


CLIMATE REPORT
NATIONAL WEATHER SERVICE CARIBOU, ME
1232 AM EST THU FEB 11 2016


...................................

...THE HOULTON ME CLIMATE SUMMARY FOR FEBRUARY 10 2016...

CLIMATE NORMAL PERIOD 1981 TO 2010
CLIMATE RECORD PERIOD 1948 TO 2016


WEATHER ITEM   OBSERVED TIME   RECORD YEAR NORMAL DEPARTURE LAST
                VALUE   (LST)  VALUE       VALUE  FROM      YEAR
                                                  NORMAL
..................................................................
TEMPERATURE (F)
 YESTERDAY
  MAXIMUM         28    254 PM  43    2012  25      3       14
  MINIMUM         -5    650 AM -23    1975   2     -7      -14
  AVERAGE         12                        14     -2        0

PRECIPITATION (IN)
  YESTERDAY        0.00          1.00 2005   0.07  -0.07     0.00
  MONTH TO DATE    0.56                      0.73  -0.17     0.12
  SINCE DEC 1      6.17                      6.88  -0.71     7.06
  SINCE JAN 1      1.98                      3.59  -1.61     1.56

SNOWFALL (IN)
  YESTERDAY       MM             8.5  2005   0.7   MM       MM
  MONTH TO DATE   MM                         6.6   MM       MM
  SINCE DEC 1     MM                        46.3   MM       MM
  SINCE JUL 1     MM                        54.4   MM       MM
  SNOW DEPTH      MM

DEGREE DAYS
 HEATING
  YESTERDAY       53                        51      2       65
  MONTH TO DATE  439                       524    -85      655
  SINCE DEC 1   2962                      3591   -629     3592
  SINCE JUL 1   4757                      5699   -942     5489

 COOLING
  YESTERDAY        0                         0      0        0
  MONTH TO DATE    0                         0      0        0
  SINCE DEC 1      0                         0      0        0
  SINCE JAN 1      0                         0      0        0
..................................................................


WIND (MPH)
  HIGHEST WIND SPEED    13   HIGHEST WIND DIRECTION    SW (220)
  HIGHEST GUST SPEED    16   HIGHEST GUST DIRECTION     S (190)
  AVERAGE WIND SPEED     2.5


SKY COVER
  POSSIBLE SUNSHINE  MM
  AVERAGE SKY COVER 0.6


WEATHER CONDITIONS
 THE FOLLOWING WEATHER WAS RECORDED YESTERDAY.
  NO SIGNIFICANT WEATHER WAS OBSERVED.


RELATIVE HUMIDITY (PERCENT)
 HIGHEST    92           400 AM
 LOWEST     63           300 PM
 AVERAGE    78

..........................................................


THE HOULTON ME CLIMATE NORMALS FOR TODAY
                         NORMAL    RECORD    YEAR
 MAXIMUM TEMPERATURE (F)   25        52      1981
 MINIMUM TEMPERATURE (F)    2       -25      1994


SUNRISE AND SUNSET
FEBRUARY 11 2016......SUNRISE   641 AM EST   SUNSET   450 PM EST
FEBRUARY 12 2016......SUNRISE   639 AM EST   SUNSET   452 PM EST


-  INDICATES NEGATIVE NUMBERS.
R  INDICATES RECORD WAS SET OR TIED.
MM INDICATES DATA IS MISSING.
T  INDICATES TRACE AMOUNT.




$$
