000
CDUS41 KCAR 202138
CLIHUL


CLIMATE REPORT
NATIONAL WEATHER SERVICE CARIBOU, ME
430 PM EST SAT DEC 20 2014


...................................

...THE HOULTON ME CLIMATE SUMMARY FOR DECEMBER 20 2014...
VALID TODAY AS OF 0400 PM LOCAL TIME.

CLIMATE NORMAL PERIOD 1981 TO 2010
CLIMATE RECORD PERIOD 1948 TO 2014


WEATHER ITEM   OBSERVED TIME   RECORD YEAR NORMAL DEPARTURE LAST
                VALUE   (LST)  VALUE       VALUE  FROM      YEAR
                                                  NORMAL
..................................................................
TEMPERATURE (F)
 TODAY
  MAXIMUM         21    359 PM  51    1957  27     -6       23
  MINIMUM          3    612 AM -27    1975   8     -5       13
  AVERAGE         12                        18     -6       18

PRECIPITATION (IN)
  TODAY            0.00          1.16 2002   0.09  -0.09     0.16
  MONTH TO DATE    4.31                      2.26   2.05     1.17
  SINCE DEC 1      4.31                      2.26   2.05     1.17
  SINCE JAN 1     41.15                     38.95   2.20    41.12

SNOWFALL (IN)
  TODAY           MM             4.0  1961   0.5   MM       MM
  MONTH TO DATE   MM                         9.9   MM       MM
  SINCE DEC 1     MM                         9.9   MM       MM
  SINCE JUL 1     MM                        18.0   MM       MM
  SNOW DEPTH      MM

DEGREE DAYS
 HEATING
  TODAY           53                        47      6       47
  MONTH TO DATE  821                       868    -47      971
  SINCE DEC 1    821                       868    -47      971
  SINCE JUL 1   2718                      2976   -258     2972

 COOLING
  TODAY            0                         0      0        0
  MONTH TO DATE    0                         0      0        0
  SINCE DEC 1      0                         0      0        0
  SINCE JAN 1    233                       191     42      198
..................................................................


WIND (MPH)
  HIGHEST WIND SPEED     8   HIGHEST WIND DIRECTION     N (10)
  HIGHEST GUST SPEED     9   HIGHEST GUST DIRECTION     N (20)
  AVERAGE WIND SPEED     3.5


SKY COVER
  POSSIBLE SUNSHINE  MM
  AVERAGE SKY COVER 0.6


WEATHER CONDITIONS
 THE FOLLOWING WEATHER WAS RECORDED TODAY.
  FOG


RELATIVE HUMIDITY (PERCENT)
 HIGHEST    96          1200 AM
 LOWEST     77           100 PM
 AVERAGE    87

..........................................................


THE HOULTON ME CLIMATE NORMALS FOR TOMORROW
                         NORMAL    RECORD    YEAR
 MAXIMUM TEMPERATURE (F)   27        56      1973
 MINIMUM TEMPERATURE (F)    8       -21      2008


SUNRISE AND SUNSET
DECEMBER 20 2014......SUNRISE   710 AM EST   SUNSET   348 PM EST
DECEMBER 21 2014......SUNRISE   711 AM EST   SUNSET   348 PM EST


-  INDICATES NEGATIVE NUMBERS.
R  INDICATES RECORD WAS SET OR TIED.
MM INDICATES DATA IS MISSING.
T  INDICATES TRACE AMOUNT.




$$
