000
CDUS41 KCAR 030531
CLIHUL


CLIMATE REPORT
NATIONAL WEATHER SERVICE CARIBOU, ME
130 AM EDT WED JUN 3 2015


...................................

...THE HOULTON ME CLIMATE SUMMARY FOR JUNE 2 2015...

CLIMATE NORMAL PERIOD 1981 TO 2010
CLIMATE RECORD PERIOD 1948 TO 2015


WEATHER ITEM   OBSERVED TIME   RECORD YEAR NORMAL DEPARTURE LAST
                VALUE   (LST)  VALUE       VALUE  FROM      YEAR
                                                  NORMAL
..................................................................
TEMPERATURE (F)
 YESTERDAY
  MAXIMUM         47    109 AM  89    1970  69    -22       79
  MINIMUM         41   1159 PM  30    1998  44     -3       53
  AVERAGE         44                        56    -12       66

PRECIPITATION (IN)
  YESTERDAY        0.40          1.60 1952   0.10   0.30     0.00
  MONTH TO DATE    0.40                      0.21   0.19     0.00
  SINCE JUN 1      0.40                      0.21   0.19     0.00
  SINCE JAN 1      9.75                     14.84  -5.09    14.70

SNOWFALL (IN)
  YESTERDAY       MM             0.0  2003   0.0   MM       MM
  MONTH TO DATE   MM                         0.0   MM       MM
  SINCE JUN 1     MM                         0.0   MM       MM
  SINCE JUL 1     MM                        89.5   MM       MM
  SNOW DEPTH      MM

DEGREE DAYS
 HEATING
  YESTERDAY       21                         9     12        0
  MONTH TO DATE   34                        18     16        9
  SINCE JUN 1     34                        18     16        9
  SINCE JUL 1   9149                      9025    124     9309

 COOLING
  YESTERDAY        0                         0      0        1
  MONTH TO DATE    0                         0      0        1
  SINCE JUN 1      0                         0      0        1
  SINCE JAN 1     25                         4     21        2
..................................................................


WIND (MPH)
  HIGHEST WIND SPEED    14   HIGHEST WIND DIRECTION    NE (30)
  HIGHEST GUST SPEED    18   HIGHEST GUST DIRECTION    NE (50)
  AVERAGE WIND SPEED     5.9


SKY COVER
  POSSIBLE SUNSHINE  MM
  AVERAGE SKY COVER 1.0


WEATHER CONDITIONS
 THE FOLLOWING WEATHER WAS RECORDED YESTERDAY.
  RAIN
  LIGHT RAIN
  FOG


RELATIVE HUMIDITY (PERCENT)
 HIGHEST    96           400 PM
 LOWEST     58           200 AM
 AVERAGE    77

..........................................................


THE HOULTON ME CLIMATE NORMALS FOR TODAY
                         NORMAL    RECORD    YEAR
 MAXIMUM TEMPERATURE (F)   69        88      1967
 MINIMUM TEMPERATURE (F)   44        29      1988


SUNRISE AND SUNSET
JUNE  3 2015..........SUNRISE   443 AM EDT   SUNSET   816 PM EDT
JUNE  4 2015..........SUNRISE   442 AM EDT   SUNSET   817 PM EDT


-  INDICATES NEGATIVE NUMBERS.
R  INDICATES RECORD WAS SET OR TIED.
MM INDICATES DATA IS MISSING.
T  INDICATES TRACE AMOUNT.




$$
