000
CDUS41 KCAR 300527
CLIHUL


CLIMATE REPORT
NATIONAL WEATHER SERVICE CARIBOU, ME
127 AM EDT WED JUL 30 2014


...................................

...THE HOULTON ME CLIMATE SUMMARY FOR JULY 29 2014...

CLIMATE NORMAL PERIOD 1981 TO 2010
CLIMATE RECORD PERIOD 1948 TO 2014


WEATHER ITEM   OBSERVED TIME   RECORD YEAR NORMAL DEPARTURE LAST
                VALUE   (LST)  VALUE       VALUE  FROM      YEAR
                                                  NORMAL
..................................................................
TEMPERATURE (F)
 YESTERDAY
  MAXIMUM         73    157 PM  92    1970  78     -5       71
  MINIMUM         49   1159 PM  42    1987  54     -5       58
  AVERAGE         61                        66     -5       65

PRECIPITATION (IN)
  YESTERDAY        0.01          2.12 1958   0.12  -0.11     0.10
  MONTH TO DATE    6.13                      3.41   2.72     6.54
  SINCE JUN 1     10.39                      7.06   3.33    11.62
  SINCE JAN 1     25.09                     21.69   3.40    22.85

SNOWFALL (IN)
  YESTERDAY       MM             0.0  2003   0.0   MM       MM
  MONTH TO DATE   MM                         0.0   MM       MM
  SINCE JUN 1     MM                         0.0   MM       MM
  SINCE JUL 1     MM                         0.0   MM       MM
  SNOW DEPTH      MM

DEGREE DAYS
 HEATING
  YESTERDAY        4                         2      2        0
  MONTH TO DATE   34                        61    -27       37
  SINCE JUN 1    163                       242    -79      234
  SINCE JUL 1     34                        61    -27       37

 COOLING
  YESTERDAY        0                         3     -3        0
  MONTH TO DATE  129                        85     44      106
  SINCE JUN 1    154                       120     34      142
  SINCE JAN 1    155                       124     31      146
..................................................................


WIND (MPH)
  HIGHEST WIND SPEED    16   HIGHEST WIND DIRECTION    NW (310)
  HIGHEST GUST SPEED    21   HIGHEST GUST DIRECTION    NW (330)
  AVERAGE WIND SPEED     6.0


SKY COVER
  POSSIBLE SUNSHINE  MM
  AVERAGE SKY COVER 0.7


WEATHER CONDITIONS
 THE FOLLOWING WEATHER WAS RECORDED YESTERDAY.
  LIGHT RAIN
  FOG


RELATIVE HUMIDITY (PERCENT)
 HIGHEST    96          1100 PM
 LOWEST     53           400 PM
 AVERAGE    75

..........................................................


THE HOULTON ME CLIMATE NORMALS FOR TODAY
                         NORMAL    RECORD    YEAR
 MAXIMUM TEMPERATURE (F)   78        92      1970
 MINIMUM TEMPERATURE (F)   54        38      1952


SUNRISE AND SUNSET
JULY 30 2014..........SUNRISE   511 AM EDT   SUNSET   804 PM EDT
JULY 31 2014..........SUNRISE   512 AM EDT   SUNSET   802 PM EDT


-  INDICATES NEGATIVE NUMBERS.
R  INDICATES RECORD WAS SET OR TIED.
MM INDICATES DATA IS MISSING.
T  INDICATES TRACE AMOUNT.




$$
