000
CDUS41 KCAR 030529
CLIHUL


CLIMATE REPORT
NATIONAL WEATHER SERVICE CARIBOU, ME
1229 AM EST SAT DEC 3 2016


...................................

...THE HOULTON ME CLIMATE SUMMARY FOR DECEMBER 2 2016...

CLIMATE NORMAL PERIOD 1981 TO 2010
CLIMATE RECORD PERIOD 1948 TO 2016


WEATHER ITEM   OBSERVED TIME   RECORD YEAR NORMAL DEPARTURE LAST
                VALUE   (LST)  VALUE       VALUE  FROM      YEAR
                                                  NORMAL
..................................................................
TEMPERATURE (F)
 YESTERDAY
  MAXIMUM         35    227 PM  52    1996  34      1       42
  MINIMUM         29    748 AM -13    1989  17     12       33
  AVERAGE         32                        25      7       38

PRECIPITATION (IN)
  YESTERDAY        0.04          1.03 2005   0.13  -0.09     0.62
  MONTH TO DATE    0.96                      0.25   0.71     0.63
  SINCE DEC 1      0.96                      0.25   0.71     0.63
  SINCE JAN 1     33.78                     36.94  -3.16    34.37

SNOWFALL (IN)
  YESTERDAY       MM             2.0  1966   0.5   MM       MM
  MONTH TO DATE   MM                         0.9   MM       MM
  SINCE DEC 1     MM                         0.9   MM       MM
  SINCE JUL 1     MM                         9.0   MM       MM
  SNOW DEPTH      MM

DEGREE DAYS
 HEATING
  YESTERDAY       33                        40     -7       27
  MONTH TO DATE   65                        79    -14       70
  SINCE DEC 1     65                        79    -14       70
  SINCE JUL 1   1808                      2187   -379     1865

 COOLING
  YESTERDAY        0                         0      0        0
  MONTH TO DATE    0                         0      0        0
  SINCE DEC 1      0                         0      0        0
  SINCE JAN 1    229                       191     38      236
..................................................................


WIND (MPH)
  HIGHEST WIND SPEED     9   HIGHEST WIND DIRECTION     W (280)
  HIGHEST GUST SPEED    14   HIGHEST GUST DIRECTION     W (280)
  AVERAGE WIND SPEED     2.2


SKY COVER
  POSSIBLE SUNSHINE  MM
  AVERAGE SKY COVER 0.9


WEATHER CONDITIONS
 THE FOLLOWING WEATHER WAS RECORDED YESTERDAY.
  LIGHT SNOW
  FOG


RELATIVE HUMIDITY (PERCENT)
 HIGHEST   100          1200 AM
 LOWEST     85           900 AM
 AVERAGE    93

..........................................................


THE HOULTON ME CLIMATE NORMALS FOR TODAY
                         NORMAL    RECORD    YEAR
 MAXIMUM TEMPERATURE (F)   33        53      1939
 MINIMUM TEMPERATURE (F)   17       -14      1940


SUNRISE AND SUNSET
DECEMBER  3 2016......SUNRISE   656 AM EST   SUNSET   346 PM EST
DECEMBER  4 2016......SUNRISE   657 AM EST   SUNSET   346 PM EST


-  INDICATES NEGATIVE NUMBERS.
R  INDICATES RECORD WAS SET OR TIED.
MM INDICATES DATA IS MISSING.
T  INDICATES TRACE AMOUNT.




$$
