000
CDUS41 KCAR 250534
CLIHUL


CLIMATE REPORT
NATIONAL WEATHER SERVICE CARIBOU, ME
1233 AM EST SUN JAN 25 2015


...................................

...THE HOULTON ME CLIMATE SUMMARY FOR JANUARY 24 2015...

CLIMATE NORMAL PERIOD 1981 TO 2010
CLIMATE RECORD PERIOD 1948 TO 2015


WEATHER ITEM   OBSERVED TIME   RECORD YEAR NORMAL DEPARTURE LAST
                VALUE   (LST)  VALUE       VALUE  FROM      YEAR
                                                  NORMAL
..................................................................
TEMPERATURE (F)
 YESTERDAY
  MAXIMUM         31    343 PM  50    1996  22      9        7
  MINIMUM         23    906 AM -27    1976   0     23      -13
  AVERAGE         27                        11     16       -3

PRECIPITATION (IN)
  YESTERDAY        0.07          1.27 1996   0.10  -0.03     0.00
  MONTH TO DATE    1.21                      2.24  -1.03     3.45
  SINCE DEC 1      6.71                      5.53   1.18     5.82
  SINCE JAN 1      1.21                      2.24  -1.03     3.45

SNOWFALL (IN)
  YESTERDAY       MM             6.4  1998   0.8   MM       MM
  MONTH TO DATE   MM                        18.3   MM       MM
  SINCE DEC 1     MM                        34.7   MM       MM
  SINCE JUL 1     MM                        42.8   MM       MM
  SNOW DEPTH      MM

DEGREE DAYS
 HEATING
  YESTERDAY       38                        54    -16       68
  MONTH TO DATE 1308                      1278     30     1200
  SINCE DEC 1   2552                      2690   -138     2761
  SINCE JUL 1   4449                      4798   -349     4762

 COOLING
  YESTERDAY        0                         0      0        0
  MONTH TO DATE    0                         0      0        0
  SINCE DEC 1      0                         0      0        0
  SINCE JAN 1      0                         0      0        0
..................................................................


WIND (MPH)
  HIGHEST WIND SPEED    13   HIGHEST WIND DIRECTION     N (340)
  HIGHEST GUST SPEED    18   HIGHEST GUST DIRECTION     S (200)
  AVERAGE WIND SPEED     6.6


SKY COVER
  POSSIBLE SUNSHINE  MM
  AVERAGE SKY COVER 0.7


WEATHER CONDITIONS
 THE FOLLOWING WEATHER WAS RECORDED YESTERDAY.
  LIGHT SNOW
  FOG
  HAZE


RELATIVE HUMIDITY (PERCENT)
 HIGHEST    92           800 PM
 LOWEST     58           100 PM
 AVERAGE    75

..........................................................


THE HOULTON ME CLIMATE NORMALS FOR TODAY
                         NORMAL    RECORD    YEAR
 MAXIMUM TEMPERATURE (F)   22        48      2010
                                             1953
 MINIMUM TEMPERATURE (F)    0       -30      1994


SUNRISE AND SUNSET
JANUARY 25 2015.......SUNRISE   702 AM EST   SUNSET   426 PM EST
JANUARY 26 2015.......SUNRISE   701 AM EST   SUNSET   427 PM EST


-  INDICATES NEGATIVE NUMBERS.
R  INDICATES RECORD WAS SET OR TIED.
MM INDICATES DATA IS MISSING.
T  INDICATES TRACE AMOUNT.




$$
