000
CDUS41 KCAR 200546
CLIHUL


CLIMATE REPORT
NATIONAL WEATHER SERVICE CARIBOU, ME
141 AM EDT FRI OCT 20 2017


...................................

...THE HOULTON ME CLIMATE SUMMARY FOR OCTOBER 19 2017...

CLIMATE NORMAL PERIOD 1981 TO 2010
CLIMATE RECORD PERIOD 1948 TO 2017


WEATHER ITEM   OBSERVED TIME   RECORD YEAR NORMAL DEPARTURE LAST
                VALUE   (LST)  VALUE       VALUE  FROM      YEAR
                                                  NORMAL
..................................................................
TEMPERATURE (F)
 YESTERDAY
  MAXIMUM         71    222 PM  76    1963  53     18       63
  MINIMUM         30    204 AM  12    1972  32     -2       41
  AVERAGE         51                        42      9       52

PRECIPITATION (IN)
  YESTERDAY        0.00          0.66 1990   0.11  -0.11      T
  MONTH TO DATE    1.51                      2.21  -0.70     0.27
  SINCE SEP 1      4.10                      5.61  -1.51     1.26
  SINCE JAN 1     26.44                     31.23  -4.79    28.12

SNOWFALL (IN)
  YESTERDAY       MM             0.5  1992   0.0   MM       MM
  MONTH TO DATE   MM                         0.3   MM       MM
  SINCE SEP 1     MM                         0.4   MM       MM
  SINCE JUL 1     MM                         0.4   MM       MM
  SNOW DEPTH      MM

DEGREE DAYS
 HEATING
  YESTERDAY       14                        23     -9       13
  MONTH TO DATE  271                       372   -101      305
  SINCE SEP 1    431                       684   -253      547
  SINCE JUL 1    579                       840   -261      641

 COOLING
  YESTERDAY        0                         0      0        0
  MONTH TO DATE    0                         0      0        0
  SINCE SEP 1     35                        13     22       23
  SINCE JAN 1    211                       191     20      229
..................................................................


WIND (MPH)
  HIGHEST WIND SPEED    21   HIGHEST WIND DIRECTION     S (200)
  HIGHEST GUST SPEED    29   HIGHEST GUST DIRECTION     S (190)
  AVERAGE WIND SPEED     8.4


SKY COVER
  POSSIBLE SUNSHINE  MM
  AVERAGE SKY COVER 0.1


WEATHER CONDITIONS
 THE FOLLOWING WEATHER WAS RECORDED YESTERDAY.
  NO SIGNIFICANT WEATHER WAS OBSERVED.


RELATIVE HUMIDITY (PERCENT)
 HIGHEST    92           100 AM
 LOWEST     35           200 PM
 AVERAGE    64

..........................................................


THE HOULTON ME CLIMATE NORMALS FOR TODAY
                         NORMAL    RECORD    YEAR
 MAXIMUM TEMPERATURE (F)   52        75      1963
 MINIMUM TEMPERATURE (F)   32        11      1972


SUNRISE AND SUNSET
OCTOBER 20 2017.......SUNRISE   655 AM EDT   SUNSET   536 PM EDT
OCTOBER 21 2017.......SUNRISE   657 AM EDT   SUNSET   534 PM EDT


-  INDICATES NEGATIVE NUMBERS.
R  INDICATES RECORD WAS SET OR TIED.
MM INDICATES DATA IS MISSING.
T  INDICATES TRACE AMOUNT.




$$
