000
CDUS45 KTFX 110742
CLIHVR


CLIMATE REPORT
NATIONAL WEATHER SERVICE GREAT FALLS MT
141 AM MDT FRI JUL 11 2014


...................................

...THE HAVRE MT CLIMATE SUMMARY FOR JULY 10 2014...

CLIMATE NORMAL PERIOD 1981 TO 2010
CLIMATE RECORD PERIOD 1880 TO 2014


WEATHER ITEM   OBSERVED TIME   RECORD YEAR NORMAL DEPARTURE LAST
                VALUE   (LST)  VALUE       VALUE  FROM      YEAR
                                                  NORMAL
..................................................................
TEMPERATURE (F)
 YESTERDAY
  MAXIMUM         90    444 PM 105    1973  84      6       88
  MINIMUM         62    524 AM  41    1999  53      9       50
                                      1881
  AVERAGE         76                        68      8       69

PRECIPITATION (IN)
  YESTERDAY        0.00          2.15 1983   0.06  -0.06     0.00
  MONTH TO DATE    T                         0.66  -0.66     1.29
  SINCE OCT 1      8.39                      7.99   0.40    14.98
  SINCE JAN 1      6.38                      6.58  -0.20    12.50

SNOWFALL (IN)
  YESTERDAY        0.0           0.0  1999   0.0    0.0      0.0
                                      2001
                                      1998
  MONTH TO DATE    0.0                       0.0    0.0      0.0
  SINCE JUN 1      0.0                       0.0    0.0      0.0
  SINCE JUL 1      0.0                       0.0    0.0      0.0
  SNOW DEPTH       0

DEGREE DAYS
 HEATING
  YESTERDAY        0                         1     -1        0
  MONTH TO DATE    0                        17    -17        1
  SINCE JUN 1    175                       150     25      114
  SINCE JUL 1      0                        17    -17        1

 COOLING
  YESTERDAY       11                         4      7        4
  MONTH TO DATE   65                        36     29       56
  SINCE JUN 1     71                        84    -13       99
  SINCE JAN 1     78                        95    -17      106
..................................................................


WIND (MPH)
  HIGHEST WIND SPEED    21   HIGHEST WIND DIRECTION    NE (60)
  HIGHEST GUST SPEED    28   HIGHEST GUST DIRECTION     E (70)
  AVERAGE WIND SPEED     8.8


SKY COVER
  AVERAGE SKY COVER 0.2


WEATHER CONDITIONS
 THE FOLLOWING WEATHER WAS RECORDED YESTERDAY.
  THUNDERSTORM


RELATIVE HUMIDITY (PERCENT)
 HIGHEST    72           600 AM
 LOWEST     24           500 PM
 AVERAGE    48

..........................................................


THE HAVRE MT CLIMATE NORMALS FOR TODAY
                         NORMAL    RECORD    YEAR
 MAXIMUM TEMPERATURE (F)   84       105      1886
 MINIMUM TEMPERATURE (F)   53        40      1987


SUNRISE AND SUNSET
JULY 11 2014..........SUNRISE   529 AM MDT   SUNSET   920 PM MDT
JULY 12 2014..........SUNRISE   530 AM MDT   SUNSET   919 PM MDT


-  INDICATES NEGATIVE NUMBERS.
R  INDICATES RECORD WAS SET OR TIED.
MM INDICATES DATA IS MISSING.
T  INDICATES TRACE AMOUNT.




$$
