000
CDUS45 KTFX 311101
CLIHVR


CLIMATE REPORT
NATIONAL WEATHER SERVICE GREAT FALLS MT
501 AM MDT TUE MAY 31 2016


...................................

...THE HAVRE MT CLIMATE SUMMARY FOR MAY 30 2016...

CLIMATE NORMAL PERIOD 1981 TO 2010
CLIMATE RECORD PERIOD 1880 TO 2016


WEATHER ITEM   OBSERVED TIME   RECORD YEAR NORMAL DEPARTURE LAST
                VALUE   (LST)  VALUE       VALUE  FROM      YEAR
                                                  NORMAL
..................................................................
TEMPERATURE (F)
 YESTERDAY
  MAXIMUM         57    129 AM  95    1936  71    -14       72
  MINIMUM         46    239 PM  27    1892  45      1       45
  AVERAGE         52                        58     -6       59

PRECIPITATION (IN)
  YESTERDAY        0.09          1.42 2013   0.07   0.02     0.01
  MONTH TO DATE    3.48                      1.67   1.81     1.58
  SINCE OCT 1      9.82                      5.07   4.75     5.64
  SINCE JAN 1      7.89                      3.66   4.23     4.07

SNOWFALL (IN)
  YESTERDAY        0.0           T    1982   0.1   -0.1      0.0
                                      1998
  MONTH TO DATE    0.0                       1.8   -1.8      0.0
  SINCE MAR 1      3.0                      11.1   -8.1      0.2
  SINCE JUL 1     17.3                      39.0  -21.7     20.8
  SNOW DEPTH       0

DEGREE DAYS
 HEATING
  YESTERDAY       13                         7      6        6
  MONTH TO DATE  351                       344      7      394
  SINCE MAR 1   1645                      1961   -316     1734
  SINCE JUL 1   7070                      8081  -1011     7402

 COOLING
  YESTERDAY        0                         1     -1        0
  MONTH TO DATE    1                         5     -4        0
  SINCE MAR 1      1                         6     -5        0
  SINCE JAN 1      1                         6     -5        0
..................................................................


WIND (MPH)
  HIGHEST WIND SPEED    30   HIGHEST WIND DIRECTION     W (290)
  HIGHEST GUST SPEED    36   HIGHEST GUST DIRECTION     W (280)
  AVERAGE WIND SPEED    16.4


SKY COVER
  AVERAGE SKY COVER 0.8


WEATHER CONDITIONS
 THE FOLLOWING WEATHER WAS RECORDED YESTERDAY.
  RAIN
  LIGHT RAIN
  FOG


RELATIVE HUMIDITY (PERCENT)
 HIGHEST    93           800 AM
 LOWEST     56           800 PM
 AVERAGE    75

..........................................................


THE HAVRE MT CLIMATE NORMALS FOR TODAY
                         NORMAL    RECORD    YEAR
 MAXIMUM TEMPERATURE (F)   72        94      1972
 MINIMUM TEMPERATURE (F)   46        27      1982
                                             1917


SUNRISE AND SUNSET
MAY 31 2016...........SUNRISE   522 AM MDT   SUNSET   913 PM MDT
JUNE  1 2016..........SUNRISE   521 AM MDT   SUNSET   913 PM MDT


-  INDICATES NEGATIVE NUMBERS.
R  INDICATES RECORD WAS SET OR TIED.
MM INDICATES DATA IS MISSING.
T  INDICATES TRACE AMOUNT.




$$
