000
CDUS45 KTFX 030910
CLIHVR


CLIMATE REPORT
NATIONAL WEATHER SERVICE GREAT FALLS MT
309 AM MDT MON AUG 3 2015


...................................

...THE HAVRE MT CLIMATE SUMMARY FOR AUGUST 2 2015...

CLIMATE NORMAL PERIOD 1981 TO 2010
CLIMATE RECORD PERIOD 1880 TO 2015


WEATHER ITEM   OBSERVED TIME   RECORD YEAR NORMAL DEPARTURE LAST
                VALUE   (LST)  VALUE       VALUE  FROM      YEAR
                                                  NORMAL
..................................................................
TEMPERATURE (F)
 YESTERDAY
  MAXIMUM         87    259 PM 102    1893  88     -1       87
  MINIMUM         58    522 AM  42    1937  55      3       60
                                      1897
  AVERAGE         73                        71      2       74

PRECIPITATION (IN)
  YESTERDAY        0.00          1.58 1899   0.04  -0.04     0.00
  MONTH TO DATE    0.00                      0.07  -0.07     0.00
  SINCE OCT 1      9.40                      9.04   0.36     8.65
  SINCE JAN 1      7.83                      7.63   0.20     6.64

SNOWFALL (IN)
  YESTERDAY        0.0           0.0  1999   0.0    0.0      0.0
                                      2001
                                      1998
  MONTH TO DATE    0.0                       0.0    0.0      0.0
  SINCE JUN 1      T                         0.0    0.0      0.0
  SINCE JUL 1      T                         0.0    0.0      0.0
  SNOW DEPTH       0

DEGREE DAYS
 HEATING
  YESTERDAY        0                         0      0        0
  MONTH TO DATE    0                         0      0        0
  SINCE JUN 1     82                       163    -81      175
  SINCE JUL 1     25                        30     -5        0

 COOLING
  YESTERDAY        8                         7      1        9
  MONTH TO DATE   20                        14      6       17
  SINCE JUN 1    283                       224     59      224
  SINCE JAN 1    283                       235     48      231
..................................................................


WIND (MPH)
  HIGHEST WIND SPEED    21   HIGHEST WIND DIRECTION     E (80)
  HIGHEST GUST SPEED    26   HIGHEST GUST DIRECTION     E (80)
  AVERAGE WIND SPEED    12.7


SKY COVER
  AVERAGE SKY COVER 0.0


WEATHER CONDITIONS
 THE FOLLOWING WEATHER WAS RECORDED YESTERDAY.
  NO SIGNIFICANT WEATHER WAS OBSERVED.


RELATIVE HUMIDITY (PERCENT)
 HIGHEST    84           300 AM
 LOWEST     30           300 PM
 AVERAGE    57

..........................................................


THE HAVRE MT CLIMATE NORMALS FOR TODAY
                         NORMAL    RECORD    YEAR
 MAXIMUM TEMPERATURE (F)   87       109      2001
 MINIMUM TEMPERATURE (F)   55        39      1978


SUNRISE AND SUNSET
AUGUST  3 2015........SUNRISE   556 AM MDT   SUNSET   854 PM MDT
AUGUST  4 2015........SUNRISE   557 AM MDT   SUNSET   852 PM MDT


-  INDICATES NEGATIVE NUMBERS.
R  INDICATES RECORD WAS SET OR TIED.
MM INDICATES DATA IS MISSING.
T  INDICATES TRACE AMOUNT.




$$
