667
CDUS45 KTFX 060758
CLIHVR


CLIMATE REPORT
NATIONAL WEATHER SERVICE GREAT FALLS MT
1258 AM MST SAT FEB 6 2016


...................................

...THE HAVRE MT CLIMATE SUMMARY FOR FEBRUARY 5 2016...

CLIMATE NORMAL PERIOD 1981 TO 2010
CLIMATE RECORD PERIOD 1880 TO 2016


WEATHER ITEM   OBSERVED TIME   RECORD YEAR NORMAL DEPARTURE LAST
                VALUE   (LST)  VALUE       VALUE  FROM      YEAR
                                                  NORMAL
..................................................................
TEMPERATURE (F)
 YESTERDAY
  MAXIMUM         51    404 PM  58    1987  31     20       43
  MINIMUM         22   1216 AM -35    1914   9     13        3
  AVERAGE         37                        20     17       23

PRECIPITATION (IN)
  YESTERDAY        0.00          0.63 1883   0.01  -0.01     0.00
  MONTH TO DATE    T                         0.04  -0.04     0.22
  SINCE OCT 1      2.29                      1.78   0.51     3.09
  SINCE JAN 1      0.36                      0.37  -0.01     1.52

SNOWFALL (IN)
  YESTERDAY        0.0           5.4  1986   0.1   -0.1      0.0
  MONTH TO DATE    T                         0.9   -0.9      5.0
  SINCE DEC 1     10.8                      15.4   -4.6     15.8
  SINCE JUL 1     13.8                      23.0   -9.2     20.4
  SNOW DEPTH       0

DEGREE DAYS
 HEATING
  YESTERDAY       28                        45    -17       42
  MONTH TO DATE  175                       225    -50      292
  SINCE DEC 1   2882                      3105   -223     2904
  SINCE JUL 1   4735                      5148   -413     4841

 COOLING
  YESTERDAY        0                         0      0        0
  MONTH TO DATE    0                         0      0        0
  SINCE DEC 1      0                         0      0        0
  SINCE JAN 1      0                         0      0        0
..................................................................


WIND (MPH)
  HIGHEST WIND SPEED    30   HIGHEST WIND DIRECTION    SW (220)
  HIGHEST GUST SPEED    36   HIGHEST GUST DIRECTION    SW (220)
  AVERAGE WIND SPEED    19.6


SKY COVER
  AVERAGE SKY COVER 0.0


WEATHER CONDITIONS
 THE FOLLOWING WEATHER WAS RECORDED YESTERDAY.
  NO SIGNIFICANT WEATHER WAS OBSERVED.


RELATIVE HUMIDITY (PERCENT)
 HIGHEST    88          1200 AM
 LOWEST     38           300 PM
 AVERAGE    63

..........................................................


THE HAVRE MT CLIMATE NORMALS FOR TODAY
                         NORMAL    RECORD    YEAR
 MAXIMUM TEMPERATURE (F)   31        63      1987
 MINIMUM TEMPERATURE (F)    9       -43      1914


SUNRISE AND SUNSET
FEBRUARY  6 2016......SUNRISE   742 AM MST   SUNSET   525 PM MST
FEBRUARY  7 2016......SUNRISE   740 AM MST   SUNSET   527 PM MST


-  INDICATES NEGATIVE NUMBERS.
R  INDICATES RECORD WAS SET OR TIED.
MM INDICATES DATA IS MISSING.
T  INDICATES TRACE AMOUNT.




$$
