000
CDUS45 KTFX 180855
CLIHVR


CLIMATE REPORT
NATIONAL WEATHER SERVICE GREAT FALLS MT
254 AM MDT FRI AUG 18 2017


...................................

...THE HAVRE MT CLIMATE SUMMARY FOR AUGUST 17 2017...

CLIMATE NORMAL PERIOD 1981 TO 2010
CLIMATE RECORD PERIOD 1880 TO 2017


WEATHER ITEM   OBSERVED TIME   RECORD YEAR NORMAL DEPARTURE LAST
                VALUE   (LST)  VALUE       VALUE  FROM      YEAR
                                                  NORMAL
..................................................................
TEMPERATURE (F)
 YESTERDAY
  MAXIMUM         87    347 PM  99    2001  84      3       90
  MINIMUM         51    123 AM  34    2002  52     -1       53
  AVERAGE         69                        68      1       72

PRECIPITATION (IN)
  YESTERDAY        0.00          0.88 1892   0.04  -0.04     0.00
  MONTH TO DATE    0.15                      0.60  -0.45     0.88
  SINCE OCT 1      7.58                      9.57  -1.99    15.06
  SINCE JAN 1      3.59                      8.16  -4.57    13.13

SNOWFALL (IN)
  YESTERDAY        0.0           0.0  1999   0.0    0.0      0.0
                                      1998
  MONTH TO DATE    0.0                       0.0    0.0      0.0
  SINCE JUN 1      0.0                       0.0    0.0      0.0
  SINCE JUL 1      0.0                       0.0    0.0      0.0
  SNOW DEPTH       0

DEGREE DAYS
 HEATING
  YESTERDAY        0                         1     -1        0
  MONTH TO DATE   10                        15     -5        2
  SINCE JUN 1     94                       178    -84      106
  SINCE JUL 1     11                        45    -34       21

 COOLING
  YESTERDAY        4                         5     -1        7
  MONTH TO DATE   37                       104    -67       81
  SINCE JUN 1    407                       314     93      286
  SINCE JAN 1    418                       325     93      287
..................................................................


WIND (MPH)
  HIGHEST WIND SPEED    17   HIGHEST WIND DIRECTION     W (270)
  HIGHEST GUST SPEED    22   HIGHEST GUST DIRECTION    NW (320)
  AVERAGE WIND SPEED     6.1


SKY COVER
  AVERAGE SKY COVER 0.0


WEATHER CONDITIONS
 THE FOLLOWING WEATHER WAS RECORDED YESTERDAY.
  NO SIGNIFICANT WEATHER WAS OBSERVED.


RELATIVE HUMIDITY (PERCENT)
 HIGHEST    54           300 AM
 LOWEST     17           300 PM
 AVERAGE    36

..........................................................


THE HAVRE MT CLIMATE NORMALS FOR TODAY
                         NORMAL    RECORD    YEAR
 MAXIMUM TEMPERATURE (F)   84       105      2001
 MINIMUM TEMPERATURE (F)   52        38      1895


SUNRISE AND SUNSET
AUGUST 18 2017........SUNRISE   617 AM MDT   SUNSET   827 PM MDT
AUGUST 19 2017........SUNRISE   619 AM MDT   SUNSET   826 PM MDT


-  INDICATES NEGATIVE NUMBERS.
R  INDICATES RECORD WAS SET OR TIED.
MM INDICATES DATA IS MISSING.
T  INDICATES TRACE AMOUNT.




$$
