328
CDUS45 KTFX 270935
CLIHVR


CLIMATE REPORT
NATIONAL WEATHER SERVICE GREAT FALLS MT
334 AM MDT THU APR 27 2017


...................................

...THE HAVRE MT CLIMATE SUMMARY FOR APRIL 26 2017...

CLIMATE NORMAL PERIOD 1981 TO 2010
CLIMATE RECORD PERIOD 1880 TO 2017


WEATHER ITEM   OBSERVED TIME   RECORD YEAR NORMAL DEPARTURE LAST
                VALUE   (LST)  VALUE       VALUE  FROM      YEAR
                                                  NORMAL
..................................................................
TEMPERATURE (F)
 YESTERDAY
  MAXIMUM         55        MM  94    1910  62     -7       43
  MINIMUM         37        MM  17    1988  33      4       32
  AVERAGE         46                        48     -2       38

PRECIPITATION (IN)
  YESTERDAY        0.02          1.27 1901   0.03  -0.01     0.20
  MONTH TO DATE    0.63                      0.68  -0.05     3.34
  SINCE OCT 1      6.15                      3.24   2.91     6.13
  SINCE JAN 1      2.16                      1.83   0.33     4.20

SNOWFALL (IN)
  YESTERDAY        0.0           8.2  1901   0.1   -0.1       T
  MONTH TO DATE    T                         2.8   -2.8      3.0
  SINCE MAR 1      1.0                       9.1   -8.1      3.0
  SINCE JUL 1     31.9                      37.0   -5.1     17.3
  SNOW DEPTH       0

DEGREE DAYS
 HEATING
  YESTERDAY       19                        17      2       27
  MONTH TO DATE  499                       552    -53      437
  SINCE MAR 1   1411                      1550   -139     1216
  SINCE JUL 1   7410                      7670   -260     6641

 COOLING
  YESTERDAY        0                         0      0        0
  MONTH TO DATE    0                         0      0        0
  SINCE MAR 1      0                         0      0        0
  SINCE JAN 1      0                         0      0        0
..................................................................


WIND (MPH)
  HIGHEST WIND SPEED    13   HIGHEST WIND DIRECTION     S (170)
  HIGHEST GUST SPEED    15   HIGHEST GUST DIRECTION     S (180)
  AVERAGE WIND SPEED     5.9


SKY COVER
  AVERAGE SKY COVER 1.0


WEATHER CONDITIONS
 THE FOLLOWING WEATHER WAS RECORDED YESTERDAY.
  LIGHT RAIN


RELATIVE HUMIDITY (PERCENT)
 HIGHEST   100           400 AM
 LOWEST     50           100 PM
 AVERAGE    75

..........................................................


THE HAVRE MT CLIMATE NORMALS FOR TODAY
                         NORMAL    RECORD    YEAR
 MAXIMUM TEMPERATURE (F)   62        85      2001
 MINIMUM TEMPERATURE (F)   34        16      1961
                                             1907


SUNRISE AND SUNSET
APRIL 27 2017.........SUNRISE   606 AM MDT   SUNSET   828 PM MDT
APRIL 28 2017.........SUNRISE   604 AM MDT   SUNSET   830 PM MDT


-  INDICATES NEGATIVE NUMBERS.
R  INDICATES RECORD WAS SET OR TIED.
MM INDICATES DATA IS MISSING.
T  INDICATES TRACE AMOUNT.




$$
