000
CDUS45 KTFX 091055
CLIHVR


CLIMATE REPORT
NATIONAL WEATHER SERVICE GREAT FALLS MT
355 AM MST FRI DEC 9 2016


...................................

...THE HAVRE MT CLIMATE SUMMARY FOR DECEMBER 8 2016...

CLIMATE NORMAL PERIOD 1981 TO 2010
CLIMATE RECORD PERIOD 1880 TO 2016


WEATHER ITEM   OBSERVED TIME   RECORD YEAR NORMAL DEPARTURE LAST
                VALUE   (LST)  VALUE       VALUE  FROM      YEAR
                                                  NORMAL
..................................................................
TEMPERATURE (F)
 YESTERDAY
  MAXIMUM          3   1228 PM  62    1940  32    -29       55
  MINIMUM        -13    626 AM -36    1977  10    -23       36
  AVERAGE         -5                        21    -26       46

PRECIPITATION (IN)
  YESTERDAY        0.00          0.36 1923   0.01  -0.01     0.03
  MONTH TO DATE    0.07                      0.10  -0.03     0.03
  SINCE OCT 1      3.59                      1.11   2.48     1.54
  SINCE JAN 1     18.88                     10.90   7.98    11.78

SNOWFALL (IN)
  YESTERDAY        0.0           3.6  1923   0.2   -0.2      0.0
  MONTH TO DATE    0.9                       1.7   -0.8      0.0
  SINCE DEC 1      0.9                       1.7   -0.8      0.0
  SINCE JUL 1      6.4                       9.3   -2.9      3.0
  SNOW DEPTH       T

DEGREE DAYS
 HEATING
  YESTERDAY       70                        44     26       19
  MONTH TO DATE  389                       345     44      236
  SINCE DEC 1    389                       345     44      236
  SINCE JUL 1   2136                      2388   -252     2089

 COOLING
  YESTERDAY        0                         0      0        0
  MONTH TO DATE    0                         0      0        0
  SINCE DEC 1      0                         0      0        0
  SINCE JAN 1    344                       387    -43      418
..................................................................


WIND (MPH)
  HIGHEST WIND SPEED     8   HIGHEST WIND DIRECTION    NE (40)
  HIGHEST GUST SPEED    10   HIGHEST GUST DIRECTION    NE (30)
  AVERAGE WIND SPEED     4.0


SKY COVER
  AVERAGE SKY COVER 0.4


WEATHER CONDITIONS
 THE FOLLOWING WEATHER WAS RECORDED YESTERDAY.
  NO SIGNIFICANT WEATHER WAS OBSERVED.


RELATIVE HUMIDITY (PERCENT)
 HIGHEST    82          1000 AM
 LOWEST     69           100 PM
 AVERAGE    76

..........................................................


THE HAVRE MT CLIMATE NORMALS FOR TODAY
                         NORMAL    RECORD    YEAR
 MAXIMUM TEMPERATURE (F)   31        61      1979
 MINIMUM TEMPERATURE (F)    9       -37      1977


SUNRISE AND SUNSET
DECEMBER  9 2016......SUNRISE   800 AM MST   SUNSET   424 PM MST
DECEMBER 10 2016......SUNRISE   801 AM MST   SUNSET   424 PM MST


-  INDICATES NEGATIVE NUMBERS.
R  INDICATES RECORD WAS SET OR TIED.
MM INDICATES DATA IS MISSING.
T  INDICATES TRACE AMOUNT.




$$
