000
CDUS45 KTFX 301006 CCA
CLIHVR

CLIMATE REPORT...COR WIND
NATIONAL WEATHER SERVICE GREAT FALLS MT
351 AM MDT TUE SEP 30 2014


...................................

...THE HAVRE MT CLIMATE SUMMARY FOR SEPTEMBER 29 2014...

CLIMATE NORMAL PERIOD 1981 TO 2010
CLIMATE RECORD PERIOD 1880 TO 2014


WEATHER ITEM   OBSERVED TIME   RECORD YEAR NORMAL DEPARTURE LAST
                VALUE   (LST)  VALUE       VALUE  FROM      YEAR
                                                  NORMAL
..................................................................
TEMPERATURE (F)
 YESTERDAY
  MAXIMUM         67    229 PM  90    1976  66      1       64
  MINIMUM         45   1146 PM  21    1985  37      8       49
  AVERAGE         56                        51      5       57

PRECIPITATION (IN)
  YESTERDAY        0.00          0.44 1925   0.04  -0.04      T
  MONTH TO DATE    0.74                      1.09  -0.35     2.05
  SINCE OCT 1     13.07                     11.17   1.90    19.63
  SINCE JAN 1     11.06                      9.76   1.30    17.15

SNOWFALL (IN)
  YESTERDAY        0.0           6.2  1982   0.1   -0.1      0.0
  MONTH TO DATE    T                         0.3   -0.3      0.0
  SINCE SEP 1      T                         0.3   -0.3      0.0
  SINCE JUL 1      T                         0.3   -0.3      0.0
  SNOW DEPTH       0

DEGREE DAYS
 HEATING
  YESTERDAY        9                        14     -5        8
  MONTH TO DATE  234                       261    -27      139
  SINCE SEP 1    234                       261    -27      139
  SINCE JUL 1    278                       344    -66      157

 COOLING
  YESTERDAY        0                         0      0        0
  MONTH TO DATE   12                        17     -5       70
  SINCE SEP 1     12                        17     -5       70
  SINCE JAN 1    402                       384     18      445
..................................................................


WIND (MPH)
  HIGHEST WIND SPEED    23   HIGHEST WIND DIRECTION     E (90)
  HIGHEST GUST SPEED    29   HIGHEST GUST DIRECTION     E (100)
  AVERAGE WIND SPEED    13.2


SKY COVER
  AVERAGE SKY COVER  MM


WEATHER CONDITIONS
 THE FOLLOWING WEATHER WAS RECORDED YESTERDAY.
  NO SIGNIFICANT WEATHER WAS OBSERVED.


RELATIVE HUMIDITY (PERCENT)
 HIGHEST    93          1100 PM
 LOWEST     51           900 PM
 AVERAGE    72

..........................................................


THE HAVRE MT CLIMATE NORMALS FOR TODAY
                         NORMAL    RECORD    YEAR
 MAXIMUM TEMPERATURE (F)   66        92      2011
 MINIMUM TEMPERATURE (F)   36        19      1985


SUNRISE AND SUNSET
SEPTEMBER 30 2014.....SUNRISE   717 AM MDT   SUNSET   700 PM MDT
OCTOBER  1 2014.......SUNRISE   719 AM MDT   SUNSET   658 PM MDT


-  INDICATES NEGATIVE NUMBERS.
R  INDICATES RECORD WAS SET OR TIED.
MM INDICATES DATA IS MISSING.
T  INDICATES TRACE AMOUNT.




$$
