000
CDUS41 KLWX 260601
CLIIAD


CLIMATE REPORT
NATIONAL WEATHER SERVICE BALTIMORE MD/WASHINGTON DC
200 AM EDT THU MAR 26 2015


...................................

...THE WASHINGTON DULLES DC CLIMATE SUMMARY FOR MARCH 25 2015...

CLIMATE NORMAL PERIOD 1981 TO 2010
CLIMATE RECORD PERIOD 1962 TO 2015


WEATHER ITEM   OBSERVED TIME   RECORD YEAR NORMAL DEPARTURE LAST
                VALUE   (LST)  VALUE       VALUE  FROM      YEAR
                                                  NORMAL
..................................................................
TEMPERATURE (F)
 YESTERDAY
  MAXIMUM         51    524 PM  76    2003  59     -8       33
                                      2000
                                      1988
  MINIMUM         25    332 AM  17    1971  36    -11       24
  AVERAGE         38                        47     -9       29

PRECIPITATION (IN)
  YESTERDAY        0.02          0.96 1984   0.12  -0.10     0.41
  MONTH TO DATE    3.16                      2.63   0.53     2.17
  SINCE MAR 1      3.16                      2.63   0.53     2.17
  SINCE JAN 1      8.18                      8.05   0.13     8.67

SNOWFALL (IN)
  YESTERDAY       MM             3.8  2014   0.0   MM
  MONTH TO DATE   10.5                       2.5    8.0
  SINCE JUL 1     36.9                      21.4   15.5
  SNOW DEPTH       0

DEGREE DAYS
 HEATING
  YESTERDAY       27                        18      9       36
  MONTH TO DATE  643                       548     95      717
  SINCE MAR 1    643                       548     95      717
  SINCE JUL 1   4644                      4138    506     4548

 COOLING
  YESTERDAY        0                         0      0        0
  MONTH TO DATE    0                         0      0        0
  SINCE MAR 1      0                         0      0        0
  SINCE JAN 1      0                         0      0        0
..................................................................


WIND (MPH)
  HIGHEST WIND SPEED    14   HIGHEST WIND DIRECTION     S (180)
  HIGHEST GUST SPEED    18   HIGHEST GUST DIRECTION     S (160)
  AVERAGE WIND SPEED     4.7


SKY COVER
  POSSIBLE SUNSHINE  MM
  AVERAGE SKY COVER 0.7


WEATHER CONDITIONS
 THE FOLLOWING WEATHER WAS RECORDED YESTERDAY.
  LIGHT RAIN


RELATIVE HUMIDITY (PERCENT)
 HIGHEST    81           200 AM
 LOWEST     45           100 PM
 AVERAGE    63

..........................................................


THE WASHINGTON DULLES DC CLIMATE NORMALS FOR TODAY
                         NORMAL    RECORD    YEAR
 MAXIMUM TEMPERATURE (F)   59        78      2004
 MINIMUM TEMPERATURE (F)   36        17      1983


SUNRISE AND SUNSET
MARCH 26 2015.........SUNRISE   704 AM EDT   SUNSET   727 PM EDT
MARCH 27 2015.........SUNRISE   703 AM EDT   SUNSET   728 PM EDT


-  INDICATES NEGATIVE NUMBERS.
R  INDICATES RECORD WAS SET OR TIED.
MM INDICATES DATA IS MISSING.
T  INDICATES TRACE AMOUNT.




$$
