000
CDUS43 KUNR 230837
CLIICR


CLIMATE REPORT
NATIONAL WEATHER SERVICE RAPID CITY SD
237 AM MDT WED AUG 23 2017


...................................

...THE WINNER REGIONAL AIRPORT SD CLIMATE SUMMARY FOR AUGUST 22 2017...

CLIMATE NORMAL PERIOD 1981 TO 2010
CLIMATE RECORD PERIOD 9999 TO 9999


WEATHER ITEM   OBSERVED TIME   NORMAL DEPARTURE LAST
                VALUE   (LST)  VALUE  FROM      YEAR
                                      NORMAL
......................................................
TEMPERATURE (F)
 YESTERDAY
  MAXIMUM         81    505 PM  86     -5       96
  MINIMUM         52    556 AM  61     -9       69
  AVERAGE         67            74     -7       83

PRECIPITATION (IN)
  YESTERDAY        0.00          0.06  -0.06     0.00
  MONTH TO DATE    7.58          1.82   5.76     1.97
  SINCE JUN 1      8.08          8.43  -0.35     5.49
  SINCE JAN 1     15.17         16.50  -1.33    14.84

DEGREE DAYS
 HEATING
  YESTERDAY        0             0      0        0
  MONTH TO DATE    2             0      2        1
  SINCE JUN 1     10            59    -49        5
  SINCE JUL 1      2             5     -3        2

 COOLING
  YESTERDAY        2             9     -7       18
  MONTH TO DATE  122           230   -108      250
  SINCE JUN 1    878           706    172      922
  SINCE JAN 1    906           736    170      969
......................................................


WIND (MPH)
  HIGHEST WIND SPEED    12   HIGHEST WIND DIRECTION    SE (130)
  HIGHEST GUST SPEED    14   HIGHEST GUST DIRECTION    SE (140)
  AVERAGE WIND SPEED     5.1


SKY COVER
  AVERAGE SKY COVER 0.0


WEATHER CONDITIONS
 THE FOLLOWING WEATHER WAS RECORDED YESTERDAY.
  NO SIGNIFICANT WEATHER WAS OBSERVED.


RELATIVE HUMIDITY (PERCENT)
 HIGHEST    89           500 AM
 LOWEST     30           300 PM
 AVERAGE    60

..........................................................




SUNRISE AND SUNSET
AUGUST 23 2017........SUNRISE   654 AM CDT   SUNSET   829 PM CDT
AUGUST 24 2017........SUNRISE   655 AM CDT   SUNSET   828 PM CDT


-  INDICATES NEGATIVE NUMBERS.
R  INDICATES RECORD WAS SET OR TIED.
MM INDICATES DATA IS MISSING.
T  INDICATES TRACE AMOUNT.




$$
