000
CDUS43 KUNR 210832
CLIICR


CLIMATE REPORT
NATIONAL WEATHER SERVICE RAPID CITY SD
231 AM MDT SAT OCT 21 2017


...................................

...THE WINNER REGIONAL AIRPORT SD CLIMATE SUMMARY FOR OCTOBER 20 2017...

CLIMATE NORMAL PERIOD 1981 TO 2010
CLIMATE RECORD PERIOD 9999 TO 9999


WEATHER ITEM   OBSERVED TIME   NORMAL DEPARTURE LAST
                VALUE   (LST)  VALUE  FROM      YEAR
                                      NORMAL
......................................................
TEMPERATURE (F)
 YESTERDAY
  MAXIMUM         78    206 PM  61     17       60
  MINIMUM         58    819 AM  38     20       43
  AVERAGE         68            49     19       52

PRECIPITATION (IN)
  YESTERDAY        0.00          0.06  -0.06     0.03
  MONTH TO DATE    0.56          1.15  -0.59     1.29
  SINCE SEP 1      3.35          3.14   0.21     3.32
  SINCE JAN 1     18.87         20.14  -1.27    18.18

DEGREE DAYS
 HEATING
  YESTERDAY        0            16    -16       13
  MONTH TO DATE  204           251    -47      173
  SINCE SEP 1    312           379    -67      238
  SINCE JUL 1    314           393    -79      246

 COOLING
  YESTERDAY        3             0      3        0
  MONTH TO DATE    6             9     -3       23
  SINCE SEP 1    137           109     28      139
  SINCE JAN 1   1113           915    198     1183
......................................................


WIND (MPH)
  HIGHEST WIND SPEED    32   HIGHEST WIND DIRECTION     S (180)
  HIGHEST GUST SPEED    40   HIGHEST GUST DIRECTION     S (180)
  AVERAGE WIND SPEED    22.4


SKY COVER
  AVERAGE SKY COVER 0.0


WEATHER CONDITIONS
 THE FOLLOWING WEATHER WAS RECORDED YESTERDAY.
  NO SIGNIFICANT WEATHER WAS OBSERVED.


RELATIVE HUMIDITY (PERCENT)
 HIGHEST    67           800 AM
 LOWEST     42           200 PM
 AVERAGE    55

..........................................................




SUNRISE AND SUNSET
OCTOBER 21 2017.......SUNRISE   801 AM CDT   SUNSET   646 PM CDT
OCTOBER 22 2017.......SUNRISE   802 AM CDT   SUNSET   645 PM CDT


-  INDICATES NEGATIVE NUMBERS.
R  INDICATES RECORD WAS SET OR TIED.
MM INDICATES DATA IS MISSING.
T  INDICATES TRACE AMOUNT.




$$
