000
CDUS43 KUNR 290832
CLIICR


CLIMATE REPORT
NATIONAL WEATHER SERVICE RAPID CITY SD
231 AM MDT FRI JUL 29 2016


...................................

...THE WINNER REGIONAL AIRPORT SD CLIMATE SUMMARY FOR JULY 28 2016...

CLIMATE NORMAL PERIOD 1981 TO 2010
CLIMATE RECORD PERIOD 9999 TO 9999


WEATHER ITEM   OBSERVED TIME   NORMAL DEPARTURE LAST
                VALUE   (LST)  VALUE  FROM      YEAR
                                      NORMAL
......................................................
TEMPERATURE (F)
 YESTERDAY
  MAXIMUM         79   1206 PM  89    -10       83
  MINIMUM         59    543 AM  64     -5       62
  AVERAGE         69            77     -8       73

PRECIPITATION (IN)
  YESTERDAY        0.44          0.09   0.35     0.02
  MONTH TO DATE    2.18          2.62  -0.44     2.02
  SINCE JUN 1      3.23          6.27  -3.04     6.04
  SINCE JAN 1     12.58         14.34  -1.76     9.71

DEGREE DAYS
 HEATING
  YESTERDAY        0             0      0        0
  MONTH TO DATE    1             0      1        0
  SINCE JUN 1      4            54    -50        3
  SINCE JUL 1      1             0      1        0

 COOLING
  YESTERDAY        4            12     -8        8
  MONTH TO DATE  351           296     55      338
  SINCE JUN 1    637           441    196      556
  SINCE JAN 1    684           471    213      591
......................................................


WIND (MPH)
  HIGHEST WIND SPEED    21   HIGHEST WIND DIRECTION    NW (320)
  HIGHEST GUST SPEED    24   HIGHEST GUST DIRECTION    NW (310)
  AVERAGE WIND SPEED     4.6


SKY COVER
  AVERAGE SKY COVER 0.5


WEATHER CONDITIONS
 THE FOLLOWING WEATHER WAS RECORDED YESTERDAY.
  THUNDERSTORM
  HEAVY RAIN
  RAIN
  LIGHT RAIN
  FOG


RELATIVE HUMIDITY (PERCENT)
 HIGHEST    90          1200 AM
 LOWEST     58          1200 PM
 AVERAGE    74

..........................................................




SUNRISE AND SUNSET
JULY 29 2016..........SUNRISE   627 AM CDT   SUNSET   904 PM CDT
JULY 30 2016..........SUNRISE   628 AM CDT   SUNSET   903 PM CDT


-  INDICATES NEGATIVE NUMBERS.
R  INDICATES RECORD WAS SET OR TIED.
MM INDICATES DATA IS MISSING.
T  INDICATES TRACE AMOUNT.




$$
