000
CDUS43 KUNR 230832
CLIICR


CLIMATE REPORT
NATIONAL WEATHER SERVICE RAPID CITY SD
230 AM MDT SAT AUG 23 2014


...................................

...THE WINNER REGIONAL AIRPORT SD CLIMATE SUMMARY FOR AUGUST 22 2014...

CLIMATE NORMAL PERIOD 1981 TO 2010
CLIMATE RECORD PERIOD 9999 TO 9999


WEATHER ITEM   OBSERVED TIME   NORMAL DEPARTURE LAST
                VALUE   (LST)  VALUE  FROM      YEAR
                                      NORMAL
......................................................
TEMPERATURE (F)
 YESTERDAY
  MAXIMUM         87    316 PM  86      1       83
  MINIMUM         63    558 AM  61      2       62
  AVERAGE         75            74      1       73

PRECIPITATION (IN)
  YESTERDAY        T             0.06  -0.06     0.01
  MONTH TO DATE    2.63          1.82   0.81     2.49
  SINCE JUN 1      7.04          8.43  -1.39     8.60
  SINCE JAN 1     11.83         16.50  -4.67    15.99

DEGREE DAYS
 HEATING
  YESTERDAY        0             0      0        0
  MONTH TO DATE    0             0      0        0
  SINCE JUN 1     49            59    -10       60
  SINCE JUL 1     12             5      7        7

 COOLING
  YESTERDAY       10             9      1        8
  MONTH TO DATE  207           230    -23      159
  SINCE JUN 1    610           706    -96      579
  SINCE JAN 1    691           736    -45      618
......................................................


WIND (MPH)
  HIGHEST WIND SPEED    15   HIGHEST WIND DIRECTION     E (110)
  HIGHEST GUST SPEED    19   HIGHEST GUST DIRECTION    SE (120)
  AVERAGE WIND SPEED     7.6


SKY COVER
  AVERAGE SKY COVER 0.2


WEATHER CONDITIONS
 THE FOLLOWING WEATHER WAS RECORDED YESTERDAY.
  LIGHT RAIN


RELATIVE HUMIDITY (PERCENT)
 HIGHEST    87           300 AM
 LOWEST     50           300 PM
 AVERAGE    69

..........................................................




SUNRISE AND SUNSET
AUGUST 23 2014........SUNRISE   653 AM CDT   SUNSET   830 PM CDT
AUGUST 24 2014........SUNRISE   654 AM CDT   SUNSET   828 PM CDT


-  INDICATES NEGATIVE NUMBERS.
R  INDICATES RECORD WAS SET OR TIED.
MM INDICATES DATA IS MISSING.
T  INDICATES TRACE AMOUNT.




$$
