000
CDUS43 KUNR 100838
CLIICR


CLIMATE REPORT
NATIONAL WEATHER SERVICE RAPID CITY SD
138 AM MST SUN DEC 10 2017


...................................

...THE WINNER REGIONAL AIRPORT SD CLIMATE SUMMARY FOR DECEMBER 9 2017...

CLIMATE NORMAL PERIOD 1981 TO 2010
CLIMATE RECORD PERIOD 9999 TO 9999


WEATHER ITEM   OBSERVED TIME   NORMAL DEPARTURE LAST
                VALUE   (LST)  VALUE  FROM      YEAR
                                      NORMAL
......................................................
TEMPERATURE (F)
 YESTERDAY
  MAXIMUM         50    346 PM  35     15       13
  MINIMUM         27    832 AM  16     11       -4
  AVERAGE         39            26     13        5

PRECIPITATION (IN)
  YESTERDAY        0.00          0.01  -0.01      T
  MONTH TO DATE    0.07          0.16  -0.09      T
  SINCE DEC 1      0.07          0.16  -0.09      T
  SINCE JAN 1     19.29         21.41  -2.12    18.47

DEGREE DAYS
 HEATING
  YESTERDAY       26            39    -13       60
  MONTH TO DATE  269           344    -75      379
  SINCE DEC 1    269           344    -75      379
  SINCE JUL 1   1493          1815   -322     1249

 COOLING
  YESTERDAY        0             0      0        0
  MONTH TO DATE    0             0      0        0
  SINCE DEC 1      0             0      0        0
  SINCE JAN 1   1113           916    197     1193
......................................................


WIND (MPH)
  HIGHEST WIND SPEED    20   HIGHEST WIND DIRECTION     W (290)
  HIGHEST GUST SPEED    26   HIGHEST GUST DIRECTION     W (290)
  AVERAGE WIND SPEED    11.4


SKY COVER
  AVERAGE SKY COVER 0.0


WEATHER CONDITIONS
 THE FOLLOWING WEATHER WAS RECORDED YESTERDAY.
  NO SIGNIFICANT WEATHER WAS OBSERVED.


RELATIVE HUMIDITY (PERCENT)
 HIGHEST    75           600 AM
 LOWEST     34          1100 PM
 AVERAGE    55

..........................................................




SUNRISE AND SUNSET
DECEMBER 10 2017......SUNRISE   801 AM CST   SUNSET   503 PM CST
DECEMBER 11 2017......SUNRISE   802 AM CST   SUNSET   503 PM CST


-  INDICATES NEGATIVE NUMBERS.
R  INDICATES RECORD WAS SET OR TIED.
MM INDICATES DATA IS MISSING.
T  INDICATES TRACE AMOUNT.




$$
