000
CDUS43 KUNR 230848
CLIICR


CLIMATE REPORT
NATIONAL WEATHER SERVICE RAPID CITY SD
244 AM MDT WED JUL 23 2014


...................................

...THE WINNER REGIONAL AIRPORT SD CLIMATE SUMMARY FOR JULY 22 2014...

CLIMATE NORMAL PERIOD 1981 TO 2010
CLIMATE RECORD PERIOD 9999 TO 9999


WEATHER ITEM   OBSERVED TIME   NORMAL DEPARTURE LAST
                VALUE   (LST)  VALUE  FROM      YEAR
                                      NORMAL
......................................................
TEMPERATURE (F)
 YESTERDAY
  MAXIMUM         89    456 PM  89      0       84
  MINIMUM         65    615 AM  64      1       66
  AVERAGE         77            76      1       75

PRECIPITATION (IN)
  YESTERDAY        0.05          0.07  -0.02     0.00
  MONTH TO DATE    0.23          2.08  -1.85     2.53
  SINCE JUN 1      4.39          5.73  -1.34     6.04
  SINCE JAN 1      9.18         13.80  -4.62    13.43

DEGREE DAYS
 HEATING
  YESTERDAY        0             0      0        0
  MONTH TO DATE   12             0     12        0
  SINCE JUN 1     49            54     -5       53
  SINCE JUL 1     12             0     12        0

 COOLING
  YESTERDAY       12            12      0       10
  MONTH TO DATE  205           224    -19      250
  SINCE JUN 1    322           369    -47      382
  SINCE JAN 1    403           399      4      421
......................................................


WIND (MPH)
  HIGHEST WIND SPEED    26   HIGHEST WIND DIRECTION    NW (320)
  HIGHEST GUST SPEED    33   HIGHEST GUST DIRECTION    NW (320)
  AVERAGE WIND SPEED     8.7


SKY COVER
  AVERAGE SKY COVER 0.0


WEATHER CONDITIONS
 THE FOLLOWING WEATHER WAS RECORDED YESTERDAY.
  THUNDERSTORM
  LIGHT RAIN


RELATIVE HUMIDITY (PERCENT)
 HIGHEST    93           600 AM
 LOWEST     37           500 PM
 AVERAGE    65

..........................................................




SUNRISE AND SUNSET
JULY 23 2014..........SUNRISE   620 AM CDT   SUNSET   911 PM CDT
JULY 24 2014..........SUNRISE   621 AM CDT   SUNSET   910 PM CDT


-  INDICATES NEGATIVE NUMBERS.
R  INDICATES RECORD WAS SET OR TIED.
MM INDICATES DATA IS MISSING.
T  INDICATES TRACE AMOUNT.




$$
