000
CDUS43 KUNR 260835
CLIICR


CLIMATE REPORT
NATIONAL WEATHER SERVICE RAPID CITY SD
234 AM MDT WED APR 26 2017


...................................

...THE WINNER REGIONAL AIRPORT SD CLIMATE SUMMARY FOR APRIL 25 2017...

CLIMATE NORMAL PERIOD 1981 TO 2010
CLIMATE RECORD PERIOD 9999 TO 9999


WEATHER ITEM   OBSERVED TIME   NORMAL DEPARTURE LAST
                VALUE   (LST)  VALUE  FROM      YEAR
                                      NORMAL
......................................................
TEMPERATURE (F)
 YESTERDAY
  MAXIMUM         39    248 AM  63    -24       58
  MINIMUM         33   1159 PM  39     -6       37
  AVERAGE         36            51    -15       48

PRECIPITATION (IN)
  YESTERDAY        0.01          0.09  -0.08     0.00
  MONTH TO DATE    2.10          1.94   0.16     2.12
  SINCE MAR 1      2.42          3.32  -0.90     2.89
  SINCE JAN 1      4.06          4.08  -0.02     3.28

DEGREE DAYS
 HEATING
  YESTERDAY       29            14     15       17
  MONTH TO DATE  341           454   -113      349
  SINCE MAR 1   1075          1330   -255      990
  SINCE JUL 1   5227          6339  -1112     5283

 COOLING
  YESTERDAY        0             0      0        0
  MONTH TO DATE    2             0      2        8
  SINCE MAR 1      2             0      2        9
  SINCE JAN 1      2             0      2        9
......................................................


WIND (MPH)
  HIGHEST WIND SPEED    23   HIGHEST WIND DIRECTION     N (340)
  HIGHEST GUST SPEED    28   HIGHEST GUST DIRECTION     N (350)
  AVERAGE WIND SPEED    15.1


SKY COVER
  AVERAGE SKY COVER 1.0


WEATHER CONDITIONS
 THE FOLLOWING WEATHER WAS RECORDED YESTERDAY.
  LIGHT RAIN
  LIGHT SNOW
  FOG


RELATIVE HUMIDITY (PERCENT)
 HIGHEST    92          1200 AM
 LOWEST     76          1200 PM
 AVERAGE    84

..........................................................




SUNRISE AND SUNSET
APRIL 26 2017.........SUNRISE   639 AM CDT   SUNSET   836 PM CDT
APRIL 27 2017.........SUNRISE   638 AM CDT   SUNSET   837 PM CDT


-  INDICATES NEGATIVE NUMBERS.
R  INDICATES RECORD WAS SET OR TIED.
MM INDICATES DATA IS MISSING.
T  INDICATES TRACE AMOUNT.




$$
