000
CDUS43 KUNR 040836
CLIICR


CLIMATE REPORT
NATIONAL WEATHER SERVICE RAPID CITY SD
234 AM MDT FRI SEP 4 2015


...................................

...THE WINNER REGIONAL AIRPORT SD CLIMATE SUMMARY FOR SEPTEMBER 3 2015...

CLIMATE NORMAL PERIOD 1981 TO 2010
CLIMATE RECORD PERIOD 9999 TO 9999


WEATHER ITEM   OBSERVED TIME   NORMAL DEPARTURE LAST
                VALUE   (LST)  VALUE  FROM      YEAR
                                      NORMAL
......................................................
TEMPERATURE (F)
 YESTERDAY
  MAXIMUM        100        MM  83     17       96
  MINIMUM         71        MM  57     14       71
  AVERAGE         86            70     16       84

PRECIPITATION (IN)
  YESTERDAY        0.00          0.07  -0.07      T
  MONTH TO DATE    T             0.22  -0.22     0.22
  SINCE SEP 1      T             0.22  -0.22     0.22
  SINCE JAN 1     12.80         17.22  -4.42    13.29

DEGREE DAYS
 HEATING
  YESTERDAY        0             2     -2        0
  MONTH TO DATE    0             5     -5        0
  SINCE SEP 1      0             5     -5        0
  SINCE JUL 1     14            19     -5       13

 COOLING
  YESTERDAY       21             6     15       19
  MONTH TO DATE   51            20     31       24
  SINCE SEP 1     51            20     31       24
  SINCE JAN 1    991           826    165      754
......................................................


WIND (MPH)
  HIGHEST WIND SPEED    18   HIGHEST WIND DIRECTION    SE (120)
  HIGHEST GUST SPEED    22   HIGHEST GUST DIRECTION    SE (150)
  AVERAGE WIND SPEED    11.3


SKY COVER
  AVERAGE SKY COVER 0.0


WEATHER CONDITIONS
 THE FOLLOWING WEATHER WAS RECORDED YESTERDAY.
  NO SIGNIFICANT WEATHER WAS OBSERVED.


RELATIVE HUMIDITY (PERCENT)
 HIGHEST    69           900 PM
 LOWEST     17           200 PM
 AVERAGE    43

..........................................................




SUNRISE AND SUNSET
SEPTEMBER  4 2015.....SUNRISE   706 AM CDT   SUNSET   810 PM CDT
SEPTEMBER  5 2015.....SUNRISE   707 AM CDT   SUNSET   808 PM CDT


-  INDICATES NEGATIVE NUMBERS.
R  INDICATES RECORD WAS SET OR TIED.
MM INDICATES DATA IS MISSING.
T  INDICATES TRACE AMOUNT.




$$
