000
CDUS43 KICT 040636
CLIICT


CLIMATE REPORT
NATIONAL WEATHER SERVICE WICHITA KS
1235 AM CST WED MAR 4 2015


...................................

...THE WICHITA EISENHOWER NATIONAL CLIMATE SUMMARY FOR MARCH 3 2015...

CLIMATE NORMAL PERIOD 1981 TO 2010
CLIMATE RECORD PERIOD 1888 TO 2015


WEATHER ITEM   OBSERVED TIME   RECORD YEAR NORMAL DEPARTURE LAST
                VALUE   (LST)  VALUE       VALUE  FROM      YEAR
                                                  NORMAL
..................................................................
TEMPERATURE (F)
 YESTERDAY
  MAXIMUM         52   1254 PM  80    1994  54     -2       18
                                      1910
  MINIMUM         32   1159 PM  -2    1960  31      1        0
  AVERAGE         42                        42      0        9

PRECIPITATION (IN)
  YESTERDAY        0.00          1.11 1918   0.07  -0.07     0.00
  MONTH TO DATE    0.06                      0.19  -0.13     0.22
  SINCE MAR 1      0.06                      0.19  -0.13     0.22
  SINCE JAN 1      1.71                      2.20  -0.49     1.21

SNOWFALL (IN)
  YESTERDAY        0.0           5.9  1952   0.1   -0.1      0.0
  MONTH TO DATE    0.1                       0.2   -0.1      3.2
  SINCE MAR 1      0.1                       0.2   -0.1      3.2
  SINCE JUL 1     17.0                      12.6    4.4     22.7
  SNOW DEPTH       1

DEGREE DAYS
 HEATING
  YESTERDAY       23                        23      0       56
  MONTH TO DATE  103                        69     34      153
  SINCE MAR 1    103                        69     34      153
  SINCE JUL 1   3668                      3709    -41     4072

 COOLING
  YESTERDAY        0                         0      0        0
  MONTH TO DATE    0                         0      0        0
  SINCE MAR 1      0                         0      0        0
  SINCE JAN 1      0                         0      0        0
..................................................................


WIND (MPH)
  HIGHEST WIND SPEED    26   HIGHEST WIND DIRECTION     S (190)
  HIGHEST GUST SPEED    35   HIGHEST GUST DIRECTION     S (190)
  AVERAGE WIND SPEED    15.6


SKY COVER
  POSSIBLE SUNSHINE  MM
  AVERAGE SKY COVER 1.0


WEATHER CONDITIONS
 THE FOLLOWING WEATHER WAS RECORDED YESTERDAY.
  FOG


RELATIVE HUMIDITY (PERCENT)
 HIGHEST    96           100 AM
 LOWEST     49           400 PM
 AVERAGE    73

..........................................................


THE WICHITA EISENHOWER NATIONAL CLIMATE NORMALS FOR TODAY
                         NORMAL    RECORD    YEAR
 MAXIMUM TEMPERATURE (F)   54        82      1910
 MINIMUM TEMPERATURE (F)   31         1      1960


SUNRISE AND SUNSET
MARCH  4 2015.........SUNRISE   657 AM CST   SUNSET   626 PM CST
MARCH  5 2015.........SUNRISE   656 AM CST   SUNSET   627 PM CST


-  INDICATES NEGATIVE NUMBERS.
R  INDICATES RECORD WAS SET OR TIED.
MM INDICATES DATA IS MISSING.
T  INDICATES TRACE AMOUNT.




$$
