000
CDUS45 KPIH 240753
CLIIDA


CLIMATE REPORT
NATIONAL WEATHER SERVICE POCATELLO ID
1249 AM MST FRI FEB 24 2017


...................................

...THE IDAHO FALLS ID CLIMATE SUMMARY FOR FEBRUARY 23 2017...

CLIMATE NORMAL PERIOD 1981 TO 2010
CLIMATE RECORD PERIOD 1948 TO 2017


WEATHER ITEM   OBSERVED TIME   RECORD YEAR NORMAL DEPARTURE LAST
                VALUE   (LST)  VALUE       VALUE  FROM      YEAR
                                                  NORMAL
..................................................................
TEMPERATURE (F)
 YESTERDAY
  MAXIMUM         30    234 AM  52    1954  37     -7       35
  MINIMUM         22   1159 PM -18    1955  17      5       16
  AVERAGE         26                        27     -1       26

PRECIPITATION (IN)
  YESTERDAY        0.01          0.32 1957   0.03  -0.02     0.00
  MONTH TO DATE    1.15                      0.53   0.62     0.11
  SINCE OCT 1      6.32                      3.79   2.53     3.38
  SINCE JAN 1      2.04                      1.22   0.82     1.06

SNOWFALL (IN)
  YESTERDAY       MM
  MONTH TO DATE   MM
  SINCE DEC 1     MM
  SINCE JUL 1     MM
  SNOW DEPTH      MM

DEGREE DAYS
 HEATING
  YESTERDAY       39                        38      1       39
  MONTH TO DATE  786                       956   -170      948
  SINCE DEC 1   3945                      3716    229     3684
  SINCE JUL 1   5563                      5619    -56     5384

 COOLING
  YESTERDAY        0                         0      0        0
  MONTH TO DATE    0                         0      0        0
  SINCE DEC 1      0                         0      0        0
  SINCE JAN 1      0                         0      0        0
..................................................................


WIND (MPH)
  HIGHEST WIND SPEED    22   HIGHEST WIND DIRECTION     S (190)
  HIGHEST GUST SPEED    28   HIGHEST GUST DIRECTION     S (200)
  AVERAGE WIND SPEED    12.9


SKY COVER
  POSSIBLE SUNSHINE  MM
  AVERAGE SKY COVER 1.0


WEATHER CONDITIONS
 THE FOLLOWING WEATHER WAS RECORDED YESTERDAY.
  LIGHT SNOW
  FOG


RELATIVE HUMIDITY (PERCENT)
 HIGHEST   100           700 AM
 LOWEST     72           200 AM
 AVERAGE    86

..........................................................


THE IDAHO FALLS ID CLIMATE NORMALS FOR TODAY
                         NORMAL    RECORD    YEAR
 MAXIMUM TEMPERATURE (F)   37        60      1986
 MINIMUM TEMPERATURE (F)   18       -14      1952


SUNRISE AND SUNSET
FEBRUARY 24 2017......SUNRISE   712 AM MST   SUNSET   611 PM MST
FEBRUARY 25 2017......SUNRISE   711 AM MST   SUNSET   612 PM MST


-  INDICATES NEGATIVE NUMBERS.
R  INDICATES RECORD WAS SET OR TIED.
MM INDICATES DATA IS MISSING.
T  INDICATES TRACE AMOUNT.




$$
