000
CDUS45 KPIH 040742
CLIIDA


CLIMATE REPORT
NATIONAL WEATHER SERVICE POCATELLO ID
132 AM MDT TUE AUG 4 2015


...................................

...THE IDAHO FALLS ID CLIMATE SUMMARY FOR AUGUST 3 2015...

CLIMATE NORMAL PERIOD 1981 TO 2010
CLIMATE RECORD PERIOD 1948 TO 2015


WEATHER ITEM   OBSERVED TIME   RECORD YEAR NORMAL DEPARTURE LAST
                VALUE   (LST)  VALUE       VALUE  FROM      YEAR
                                                  NORMAL
..................................................................
TEMPERATURE (F)
 YESTERDAY
  MAXIMUM         77   1129 AM  99    1961  88    -11       93
  MINIMUM         52    257 AM  42    2006  50      2       52
                                      1987
  AVERAGE         65                        69     -4       73

PRECIPITATION (IN)
  YESTERDAY        T             0.89 1951   0.01  -0.01     0.00
  MONTH TO DATE    T                         0.04  -0.04      T
  SINCE OCT 1      7.81                      9.05  -1.24     5.25
  SINCE JAN 1      6.35                      6.48  -0.13     3.95

SNOWFALL (IN)
  YESTERDAY       MM
  MONTH TO DATE   MM
  SINCE JUN 1     MM
  SINCE JUL 1     MM
  SNOW DEPTH      MM

DEGREE DAYS
 HEATING
  YESTERDAY        0                         0      0        0
  MONTH TO DATE    0                         0      0        0
  SINCE JUN 1     88                       180    -92      130
  SINCE JUL 1     42                        27     15        2

 COOLING
  YESTERDAY        0                         4     -4        8
  MONTH TO DATE   12                        12      0       19
  SINCE JUN 1    207                       165     42      221
  SINCE JAN 1    208                       167     41      222
..................................................................


WIND (MPH)
  HIGHEST WIND SPEED    22   HIGHEST WIND DIRECTION    SW (210)
  HIGHEST GUST SPEED    27   HIGHEST GUST DIRECTION    SW (210)
  AVERAGE WIND SPEED     8.1


SKY COVER
  POSSIBLE SUNSHINE  MM
  AVERAGE SKY COVER 0.6


WEATHER CONDITIONS
 THE FOLLOWING WEATHER WAS RECORDED YESTERDAY.
  LIGHT RAIN


RELATIVE HUMIDITY (PERCENT)
 HIGHEST    77           300 AM
 LOWEST     41          1000 AM
 AVERAGE    59

..........................................................


THE IDAHO FALLS ID CLIMATE NORMALS FOR TODAY
                         NORMAL    RECORD    YEAR
 MAXIMUM TEMPERATURE (F)   88       100      1961
 MINIMUM TEMPERATURE (F)   50        36      1980


SUNRISE AND SUNSET
AUGUST  4 2015........SUNRISE   621 AM MDT   SUNSET   847 PM MDT
AUGUST  5 2015........SUNRISE   622 AM MDT   SUNSET   846 PM MDT


-  INDICATES NEGATIVE NUMBERS.
R  INDICATES RECORD WAS SET OR TIED.
MM INDICATES DATA IS MISSING.
T  INDICATES TRACE AMOUNT.




$$
