000
CDUS45 KPIH 040733
CLIIDA


CLIMATE REPORT
NATIONAL WEATHER SERVICE POCATELLO ID
1231 AM MST WED MAR 4 2015


...................................

...THE IDAHO FALLS ID CLIMATE SUMMARY FOR MARCH 3 2015...

CLIMATE NORMAL PERIOD 1981 TO 2010
CLIMATE RECORD PERIOD 1948 TO 2015


WEATHER ITEM   OBSERVED TIME   RECORD YEAR NORMAL DEPARTURE LAST
                VALUE   (LST)  VALUE       VALUE  FROM      YEAR
                                                  NORMAL
..................................................................
TEMPERATURE (F)
 YESTERDAY
  MAXIMUM         33   1238 AM  64    1992  41     -8       52
  MINIMUM         18   1157 PM  -2    1964  21     -3       38
  AVERAGE         26                        31     -5       45

PRECIPITATION (IN)
  YESTERDAY        T             0.25 1990   0.03  -0.03     0.00
  MONTH TO DATE    T                         0.09  -0.09     0.22
  SINCE OCT 1      1.91                      4.01  -2.10     2.41
  SINCE JAN 1      0.45                      1.44  -0.99     1.11

SNOWFALL (IN)
  YESTERDAY       MM
  MONTH TO DATE   MM
  SINCE MAR 1     MM
  SINCE JUL 1     MM
  SNOW DEPTH      MM

DEGREE DAYS
 HEATING
  YESTERDAY       39                        34      5       20
  MONTH TO DATE  114                       104     10       93
  SINCE MAR 1    114                       104     10       93
  SINCE JUL 1   4932                      5906   -974     5610

 COOLING
  YESTERDAY        0                         0      0        0
  MONTH TO DATE    0                         0      0        0
  SINCE MAR 1      0                         0      0        0
  SINCE JAN 1      0                         0      0        0
..................................................................


WIND (MPH)
  HIGHEST WIND SPEED    28   HIGHEST WIND DIRECTION     N (20)
  HIGHEST GUST SPEED    33   HIGHEST GUST DIRECTION     N (20)
  AVERAGE WIND SPEED    10.5


SKY COVER
  POSSIBLE SUNSHINE  MM
  AVERAGE SKY COVER 0.5


WEATHER CONDITIONS
 THE FOLLOWING WEATHER WAS RECORDED YESTERDAY.
  LIGHT SNOW
  FOG


RELATIVE HUMIDITY (PERCENT)
 HIGHEST    84           500 AM
 LOWEST     35           500 PM
 AVERAGE    60

..........................................................


THE IDAHO FALLS ID CLIMATE NORMALS FOR TODAY
                         NORMAL    RECORD    YEAR
 MAXIMUM TEMPERATURE (F)   41        63      1987
 MINIMUM TEMPERATURE (F)   21        -8      1989


SUNRISE AND SUNSET
MARCH  4 2015.........SUNRISE   700 AM MST   SUNSET   621 PM MST
MARCH  5 2015.........SUNRISE   658 AM MST   SUNSET   622 PM MST


-  INDICATES NEGATIVE NUMBERS.
R  INDICATES RECORD WAS SET OR TIED.
MM INDICATES DATA IS MISSING.
T  INDICATES TRACE AMOUNT.




$$
