000
CDUS45 KPIH 220732
CLIIDA


CLIMATE REPORT
NATIONAL WEATHER SERVICE POCATELLO ID
1231 AM MST WED NOV 22 2017


...................................

...THE IDAHO FALLS ID CLIMATE SUMMARY FOR NOVEMBER 21 2017...

CLIMATE NORMAL PERIOD 1981 TO 2010
CLIMATE RECORD PERIOD 1948 TO 2017


WEATHER ITEM   OBSERVED TIME   RECORD YEAR NORMAL DEPARTURE LAST
                VALUE   (LST)  VALUE       VALUE  FROM      YEAR
                                                  NORMAL
..................................................................
TEMPERATURE (F)
 YESTERDAY
  MAXIMUM         43   1241 AM  56    1974  39      4       49
  MINIMUM         34    751 AM  -1    1957  20     14       34
  AVERAGE         39                        30      9       42

PRECIPITATION (IN)
  YESTERDAY        T             0.30 1963   0.04  -0.04     0.07
  MONTH TO DATE    0.59                      0.60  -0.01     0.07
  SINCE OCT 1      1.47                      1.43   0.04     2.84
  SINCE JAN 1     10.46                      9.25   1.21    10.06

SNOWFALL (IN)
  YESTERDAY       MM
  MONTH TO DATE   MM
  SINCE SEP 1     MM
  SINCE JUL 1     MM
  SNOW DEPTH      MM

DEGREE DAYS
 HEATING
  YESTERDAY       26                        36    -10       23
  MONTH TO DATE  586                       638    -52      471
  SINCE SEP 1   1576                      1495     81     1250
  SINCE JUL 1   1585                      1560     25     1327

 COOLING
  YESTERDAY        0                         0      0        0
  MONTH TO DATE    0                         0      0        0
  SINCE SEP 1     40                        12     28       16
  SINCE JAN 1    362                       264     98      260
..................................................................


WIND (MPH)
  HIGHEST WIND SPEED    20   HIGHEST WIND DIRECTION    SW (220)
  HIGHEST GUST SPEED    27   HIGHEST GUST DIRECTION    SW (220)
  AVERAGE WIND SPEED     3.3


SKY COVER
  POSSIBLE SUNSHINE  MM
  AVERAGE SKY COVER 1.0


WEATHER CONDITIONS
 THE FOLLOWING WEATHER WAS RECORDED YESTERDAY.
  LIGHT RAIN
  FOG


RELATIVE HUMIDITY (PERCENT)
 HIGHEST   100          1000 AM
 LOWEST     82          1200 AM
 AVERAGE    91

..........................................................


THE IDAHO FALLS ID CLIMATE NORMALS FOR TODAY
                         NORMAL    RECORD    YEAR
 MAXIMUM TEMPERATURE (F)   38        58      1954
 MINIMUM TEMPERATURE (F)   20        -8      1985


SUNRISE AND SUNSET
NOVEMBER 22 2017......SUNRISE   731 AM MST   SUNSET   457 PM MST
NOVEMBER 23 2017......SUNRISE   732 AM MST   SUNSET   457 PM MST


-  INDICATES NEGATIVE NUMBERS.
R  INDICATES RECORD WAS SET OR TIED.
MM INDICATES DATA IS MISSING.
T  INDICATES TRACE AMOUNT.




$$
