000
CDUS45 KPIH 230730
CLIIDA


CLIMATE REPORT
NATIONAL WEATHER SERVICE POCATELLO ID
130 AM MDT SAT AUG 23 2014


...................................

...THE IDAHO FALLS ID CLIMATE SUMMARY FOR AUGUST 22 2014...

CLIMATE NORMAL PERIOD 1981 TO 2010
CLIMATE RECORD PERIOD 1948 TO 2014


WEATHER ITEM   OBSERVED TIME   RECORD YEAR NORMAL DEPARTURE LAST
                VALUE   (LST)  VALUE       VALUE  FROM      YEAR
                                                  NORMAL
..................................................................
TEMPERATURE (F)
 YESTERDAY
  MAXIMUM         62    410 PM  98    1969  84    -22       90
  MINIMUM         48   1159 PM  36    1954  48      0       52
  AVERAGE         55                        66    -11       71

PRECIPITATION (IN)
  YESTERDAY        0.05          0.53 1960   0.02   0.03     0.02
  MONTH TO DATE    2.11                      0.35   1.76     0.03
  SINCE OCT 1      7.36                      9.36  -2.00     5.15
  SINCE JAN 1      6.06                      6.79  -0.73     2.46

SNOWFALL (IN)
  YESTERDAY       MM
  MONTH TO DATE   MM
  SINCE JUN 1     MM
  SINCE JUL 1     MM
  SNOW DEPTH      MM

DEGREE DAYS
 HEATING
  YESTERDAY       10                         2      8        0
  MONTH TO DATE   10                        15     -5        0
  SINCE JUN 1    140                       195    -55      100
  SINCE JUL 1     12                        42    -30        0

 COOLING
  YESTERDAY        0                         2     -2        6
  MONTH TO DATE   76                        78     -2      122
  SINCE JUN 1    278                       231     47      409
  SINCE JAN 1    279                       233     46      413
..................................................................


WIND (MPH)
  HIGHEST WIND SPEED    21   HIGHEST WIND DIRECTION     S (190)
  HIGHEST GUST SPEED    25   HIGHEST GUST DIRECTION     S (200)
  AVERAGE WIND SPEED     6.0


SKY COVER
  POSSIBLE SUNSHINE  MM
  AVERAGE SKY COVER 0.5


WEATHER CONDITIONS
 THE FOLLOWING WEATHER WAS RECORDED YESTERDAY.
  LIGHT RAIN
  FOG


RELATIVE HUMIDITY (PERCENT)
 HIGHEST   100           500 AM
 LOWEST     64           400 PM
 AVERAGE    82

..........................................................


THE IDAHO FALLS ID CLIMATE NORMALS FOR TODAY
                         NORMAL    RECORD    YEAR
 MAXIMUM TEMPERATURE (F)   84        97      1969
 MINIMUM TEMPERATURE (F)   47        36      1985


SUNRISE AND SUNSET
AUGUST 23 2014........SUNRISE   642 AM MDT   SUNSET   819 PM MDT
AUGUST 24 2014........SUNRISE   643 AM MDT   SUNSET   817 PM MDT


-  INDICATES NEGATIVE NUMBERS.
R  INDICATES RECORD WAS SET OR TIED.
MM INDICATES DATA IS MISSING.
T  INDICATES TRACE AMOUNT.




$$
