000
CDUS43 KUNR 180837
CLIIEN


CLIMATE REPORT
NATIONAL WEATHER SERVICE RAPID CITY SD
235 AM MDT THU SEP 18 2014


...................................

...THE PINE RIDGE SD CLIMATE SUMMARY FOR SEPTEMBER 17 2014...

CLIMATE NORMAL PERIOD 1981 TO 2010
CLIMATE RECORD PERIOD 9999 TO 9999


WEATHER ITEM   OBSERVED TIME   NORMAL DEPARTURE LAST
                VALUE   (LST)  VALUE  FROM      YEAR
                                      NORMAL
......................................................
TEMPERATURE (F)
 YESTERDAY
  MAXIMUM         85    237 PM  77      8       94
  MINIMUM         46    216 AM  44      2       58
  AVERAGE         66            60      6       76

PRECIPITATION (IN)
  YESTERDAY        0.00          0.06  -0.06     0.00
  MONTH TO DATE    0.41          0.95  -0.54     0.06
  SINCE SEP 1      0.41          0.95  -0.54     0.06
  SINCE JAN 1     18.64         14.74   3.90    14.33

DEGREE DAYS
 HEATING
  YESTERDAY        0             6     -6        0
  MONTH TO DATE  139            71     68       16
  SINCE SEP 1    139            71     68       16
  SINCE JUL 1    183           108     75       18

 COOLING
  YESTERDAY        1             2     -1       11
  MONTH TO DATE   21            55    -34      122
  SINCE SEP 1     21            55    -34      122
  SINCE JAN 1    439           703   -264      774
......................................................


WIND (MPH)
  HIGHEST WIND SPEED    14   HIGHEST WIND DIRECTION     E (110)
  HIGHEST GUST SPEED    18   HIGHEST GUST DIRECTION     E (80)
  AVERAGE WIND SPEED     5.8


SKY COVER
  AVERAGE SKY COVER 0.0


WEATHER CONDITIONS
 THE FOLLOWING WEATHER WAS RECORDED YESTERDAY.
  NO SIGNIFICANT WEATHER WAS OBSERVED.


RELATIVE HUMIDITY (PERCENT)
 HIGHEST    96           700 AM
 LOWEST     29           200 PM
 AVERAGE    63

..........................................................




SUNRISE AND SUNSET
SEPTEMBER 18 2014.....SUNRISE   633 AM MDT   SUNSET   655 PM MDT
SEPTEMBER 19 2014.....SUNRISE   634 AM MDT   SUNSET   653 PM MDT


-  INDICATES NEGATIVE NUMBERS.
R  INDICATES RECORD WAS SET OR TIED.
MM INDICATES DATA IS MISSING.
T  INDICATES TRACE AMOUNT.




$$
