000
CDUS43 KUNR 220851
CLIIEN


CLIMATE REPORT
NATIONAL WEATHER SERVICE RAPID CITY SD
249 AM MDT MON MAY 22 2017


...................................

...THE PINE RIDGE SD CLIMATE SUMMARY FOR MAY 21 2017...

CLIMATE NORMAL PERIOD 1981 TO 2010
CLIMATE RECORD PERIOD 9999 TO 9999


WEATHER ITEM   OBSERVED TIME   NORMAL DEPARTURE LAST
                VALUE   (LST)  VALUE  FROM      YEAR
                                      NORMAL
......................................................
TEMPERATURE (F)
 YESTERDAY
  MAXIMUM         66    225 PM  71     -5       63
  MINIMUM         32   1218 AM  44    -12       57
  AVERAGE         49            57     -8       60

PRECIPITATION (IN)
  YESTERDAY        0.04          0.09  -0.05     0.00
  MONTH TO DATE    3.41          1.72   1.69     0.44
  SINCE MAR 1      7.67          4.50   3.17     5.29
  SINCE JAN 1      8.81          5.29   3.52     5.79

DEGREE DAYS
 HEATING
  YESTERDAY       16             8      8        5
  MONTH TO DATE  218           238    -20      283
  SINCE MAR 1   1421          1708   -287     1546
  SINCE JUL 1   6587          7058   -471     6415

 COOLING
  YESTERDAY        0             1     -1        0
  MONTH TO DATE   15             4     11        6
  SINCE MAR 1     16             4     12        7
  SINCE JAN 1     16             4     12        7
......................................................


WIND (MPH)
  HIGHEST WIND SPEED    23   HIGHEST WIND DIRECTION     N (350)
  HIGHEST GUST SPEED    30   HIGHEST GUST DIRECTION     N (350)
  AVERAGE WIND SPEED     6.3


SKY COVER
  AVERAGE SKY COVER 0.1


WEATHER CONDITIONS
 THE FOLLOWING WEATHER WAS RECORDED YESTERDAY.
  LIGHT RAIN
  FOG


RELATIVE HUMIDITY (PERCENT)
 HIGHEST   100           500 AM
 LOWEST     37          1100 AM
 AVERAGE    69

..........................................................




SUNRISE AND SUNSET
MAY 22 2017...........SUNRISE   520 AM MDT   SUNSET   814 PM MDT
MAY 23 2017...........SUNRISE   519 AM MDT   SUNSET   815 PM MDT


-  INDICATES NEGATIVE NUMBERS.
R  INDICATES RECORD WAS SET OR TIED.
MM INDICATES DATA IS MISSING.
T  INDICATES TRACE AMOUNT.




$$
