000
CDUS43 KUNR 270833
CLIIEN


CLIMATE REPORT
NATIONAL WEATHER SERVICE RAPID CITY SD
232 AM MDT WED JUL 27 2016


...................................

...THE PINE RIDGE SD CLIMATE SUMMARY FOR JULY 26 2016...

CLIMATE NORMAL PERIOD 1981 TO 2010
CLIMATE RECORD PERIOD 9999 TO 9999


WEATHER ITEM   OBSERVED TIME   NORMAL DEPARTURE LAST
                VALUE   (LST)  VALUE  FROM      YEAR
                                      NORMAL
......................................................
TEMPERATURE (F)
 YESTERDAY
  MAXIMUM         96    332 PM  91      5       98
  MINIMUM         61   1159 PM  59      2       59
  AVERAGE         79            75      4       79

PRECIPITATION (IN)
  YESTERDAY        0.19          0.07   0.12     0.00
  MONTH TO DATE    2.41          1.83   0.58     2.64
  SINCE JUN 1      3.91          5.26  -1.35     6.41
  SINCE JAN 1      9.99         11.50  -1.51    16.09

DEGREE DAYS
 HEATING
  YESTERDAY        0             0      0        0
  MONTH TO DATE    2             4     -2        3
  SINCE JUN 1     28            91    -63       13
  SINCE JUL 1      2             4     -2        3

 COOLING
  YESTERDAY       14            10      4       14
  MONTH TO DATE  255           229     26      172
  SINCE JUN 1    472           339    133      293
  SINCE JAN 1    480           356    124      293
......................................................


WIND (MPH)
  HIGHEST WIND SPEED    38   HIGHEST WIND DIRECTION    NE (30)
  HIGHEST GUST SPEED    45   HIGHEST GUST DIRECTION     N (20)
  AVERAGE WIND SPEED    12.7


SKY COVER
  AVERAGE SKY COVER 0.1


WEATHER CONDITIONS
 THE FOLLOWING WEATHER WAS RECORDED YESTERDAY.
  THUNDERSTORM
  HEAVY RAIN
  RAIN
  LIGHT RAIN
  HAZE


RELATIVE HUMIDITY (PERCENT)
 HIGHEST   100          1100 PM
 LOWEST     32           400 PM
 AVERAGE    66

..........................................................




SUNRISE AND SUNSET
JULY 27 2016..........SUNRISE   536 AM MDT   SUNSET   816 PM MDT
JULY 28 2016..........SUNRISE   537 AM MDT   SUNSET   815 PM MDT


-  INDICATES NEGATIVE NUMBERS.
R  INDICATES RECORD WAS SET OR TIED.
MM INDICATES DATA IS MISSING.
T  INDICATES TRACE AMOUNT.




$$
