000
CDUS43 KUNR 220850
CLIIEN


CLIMATE REPORT
NATIONAL WEATHER SERVICE RAPID CITY SD
246 AM MDT FRI MAY 22 2015


...................................

...THE PINE RIDGE SD CLIMATE SUMMARY FOR MAY 21 2015...

CLIMATE NORMAL PERIOD 1981 TO 2010
CLIMATE RECORD PERIOD 9999 TO 9999


WEATHER ITEM   OBSERVED TIME   NORMAL DEPARTURE LAST
                VALUE   (LST)  VALUE  FROM      YEAR
                                      NORMAL
......................................................
TEMPERATURE (F)
 YESTERDAY
  MAXIMUM         62    139 PM  71     -9       70
  MINIMUM         24    444 AM  44    -20       48
  AVERAGE         43            57    -14       59

PRECIPITATION (IN)
  YESTERDAY        0.00          0.09  -0.09     0.14
  MONTH TO DATE    5.94          1.72   4.22     2.69
  SINCE MAR 1      8.00          4.50   3.50     6.19
  SINCE JAN 1      8.46          5.29   3.17     6.46

DEGREE DAYS
 HEATING
  YESTERDAY       22             8     14        6
  MONTH TO DATE  316           238     78      321
  SINCE MAR 1   1576          1708   -132     1876
  SINCE JUL 1   6786          7058   -272     7358

 COOLING
  YESTERDAY        0             1     -1        0
  MONTH TO DATE    0             4     -4        0
  SINCE MAR 1      0             4     -4        1
  SINCE JAN 1      0             4     -4        1
......................................................


WIND (MPH)
  HIGHEST WIND SPEED    14   HIGHEST WIND DIRECTION     S (180)
  HIGHEST GUST SPEED    23   HIGHEST GUST DIRECTION    SE (140)
  AVERAGE WIND SPEED     4.8


SKY COVER
  AVERAGE SKY COVER 0.4


WEATHER CONDITIONS
 THE FOLLOWING WEATHER WAS RECORDED YESTERDAY.
  FOG


RELATIVE HUMIDITY (PERCENT)
 HIGHEST    92          1200 AM
 LOWEST     40          1200 PM
 AVERAGE    66

..........................................................




SUNRISE AND SUNSET
MAY 22 2015...........SUNRISE   520 AM MDT   SUNSET   814 PM MDT
MAY 23 2015...........SUNRISE   520 AM MDT   SUNSET   815 PM MDT


-  INDICATES NEGATIVE NUMBERS.
R  INDICATES RECORD WAS SET OR TIED.
MM INDICATES DATA IS MISSING.
T  INDICATES TRACE AMOUNT.




$$
