000
CDUS43 KUNR 200831
CLIIEN


CLIMATE REPORT
NATIONAL WEATHER SERVICE RAPID CITY SD
231 AM MDT SUN AUG 20 2017


...................................

...THE PINE RIDGE SD CLIMATE SUMMARY FOR AUGUST 19 2017...

CLIMATE NORMAL PERIOD 1981 TO 2010
CLIMATE RECORD PERIOD 9999 TO 9999


WEATHER ITEM   OBSERVED TIME   NORMAL DEPARTURE LAST
                VALUE   (LST)  VALUE  FROM      YEAR
                                      NORMAL
......................................................
TEMPERATURE (F)
 YESTERDAY
  MAXIMUM         97    220 PM  88      9       73
  MINIMUM         59   1159 PM  56      3       44
  AVERAGE         78            72      6       59

PRECIPITATION (IN)
  YESTERDAY        0.00          0.06  -0.06     0.33
  MONTH TO DATE    1.05          1.25  -0.20     2.18
  SINCE JUN 1      3.65          6.95  -3.30     6.25
  SINCE JAN 1     13.11         13.19  -0.08    12.33

DEGREE DAYS
 HEATING
  YESTERDAY        0             1     -1        6
  MONTH TO DATE   11             7      4        6
  SINCE JUN 1     46           106    -60       34
  SINCE JUL 1     11            19     -8        8

 COOLING
  YESTERDAY       13             7      6        0
  MONTH TO DATE   74           170    -96      149
  SINCE JUN 1    560           561     -1      658
  SINCE JAN 1    576           578     -2      666
......................................................


WIND (MPH)
  HIGHEST WIND SPEED    20   HIGHEST WIND DIRECTION     S (190)
  HIGHEST GUST SPEED    29   HIGHEST GUST DIRECTION     S (190)
  AVERAGE WIND SPEED     8.7


SKY COVER
  AVERAGE SKY COVER 0.0


WEATHER CONDITIONS
 THE FOLLOWING WEATHER WAS RECORDED YESTERDAY.
  NO SIGNIFICANT WEATHER WAS OBSERVED.


RELATIVE HUMIDITY (PERCENT)
 HIGHEST    72           600 AM
 LOWEST     11           300 PM
 AVERAGE    42

..........................................................




SUNRISE AND SUNSET
AUGUST 20 2017........SUNRISE   602 AM MDT   SUNSET   744 PM MDT
AUGUST 21 2017........SUNRISE   603 AM MDT   SUNSET   743 PM MDT


-  INDICATES NEGATIVE NUMBERS.
R  INDICATES RECORD WAS SET OR TIED.
MM INDICATES DATA IS MISSING.
T  INDICATES TRACE AMOUNT.




$$
