000
CDUS43 KUNR 250832
CLIIEN


CLIMATE REPORT
NATIONAL WEATHER SERVICE RAPID CITY SD
231 AM MDT TUE APR 25 2017


...................................

...THE PINE RIDGE SD CLIMATE SUMMARY FOR APRIL 24 2017...

CLIMATE NORMAL PERIOD 1981 TO 2010
CLIMATE RECORD PERIOD 9999 TO 9999


WEATHER ITEM   OBSERVED TIME   NORMAL DEPARTURE LAST
                VALUE   (LST)  VALUE  FROM      YEAR
                                      NORMAL
......................................................
TEMPERATURE (F)
 YESTERDAY
  MAXIMUM         65    317 PM  63      2       65
  MINIMUM         39    317 AM  34      5       40
  AVERAGE         52            48      4       53

PRECIPITATION (IN)
  YESTERDAY        0.04          0.07  -0.03     0.21
  MONTH TO DATE    1.52          1.46   0.06     2.47
  SINCE MAR 1      3.37          2.33   1.04     3.85
  SINCE JAN 1      4.51          3.12   1.39     4.35

DEGREE DAYS
 HEATING
  YESTERDAY       13            17     -4       12
  MONTH TO DATE  351           488   -137      375
  SINCE MAR 1   1042          1376   -334     1112
  SINCE JUL 1   6208          6726   -518     5981

 COOLING
  YESTERDAY        0             0      0        0
  MONTH TO DATE    1             0      1        1
  SINCE MAR 1      1             0      1        1
  SINCE JAN 1      1             0      1        1
......................................................


WIND (MPH)
  HIGHEST WIND SPEED    16   HIGHEST WIND DIRECTION     E (90)
  HIGHEST GUST SPEED    23   HIGHEST GUST DIRECTION     E (90)
  AVERAGE WIND SPEED     6.4


SKY COVER
  AVERAGE SKY COVER 0.4


WEATHER CONDITIONS
 THE FOLLOWING WEATHER WAS RECORDED YESTERDAY.
  RAIN
  FOG


RELATIVE HUMIDITY (PERCENT)
 HIGHEST    96           500 AM
 LOWEST     48           200 PM
 AVERAGE    72

..........................................................




SUNRISE AND SUNSET
APRIL 25 2017.........SUNRISE   552 AM MDT   SUNSET   745 PM MDT
APRIL 26 2017.........SUNRISE   551 AM MDT   SUNSET   746 PM MDT


-  INDICATES NEGATIVE NUMBERS.
R  INDICATES RECORD WAS SET OR TIED.
MM INDICATES DATA IS MISSING.
T  INDICATES TRACE AMOUNT.




$$
