000
CDUS45 KVEF 200827
CLIIGM


CLIMATE REPORT
NATIONAL WEATHER SERVICE LAS VEGAS, NV
1227 AM PST TUE FEB 20 2018


...................................

...THE KINGMAN AZ CLIMATE SUMMARY FOR FEBRUARY 19 2018...

CLIMATE NORMAL PERIOD 1981 TO 2010
CLIMATE RECORD PERIOD 1901 TO 2018


WEATHER ITEM   OBSERVED TIME   RECORD YEAR NORMAL DEPARTURE LAST
                VALUE   (LST)  VALUE       VALUE  FROM      YEAR
                                                  NORMAL
..................................................................
TEMPERATURE (F)
 YESTERDAY
  MAXIMUM         52   1236 AM  81    1923  60     -8       55
  MINIMUM         25   1127 PM  20    1955  35    -10       39
  AVERAGE         39                        47     -8       47

PRECIPITATION (IN)
  YESTERDAY        0.02          1.50 2011   0.04  -0.02     0.08
  MONTH TO DATE    0.21                      0.81  -0.60     0.16
  SINCE OCT 1      0.80                      3.93  -3.13     5.50
  SINCE JAN 1      0.80                      1.83  -1.03     1.94

DEGREE DAYS
 HEATING
  YESTERDAY       26                        18      8       18
  MONTH TO DATE  261                       357    -96      213
  SINCE DEC 1   1234                      1696   -462     1500
  SINCE JUL 1   1525                      2262   -737     1822

 COOLING
  YESTERDAY        0                         0      0        0
  MONTH TO DATE    0                         0      0        0
  SINCE DEC 1      0                         0      0        0
  SINCE JAN 1      0                         0      0        0
..................................................................


WIND (MPH)
  RESULTANT WIND SPEED  15   RESULTANT WIND DIRECTION  SW (220)
  HIGHEST WIND SPEED    33   HIGHEST WIND DIRECTION    SW (220)
  HIGHEST GUST SPEED    41   HIGHEST GUST DIRECTION    SW (220)
  AVERAGE WIND SPEED    16.3


SKY COVER
  POSSIBLE SUNSHINE  MM
  AVERAGE SKY COVER 0.4


WEATHER CONDITIONS
 THE FOLLOWING WEATHER WAS RECORDED YESTERDAY.
  LIGHT RAIN
  LIGHT SNOW


RELATIVE HUMIDITY (PERCENT)
 HIGHEST    58          1000 PM
 LOWEST     27           100 PM
 AVERAGE    43

..........................................................


THE KINGMAN AZ CLIMATE NORMALS FOR TODAY
                         NORMAL    RECORD    YEAR
 MAXIMUM TEMPERATURE (F)   60        79      1943
 MINIMUM TEMPERATURE (F)   35        20      1955


SUNRISE AND SUNSET
FEBRUARY 20 2018......SUNRISE   716 AM MST   SUNSET   623 PM MST
FEBRUARY 21 2018......SUNRISE   715 AM MST   SUNSET   624 PM MST


-  INDICATES NEGATIVE NUMBERS.
R  INDICATES RECORD WAS SET OR TIED.
MM INDICATES DATA IS MISSING.
T  INDICATES TRACE AMOUNT.




$$
