000
CDUS45 KVEF 290025
CLIIGM


CLIMATE REPORT
NATIONAL WEATHER SERVICE LAS VEGAS, NV
525 PM PDT THU MAY 28 2015


...................................

...THE KINGMAN AZ CLIMATE SUMMARY FOR MAY 28 2015...
VALID TODAY AS OF 0500 PM LOCAL TIME.

CLIMATE NORMAL PERIOD 1981 TO 2010
CLIMATE RECORD PERIOD 1901 TO 2015


WEATHER ITEM   OBSERVED TIME   RECORD YEAR NORMAL DEPARTURE LAST
                VALUE   (LST)  VALUE       VALUE  FROM      YEAR
                                                  NORMAL
..................................................................
TEMPERATURE (F)
 TODAY
  MAXIMUM         91    254 PM 104    2003  89      2       97
  MINIMUM         55    540 AM  35    1918  56     -1       67
  AVERAGE         73                        72      1       82

PRECIPITATION (IN)
  TODAY            0.00          0.32 1990   0.00   0.00     0.00
  MONTH TO DATE    0.18                      0.12   0.06      T
  SINCE OCT 1      5.12                      5.55  -0.43     1.67
  SINCE JAN 1      2.99                      3.45  -0.46     0.79

DEGREE DAYS
 HEATING
  TODAY            0                         1     -1        0
  MONTH TO DATE   88                        53     35       42
  SINCE MAR 1    550                       686   -136      512
  SINCE JUL 1   2530                      3099   -569     2834

 COOLING
  TODAY            8                         8      0       17
  MONTH TO DATE   48                       143    -95      143
  SINCE MAR 1     66                       174   -108      176
  SINCE JAN 1     66                       174   -108      176
..................................................................


WIND (MPH)
  RESULTANT WIND SPEED   6   RESULTANT WIND DIRECTION   S (190)
  HIGHEST WIND SPEED    18   HIGHEST WIND DIRECTION    SW (240)
  HIGHEST GUST SPEED    24   HIGHEST GUST DIRECTION    SW (230)
  AVERAGE WIND SPEED     8.5


SKY COVER
  POSSIBLE SUNSHINE  MM
  AVERAGE SKY COVER 0.0


WEATHER CONDITIONS
 THE FOLLOWING WEATHER WAS RECORDED TODAY.
  NO SIGNIFICANT WEATHER WAS OBSERVED.


RELATIVE HUMIDITY (PERCENT)
 HIGHEST    24           600 AM
 LOWEST      9           100 PM
 AVERAGE    17

..........................................................


THE KINGMAN AZ CLIMATE NORMALS FOR TOMORROW
                         NORMAL    RECORD    YEAR
 MAXIMUM TEMPERATURE (F)   89       102      2003
 MINIMUM TEMPERATURE (F)   56        35      1918


SUNRISE AND SUNSET
MAY 28 2015...........SUNRISE   524 AM MST   SUNSET   743 PM MST
MAY 29 2015...........SUNRISE   524 AM MST   SUNSET   743 PM MST


-  INDICATES NEGATIVE NUMBERS.
R  INDICATES RECORD WAS SET OR TIED.
MM INDICATES DATA IS MISSING.
T  INDICATES TRACE AMOUNT.




$$
