000
CDUS45 KVEF 220827
CLIIGM


CLIMATE REPORT
NATIONAL WEATHER SERVICE LAS VEGAS, NV
127 AM PDT FRI SEP 22 2017


...................................

...THE KINGMAN AZ CLIMATE SUMMARY FOR SEPTEMBER 21 2017...

CLIMATE NORMAL PERIOD 1981 TO 2010
CLIMATE RECORD PERIOD 1901 TO 2017


WEATHER ITEM   OBSERVED TIME   RECORD YEAR NORMAL DEPARTURE LAST
                VALUE   (LST)  VALUE       VALUE  FROM      YEAR
                                                  NORMAL
..................................................................
TEMPERATURE (F)
 YESTERDAY
  MAXIMUM         83    334 PM  99    1949  88     -5       76
  MINIMUM         61   1159 PM  42    1964  60      1       64
  AVERAGE         72                        74     -2       70

PRECIPITATION (IN)
  YESTERDAY        0.00          0.40 1917   0.03  -0.03     0.06
  MONTH TO DATE    1.65                      0.87   0.78     0.15
  SINCE OCT 1     11.53                      8.24   3.29     8.81
  SINCE JAN 1      7.97                      6.14   1.83     7.29

DEGREE DAYS
 HEATING
  YESTERDAY        0                         0      0        0
  MONTH TO DATE    0                         0      0        0
  SINCE SEP 1      0                         0      0        0
  SINCE JUL 1      0                         0      0        0

 COOLING
  YESTERDAY        7                         9     -2        5
  MONTH TO DATE  262                       261      1      218
  SINCE SEP 1    262                       261      1      218
  SINCE JAN 1   2132                      1962    170     2094
..................................................................


WIND (MPH)
  RESULTANT WIND SPEED  18   RESULTANT WIND DIRECTION   S (190)
  HIGHEST WIND SPEED    38   HIGHEST WIND DIRECTION    SW (220)
  HIGHEST GUST SPEED    47   HIGHEST GUST DIRECTION    SW (220)
  AVERAGE WIND SPEED    19.0


SKY COVER
  POSSIBLE SUNSHINE  MM
  AVERAGE SKY COVER 0.0


WEATHER CONDITIONS
 THE FOLLOWING WEATHER WAS RECORDED YESTERDAY.
  NO SIGNIFICANT WEATHER WAS OBSERVED.


RELATIVE HUMIDITY (PERCENT)
 HIGHEST    44          1100 PM
 LOWEST     17           400 PM
 AVERAGE    31

..........................................................


THE KINGMAN AZ CLIMATE NORMALS FOR TODAY
                         NORMAL    RECORD    YEAR
 MAXIMUM TEMPERATURE (F)   88       101      1949
 MINIMUM TEMPERATURE (F)   59        40      1923


SUNRISE AND SUNSET
SEPTEMBER 22 2017.....SUNRISE   624 AM MST   SUNSET   632 PM MST
SEPTEMBER 23 2017.....SUNRISE   625 AM MST   SUNSET   631 PM MST


-  INDICATES NEGATIVE NUMBERS.
R  INDICATES RECORD WAS SET OR TIED.
MM INDICATES DATA IS MISSING.
T  INDICATES TRACE AMOUNT.




$$
