000
CDUS45 KVEF 140827
CLIIGM


CLIMATE REPORT
NATIONAL WEATHER SERVICE LAS VEGAS, NV
1226 AM PST SUN FEB 14 2016


...................................

...THE KINGMAN AZ CLIMATE SUMMARY FOR FEBRUARY 13 2016...

CLIMATE NORMAL PERIOD 1981 TO 2010
CLIMATE RECORD PERIOD 1901 TO 2016


WEATHER ITEM   OBSERVED TIME   RECORD YEAR NORMAL DEPARTURE LAST
                VALUE   (LST)  VALUE       VALUE  FROM      YEAR
                                                  NORMAL
..................................................................
TEMPERATURE (F)
 YESTERDAY
  MAXIMUM         75    351 PM  82    1957  59     16       77
  MINIMUM         33    742 AM  12    1905  34     -1       37
  AVERAGE         54                        47      7       57

PRECIPITATION (IN)
  YESTERDAY        0.00          1.20 1932   0.04  -0.04     0.00
  MONTH TO DATE    T                         0.56  -0.56     0.00
  SINCE OCT 1      2.70                      3.68  -0.98     2.95
  SINCE JAN 1      1.18                      1.58  -0.40     0.82

DEGREE DAYS
 HEATING
  YESTERDAY       11                        18     -7        8
  MONTH TO DATE  247                       249     -2      127
  SINCE DEC 1   1629                      1588     41     1364
  SINCE JUL 1   2205                      2154     51     1778

 COOLING
  YESTERDAY        0                         0      0        0
  MONTH TO DATE    0                         0      0        0
  SINCE DEC 1      0                         0      0        0
  SINCE JAN 1      0                         0      0        0
..................................................................


WIND (MPH)
  RESULTANT WIND SPEED   3   RESULTANT WIND DIRECTION  NE (50)
  HIGHEST WIND SPEED    14   HIGHEST WIND DIRECTION    SE (120)
  HIGHEST GUST SPEED    15   HIGHEST GUST DIRECTION     N (360)
  AVERAGE WIND SPEED     5.5


SKY COVER
  POSSIBLE SUNSHINE  MM
  AVERAGE SKY COVER 0.0


WEATHER CONDITIONS
 THE FOLLOWING WEATHER WAS RECORDED YESTERDAY.
  NO SIGNIFICANT WEATHER WAS OBSERVED.


RELATIVE HUMIDITY (PERCENT)
 HIGHEST    61           700 AM
 LOWEST     11           300 PM
 AVERAGE    36

..........................................................


THE KINGMAN AZ CLIMATE NORMALS FOR TODAY
                         NORMAL    RECORD    YEAR
 MAXIMUM TEMPERATURE (F)   59        78      2014
                                             1957
 MINIMUM TEMPERATURE (F)   34        20      1949


SUNRISE AND SUNSET
FEBRUARY 14 2016......SUNRISE   724 AM MST   SUNSET   617 PM MST
FEBRUARY 15 2016......SUNRISE   722 AM MST   SUNSET   618 PM MST


-  INDICATES NEGATIVE NUMBERS.
R  INDICATES RECORD WAS SET OR TIED.
MM INDICATES DATA IS MISSING.
T  INDICATES TRACE AMOUNT.




$$
