871
CDUS45 KVEF 270845
CLIIGM


CLIMATE REPORT
NATIONAL WEATHER SERVICE LAS VEGAS, NV
145 AM PDT TUE SEP 27 2016


...................................

...THE KINGMAN AZ CLIMATE SUMMARY FOR SEPTEMBER 26 2016...

CLIMATE NORMAL PERIOD 1981 TO 2010
CLIMATE RECORD PERIOD 1901 TO 2016


WEATHER ITEM   OBSERVED TIME   RECORD YEAR NORMAL DEPARTURE LAST
                VALUE   (LST)  VALUE       VALUE  FROM      YEAR
                                                  NORMAL
..................................................................
TEMPERATURE (F)
 YESTERDAY
  MAXIMUM         90    304 PM  99    1914  86      4       96
  MINIMUM         52    630 AM  40    1934  57     -5       64
  AVERAGE         71                        72     -1       80

PRECIPITATION (IN)
  YESTERDAY        0.00          0.89 1967   0.01  -0.01     0.00
  MONTH TO DATE    0.22                      0.97  -0.75     0.20
  SINCE OCT 1      8.88                      8.34   0.54     8.81
  SINCE JAN 1      7.36                      6.24   1.12     6.68

DEGREE DAYS
 HEATING
  YESTERDAY        0                         1     -1        0
  MONTH TO DATE   10                         1      9        0
  SINCE SEP 1     10                         1      9        0
  SINCE JUL 1     10                         1      9        0

 COOLING
  YESTERDAY        6                         7     -1       15
  MONTH TO DATE  229                       301    -72      367
  SINCE SEP 1    229                       301    -72      367
  SINCE JAN 1   2105                      2002    103     2054
..................................................................


WIND (MPH)
  RESULTANT WIND SPEED   5   RESULTANT WIND DIRECTION   E (70)
  HIGHEST WIND SPEED    21   HIGHEST WIND DIRECTION     N (350)
  HIGHEST GUST SPEED    24   HIGHEST GUST DIRECTION     N (350)
  AVERAGE WIND SPEED     8.0


SKY COVER
  POSSIBLE SUNSHINE  MM
  AVERAGE SKY COVER 0.0


WEATHER CONDITIONS
 THE FOLLOWING WEATHER WAS RECORDED YESTERDAY.
  NO SIGNIFICANT WEATHER WAS OBSERVED.


RELATIVE HUMIDITY (PERCENT)
 HIGHEST    41           600 AM
 LOWEST     13           400 PM
 AVERAGE    27

..........................................................


THE KINGMAN AZ CLIMATE NORMALS FOR TODAY
                         NORMAL    RECORD    YEAR
 MAXIMUM TEMPERATURE (F)   86       100      2010
 MINIMUM TEMPERATURE (F)   57        39      2013


SUNRISE AND SUNSET
SEPTEMBER 27 2016.....SUNRISE   628 AM MST   SUNSET   625 PM MST
SEPTEMBER 28 2016.....SUNRISE   629 AM MST   SUNSET   623 PM MST


-  INDICATES NEGATIVE NUMBERS.
R  INDICATES RECORD WAS SET OR TIED.
MM INDICATES DATA IS MISSING.
T  INDICATES TRACE AMOUNT.




$$
