000
CDUS45 KIGM 310833
CLIIGM


CLIMATE REPORT
NATIONAL WEATHER SERVICE LAS VEGAS, NV
133 AM PDT THU JUL 31 2014


...................................

...THE KINGMAN AZ CLIMATE SUMMARY FOR JULY 30 2014...

CLIMATE NORMAL PERIOD 1981 TO 2010
CLIMATE RECORD PERIOD 1901 TO 2014


WEATHER ITEM   OBSERVED TIME   RECORD YEAR NORMAL DEPARTURE LAST
                VALUE   (LST)  VALUE       VALUE  FROM      YEAR
                                                  NORMAL
..................................................................
TEMPERATURE (F)
 YESTERDAY
  MAXIMUM        100    232 PM 106    1938  97      3       98
  MINIMUM         70    609 AM  57    1913  71     -1       71
  AVERAGE         85                        84      1       85

PRECIPITATION (IN)
  YESTERDAY        0.00          0.71 1931   0.03  -0.03     0.00
  MONTH TO DATE    1.15                      0.72   0.43     1.48
  SINCE OCT 1      2.82                      6.37  -3.55     3.84
  SINCE JAN 1      1.94                      4.27  -2.33     2.67

DEGREE DAYS
 HEATING
  YESTERDAY        0                         0      0        0
  MONTH TO DATE    0                         0      0        0
  SINCE JUN 1      0                         3     -3        0
  SINCE JUL 1      0                         0      0        0

 COOLING
  YESTERDAY       20                        19      1       20
  MONTH TO DATE  561                       556      5      611
  SINCE JUN 1   1001                       941     60     1111
  SINCE JAN 1   1226                      1139     87     1333
..................................................................


WIND (MPH)
  RESULTANT WIND SPEED   1   RESULTANT WIND DIRECTION  SW (230)
  HIGHEST WIND SPEED    17   HIGHEST WIND DIRECTION     N (350)
  HIGHEST GUST SPEED    22   HIGHEST GUST DIRECTION    SW (220)
  AVERAGE WIND SPEED     5.3


SKY COVER
  POSSIBLE SUNSHINE  MM
  AVERAGE SKY COVER 0.1


WEATHER CONDITIONS
 THE FOLLOWING WEATHER WAS RECORDED YESTERDAY.
  NO SIGNIFICANT WEATHER WAS OBSERVED.


RELATIVE HUMIDITY (PERCENT)
 HIGHEST    57           600 AM
 LOWEST     17           200 PM
 AVERAGE    37

..........................................................


THE KINGMAN AZ CLIMATE NORMALS FOR TODAY
                         NORMAL    RECORD    YEAR
 MAXIMUM TEMPERATURE (F)   97       108      1938
 MINIMUM TEMPERATURE (F)   71        58      1924


SUNRISE AND SUNSET
JULY 31 2014..........SUNRISE   544 AM MST   SUNSET   740 PM MST
AUGUST  1 2014........SUNRISE   545 AM MST   SUNSET   739 PM MST


-  INDICATES NEGATIVE NUMBERS.
R  INDICATES RECORD WAS SET OR TIED.
MM INDICATES DATA IS MISSING.
T  INDICATES TRACE AMOUNT.




$$
