000
CDUS45 KVEF 290828
CLIIGM


CLIMATE REPORT
NATIONAL WEATHER SERVICE LAS VEGAS, NV
126 AM PDT SUN MAY 29 2016


...................................

...THE KINGMAN AZ CLIMATE SUMMARY FOR MAY 28 2016...

CLIMATE NORMAL PERIOD 1981 TO 2010
CLIMATE RECORD PERIOD 1901 TO 2016


WEATHER ITEM   OBSERVED TIME   RECORD YEAR NORMAL DEPARTURE LAST
                VALUE   (LST)  VALUE       VALUE  FROM      YEAR
                                                  NORMAL
..................................................................
TEMPERATURE (F)
 YESTERDAY
  MAXIMUM         88    346 PM 104    2003  89     -1       91
  MINIMUM         59    341 AM  35    1918  56      3       55
  AVERAGE         74                        72      2       73

PRECIPITATION (IN)
  YESTERDAY        0.00          0.32 1990   0.00   0.00     0.00
  MONTH TO DATE    0.38                      0.12   0.26     0.18
  SINCE OCT 1      4.61                      5.55  -0.94     5.12
  SINCE JAN 1      3.09                      3.45  -0.36     2.99

DEGREE DAYS
 HEATING
  YESTERDAY        0                         1     -1        0
  MONTH TO DATE   47                        53     -6       88
  SINCE MAR 1    476                       686   -210      550
  SINCE JUL 1   2828                      3099   -271     2530

 COOLING
  YESTERDAY        9                         8      1        8
  MONTH TO DATE   95                       143    -48       48
  SINCE MAR 1    115                       174    -59       66
  SINCE JAN 1    115                       174    -59       66
..................................................................


WIND (MPH)
  RESULTANT WIND SPEED   7   RESULTANT WIND DIRECTION   S (200)
  HIGHEST WIND SPEED    22   HIGHEST WIND DIRECTION     W (250)
  HIGHEST GUST SPEED    28   HIGHEST GUST DIRECTION     W (250)
  AVERAGE WIND SPEED    11.9


SKY COVER
  POSSIBLE SUNSHINE  MM
  AVERAGE SKY COVER 0.0


WEATHER CONDITIONS
 THE FOLLOWING WEATHER WAS RECORDED YESTERDAY.
  NO SIGNIFICANT WEATHER WAS OBSERVED.


RELATIVE HUMIDITY (PERCENT)
 HIGHEST    27           300 AM
 LOWEST     11           300 PM
 AVERAGE    19

..........................................................


THE KINGMAN AZ CLIMATE NORMALS FOR TODAY
                         NORMAL    RECORD    YEAR
 MAXIMUM TEMPERATURE (F)   89       102      2003
 MINIMUM TEMPERATURE (F)   56        35      1918


SUNRISE AND SUNSET
MAY 29 2016...........SUNRISE   523 AM MST   SUNSET   744 PM MST
MAY 30 2016...........SUNRISE   523 AM MST   SUNSET   744 PM MST


-  INDICATES NEGATIVE NUMBERS.
R  INDICATES RECORD WAS SET OR TIED.
MM INDICATES DATA IS MISSING.
T  INDICATES TRACE AMOUNT.




$$
