000
CDUS45 KVEF 300829
CLIIGM


CLIMATE REPORT
NATIONAL WEATHER SERVICE LAS VEGAS, NV
127 AM PDT SAT APR 30 2016


...................................

...THE KINGMAN AZ CLIMATE SUMMARY FOR APRIL 29 2016...

CLIMATE NORMAL PERIOD 1981 TO 2010
CLIMATE RECORD PERIOD 1901 TO 2016


WEATHER ITEM   OBSERVED TIME   RECORD YEAR NORMAL DEPARTURE LAST
                VALUE   (LST)  VALUE       VALUE  FROM      YEAR
                                                  NORMAL
..................................................................
TEMPERATURE (F)
 YESTERDAY
  MAXIMUM         70    448 PM  94    2013  78     -8       86
  MINIMUM         42    520 AM  28    1970  48     -6       52
  AVERAGE         56                        63     -7       69

PRECIPITATION (IN)
  YESTERDAY        T             0.40 1951   0.00   0.00     0.00
  MONTH TO DATE    1.12                      0.40   0.72     0.11
  SINCE OCT 1      3.98                      5.42  -1.44     4.94
  SINCE JAN 1      2.46                      3.32  -0.86     2.81

DEGREE DAYS
 HEATING
  YESTERDAY        9                         4      5        0
  MONTH TO DATE  139                       211    -72      214
  SINCE MAR 1    418                       629   -211      462
  SINCE JUL 1   2770                      3042   -272     2442

 COOLING
  YESTERDAY        0                         2     -2        4
  MONTH TO DATE   18                        27     -9        9
  SINCE MAR 1     20                        30    -10       11
  SINCE JAN 1     20                        30    -10       11
..................................................................


WIND (MPH)
  RESULTANT WIND SPEED   3   RESULTANT WIND DIRECTION   S (200)
  HIGHEST WIND SPEED    17   HIGHEST WIND DIRECTION     W (250)
  HIGHEST GUST SPEED    21   HIGHEST GUST DIRECTION     W (250)
  AVERAGE WIND SPEED     6.9


SKY COVER
  POSSIBLE SUNSHINE  MM
  AVERAGE SKY COVER 0.3


WEATHER CONDITIONS
 THE FOLLOWING WEATHER WAS RECORDED YESTERDAY.
  LIGHT RAIN


RELATIVE HUMIDITY (PERCENT)
 HIGHEST    93           100 AM
 LOWEST     26           500 PM
 AVERAGE    60

..........................................................


THE KINGMAN AZ CLIMATE NORMALS FOR TODAY
                         NORMAL    RECORD    YEAR
 MAXIMUM TEMPERATURE (F)   79        92      1943
 MINIMUM TEMPERATURE (F)   48        29      1967


SUNRISE AND SUNSET
APRIL 30 2016.........SUNRISE   545 AM MST   SUNSET   721 PM MST
MAY  1 2016...........SUNRISE   544 AM MST   SUNSET   722 PM MST


-  INDICATES NEGATIVE NUMBERS.
R  INDICATES RECORD WAS SET OR TIED.
MM INDICATES DATA IS MISSING.
T  INDICATES TRACE AMOUNT.




$$
