000
CDUS45 KIGM 230036
CLIIGM


CLIMATE REPORT
NATIONAL WEATHER SERVICE LAS VEGAS, NV
535 PM PDT FRI AUG 22 2014


...................................

...THE KINGMAN AZ CLIMATE SUMMARY FOR AUGUST 22 2014...
VALID TODAY AS OF 0500 PM LOCAL TIME.

CLIMATE NORMAL PERIOD 1981 TO 2010
CLIMATE RECORD PERIOD 1901 TO 2014


WEATHER ITEM   OBSERVED TIME   RECORD YEAR NORMAL DEPARTURE LAST
                VALUE   (LST)  VALUE       VALUE  FROM      YEAR
                                                  NORMAL
..................................................................
TEMPERATURE (F)
 TODAY
  MAXIMUM         84    412 PM 105    1919  95    -11       94
  MINIMUM         58    528 AM  56    1954  69    -11       75
  AVERAGE         71                        82    -11       85

PRECIPITATION (IN)
  TODAY            0.00          0.80 1904   0.04  -0.04      T
                                      1904
                                      2012
  MONTH TO DATE    1.93                      0.55   1.38     0.42
  SINCE OCT 1      4.85                      6.95  -2.10     4.26
  SINCE JAN 1      3.97                      4.85  -0.88     3.09

DEGREE DAYS
 HEATING
  TODAY            0                         0      0        0
  MONTH TO DATE    0                         0      0        0
  SINCE JUN 1      0                         3     -3        0
  SINCE JUL 1      0                         0      0        0

 COOLING
  TODAY            6                        17    -11       20
  MONTH TO DATE  304                       397    -93      407
  SINCE JUN 1   1329                      1358    -29     1539
  SINCE JAN 1   1554                      1556     -2     1761
..................................................................


WIND (MPH)
  RESULTANT WIND SPEED   5   RESULTANT WIND DIRECTION   S (170)
  HIGHEST WIND SPEED    17   HIGHEST WIND DIRECTION    SW (220)
  HIGHEST GUST SPEED    22   HIGHEST GUST DIRECTION    SW (230)
  AVERAGE WIND SPEED     6.8


SKY COVER
  POSSIBLE SUNSHINE  MM
  AVERAGE SKY COVER 0.1


WEATHER CONDITIONS
 THE FOLLOWING WEATHER WAS RECORDED TODAY.
  NO SIGNIFICANT WEATHER WAS OBSERVED.


RELATIVE HUMIDITY (PERCENT)
 HIGHEST    87           500 AM
 LOWEST     34           300 PM
 AVERAGE    61

..........................................................


THE KINGMAN AZ CLIMATE NORMALS FOR TOMORROW
                         NORMAL    RECORD    YEAR
 MAXIMUM TEMPERATURE (F)   95       106      1919
 MINIMUM TEMPERATURE (F)   69        52      1968


SUNRISE AND SUNSET
AUGUST 22 2014........SUNRISE   601 AM MST   SUNSET   716 PM MST
AUGUST 23 2014........SUNRISE   602 AM MST   SUNSET   715 PM MST


-  INDICATES NEGATIVE NUMBERS.
R  INDICATES RECORD WAS SET OR TIED.
MM INDICATES DATA IS MISSING.
T  INDICATES TRACE AMOUNT.




$$
