000
CDUS45 KVEF 240826
CLIIGM


CLIMATE REPORT
NATIONAL WEATHER SERVICE LAS VEGAS, NV
125 AM PDT FRI MAR 24 2017


...................................

...THE KINGMAN AZ CLIMATE SUMMARY FOR MARCH 23 2017...

CLIMATE NORMAL PERIOD 1981 TO 2010
CLIMATE RECORD PERIOD 1901 TO 2017


WEATHER ITEM   OBSERVED TIME   RECORD YEAR NORMAL DEPARTURE LAST
                VALUE   (LST)  VALUE       VALUE  FROM      YEAR
                                                  NORMAL
..................................................................
TEMPERATURE (F)
 YESTERDAY
  MAXIMUM         62    429 PM  85    1956  67     -5       63
  MINIMUM         40    605 AM  24    2009  39      1       33
  AVERAGE         51                        53     -2       48

PRECIPITATION (IN)
  YESTERDAY        0.00          1.20 1954   0.02  -0.02     0.00
  MONTH TO DATE    0.24                      0.60  -0.36     0.16
  SINCE OCT 1      6.26                      4.86   1.40     2.86
  SINCE JAN 1      2.70                      2.76  -0.06     1.34

DEGREE DAYS
 HEATING
  YESTERDAY       14                        12      2       17
  MONTH TO DATE  157                       327   -170      180
  SINCE MAR 1    157                       327   -170      180
  SINCE JUL 1   2154                      2740   -586     2532

 COOLING
  YESTERDAY        0                         0      0        0
  MONTH TO DATE    6                         0      6        2
  SINCE MAR 1      6                         0      6        2
  SINCE JAN 1      6                         0      6        2
..................................................................


WIND (MPH)
  RESULTANT WIND SPEED   8   RESULTANT WIND DIRECTION  SW (230)
  HIGHEST WIND SPEED    22   HIGHEST WIND DIRECTION    SW (240)
  HIGHEST GUST SPEED    27   HIGHEST GUST DIRECTION    SW (220)
  AVERAGE WIND SPEED    10.1


SKY COVER
  POSSIBLE SUNSHINE  MM
  AVERAGE SKY COVER 0.3


WEATHER CONDITIONS
 THE FOLLOWING WEATHER WAS RECORDED YESTERDAY.
  NO SIGNIFICANT WEATHER WAS OBSERVED.


RELATIVE HUMIDITY (PERCENT)
 HIGHEST    65           100 AM
 LOWEST     19           500 PM
 AVERAGE    42

..........................................................


THE KINGMAN AZ CLIMATE NORMALS FOR TODAY
                         NORMAL    RECORD    YEAR
 MAXIMUM TEMPERATURE (F)   68        83      1956
 MINIMUM TEMPERATURE (F)   39        16      1904


SUNRISE AND SUNSET
MARCH 24 2017.........SUNRISE   633 AM MST   SUNSET   651 PM MST
MARCH 25 2017.........SUNRISE   632 AM MST   SUNSET   652 PM MST


-  INDICATES NEGATIVE NUMBERS.
R  INDICATES RECORD WAS SET OR TIED.
MM INDICATES DATA IS MISSING.
T  INDICATES TRACE AMOUNT.




$$
