000
CDUS45 KVEF 272152
CLIIGM


CLIMATE REPORT
NATIONAL WEATHER SERVICE LAS VEGAS, NV
152 PM PST TUE JAN 27 2015


...................................

...THE KINGMAN AZ CLIMATE SUMMARY FOR JANUARY 26 2015...

CLIMATE NORMAL PERIOD 1981 TO 2010
CLIMATE RECORD PERIOD 1901 TO 2015


WEATHER ITEM   OBSERVED TIME   RECORD YEAR NORMAL DEPARTURE LAST
                VALUE   (LST)  VALUE       VALUE  FROM      YEAR
                                                  NORMAL
..................................................................
TEMPERATURE (F)
 YESTERDAY
  MAXIMUM         68    105 PM  71    2012  58     10       63
                                      1987
  MINIMUM         37    807 AM  15    1937  32      5       31
  AVERAGE         53                        45      8       47

PRECIPITATION (IN)
  YESTERDAY        0.07          1.10 1918   0.03   0.04     0.00
  MONTH TO DATE    0.17                      0.82  -0.65     0.00
  SINCE OCT 1      2.30                      2.92  -0.62     0.88
  SINCE JAN 1      0.17                      0.82  -0.65     0.00

DEGREE DAYS
 HEATING
  YESTERDAY       12                        20     -8       18
  MONTH TO DATE  524                       555    -31      482
  SINCE DEC 1   1165                      1238    -73     1225
  SINCE JUL 1   1579                      1804   -225     1858

 COOLING
  YESTERDAY        0                         0      0        0
  MONTH TO DATE    0                         0      0        0
  SINCE DEC 1      0                         0      0        0
  SINCE JAN 1      0                         0      0        0
..................................................................


WIND (MPH)
  RESULTANT WIND SPEED   2   RESULTANT WIND DIRECTION  SW (210)
  HIGHEST WIND SPEED    20   HIGHEST WIND DIRECTION    SW (230)
  HIGHEST GUST SPEED    22   HIGHEST GUST DIRECTION    SW (230)
  AVERAGE WIND SPEED     6.5


SKY COVER
  POSSIBLE SUNSHINE  MM
  AVERAGE SKY COVER 0.3


WEATHER CONDITIONS
 THE FOLLOWING WEATHER WAS RECORDED YESTERDAY.
  LIGHT RAIN


RELATIVE HUMIDITY (PERCENT)
 HIGHEST    80          1100 PM
 LOWEST     19           200 PM
 AVERAGE    50

..........................................................


THE KINGMAN AZ CLIMATE NORMALS FOR TODAY
                         NORMAL    RECORD    YEAR
 MAXIMUM TEMPERATURE (F)   58        73      1936
 MINIMUM TEMPERATURE (F)   32        11      1949


SUNRISE AND SUNSET
JANUARY 27 2015.......SUNRISE   739 AM MST   SUNSET   559 PM MST
JANUARY 28 2015.......SUNRISE   738 AM MST   SUNSET   600 PM MST


-  INDICATES NEGATIVE NUMBERS.
R  INDICATES RECORD WAS SET OR TIED.
MM INDICATES DATA IS MISSING.
T  INDICATES TRACE AMOUNT.




$$
