978
CDUS41 KPHI 120629
CLIILG


CLIMATE REPORT
NATIONAL WEATHER SERVICE MOUNT HOLLY NJ
128 AM EST FRI FEB 12 2016


...................................

...THE WILMINGTON DE CLIMATE SUMMARY FOR FEBRUARY 11 2016...

CLIMATE NORMAL PERIOD 1981 TO 2010
CLIMATE RECORD PERIOD 1894 TO 2016


WEATHER ITEM   OBSERVED TIME   RECORD YEAR NORMAL DEPARTURE LAST
                VALUE   (LST)  VALUE       VALUE  FROM      YEAR
                                                  NORMAL
..................................................................
TEMPERATURE (F)
 YESTERDAY
  MAXIMUM         25    340 PM  69    2009  43    -18       40
  MINIMUM         18   1159 PM  -1    1979  26     -8       25
                                      1962
  AVERAGE         22                        34    -12       33

PRECIPITATION (IN)
  YESTERDAY        T             1.62 1983   0.09  -0.09     0.00
  MONTH TO DATE    1.77                      1.05   0.72     0.86
  SINCE DEC 1      9.28                      7.54   1.74     8.32
  SINCE JAN 1      4.07                      4.06   0.01     5.31

SNOWFALL (IN)
  YESTERDAY        T            13.6  1983   0.3   -0.3      0.0
  MONTH TO DATE    4.5                       3.5    1.0      0.2
  SINCE DEC 1     21.4                      12.8    8.6      4.1
  SINCE JUL 1     21.4                      13.2    8.2      4.4
  SNOW DEPTH       1

DEGREE DAYS
 HEATING
  YESTERDAY       43                        31     12       32
  MONTH TO DATE  309                       346    -37      366
  SINCE DEC 1   1795                      2235   -440     2197
  SINCE JUL 1   2499                      3133   -634     3086

 COOLING
  YESTERDAY        0                         0      0        0
  MONTH TO DATE    0                         0      0        0
  SINCE DEC 1      1                         0      1        0
  SINCE JAN 1      0                         0      0        0
..................................................................


WIND (MPH)
  HIGHEST WIND SPEED    31   HIGHEST WIND DIRECTION    NW (300)
  HIGHEST GUST SPEED    37   HIGHEST GUST DIRECTION     W (290)
  AVERAGE WIND SPEED    16.9


SKY COVER
  POSSIBLE SUNSHINE  MM
  AVERAGE SKY COVER 0.3


WEATHER CONDITIONS
 THE FOLLOWING WEATHER WAS RECORDED YESTERDAY.
  LIGHT SNOW


RELATIVE HUMIDITY (PERCENT)
 HIGHEST    62           300 AM
 LOWEST     45           600 PM
 AVERAGE    54

..........................................................


THE WILMINGTON DE CLIMATE NORMALS FOR TODAY
                         NORMAL    RECORD    YEAR
 MAXIMUM TEMPERATURE (F)   43        71      1999
 MINIMUM TEMPERATURE (F)   26        -1      1979


SUNRISE AND SUNSET
FEBRUARY 12 2016......SUNRISE   659 AM EST   SUNSET   535 PM EST
FEBRUARY 13 2016......SUNRISE   658 AM EST   SUNSET   536 PM EST


-  INDICATES NEGATIVE NUMBERS.
R  INDICATES RECORD WAS SET OR TIED.
MM INDICATES DATA IS MISSING.
T  INDICATES TRACE AMOUNT.




$$
