000
CDUS41 KPHI 010631
CLIILG


CLIMATE REPORT
NATIONAL WEATHER SERVICE MOUNT HOLLY NJ
128 AM EST SUN MAR 1 2015


...................................

...THE WILMINGTON DE CLIMATE SUMMARY FOR FEBRUARY 28 2015...

CLIMATE NORMAL PERIOD 1981 TO 2010
CLIMATE RECORD PERIOD 1894 TO 2015


WEATHER ITEM   OBSERVED TIME   RECORD YEAR NORMAL DEPARTURE LAST
                VALUE   (LST)  VALUE       VALUE  FROM      YEAR
                                                  NORMAL
..................................................................
TEMPERATURE (F)
 YESTERDAY
  MAXIMUM         31    403 PM  66    2011  47    -16       27
                                      1976
                                      1954
  MINIMUM         14    701 AM  -5    1934  29    -15        8
  AVERAGE         23                        38    -15       18

PRECIPITATION (IN)
  YESTERDAY        0.00          1.50 1903   0.10  -0.10     0.00
  MONTH TO DATE    2.16                      2.68  -0.52     5.35
  SINCE DEC 1      9.62                      9.17   0.45    13.80
  SINCE JAN 1      6.61                      5.69   0.92     8.58

SNOWFALL (IN)
  YESTERDAY        0.0           5.4  2005   0.2   -0.2      0.0
  MONTH TO DATE   10.6                       8.3    2.3     19.0
  SINCE DEC 1     14.5                      17.6   -3.1     48.4
  SINCE JUL 1     14.8                      18.0   -3.2     48.4
  SNOW DEPTH       2

DEGREE DAYS
 HEATING
  YESTERDAY       42                        27     15       47
  MONTH TO DATE 1119                       836    283      934
  SINCE DEC 1   2950                      2725    225     2934
  SINCE JUL 1   3839                      3623    216     3855

 COOLING
  YESTERDAY        0                         0      0        0
  MONTH TO DATE    0                         0      0        0
  SINCE DEC 1      0                         0      0        0
  SINCE JAN 1      0                         0      0        0
..................................................................


WIND (MPH)
  HIGHEST WIND SPEED    13   HIGHEST WIND DIRECTION     N (20)
  HIGHEST GUST SPEED    16   HIGHEST GUST DIRECTION     N (10)
  AVERAGE WIND SPEED     5.6


SKY COVER
  POSSIBLE SUNSHINE  MM
  AVERAGE SKY COVER 0.0


WEATHER CONDITIONS
 THE FOLLOWING WEATHER WAS RECORDED YESTERDAY.
  NO SIGNIFICANT WEATHER WAS OBSERVED.


RELATIVE HUMIDITY (PERCENT)
 HIGHEST    59           400 AM
 LOWEST     27           400 PM
 AVERAGE    43

..........................................................


THE WILMINGTON DE CLIMATE NORMALS FOR TODAY
                         NORMAL    RECORD    YEAR
 MAXIMUM TEMPERATURE (F)   47        75      1972
 MINIMUM TEMPERATURE (F)   29         6      1980


SUNRISE AND SUNSET
MARCH  1 2015.........SUNRISE   636 AM EST   SUNSET   554 PM EST
MARCH  2 2015.........SUNRISE   634 AM EST   SUNSET   555 PM EST


-  INDICATES NEGATIVE NUMBERS.
R  INDICATES RECORD WAS SET OR TIED.
MM INDICATES DATA IS MISSING.
T  INDICATES TRACE AMOUNT.




$$
