000
CDUS41 KPHI 170628
CLIILG


CLIMATE REPORT
NATIONAL WEATHER SERVICE MOUNT HOLLY NJ
228 AM EDT WED SEP 17 2014


...................................

...THE WILMINGTON DE CLIMATE SUMMARY FOR SEPTEMBER 16 2014...

CLIMATE NORMAL PERIOD 1981 TO 2010
CLIMATE RECORD PERIOD 1894 TO 2014


WEATHER ITEM   OBSERVED TIME   RECORD YEAR NORMAL DEPARTURE LAST
                VALUE   (LST)  VALUE       VALUE  FROM      YEAR
                                                  NORMAL
..................................................................
TEMPERATURE (F)
 YESTERDAY
  MAXIMUM         75    414 PM  94    1970  78     -3       74
  MINIMUM         56   1156 PM  40    1984  58     -2       57
  AVERAGE         66                        68     -2       66

PRECIPITATION (IN)
  YESTERDAY        0.11          8.29 1999   0.15  -0.04     0.01
  MONTH TO DATE    1.57                      2.11  -0.54     0.46
  SINCE SEP 1      1.57                      2.11  -0.54     0.46
  SINCE JAN 1     39.64                     30.87   8.77    36.79

SNOWFALL (IN)
  YESTERDAY        0.0           0.0  1894   0.0    0.0      0.0
  MONTH TO DATE    0.0                       0.0    0.0      0.0
  SINCE SEP 1      0.0                       0.0    0.0      0.0
  SINCE JUL 1      0.0                       0.0    0.0      0.0
  SNOW DEPTH       0

DEGREE DAYS
 HEATING
  YESTERDAY        0                         1     -1        0
  MONTH TO DATE   13                         9      4       15
  SINCE SEP 1     13                         9      4       15
  SINCE JUL 1     13                        11      2       15

 COOLING
  YESTERDAY        1                         4     -3        1
  MONTH TO DATE  126                        96     30      105
  SINCE SEP 1    126                        96     30      105
  SINCE JAN 1   1032                      1089    -57     1190
..................................................................


WIND (MPH)
  HIGHEST WIND SPEED    14   HIGHEST WIND DIRECTION    NW (320)
  HIGHEST GUST SPEED    21   HIGHEST GUST DIRECTION     W (260)
  AVERAGE WIND SPEED     6.2


SKY COVER
  POSSIBLE SUNSHINE  MM
  AVERAGE SKY COVER 0.6


WEATHER CONDITIONS
 THE FOLLOWING WEATHER WAS RECORDED YESTERDAY.
  RAIN
  LIGHT RAIN
  FOG


RELATIVE HUMIDITY (PERCENT)
 HIGHEST    93           700 AM
 LOWEST     49           500 PM
 AVERAGE    71

..........................................................


THE WILMINGTON DE CLIMATE NORMALS FOR TODAY
                         NORMAL    RECORD    YEAR
 MAXIMUM TEMPERATURE (F)   77        92      1991
 MINIMUM TEMPERATURE (F)   58        43      1986


SUNRISE AND SUNSET
SEPTEMBER 17 2014.....SUNRISE   645 AM EDT   SUNSET   708 PM EDT
SEPTEMBER 18 2014.....SUNRISE   646 AM EDT   SUNSET   706 PM EDT


-  INDICATES NEGATIVE NUMBERS.
R  INDICATES RECORD WAS SET OR TIED.
MM INDICATES DATA IS MISSING.
T  INDICATES TRACE AMOUNT.




$$
