000
CDUS41 KPHI 210546
CLIILG


CLIMATE REPORT
NATIONAL WEATHER SERVICE MOUNT HOLLY NJ
146 AM EDT SAT OCT 21 2017


...................................

...THE WILMINGTON DE CLIMATE SUMMARY FOR OCTOBER 20 2017...

CLIMATE NORMAL PERIOD 1981 TO 2010
CLIMATE RECORD PERIOD 1894 TO 2017


WEATHER ITEM   OBSERVED TIME   RECORD YEAR NORMAL DEPARTURE LAST
                VALUE   (LST)  VALUE       VALUE  FROM      YEAR
                                                  NORMAL
..................................................................
TEMPERATURE (F)
 YESTERDAY
  MAXIMUM         76    138 PM  82    1969  65     11       79
  MINIMUM         49    647 AM  27    1974  45      4       63
                                      1940
  AVERAGE         63                        55      8       71

PRECIPITATION (IN)
  YESTERDAY        0.00          2.59 1910   0.10  -0.10     0.00
  MONTH TO DATE    1.43                      2.29  -0.86     1.32
  SINCE SEP 1      2.55                      6.61  -4.06     6.12
  SINCE JAN 1     34.69                     35.37  -0.68    35.38

SNOWFALL (IN)
  YESTERDAY        0.0           0.0  1894   0.0    0.0      0.0
  MONTH TO DATE    0.0                       0.0    0.0      0.0
  SINCE SEP 1      0.0                       0.0    0.0      0.0
  SINCE JUL 1      0.0                       0.0    0.0      0.0
  SNOW DEPTH       0

DEGREE DAYS
 HEATING
  YESTERDAY        2                        11     -9        0
  MONTH TO DATE   62                       155    -93       88
  SINCE SEP 1     87                       205   -118      108
  SINCE JUL 1     87                       207   -120      108

 COOLING
  YESTERDAY        0                         0      0        6
  MONTH TO DATE   70                        15     55       29
  SINCE SEP 1    253                       149    104      264
  SINCE JAN 1   1299                      1142    157     1485
..................................................................


WIND (MPH)
  HIGHEST WIND SPEED    15   HIGHEST WIND DIRECTION    NW (300)
  HIGHEST GUST SPEED    19   HIGHEST GUST DIRECTION    NW (320)
  AVERAGE WIND SPEED     6.5


SKY COVER
  POSSIBLE SUNSHINE  MM
  AVERAGE SKY COVER 0.0


WEATHER CONDITIONS
 THE FOLLOWING WEATHER WAS RECORDED YESTERDAY.
  NO SIGNIFICANT WEATHER WAS OBSERVED.


RELATIVE HUMIDITY (PERCENT)
 HIGHEST   100           100 AM
 LOWEST     25          1200 PM
 AVERAGE    63

..........................................................


THE WILMINGTON DE CLIMATE NORMALS FOR TODAY
                         NORMAL    RECORD    YEAR
 MAXIMUM TEMPERATURE (F)   64        85      1947
 MINIMUM TEMPERATURE (F)   44        25      1974


SUNRISE AND SUNSET
OCTOBER 21 2017.......SUNRISE   719 AM EDT   SUNSET   614 PM EDT
OCTOBER 22 2017.......SUNRISE   720 AM EDT   SUNSET   613 PM EDT


-  INDICATES NEGATIVE NUMBERS.
R  INDICATES RECORD WAS SET OR TIED.
MM INDICATES DATA IS MISSING.
T  INDICATES TRACE AMOUNT.




$$
