455
CDUS41 KPHI 010632
CLIILG


CLIMATE REPORT
NATIONAL WEATHER SERVICE MOUNT HOLLY NJ
130 AM EST WED MAR 1 2017


...................................

...THE WILMINGTON DE CLIMATE SUMMARY FOR FEBRUARY 28 2017...

CLIMATE NORMAL PERIOD 1981 TO 2010
CLIMATE RECORD PERIOD 1894 TO 2017


WEATHER ITEM   OBSERVED TIME   RECORD YEAR NORMAL DEPARTURE LAST
                VALUE   (LST)  VALUE       VALUE  FROM      YEAR
                                                  NORMAL
..................................................................
TEMPERATURE (F)
 YESTERDAY
  MAXIMUM         66R   220 PM  66    2011  47     19       64
                                      1976
                                      1954
  MINIMUM         39    731 AM  -5    1934  29     10       31
  AVERAGE         53                        38     15       48

PRECIPITATION (IN)
  YESTERDAY        0.11          1.50 1903   0.10   0.01     0.00
  MONTH TO DATE    1.35                      2.68  -1.33     4.43
  SINCE DEC 1      6.61                      9.17  -2.56    11.94
  SINCE JAN 1      4.02                      5.69  -1.67     6.73

SNOWFALL (IN)
  YESTERDAY        0.0           5.4  2005   0.2   -0.2     MM
  MONTH TO DATE    1.1                       8.3   -7.2      5.8
  SINCE DEC 1      5.6                      17.6  -12.0     22.7
  SINCE JUL 1      5.6                      18.0  -12.4     22.7
  SNOW DEPTH       0

DEGREE DAYS
 HEATING
  YESTERDAY       12                        27    -15       17
  MONTH TO DATE  606                       836   -230      805
  SINCE DEC 1   2278                      2725   -447     2291
  SINCE JUL 1   3002                      3623   -621     2995

 COOLING
  YESTERDAY        0                         0      0        0
  MONTH TO DATE    0                         0      0        0
  SINCE DEC 1      0                         0      0        1
  SINCE JAN 1      0                         0      0        0
..................................................................


WIND (MPH)
  HIGHEST WIND SPEED    15   HIGHEST WIND DIRECTION     S (170)
  HIGHEST GUST SPEED    17   HIGHEST GUST DIRECTION     S (170)
  AVERAGE WIND SPEED     4.8


SKY COVER
  POSSIBLE SUNSHINE  MM
  AVERAGE SKY COVER 0.6


WEATHER CONDITIONS
 THE FOLLOWING WEATHER WAS RECORDED YESTERDAY.
  RAIN
  LIGHT RAIN
  FOG


RELATIVE HUMIDITY (PERCENT)
 HIGHEST   100          1100 PM
 LOWEST     56           100 PM
 AVERAGE    78

..........................................................


THE WILMINGTON DE CLIMATE NORMALS FOR TODAY
                         NORMAL    RECORD    YEAR
 MAXIMUM TEMPERATURE (F)   47        75      1972
 MINIMUM TEMPERATURE (F)   29         6      1980


SUNRISE AND SUNSET
MARCH  1 2017.........SUNRISE   635 AM EST   SUNSET   555 PM EST
MARCH  2 2017.........SUNRISE   634 AM EST   SUNSET   556 PM EST


-  INDICATES NEGATIVE NUMBERS.
R  INDICATES RECORD WAS SET OR TIED.
MM INDICATES DATA IS MISSING.
T  INDICATES TRACE AMOUNT.




$$
