000
CDUS42 KILM 300844
CLIILM


CLIMATE REPORT
NATIONAL WEATHER SERVICE WILMINGTON NC
443 AM EDT SUN APR 30 2017


...................................

...THE WILMINGTON NC CLIMATE SUMMARY FOR APRIL 29 2017...

CLIMATE NORMAL PERIOD 1981 TO 2010
CLIMATE RECORD PERIOD 1871 TO 2017


WEATHER ITEM   OBSERVED TIME   RECORD YEAR NORMAL DEPARTURE LAST
                VALUE   (LST)  VALUE       VALUE  FROM      YEAR
                                                  NORMAL
..................................................................
TEMPERATURE (F)
 YESTERDAY
  MAXIMUM         86    153 PM  92    1975  77      9       80
  MINIMUM         72    940 PM  40    1993  55     17       65
  AVERAGE         79                        66     13       73

PRECIPITATION (IN)
  YESTERDAY        0.00          2.19 1895   0.10  -0.10     0.00
  MONTH TO DATE    7.05                      2.73   4.32     1.91
  SINCE MAR 1      9.76                      6.94   2.82     4.74
  SINCE JAN 1     15.31                     14.32   0.99    16.81

SNOWFALL (IN)
  YESTERDAY        0.0          MM      MM   0.0    0.0      0.0
  MONTH TO DATE    0.0                       0.0    0.0      0.0
  SINCE MAR 1      1.1                       0.2    0.9      0.0
  SINCE JUL 1      1.1                       1.7   -0.6       T
  SNOW DEPTH       0

DEGREE DAYS
 HEATING
  YESTERDAY        0                         2     -2        0
  MONTH TO DATE   44                       129    -85      126
  SINCE MAR 1    417                       452    -35      299
  SINCE JUL 1   1932                      2381   -449     1786

 COOLING
  YESTERDAY       14                         3     11        8
  MONTH TO DATE  128                        62     66       71
  SINCE MAR 1    152                        78     74      143
  SINCE JAN 1    158                        83     75      146
..................................................................


WIND (MPH)
  HIGHEST WIND SPEED    18   HIGHEST WIND DIRECTION    SW (230)
  HIGHEST GUST SPEED    25   HIGHEST GUST DIRECTION    SW (210)
  AVERAGE WIND SPEED    10.5


SKY COVER
  POSSIBLE SUNSHINE  MM
  AVERAGE SKY COVER 0.4


WEATHER CONDITIONS
 THE FOLLOWING WEATHER WAS RECORDED YESTERDAY.
  NO SIGNIFICANT WEATHER WAS OBSERVED.


RELATIVE HUMIDITY (PERCENT)
 HIGHEST   100           200 AM
 LOWEST     57           200 PM
 AVERAGE    79

..........................................................


THE WILMINGTON NC CLIMATE NORMALS FOR TODAY
                         NORMAL    RECORD    YEAR
 MAXIMUM TEMPERATURE (F)   78        92      1974
 MINIMUM TEMPERATURE (F)   55        41      2006
                                             1982
                                             1939


SUNRISE AND SUNSET
APRIL 30 2017.........SUNRISE   623 AM EDT   SUNSET   755 PM EDT
MAY  1 2017...........SUNRISE   622 AM EDT   SUNSET   756 PM EDT


-  INDICATES NEGATIVE NUMBERS.
R  INDICATES RECORD WAS SET OR TIED.
MM INDICATES DATA IS MISSING.
T  INDICATES TRACE AMOUNT.




$$
