000
CDUS42 KILM 030943
CLIILM


CLIMATE REPORT
NATIONAL WEATHER SERVICE WILMINGTON NC
443 AM EST SAT DEC 3 2016


...................................

...THE WILMINGTON NC CLIMATE SUMMARY FOR DECEMBER 2 2016...

CLIMATE NORMAL PERIOD 1981 TO 2010
CLIMATE RECORD PERIOD 1871 TO 2016


WEATHER ITEM   OBSERVED TIME   RECORD YEAR NORMAL DEPARTURE LAST
                VALUE   (LST)  VALUE       VALUE  FROM      YEAR
                                                  NORMAL
..................................................................
TEMPERATURE (F)
 YESTERDAY
  MAXIMUM         60    305 PM  80    2015  63     -3       80
  MINIMUM         41    739 AM  18    1876  41      0       60
  AVERAGE         51                        52     -1       70

PRECIPITATION (IN)
  YESTERDAY        0.00          2.70 2009   0.12  -0.12     0.07
  MONTH TO DATE    0.22                      0.23  -0.01     0.18
  SINCE DEC 1      0.22                      0.23  -0.01     0.18
  SINCE JAN 1     66.50                     54.22  12.28    68.15

SNOWFALL (IN)
  YESTERDAY        0.0           T    1937   0.0    0.0      0.0
  MONTH TO DATE    0.0                       0.0    0.0      0.0
  SINCE DEC 1      0.0                       0.0    0.0      0.0
  SINCE JUL 1      0.0                       0.0    0.0      0.0
  SNOW DEPTH       0

DEGREE DAYS
 HEATING
  YESTERDAY       14                        13      1        0
  MONTH TO DATE   17                        26     -9        4
  SINCE DEC 1     17                        26     -9        4
  SINCE JUL 1    376                       395    -19      234

 COOLING
  YESTERDAY        0                         0      0        5
  MONTH TO DATE    0                         0      0        5
  SINCE DEC 1      0                         0      0        5
  SINCE JAN 1   2394                      2037    357     2278
..................................................................


WIND (MPH)
  HIGHEST WIND SPEED    15   HIGHEST WIND DIRECTION     W (290)
  HIGHEST GUST SPEED    19   HIGHEST GUST DIRECTION     N (20)
  AVERAGE WIND SPEED     6.5


SKY COVER
  POSSIBLE SUNSHINE  MM
  AVERAGE SKY COVER 0.0


WEATHER CONDITIONS
 THE FOLLOWING WEATHER WAS RECORDED YESTERDAY.
  NO SIGNIFICANT WEATHER WAS OBSERVED.


RELATIVE HUMIDITY (PERCENT)
 HIGHEST   100           200 AM
 LOWEST     36           200 PM
 AVERAGE    68

..........................................................


THE WILMINGTON NC CLIMATE NORMALS FOR TODAY
                         NORMAL    RECORD    YEAR
 MAXIMUM TEMPERATURE (F)   63        79      1998
 MINIMUM TEMPERATURE (F)   41        22      1886
                                             1876


SUNRISE AND SUNSET
DECEMBER  3 2016......SUNRISE   702 AM EST   SUNSET   502 PM EST
DECEMBER  4 2016......SUNRISE   702 AM EST   SUNSET   502 PM EST


-  INDICATES NEGATIVE NUMBERS.
R  INDICATES RECORD WAS SET OR TIED.
MM INDICATES DATA IS MISSING.
T  INDICATES TRACE AMOUNT.




$$
