674
CDUS42 KILM 110942
CLIILM


CLIMATE REPORT
NATIONAL WEATHER SERVICE WILMINGTON NC
441 AM EST THU FEB 11 2016


...................................

...THE WILMINGTON NC CLIMATE SUMMARY FOR FEBRUARY 10 2016...

CLIMATE NORMAL PERIOD 1981 TO 2010
CLIMATE RECORD PERIOD 1871 TO 2016


WEATHER ITEM   OBSERVED TIME   RECORD YEAR NORMAL DEPARTURE LAST
                VALUE   (LST)  VALUE       VALUE  FROM      YEAR
                                                  NORMAL
..................................................................
TEMPERATURE (F)
 YESTERDAY
  MAXIMUM         45    200 PM  77    1965  59    -14       53
                                      1932
  MINIMUM         31    719 AM  10    1934  37     -6       38
  AVERAGE         38                        48    -10       46

PRECIPITATION (IN)
  YESTERDAY        0.00          3.02 1940   0.13  -0.13     0.08
  MONTH TO DATE    6.15                      1.27   4.88     1.18
  SINCE DEC 1     16.10                      8.65   7.45    11.15
  SINCE JAN 1     10.60                      5.03   5.57     6.16

SNOWFALL (IN)
  YESTERDAY        0.0           5.7  1973   0.0    0.0      0.0
  MONTH TO DATE    0.0                       0.1   -0.1      0.0
  SINCE DEC 1      T                         1.3   -1.3      0.0
  SINCE JUL 1      T                         1.3   -1.3      0.0
  SNOW DEPTH       0

DEGREE DAYS
 HEATING
  YESTERDAY       27                        17     10       19
  MONTH TO DATE  149                       175    -26      189
  SINCE DEC 1    952                      1281   -329     1247
  SINCE JUL 1   1182                      1650   -468     1700

 COOLING
  YESTERDAY        0                         0      0        0
  MONTH TO DATE    0                         0      0        0
  SINCE DEC 1     76                         7     69        6
  SINCE JAN 1      0                         2     -2        6
..................................................................


WIND (MPH)
  HIGHEST WIND SPEED    22   HIGHEST WIND DIRECTION     W (270)
  HIGHEST GUST SPEED    29   HIGHEST GUST DIRECTION     W (270)
  AVERAGE WIND SPEED    12.9


SKY COVER
  POSSIBLE SUNSHINE  MM
  AVERAGE SKY COVER 0.5


WEATHER CONDITIONS
 THE FOLLOWING WEATHER WAS RECORDED YESTERDAY.
  NO SIGNIFICANT WEATHER WAS OBSERVED.


RELATIVE HUMIDITY (PERCENT)
 HIGHEST    59           100 AM
 LOWEST     39           100 PM
 AVERAGE    49

..........................................................


THE WILMINGTON NC CLIMATE NORMALS FOR TODAY
                         NORMAL    RECORD    YEAR
 MAXIMUM TEMPERATURE (F)   59        78      1965
                                             1939
 MINIMUM TEMPERATURE (F)   37        18      1912


SUNRISE AND SUNSET
FEBRUARY 11 2016......SUNRISE   701 AM EST   SUNSET   551 PM EST
FEBRUARY 12 2016......SUNRISE   700 AM EST   SUNSET   552 PM EST


-  INDICATES NEGATIVE NUMBERS.
R  INDICATES RECORD WAS SET OR TIED.
MM INDICATES DATA IS MISSING.
T  INDICATES TRACE AMOUNT.




$$
