000
CDUS42 KILM 241009
CLIILM


CLIMATE REPORT
NATIONAL WEATHER SERVICE WILMINGTON NC
509 AM EST FRI NOV 24 2017


...................................

...THE WILMINGTON NC CLIMATE SUMMARY FOR NOVEMBER 23 2017...

CLIMATE NORMAL PERIOD 1981 TO 2010
CLIMATE RECORD PERIOD 1871 TO 2017


WEATHER ITEM   OBSERVED TIME   RECORD YEAR NORMAL DEPARTURE LAST
                VALUE   (LST)  VALUE       VALUE  FROM      YEAR
                                                  NORMAL
..................................................................
TEMPERATURE (F)
 YESTERDAY
  MAXIMUM         50    301 PM  81    1992  66    -16       60
                                      1900
  MINIMUM         42    751 AM  23    1981  43     -1       28
  AVERAGE         46                        55     -9       44

PRECIPITATION (IN)
  YESTERDAY        0.00          1.97 1948   0.11  -0.11     0.00
  MONTH TO DATE    1.07                      2.47  -1.40     1.96
  SINCE SEP 1     11.40                     14.20  -2.80    24.60
  SINCE JAN 1     58.78                     53.17   5.61    66.14

SNOWFALL (IN)
  YESTERDAY        0.0           T    1935   0.0    0.0      0.0
  MONTH TO DATE    0.0                       0.0    0.0      0.0
  SINCE SEP 1      0.0                       0.0    0.0      0.0
  SINCE JUL 1      0.0                       0.0    0.0      0.0
  SNOW DEPTH       0

DEGREE DAYS
 HEATING
  YESTERDAY       19                        11      8       21
  MONTH TO DATE  198                       189      9      258
  SINCE SEP 1    260                       286    -26      304
  SINCE JUL 1    260                       286    -26      304

 COOLING
  YESTERDAY        0                         1     -1        0
  MONTH TO DATE   27                        23      4        7
  SINCE SEP 1    541                       414    127      511
  SINCE JAN 1   2355                      2037    318     2381
..................................................................


WIND (MPH)
  HIGHEST WIND SPEED    16   HIGHEST WIND DIRECTION    NE (30)
  HIGHEST GUST SPEED    23   HIGHEST GUST DIRECTION    NE (30)
  AVERAGE WIND SPEED     9.2


SKY COVER
  POSSIBLE SUNSHINE  MM
  AVERAGE SKY COVER 0.2


WEATHER CONDITIONS
 THE FOLLOWING WEATHER WAS RECORDED YESTERDAY.
  NO SIGNIFICANT WEATHER WAS OBSERVED.


RELATIVE HUMIDITY (PERCENT)
 HIGHEST    82           800 PM
 LOWEST     61           100 PM
 AVERAGE    72

..........................................................


THE WILMINGTON NC CLIMATE NORMALS FOR TODAY
                         NORMAL    RECORD    YEAR
 MAXIMUM TEMPERATURE (F)   66        79      1986
                                             1900
 MINIMUM TEMPERATURE (F)   43        23      1970
                                             1880


SUNRISE AND SUNSET
NOVEMBER 24 2017......SUNRISE   653 AM EST   SUNSET   503 PM EST
NOVEMBER 25 2017......SUNRISE   654 AM EST   SUNSET   503 PM EST


-  INDICATES NEGATIVE NUMBERS.
R  INDICATES RECORD WAS SET OR TIED.
MM INDICATES DATA IS MISSING.
T  INDICATES TRACE AMOUNT.




$$
