000
CDUS42 KILM 250842
CLIILM


CLIMATE REPORT
NATIONAL WEATHER SERVICE WILMINGTON NC
441 AM EDT SUN JUN 25 2017


...................................

...THE WILMINGTON NC CLIMATE SUMMARY FOR JUNE 24 2017...

CLIMATE NORMAL PERIOD 1981 TO 2010
CLIMATE RECORD PERIOD 1871 TO 2017


WEATHER ITEM   OBSERVED TIME   RECORD YEAR NORMAL DEPARTURE LAST
                VALUE   (LST)  VALUE       VALUE  FROM      YEAR
                                                  NORMAL
..................................................................
TEMPERATURE (F)
 YESTERDAY
  MAXIMUM         93   1234 PM  98    2010  89      4       89
                                      1950
  MINIMUM         76   1131 PM  56    1972  71      5       73
  AVERAGE         85                        80      5       81

PRECIPITATION (IN)
  YESTERDAY        0.41          1.95 1901   0.17   0.24      T
  MONTH TO DATE    3.41                      4.06  -0.65     4.38
  SINCE JUN 1      3.41                      4.06  -0.65     4.38
  SINCE JAN 1     23.91                     22.96   0.95    27.07

DEGREE DAYS
 HEATING
  YESTERDAY        0                         0      0        0
  MONTH TO DATE    2                         0      2        0
  SINCE JUN 1      2                         0      2        0
  SINCE JUL 1   1946                      2409   -463     1806

 COOLING
  YESTERDAY       20                        15      5       16
  MONTH TO DATE  316                       295     21      334
  SINCE JUN 1    316                       295     21      334
  SINCE JAN 1    753                       576    177      669
..................................................................


WIND (MPH)
  HIGHEST WIND SPEED    23   HIGHEST WIND DIRECTION    SW (220)
  HIGHEST GUST SPEED    32   HIGHEST GUST DIRECTION    SW (220)
  AVERAGE WIND SPEED    13.2


SKY COVER
  POSSIBLE SUNSHINE  MM
  AVERAGE SKY COVER 0.4


WEATHER CONDITIONS
 THE FOLLOWING WEATHER WAS RECORDED YESTERDAY.
  THUNDERSTORM
  HEAVY RAIN
  RAIN
  LIGHT RAIN
  FOG


RELATIVE HUMIDITY (PERCENT)
 HIGHEST    85          1200 AM
 LOWEST     52          1200 PM
 AVERAGE    69

..........................................................


THE WILMINGTON NC CLIMATE NORMALS FOR TODAY
                         NORMAL    RECORD    YEAR
 MAXIMUM TEMPERATURE (F)   89       101      1952
 MINIMUM TEMPERATURE (F)   71        61      1979
                                             1936


SUNRISE AND SUNSET
JUNE 25 2017..........SUNRISE   601 AM EDT   SUNSET   827 PM EDT
JUNE 26 2017..........SUNRISE   602 AM EDT   SUNSET   828 PM EDT


-  INDICATES NEGATIVE NUMBERS.
R  INDICATES RECORD WAS SET OR TIED.
MM INDICATES DATA IS MISSING.
T  INDICATES TRACE AMOUNT.




$$
