000
CDUS42 KILM 270845
CLIILM


CLIMATE REPORT
NATIONAL WEATHER SERVICE WILMINGTON NC
445 AM EDT MON MAR 27 2017


...................................

...THE WILMINGTON NC CLIMATE SUMMARY FOR MARCH 26 2017...

CLIMATE NORMAL PERIOD 1981 TO 2010
CLIMATE RECORD PERIOD 1871 TO 2017


WEATHER ITEM   OBSERVED TIME   RECORD YEAR NORMAL DEPARTURE LAST
                VALUE   (LST)  VALUE       VALUE  FROM      YEAR
                                                  NORMAL
..................................................................
TEMPERATURE (F)
 YESTERDAY
  MAXIMUM         75    303 PM  81    1949  69      6       70
                                      1944
                                      1939
  MINIMUM         51    634 AM  26    1940  46      5       61
  AVERAGE         63                        58      5       66

PRECIPITATION (IN)
  YESTERDAY        0.00          3.47 1884   0.13  -0.13     0.03
  MONTH TO DATE    1.98                      3.56  -1.58     1.99
  SINCE MAR 1      1.98                      3.56  -1.58     1.99
  SINCE JAN 1      7.53                     10.94  -3.41    14.06

SNOWFALL (IN)
  YESTERDAY        0.0           0.1  1947   0.0    0.0      0.0
  MONTH TO DATE    1.1                       0.2    0.9      0.0
  SINCE MAR 1      1.1                       0.2    0.9      0.0
  SINCE JUL 1      1.1                       1.7   -0.6       T
  SNOW DEPTH       0

DEGREE DAYS
 HEATING
  YESTERDAY        2                         8     -6        0
  MONTH TO DATE  365                       285     80      158
  SINCE MAR 1    365                       285     80      158
  SINCE JUL 1   1880                      2214   -334     1645

 COOLING
  YESTERDAY        0                         1     -1        1
  MONTH TO DATE   11                        11      0       66
  SINCE MAR 1     11                        11      0       66
  SINCE JAN 1     17                        16      1       69
..................................................................


WIND (MPH)
  HIGHEST WIND SPEED    18   HIGHEST WIND DIRECTION     S (180)
  HIGHEST GUST SPEED    24   HIGHEST GUST DIRECTION     S (160)
  AVERAGE WIND SPEED     5.3


SKY COVER
  POSSIBLE SUNSHINE  MM
  AVERAGE SKY COVER 0.4


WEATHER CONDITIONS
 THE FOLLOWING WEATHER WAS RECORDED YESTERDAY.
  FOG


RELATIVE HUMIDITY (PERCENT)
 HIGHEST   100           400 AM
 LOWEST     49          1200 PM
 AVERAGE    75

..........................................................


THE WILMINGTON NC CLIMATE NORMALS FOR TODAY
                         NORMAL    RECORD    YEAR
 MAXIMUM TEMPERATURE (F)   69        85      2007
 MINIMUM TEMPERATURE (F)   47        24      1955


SUNRISE AND SUNSET
MARCH 27 2017.........SUNRISE   705 AM EDT   SUNSET   729 PM EDT
MARCH 28 2017.........SUNRISE   704 AM EDT   SUNSET   730 PM EDT


-  INDICATES NEGATIVE NUMBERS.
R  INDICATES RECORD WAS SET OR TIED.
MM INDICATES DATA IS MISSING.
T  INDICATES TRACE AMOUNT.




$$
