000
CDUS43 KILX 302135
CLIILX


CLIMATE REPORT
NATIONAL WEATHER SERVICE LINCOLN IL
434 PM CDT THU MAR 30 2017


...................................

...THE LINCOLN IL CLIMATE SUMMARY FOR MARCH 30 2017...
VALID TODAY AS OF 0400 PM LOCAL TIME.

CLIMATE NORMAL PERIOD 1981 TO 2010
CLIMATE RECORD PERIOD 1905 TO 2017


WEATHER ITEM   OBSERVED TIME   RECORD YEAR NORMAL DEPARTURE LAST
                VALUE   (LST)  VALUE       VALUE  FROM      YEAR
                                                  NORMAL
..................................................................
TEMPERATURE (F)
 TODAY
  MAXIMUM         61        MM  86    1986  57      4       59
  MINIMUM         49        MM  14    1964  35     14       38
  AVERAGE         55                        46      9       49

PRECIPITATION (IN)
  TODAY            1.46          1.51 2016   0.09   1.37     1.51
  MONTH TO DATE    3.70                      2.50   1.20     3.87
  SINCE MAR 1      3.70                      2.50   1.20     3.87
  SINCE JAN 1      6.35                      6.25   0.10     6.11

SNOWFALL (IN)
  TODAY            0.0           6.0  1926   0.0    0.0      0.0
  MONTH TO DATE    3.7                       1.7    2.0       T
  SINCE MAR 1      3.7                       1.7    2.0       T
  SINCE JUL 1     10.9                      20.2   -9.3     12.3
  SNOW DEPTH       0

DEGREE DAYS
 HEATING
  TODAY           10                        19     -9       16
  MONTH TO DATE  673                       723    -50      543
  SINCE MAR 1    673                       723    -50      543
  SINCE JUL 1   4281                      5146   -865     4338

 COOLING
  TODAY            0                         0      0        0
  MONTH TO DATE    0                         0      0        0
  SINCE MAR 1      0                         0      0        0
  SINCE JAN 1      0                         0      0        0
..................................................................







THE LINCOLN IL CLIMATE NORMALS FOR TOMORROW
                         NORMAL    RECORD    YEAR
 MAXIMUM TEMPERATURE (F)   58        84      1917
 MINIMUM TEMPERATURE (F)   36        12      1923


SUNRISE AND SUNSET
MARCH 30 2017.........SUNRISE   644 AM CDT   SUNSET   720 PM CDT
MARCH 31 2017.........SUNRISE   642 AM CDT   SUNSET   721 PM CDT


-  INDICATES NEGATIVE NUMBERS.
R  INDICATES RECORD WAS SET OR TIED.
MM INDICATES DATA IS MISSING.
T  INDICATES TRACE AMOUNT.




$$
