058
CDUS43 KILX 260700
CLIILX


CLIMATE REPORT
NATIONAL WEATHER SERVICE LINCOLN IL
159 AM CDT FRI AUG 26 2016


...................................

...THE LINCOLN IL CLIMATE SUMMARY FOR AUGUST 25 2016...

CLIMATE NORMAL PERIOD 1981 TO 2010
CLIMATE RECORD PERIOD 1905 TO 2016


WEATHER ITEM   OBSERVED TIME   RECORD YEAR NORMAL DEPARTURE LAST
                VALUE   (LST)  VALUE       VALUE  FROM      YEAR
                                                  NORMAL
..................................................................
TEMPERATURE (F)
 YESTERDAY
  MAXIMUM         85        MM  99    1936  84      1       76
  MINIMUM         66        MM  42    1917  61      5       53
  AVERAGE         76                        72      4       65

PRECIPITATION (IN)
  YESTERDAY        0.82          2.09 2004   0.12   0.70     0.00
  MONTH TO DATE    5.21                      3.21   2.00     1.04
  SINCE JUN 1     16.26                     12.59   3.67    16.64
  SINCE JAN 1     28.21                     26.71   1.50    31.03

SNOWFALL (IN)
  YESTERDAY        0.0           0.0    MM   0.0    0.0      0.0
  MONTH TO DATE    0.0                       0.0    0.0      0.0
  SINCE JUN 1      0.0                       0.0    0.0      0.0
  SINCE JUL 1      0.0                       0.0    0.0      0.0
  SNOW DEPTH       0

DEGREE DAYS
 HEATING
  YESTERDAY        0                         0      0        0
  MONTH TO DATE    0                         0      0        0
  SINCE JUN 1     11                        19     -8       14
  SINCE JUL 1      9                         2      7        6

 COOLING
  YESTERDAY       11                         8      3        0
  MONTH TO DATE  242                       213     29      176
  SINCE JUN 1    836                       756     80      662
  SINCE JAN 1    923                       847     76      773
..................................................................


WIND (MPH)
  HIGHEST WIND SPEED    MM   HIGHEST WIND DIRECTION    MM
  HIGHEST GUST SPEED    MM   HIGHEST GUST DIRECTION    MM
  AVERAGE WIND SPEED    MM


SKY COVER
  POSSIBLE SUNSHINE  MM


WEATHER CONDITIONS
 THE FOLLOWING WEATHER WAS RECORDED YESTERDAY.
  THUNDERSTORM
  HEAVY RAIN
  RAIN
  LIGHT RAIN


..........................................................


THE LINCOLN IL CLIMATE NORMALS FOR TODAY
                         NORMAL    RECORD    YEAR
 MAXIMUM TEMPERATURE (F)   84       101      1936
 MINIMUM TEMPERATURE (F)   61        37      1910


SUNRISE AND SUNSET
AUGUST 26 2016........SUNRISE   620 AM CDT   SUNSET   738 PM CDT
AUGUST 27 2016........SUNRISE   621 AM CDT   SUNSET   736 PM CDT


-  INDICATES NEGATIVE NUMBERS.
R  INDICATES RECORD WAS SET OR TIED.
MM INDICATES DATA IS MISSING.
T  INDICATES TRACE AMOUNT.




$$
