000
CDUS43 KILX 092155
CLIILX


CLIMATE REPORT
NATIONAL WEATHER SERVICE LINCOLN IL
445 PM CDT WED JUL 9 2014


...................................

...THE LINCOLN IL CLIMATE SUMMARY FOR JULY 9 2014...
VALID TODAY AS OF 0400 PM LOCAL TIME.

CLIMATE NORMAL PERIOD 1981 TO 2010
CLIMATE RECORD PERIOD 1905 TO 2014


WEATHER ITEM   OBSERVED TIME   RECORD YEAR NORMAL DEPARTURE LAST
                VALUE   (LST)  VALUE       VALUE  FROM      YEAR
                                                  NORMAL
..................................................................
TEMPERATURE (F)
 TODAY
  MAXIMUM         79        MM 105    1936  86     -7       91
  MINIMUM         63        MM  47    1918  65     -2       75
  AVERAGE         71                        76     -5       83

PRECIPITATION (IN)
  TODAY            0.00          4.78 2003   0.17  -0.17      T
  MONTH TO DATE    1.63                      1.49   0.14     0.04
  SINCE JUN 1      8.05                      5.81   2.24     3.29
  SINCE JAN 1     19.37                     19.93  -0.56    24.45

SNOWFALL (IN)
  TODAY            0.0           0.0    MM   0.0    0.0      0.0
  MONTH TO DATE    0.0                       0.0    0.0      0.0
  SINCE JUN 1      0.0                       0.0    0.0      0.0
  SINCE JUL 1      0.0                       0.0    0.0      0.0
  SNOW DEPTH       0

DEGREE DAYS
 HEATING
  TODAY            0                         0      0        0
  MONTH TO DATE    0                         0      0        0
  SINCE JUN 1      7                        17    -10       17
  SINCE JUL 1      0                         0      0        0

 COOLING
  TODAY            6                        11     -5       18
  MONTH TO DATE   52                        95    -43       80
  SINCE JUN 1    289                       327    -38      304
  SINCE JAN 1    418                       418      0      406
..................................................................







THE LINCOLN IL CLIMATE NORMALS FOR TOMORROW
                         NORMAL    RECORD    YEAR
 MAXIMUM TEMPERATURE (F)   86       107      1936
 MINIMUM TEMPERATURE (F)   65        48      1963


SUNRISE AND SUNSET
JULY  9 2014..........SUNRISE   536 AM CDT   SUNSET   828 PM CDT
JULY 10 2014..........SUNRISE   537 AM CDT   SUNSET   828 PM CDT


-  INDICATES NEGATIVE NUMBERS.
R  INDICATES RECORD WAS SET OR TIED.
MM INDICATES DATA IS MISSING.
T  INDICATES TRACE AMOUNT.




$$
