537
CDUS43 KILX 180633
CLIILX


CLIMATE REPORT
NATIONAL WEATHER SERVICE LINCOLN IL
1231 AM CST SAT NOV 18 2017


...................................

...THE LINCOLN IL CLIMATE SUMMARY FOR NOVEMBER 17 2017...

CLIMATE NORMAL PERIOD 1981 TO 2010
CLIMATE RECORD PERIOD 1905 TO 2017


WEATHER ITEM   OBSERVED TIME   RECORD YEAR NORMAL DEPARTURE LAST
                VALUE   (LST)  VALUE       VALUE  FROM      YEAR
                                                  NORMAL
..................................................................
TEMPERATURE (F)
 YESTERDAY
  MAXIMUM         50        MM  76    2001  51     -1       75
  MINIMUM         27        MM   3    1959  33     -6       46
  AVERAGE         39                        42     -3       61

PRECIPITATION (IN)
  YESTERDAY        0.01          2.02 1958   0.11  -0.10     0.00
  MONTH TO DATE    0.65                      1.79  -1.14     0.94
  SINCE SEP 1      6.04                      8.08  -2.04     7.01
  SINCE JAN 1     31.16                     35.50  -4.34    36.45

SNOWFALL (IN)
  YESTERDAY        0.0           7.0  1926   0.0    0.0      0.0
  MONTH TO DATE    0.0                       0.1   -0.1      0.0
  SINCE SEP 1      T                         0.1   -0.1      0.0
  SINCE JUL 1      T                         0.1   -0.1      0.0
  SNOW DEPTH       0

DEGREE DAYS
 HEATING
  YESTERDAY       26                        23      3        4
  MONTH TO DATE  399                       337     62      224
  SINCE SEP 1    737                       784    -47      445
  SINCE JUL 1    743                       793    -50      454

 COOLING
  YESTERDAY        0                         0      0        0
  MONTH TO DATE    0                         0      0        7
  SINCE SEP 1    185                       128     57      250
  SINCE JAN 1    984                      1017    -33     1241
..................................................................


WIND (MPH)
  HIGHEST WIND SPEED    MM   HIGHEST WIND DIRECTION    MM
  HIGHEST GUST SPEED    MM   HIGHEST GUST DIRECTION    MM
  AVERAGE WIND SPEED    MM


SKY COVER
  POSSIBLE SUNSHINE  MM


WEATHER CONDITIONS
 THE FOLLOWING WEATHER WAS RECORDED YESTERDAY.
  LIGHT RAIN


..........................................................


THE LINCOLN IL CLIMATE NORMALS FOR TODAY
                         NORMAL    RECORD    YEAR
 MAXIMUM TEMPERATURE (F)   50        73      1908
 MINIMUM TEMPERATURE (F)   32         8      1932


SUNRISE AND SUNSET
NOVEMBER 18 2017......SUNRISE   647 AM CST   SUNSET   438 PM CST
NOVEMBER 19 2017......SUNRISE   648 AM CST   SUNSET   438 PM CST


-  INDICATES NEGATIVE NUMBERS.
R  INDICATES RECORD WAS SET OR TIED.
MM INDICATES DATA IS MISSING.
T  INDICATES TRACE AMOUNT.




$$
