000
CDUS43 KILX 162243
CLIILX


CLIMATE REPORT
NATIONAL WEATHER SERVICE LINCOLN IL
432 PM CST TUE JAN 16 2018


...................................

...THE LINCOLN IL CLIMATE SUMMARY FOR JANUARY 16 2018...
VALID TODAY AS OF 0400 PM LOCAL TIME.

CLIMATE NORMAL PERIOD 1981 TO 2010
CLIMATE RECORD PERIOD 1905 TO 2018


WEATHER ITEM   OBSERVED TIME   RECORD YEAR NORMAL DEPARTURE LAST
                VALUE   (LST)  VALUE       VALUE  FROM      YEAR
                                                  NORMAL
..................................................................
TEMPERATURE (F)
 TODAY
  MAXIMUM         10        MM  60    2012  34    -24       51
                                      1933
  MINIMUM         -4        MM -19    1977  18    -22       33
  AVERAGE          3                        26    -23       42

PRECIPITATION (IN)
  TODAY            T             0.80 1907   0.06  -0.06     0.12
  MONTH TO DATE    0.34                      1.11  -0.77     0.92
  SINCE DEC 1      0.80                      3.75  -2.95     2.28
  SINCE JAN 1      0.34                      1.11  -0.77     0.92

SNOWFALL (IN)
  TODAY            0.1           5.2  1936   0.2   -0.1      0.0
  MONTH TO DATE    3.0                       3.1   -0.1      0.5
  SINCE DEC 1      7.2                       9.3   -2.1      3.7
  SINCE JUL 1      7.2                       9.9   -2.7      3.7
  SNOW DEPTH       2

DEGREE DAYS
 HEATING
  TODAY           62                        39     23       23
  MONTH TO DATE  814                       624    190      619
  SINCE DEC 1   1944                      1723    221     1734
  SINCE JUL 1   2997                      2866    131     2511

 COOLING
  TODAY            0                         0      0        0
  MONTH TO DATE    0                         0      0        0
  SINCE DEC 1      0                         0      0        0
  SINCE JAN 1      0                         0      0        0
..................................................................







THE LINCOLN IL CLIMATE NORMALS FOR TOMORROW
                         NORMAL    RECORD    YEAR
 MAXIMUM TEMPERATURE (F)   34        67      1952
 MINIMUM TEMPERATURE (F)   18       -21      1977


SUNRISE AND SUNSET
JANUARY 16 2018.......SUNRISE   717 AM CST   SUNSET   457 PM CST
JANUARY 17 2018.......SUNRISE   717 AM CST   SUNSET   458 PM CST


-  INDICATES NEGATIVE NUMBERS.
R  INDICATES RECORD WAS SET OR TIED.
MM INDICATES DATA IS MISSING.
T  INDICATES TRACE AMOUNT.




$$
