000
CDUS43 KILX 250659
CLIILX


CLIMATE REPORT
NATIONAL WEATHER SERVICE LINCOLN IL
1249 AM CST THU DEC 25 2014


...................................

...THE LINCOLN IL CLIMATE SUMMARY FOR DECEMBER 24 2014...

CLIMATE NORMAL PERIOD 1981 TO 2010
CLIMATE RECORD PERIOD 1905 TO 2014


WEATHER ITEM   OBSERVED TIME   RECORD YEAR NORMAL DEPARTURE LAST
                VALUE   (LST)  VALUE       VALUE  FROM      YEAR
                                                  NORMAL
..................................................................
TEMPERATURE (F)
 YESTERDAY
  MAXIMUM         40        MM  65    1955  35      5       21
  MINIMUM         35        MM -19    1983  20     15        1
  AVERAGE         38                        27     11       11

PRECIPITATION (IN)
  YESTERDAY        T             0.98 2009   0.08  -0.08     0.00
  MONTH TO DATE    1.41                      2.08  -0.67     1.51
  SINCE DEC 1      1.41                      2.08  -0.67     1.51
  SINCE JAN 1     44.34                     39.04   5.30    36.30

SNOWFALL (IN)
  YESTERDAY        0.0           7.0  1915   0.3   -0.3      0.0
  MONTH TO DATE    0.4                       4.5   -4.1      6.4
  SINCE DEC 1      0.4                       4.5   -4.1      6.4
  SINCE JUL 1      1.4                       5.1   -3.7      6.9
  SNOW DEPTH       0

DEGREE DAYS
 HEATING
  YESTERDAY       27                        38    -11       54
  MONTH TO DATE  767                       830    -63      944
  SINCE DEC 1    767                       830    -63      944
  SINCE JUL 1   2165                      1973    192     2222

 COOLING
  YESTERDAY        0                         0      0        0
  MONTH TO DATE    0                         0      0        0
  SINCE DEC 1      0                         0      0        0
  SINCE JAN 1    838                      1017   -179      947
..................................................................


WIND (MPH)
  HIGHEST WIND SPEED    MM   HIGHEST WIND DIRECTION    MM
  HIGHEST GUST SPEED    MM   HIGHEST GUST DIRECTION    MM
  AVERAGE WIND SPEED    MM


SKY COVER
  POSSIBLE SUNSHINE  MM


WEATHER CONDITIONS
 THE FOLLOWING WEATHER WAS RECORDED YESTERDAY.
  LIGHT RAIN
  FOG


..........................................................


THE LINCOLN IL CLIMATE NORMALS FOR TODAY
                         NORMAL    RECORD    YEAR
 MAXIMUM TEMPERATURE (F)   35        62      1982
 MINIMUM TEMPERATURE (F)   20       -18      1983


SUNRISE AND SUNSET
DECEMBER 25 2014......SUNRISE   718 AM CST   SUNSET   437 PM CST
DECEMBER 26 2014......SUNRISE   718 AM CST   SUNSET   438 PM CST


-  INDICATES NEGATIVE NUMBERS.
R  INDICATES RECORD WAS SET OR TIED.
MM INDICATES DATA IS MISSING.
T  INDICATES TRACE AMOUNT.




$$
