000
CDUS43 KILX 240659
CLIILX


CLIMATE REPORT
NATIONAL WEATHER SERVICE LINCOLN IL
1259 AM CST MON NOV 24 2014


...................................

...THE LINCOLN IL CLIMATE SUMMARY FOR NOVEMBER 23 2014...

CLIMATE NORMAL PERIOD 1981 TO 2010
CLIMATE RECORD PERIOD 1905 TO 2014


WEATHER ITEM   OBSERVED TIME   RECORD YEAR NORMAL DEPARTURE LAST
                VALUE   (LST)  VALUE       VALUE  FROM      YEAR
                                                  NORMAL
..................................................................
TEMPERATURE (F)
 YESTERDAY
  MAXIMUM         53        MM  72    1931  47      6       28
  MINIMUM         47        MM   6    1950  30     17       15
  AVERAGE         50                        38     12       22

PRECIPITATION (IN)
  YESTERDAY        0.91          1.10 1916   0.12   0.79     0.00
  MONTH TO DATE    1.60                      2.48  -0.88     1.21
  SINCE SEP 1     13.65                      8.77   4.88     5.65
  SINCE JAN 1     42.30                     36.19   6.11    34.79

SNOWFALL (IN)
  YESTERDAY        0.0           3.0  1941   0.0    0.0      0.0
  MONTH TO DATE    0.1                       0.3   -0.2      0.5
  SINCE SEP 1      0.1                       0.3   -0.2      0.5
  SINCE JUL 1      0.1                       0.3   -0.2      0.5
  SNOW DEPTH       0

DEGREE DAYS
 HEATING
  YESTERDAY       15                        26    -11       43
  MONTH TO DATE  684                       487    197      545
  SINCE SEP 1   1160                       934    226      986
  SINCE JUL 1   1170                       943    227     1008

 COOLING
  YESTERDAY        0                         0      0        0
  MONTH TO DATE    0                         0      0        0
  SINCE SEP 1     84                       128    -44      176
  SINCE JAN 1    838                      1017   -179      947
..................................................................


WIND (MPH)
  HIGHEST WIND SPEED    MM   HIGHEST WIND DIRECTION    MM
  HIGHEST GUST SPEED    MM   HIGHEST GUST DIRECTION    MM
  AVERAGE WIND SPEED    MM


SKY COVER
  POSSIBLE SUNSHINE  MM


WEATHER CONDITIONS
 THE FOLLOWING WEATHER WAS RECORDED YESTERDAY.
  HEAVY RAIN
  RAIN
  LIGHT RAIN
  FOG


..........................................................


THE LINCOLN IL CLIMATE NORMALS FOR TODAY
                         NORMAL    RECORD    YEAR
 MAXIMUM TEMPERATURE (F)   46        67      1931
 MINIMUM TEMPERATURE (F)   30         0      1950


SUNRISE AND SUNSET
NOVEMBER 24 2014......SUNRISE   653 AM CST   SUNSET   435 PM CST
NOVEMBER 25 2014......SUNRISE   654 AM CST   SUNSET   434 PM CST


-  INDICATES NEGATIVE NUMBERS.
R  INDICATES RECORD WAS SET OR TIED.
MM INDICATES DATA IS MISSING.
T  INDICATES TRACE AMOUNT.




$$
