000
CDUS43 KILX 290636
CLIILX


CLIMATE REPORT
NATIONAL WEATHER SERVICE LINCOLN IL
135 AM CDT WED JUL 29 2015


...................................

...THE LINCOLN IL CLIMATE SUMMARY FOR JULY 28 2015...

CLIMATE NORMAL PERIOD 1981 TO 2010
CLIMATE RECORD PERIOD 1905 TO 2015


WEATHER ITEM   OBSERVED TIME   RECORD YEAR NORMAL DEPARTURE LAST
                VALUE   (LST)  VALUE       VALUE  FROM      YEAR
                                                  NORMAL
..................................................................
TEMPERATURE (F)
 YESTERDAY
  MAXIMUM         90        MM 106    1930  85      5       73
  MINIMUM         69        MM  48    2013  64      5       54
  AVERAGE         80                        74      6       64

PRECIPITATION (IN)
  YESTERDAY        T             1.90 1958   0.15  -0.15     0.00
  MONTH TO DATE    5.93                      4.64   1.29     4.78
  SINCE JUN 1     15.60                      8.96   6.64    11.20
  SINCE JAN 1     29.99                     23.08   6.91    22.52

SNOWFALL (IN)
  YESTERDAY        0.0           0.0    MM   0.0    0.0      0.0
  MONTH TO DATE    0.0                       0.0    0.0      0.0
  SINCE JUN 1      0.0                       0.0    0.0      0.0
  SINCE JUL 1      0.0                       0.0    0.0      0.0
  SNOW DEPTH       0

DEGREE DAYS
 HEATING
  YESTERDAY        0                         0      0        1
  MONTH TO DATE    6                         0      6        9
  SINCE JUN 1     14                        17     -3       16
  SINCE JUL 1      6                         0      6        9

 COOLING
  YESTERDAY       15                         9      6        0
  MONTH TO DATE  222                       284    -62      122
  SINCE JUN 1    448                       516    -68      359
  SINCE JAN 1    559                       607    -48      488
..................................................................


WIND (MPH)
  HIGHEST WIND SPEED    MM   HIGHEST WIND DIRECTION    MM
  HIGHEST GUST SPEED    MM   HIGHEST GUST DIRECTION    MM
  AVERAGE WIND SPEED    MM


SKY COVER
  POSSIBLE SUNSHINE  MM


WEATHER CONDITIONS
 THE FOLLOWING WEATHER WAS RECORDED YESTERDAY.
  LIGHT RAIN


..........................................................


THE LINCOLN IL CLIMATE NORMALS FOR TODAY
                         NORMAL    RECORD    YEAR
 MAXIMUM TEMPERATURE (F)   85       104      1916
 MINIMUM TEMPERATURE (F)   64        47      1925


SUNRISE AND SUNSET
JULY 29 2015..........SUNRISE   552 AM CDT   SUNSET   815 PM CDT
JULY 30 2015..........SUNRISE   553 AM CDT   SUNSET   814 PM CDT


-  INDICATES NEGATIVE NUMBERS.
R  INDICATES RECORD WAS SET OR TIED.
MM INDICATES DATA IS MISSING.
T  INDICATES TRACE AMOUNT.




$$
