000
CDUS43 KILX 250634
CLIILX


CLIMATE REPORT
NATIONAL WEATHER SERVICE LINCOLN IL
134 AM CDT SUN SEP 25 2016


...................................

...THE LINCOLN IL CLIMATE SUMMARY FOR SEPTEMBER 24 2016...

CLIMATE NORMAL PERIOD 1981 TO 2010
CLIMATE RECORD PERIOD 1905 TO 2016


WEATHER ITEM   OBSERVED TIME   RECORD YEAR NORMAL DEPARTURE LAST
                VALUE   (LST)  VALUE       VALUE  FROM      YEAR
                                                  NORMAL
..................................................................
TEMPERATURE (F)
 YESTERDAY
  MAXIMUM         90        MM  93    1935  75     15       84
  MINIMUM         63        MM  28    1928  50     13       52
  AVERAGE         77                        62     15       68

PRECIPITATION (IN)
  YESTERDAY        0.00          1.52 1968   0.11  -0.11     0.00
  MONTH TO DATE    3.92                      2.60   1.32     4.65
  SINCE SEP 1      3.92                      2.60   1.32     4.65
  SINCE JAN 1     33.36                     30.02   3.34    35.72

SNOWFALL (IN)
  YESTERDAY        0.0           0.0    MM   0.0    0.0      0.0
  MONTH TO DATE    0.0                       0.0    0.0      0.0
  SINCE SEP 1      0.0                       0.0    0.0      0.0
  SINCE JUL 1      0.0                       0.0    0.0      0.0
  SNOW DEPTH       0

DEGREE DAYS
 HEATING
  YESTERDAY        0                         5     -5        0
  MONTH TO DATE    1                        50    -49       30
  SINCE SEP 1      1                        50    -49       30
  SINCE JUL 1     10                        59    -49       42

 COOLING
  YESTERDAY       12                         2     10        3
  MONTH TO DATE  182                       104     78      169
  SINCE SEP 1    182                       104     78      169
  SINCE JAN 1   1173                       993    180      973
..................................................................


WIND (MPH)
  HIGHEST WIND SPEED    MM   HIGHEST WIND DIRECTION    MM
  HIGHEST GUST SPEED    MM   HIGHEST GUST DIRECTION    MM
  AVERAGE WIND SPEED    MM


SKY COVER
  POSSIBLE SUNSHINE  MM


WEATHER CONDITIONS
 THE FOLLOWING WEATHER WAS RECORDED YESTERDAY.
  FOG
  FOG W/VISIBILITY <= 1/4 MILE


..........................................................


THE LINCOLN IL CLIMATE NORMALS FOR TODAY
                         NORMAL    RECORD    YEAR
 MAXIMUM TEMPERATURE (F)   75        92      1920
 MINIMUM TEMPERATURE (F)   49        32      1928


SUNRISE AND SUNSET
SEPTEMBER 25 2016.....SUNRISE   648 AM CDT   SUNSET   649 PM CDT
SEPTEMBER 26 2016.....SUNRISE   649 AM CDT   SUNSET   647 PM CDT


-  INDICATES NEGATIVE NUMBERS.
R  INDICATES RECORD WAS SET OR TIED.
MM INDICATES DATA IS MISSING.
T  INDICATES TRACE AMOUNT.




$$
