000
CDUS43 KILX 090656
CLIILX


CLIMATE REPORT
NATIONAL WEATHER SERVICE LINCOLN IL
1256 AM CST TUE FEB 9 2016


...................................

...THE LINCOLN IL CLIMATE SUMMARY FOR FEBRUARY 8 2016...

CLIMATE NORMAL PERIOD 1981 TO 2010
CLIMATE RECORD PERIOD 1905 TO 2016


WEATHER ITEM   OBSERVED TIME   RECORD YEAR NORMAL DEPARTURE LAST
                VALUE   (LST)  VALUE       VALUE  FROM      YEAR
                                                  NORMAL
..................................................................
TEMPERATURE (F)
 YESTERDAY
  MAXIMUM         35        MM  63    1925  37     -2       52
  MINIMUM         18        MM -12    1916  20     -2       30
  AVERAGE         27                        28     -1       41

PRECIPITATION (IN)
  YESTERDAY        0.03          0.51 1935   0.07  -0.04      T
  MONTH TO DATE    0.70                      0.47   0.23     0.80
  SINCE DEC 1      8.50                      5.04   3.46     3.64
  SINCE JAN 1      1.69                      2.40  -0.71     2.19

SNOWFALL (IN)
  YESTERDAY        0.5           2.8  1951   0.2    0.3      0.0
  MONTH TO DATE    0.5                       1.8   -1.3      5.0
  SINCE DEC 1      6.1                      13.9   -7.8     10.0
  SINCE JUL 1      7.1                      14.5   -7.4     11.0
  SNOW DEPTH       T

DEGREE DAYS
 HEATING
  YESTERDAY       38                        37      1       24
  MONTH TO DATE  240                       300    -60      326
  SINCE DEC 1   2200                      2611   -411     2572
  SINCE JUL 1   3127                      3754   -627     3970

 COOLING
  YESTERDAY        0                         0      0        0
  MONTH TO DATE    0                         0      0        0
  SINCE DEC 1      0                         0      0        0
  SINCE JAN 1      0                         0      0        0
..................................................................


WIND (MPH)
  HIGHEST WIND SPEED    MM   HIGHEST WIND DIRECTION    MM
  HIGHEST GUST SPEED    MM   HIGHEST GUST DIRECTION    MM
  AVERAGE WIND SPEED    MM


SKY COVER
  POSSIBLE SUNSHINE  MM


WEATHER CONDITIONS
 THE FOLLOWING WEATHER WAS RECORDED YESTERDAY.
  LIGHT SNOW


..........................................................


THE LINCOLN IL CLIMATE NORMALS FOR TODAY
                         NORMAL    RECORD    YEAR
 MAXIMUM TEMPERATURE (F)   37        65      1943
 MINIMUM TEMPERATURE (F)   20       -15      1933


SUNRISE AND SUNSET
FEBRUARY  9 2016......SUNRISE   658 AM CST   SUNSET   525 PM CST
FEBRUARY 10 2016......SUNRISE   657 AM CST   SUNSET   527 PM CST


-  INDICATES NEGATIVE NUMBERS.
R  INDICATES RECORD WAS SET OR TIED.
MM INDICATES DATA IS MISSING.
T  INDICATES TRACE AMOUNT.




$$
