000
CDUS43 KIND 290550
CLIIND


CLIMATE REPORT
NATIONAL WEATHER SERVICE INDIANAPOLIS IN
150 AM EDT WED JUL 29 2015


...................................

...THE INDIANAPOLIS IN CLIMATE SUMMARY FOR JULY 28 2015...

CLIMATE NORMAL PERIOD 1981 TO 2010
CLIMATE RECORD PERIOD 1871 TO 2015


WEATHER ITEM   OBSERVED TIME   RECORD YEAR NORMAL DEPARTURE LAST
                VALUE   (LST)  VALUE       VALUE  FROM      YEAR
                                                  NORMAL
..................................................................
TEMPERATURE (F)
 YESTERDAY
  MAXIMUM         92    340 PM 101    1930  85      7       73
  MINIMUM         74    639 AM  51    2013  66      8       57
  AVERAGE         83                        75      8       65

PRECIPITATION (IN)
  YESTERDAY        0.00          2.95 1979   0.12  -0.12     0.00
  MONTH TO DATE   13.14                      4.17   8.97     2.87
  SINCE JUN 1     21.50                      8.42  13.08     9.91
  SINCE JAN 1     34.63                     25.82   8.81    27.34

SNOWFALL (IN)
  YESTERDAY        0.0           0.0    MM   0.0    0.0      0.0
  MONTH TO DATE    0.0                       0.0    0.0      0.0
  SINCE JUN 1      T                         0.0    0.0      0.0
  SINCE JUL 1      0.0                       0.0    0.0      0.0
  SNOW DEPTH       0

DEGREE DAYS
 HEATING
  YESTERDAY        0                         0      0        0
  MONTH TO DATE    0                         0      0        3
  SINCE JUN 1     16                        16      0        5
  SINCE JUL 1      0                         0      0        3

 COOLING
  YESTERDAY       18                        10      8        0
  MONTH TO DATE  266                       295    -29      164
  SINCE JUN 1    517                       521     -4      402
  SINCE JAN 1    665                       605     60      506
..................................................................


WIND (MPH)
  HIGHEST WIND SPEED    15   HIGHEST WIND DIRECTION     W (270)
  HIGHEST GUST SPEED    18   HIGHEST GUST DIRECTION     W (260)
  AVERAGE WIND SPEED     4.9


SKY COVER
  AVERAGE SKY COVER 0.6


WEATHER CONDITIONS
 THE FOLLOWING WEATHER WAS RECORDED YESTERDAY.
  FOG
  HAZE


RELATIVE HUMIDITY (PERCENT)
 HIGHEST    87           100 AM
 LOWEST     52           200 PM
 AVERAGE    70

..........................................................


THE INDIANAPOLIS IN CLIMATE NORMALS FOR TODAY
                         NORMAL    RECORD    YEAR
 MAXIMUM TEMPERATURE (F)   85       100      1941
 MINIMUM TEMPERATURE (F)   66        51      1881


SUNRISE AND SUNSET
JULY 29 2015..........SUNRISE   641 AM EDT   SUNSET   901 PM EDT
JULY 30 2015..........SUNRISE   642 AM EDT   SUNSET   900 PM EDT


-  INDICATES NEGATIVE NUMBERS.
R  INDICATES RECORD WAS SET OR TIED.
MM INDICATES DATA IS MISSING.
T  INDICATES TRACE AMOUNT.




$$
