000
CDUS43 KIND 262332
CLIIND


CLIMATE REPORT
NATIONAL WEATHER SERVICE INDIANAPOLIS IN
732 PM EDT MON JUN 26 2017


...................................

...THE INDIANAPOLIS IN CLIMATE SUMMARY FOR JUNE 26 2017...
VALID AS OF 0700 PM LOCAL TIME.

CLIMATE NORMAL PERIOD 1981 TO 2010
CLIMATE RECORD PERIOD 1871 TO 2017


WEATHER ITEM   OBSERVED TIME   RECORD YEAR NORMAL DEPARTURE LAST
                VALUE   (LST)  VALUE       VALUE  FROM      YEAR
                                                  NORMAL
..................................................................
TEMPERATURE (F)
 TODAY
  MAXIMUM         74    149 PM 102    1954  85    -11       91
  MINIMUM         53    530 AM  49    1979  65    -12       72
  AVERAGE         64                        75    -11       82

PRECIPITATION (IN)
  TODAY            0.00          3.09 1994   0.14  -0.14     0.21
  MONTH TO DATE    4.38                      3.68   0.70     4.53
  SINCE JUN 1      4.38                      3.68   0.70     4.53
  SINCE JAN 1     28.66                     21.08   7.58    22.04

SNOWFALL (IN)
  TODAY            0.0           0.0    MM   0.0    0.0      0.0
  MONTH TO DATE    0.0                       0.0    0.0      0.0
  SINCE JUN 1      0.0                       0.0    0.0      0.0
  SINCE JUL 1      9.7                      25.9  -16.2     13.3
  SNOW DEPTH       0

..................................................................


WIND (MPH)
  HIGHEST WIND SPEED    23   HIGHEST WIND DIRECTION     W (260)
  HIGHEST GUST SPEED    29   HIGHEST GUST DIRECTION     W (260)
  AVERAGE WIND SPEED    11.3


SKY COVER
  AVERAGE SKY COVER 0.4


WEATHER CONDITIONS
 THE FOLLOWING WEATHER WAS RECORDED TODAY.
  NO SIGNIFICANT WEATHER WAS OBSERVED.


RELATIVE HUMIDITY (PERCENT)
 HIGHEST    83           400 AM
 LOWEST     41          1200 PM

..........................................................


THE INDIANAPOLIS IN CLIMATE NORMALS FOR TOMORROW
                         NORMAL    RECORD    YEAR
 MAXIMUM TEMPERATURE (F)   85       100      1934
 MINIMUM TEMPERATURE (F)   65        48      1926


SUNRISE AND SUNSET
JUNE 26 2017..........SUNRISE   619 AM EDT   SUNSET   917 PM EDT
JUNE 27 2017..........SUNRISE   619 AM EDT   SUNSET   917 PM EDT


-  INDICATES NEGATIVE NUMBERS.
R  INDICATES RECORD WAS SET OR TIED.
MM INDICATES DATA IS MISSING.
T  INDICATES TRACE AMOUNT.




$$
