000
CDUS43 KIND 070031
CLIIND


CLIMATE REPORT
NATIONAL WEATHER SERVICE INDIANAPOLIS IN
731 PM EST FRI MAR 6 2015


...................................

...THE INDIANAPOLIS IN CLIMATE SUMMARY FOR MARCH 6 2015...
VALID AS OF 0700 PM LOCAL TIME.

CLIMATE NORMAL PERIOD 1981 TO 2010
CLIMATE RECORD PERIOD 1871 TO 2015


WEATHER ITEM   OBSERVED TIME   RECORD YEAR NORMAL DEPARTURE LAST
                VALUE   (LST)  VALUE       VALUE  FROM      YEAR
                                                  NORMAL
..................................................................
TEMPERATURE (F)
 TODAY
  MAXIMUM         30    608 PM  75    1973  47    -17       42
  MINIMUM          2    702 AM  -6    1960  30    -28       18
  AVERAGE         16                        38    -22       30

PRECIPITATION (IN)
  TODAY            0.00          1.21 1945   0.11  -0.11     0.00
  MONTH TO DATE    0.88                      0.59   0.29     0.29
  SINCE MAR 1      0.88                      0.59   0.29     0.29
  SINCE JAN 1      4.03                      5.57  -1.54     5.08

SNOWFALL (IN)
  TODAY            0.0           1.8  2013   0.2   -0.2      0.0
                                      2003
  MONTH TO DATE    5.9                       0.8    5.1      2.4
  SINCE MAR 1      5.9                       0.8    5.1      2.4
  SINCE JUL 1     25.6                      23.9    1.7     54.7
  SNOW DEPTH       6

..................................................................


WIND (MPH)
  HIGHEST WIND SPEED    18   HIGHEST WIND DIRECTION     S (180)
  HIGHEST GUST SPEED    23   HIGHEST GUST DIRECTION     S (190)
  AVERAGE WIND SPEED     8.4


SKY COVER
  AVERAGE SKY COVER 0.2


WEATHER CONDITIONS
 THE FOLLOWING WEATHER WAS RECORDED TODAY.
  NO SIGNIFICANT WEATHER WAS OBSERVED.


RELATIVE HUMIDITY (PERCENT)
 HIGHEST    83           600 AM
 LOWEST     36           500 PM

..........................................................


THE INDIANAPOLIS IN CLIMATE NORMALS FOR TOMORROW
                         NORMAL    RECORD    YEAR
 MAXIMUM TEMPERATURE (F)   48        78      2000
                                             1974
 MINIMUM TEMPERATURE (F)   30        -1      1943


SUNRISE AND SUNSET
MARCH  6 2015.........SUNRISE   711 AM EST   SUNSET   642 PM EST
MARCH  7 2015.........SUNRISE   710 AM EST   SUNSET   643 PM EST


-  INDICATES NEGATIVE NUMBERS.
R  INDICATES RECORD WAS SET OR TIED.
MM INDICATES DATA IS MISSING.
T  INDICATES TRACE AMOUNT.




$$
