000
CDUS43 KIND 220532
CLIIND


CLIMATE REPORT
NATIONAL WEATHER SERVICE INDIANAPOLIS IN
131 AM EDT FRI AUG 22 2014


...................................

...THE INDIANAPOLIS IN CLIMATE SUMMARY FOR AUGUST 21 2014...

CLIMATE NORMAL PERIOD 1981 TO 2010
CLIMATE RECORD PERIOD 1871 TO 2014


WEATHER ITEM   OBSERVED TIME   RECORD YEAR NORMAL DEPARTURE LAST
                VALUE   (LST)  VALUE       VALUE  FROM      YEAR
                                                  NORMAL
..................................................................
TEMPERATURE (F)
 YESTERDAY
  MAXIMUM         86    503 PM 100    1936  84      2       88
  MINIMUM         70    746 AM  47    1950  64      6       67
  AVERAGE         78                        74      4       78

PRECIPITATION (IN)
  YESTERDAY        0.16          1.23 1923   0.10   0.06     0.00
  MONTH TO DATE    1.05                      2.13  -1.08     0.85
  SINCE JUN 1     11.19                     10.93   0.26     7.80
  SINCE JAN 1     28.62                     28.33   0.29    29.63

SNOWFALL (IN)
  YESTERDAY        0.0           0.0    MM   0.0    0.0      0.0
  MONTH TO DATE    0.0                       0.0    0.0      0.0
  SINCE JUN 1      0.0                       0.0    0.0      0.0
  SINCE JUL 1      0.0                       0.0    0.0      0.0
  SNOW DEPTH       0

DEGREE DAYS
 HEATING
  YESTERDAY        0                         0      0        0
  MONTH TO DATE    2                         0      2        5
  SINCE JUN 1      8                        17     -9       17
  SINCE JUL 1      6                         1      5        8

 COOLING
  YESTERDAY       13                         9      4       13
  MONTH TO DATE  151                       205    -54      174
  SINCE JUN 1    561                       754   -193      685
  SINCE JAN 1    665                       838   -173      814
..................................................................


WIND (MPH)
  HIGHEST WIND SPEED    18   HIGHEST WIND DIRECTION    SW (230)
  HIGHEST GUST SPEED    23   HIGHEST GUST DIRECTION    SW (230)
  AVERAGE WIND SPEED     7.2


SKY COVER
  AVERAGE SKY COVER 0.9


WEATHER CONDITIONS
 THE FOLLOWING WEATHER WAS RECORDED YESTERDAY.
  THUNDERSTORM
  RAIN
  LIGHT RAIN
  FOG


RELATIVE HUMIDITY (PERCENT)
 HIGHEST    90          1200 AM
 LOWEST     65           200 PM
 AVERAGE    78

..........................................................


THE INDIANAPOLIS IN CLIMATE NORMALS FOR TODAY
                         NORMAL    RECORD    YEAR
 MAXIMUM TEMPERATURE (F)   84       101      1936
 MINIMUM TEMPERATURE (F)   64        46      1950


SUNRISE AND SUNSET
AUGUST 22 2014........SUNRISE   704 AM EDT   SUNSET   831 PM EDT
AUGUST 23 2014........SUNRISE   705 AM EDT   SUNSET   830 PM EDT


-  INDICATES NEGATIVE NUMBERS.
R  INDICATES RECORD WAS SET OR TIED.
MM INDICATES DATA IS MISSING.
T  INDICATES TRACE AMOUNT.




$$
