000
CDUS43 KIND 290533
CLIIND


CLIMATE REPORT
NATIONAL WEATHER SERVICE INDIANAPOLIS IN
131 AM EDT SAT APR 29 2017


...................................

...THE INDIANAPOLIS IN CLIMATE SUMMARY FOR APRIL 28 2017...

CLIMATE NORMAL PERIOD 1981 TO 2010
CLIMATE RECORD PERIOD 1871 TO 2017


WEATHER ITEM   OBSERVED TIME   RECORD YEAR NORMAL DEPARTURE LAST
                VALUE   (LST)  VALUE       VALUE  FROM      YEAR
                                                  NORMAL
..................................................................
TEMPERATURE (F)
 YESTERDAY
  MAXIMUM         63    333 PM  86    1894  68     -5       75
  MINIMUM         45    129 AM  28    1976  47     -2       51
  AVERAGE         54                        57     -3       63

PRECIPITATION (IN)
  YESTERDAY        1.26          1.71 1996   0.14   1.12     0.69
  MONTH TO DATE    2.85                      3.53  -0.68     4.93
  SINCE MAR 1      7.57                      7.09   0.48     9.13
  SINCE JAN 1     13.02                     12.07   0.95    12.84

SNOWFALL (IN)
  YESTERDAY        0.0           0.0    MM   0.0    0.0      0.0
  MONTH TO DATE    0.0                       0.2   -0.2       T
  SINCE MAR 1      1.0                       2.8   -1.8      1.2
  SINCE JUL 1      9.7                      25.9  -16.2     13.3
  SNOW DEPTH       0

DEGREE DAYS
 HEATING
  YESTERDAY       11                         8      3        2
  MONTH TO DATE  189                       354   -165      334
  SINCE MAR 1    840                      1061   -221      816
  SINCE JUL 1   4124                      5204  -1080     4269

 COOLING
  YESTERDAY        0                         1     -1        0
  MONTH TO DATE   29                        11     18       18
  SINCE MAR 1     31                        13     18       18
  SINCE JAN 1     31                        13     18       18
..................................................................


WIND (MPH)
  HIGHEST WIND SPEED    36   HIGHEST WIND DIRECTION    NW (330)
  HIGHEST GUST SPEED    46   HIGHEST GUST DIRECTION    NW (330)
  AVERAGE WIND SPEED     8.8


SKY COVER
  AVERAGE SKY COVER 0.9


WEATHER CONDITIONS
 THE FOLLOWING WEATHER WAS RECORDED YESTERDAY.
  THUNDERSTORM
  HEAVY RAIN
  RAIN
  LIGHT RAIN
  FOG


RELATIVE HUMIDITY (PERCENT)
 HIGHEST   100           900 PM
 LOWEST     65           300 PM
 AVERAGE    83

..........................................................


THE INDIANAPOLIS IN CLIMATE NORMALS FOR TODAY
                         NORMAL    RECORD    YEAR
 MAXIMUM TEMPERATURE (F)   68        86      1942
                                             1899
 MINIMUM TEMPERATURE (F)   47        31      1977
                                             1976


SUNRISE AND SUNSET
APRIL 29 2017.........SUNRISE   648 AM EDT   SUNSET   838 PM EDT
APRIL 30 2017.........SUNRISE   647 AM EDT   SUNSET   839 PM EDT


-  INDICATES NEGATIVE NUMBERS.
R  INDICATES RECORD WAS SET OR TIED.
MM INDICATES DATA IS MISSING.
T  INDICATES TRACE AMOUNT.




$$
