000
CDUS43 KIND 230549
CLIIND


CLIMATE REPORT
NATIONAL WEATHER SERVICE INDIANAPOLIS IN
149 AM EDT THU MAR 23 2017


...................................

...THE INDIANAPOLIS IN CLIMATE SUMMARY FOR MARCH 22 2017...

CLIMATE NORMAL PERIOD 1981 TO 2010
CLIMATE RECORD PERIOD 1871 TO 2017


WEATHER ITEM   OBSERVED TIME   RECORD YEAR NORMAL DEPARTURE LAST
                VALUE   (LST)  VALUE       VALUE  FROM      YEAR
                                                  NORMAL
..................................................................
TEMPERATURE (F)
 YESTERDAY
  MAXIMUM         42    416 PM  82    1907  54    -12       66
  MINIMUM         27    713 AM   9    1888  35     -8       40
  AVERAGE         35                        44     -9       53

PRECIPITATION (IN)
  YESTERDAY        0.00          2.36 1898   0.13  -0.13     0.00
  MONTH TO DATE    2.14                      2.42  -0.28     1.90
  SINCE MAR 1      2.14                      2.42  -0.28     1.90
  SINCE JAN 1      7.59                      7.40   0.19     5.61

SNOWFALL (IN)
  YESTERDAY        0.0           4.7  1968   0.1   -0.1      0.0
  MONTH TO DATE    1.0                       2.2   -1.2      1.2
  SINCE MAR 1      1.0                       2.2   -1.2      1.2
  SINCE JUL 1      9.7                      25.3  -15.6     13.3
  SNOW DEPTH       0

DEGREE DAYS
 HEATING
  YESTERDAY       30                        21      9       12
  MONTH TO DATE  566                       538     28      361
  SINCE MAR 1    566                       538     28      361
  SINCE JUL 1   3850                      4681   -831     3814

 COOLING
  YESTERDAY        0                         0      0        0
  MONTH TO DATE    0                         0      0        0
  SINCE MAR 1      0                         0      0        0
  SINCE JAN 1      0                         0      0        0
..................................................................


WIND (MPH)
  HIGHEST WIND SPEED    21   HIGHEST WIND DIRECTION     N (10)
  HIGHEST GUST SPEED    26   HIGHEST GUST DIRECTION     N (10)
  AVERAGE WIND SPEED    12.2


SKY COVER
  AVERAGE SKY COVER 0.2


WEATHER CONDITIONS
 THE FOLLOWING WEATHER WAS RECORDED YESTERDAY.
  NO SIGNIFICANT WEATHER WAS OBSERVED.


RELATIVE HUMIDITY (PERCENT)
 HIGHEST    63           400 AM
 LOWEST     35           100 PM
 AVERAGE    49

..........................................................


THE INDIANAPOLIS IN CLIMATE NORMALS FOR TODAY
                         NORMAL    RECORD    YEAR
 MAXIMUM TEMPERATURE (F)   55        80      1939
                                             1910
                                             1907
 MINIMUM TEMPERATURE (F)   35        12      1885


SUNRISE AND SUNSET
MARCH 23 2017.........SUNRISE   743 AM EDT   SUNSET   800 PM EDT
MARCH 24 2017.........SUNRISE   742 AM EDT   SUNSET   801 PM EDT


-  INDICATES NEGATIVE NUMBERS.
R  INDICATES RECORD WAS SET OR TIED.
MM INDICATES DATA IS MISSING.
T  INDICATES TRACE AMOUNT.




$$
