000
CDUS43 KIND 280532
CLIIND


CLIMATE REPORT
NATIONAL WEATHER SERVICE INDIANAPOLIS IN
131 AM EDT THU JUL 28 2016


...................................

...THE INDIANAPOLIS IN CLIMATE SUMMARY FOR JULY 27 2016...

CLIMATE NORMAL PERIOD 1981 TO 2010
CLIMATE RECORD PERIOD 1871 TO 2016


WEATHER ITEM   OBSERVED TIME   RECORD YEAR NORMAL DEPARTURE LAST
                VALUE   (LST)  VALUE       VALUE  FROM      YEAR
                                                  NORMAL
..................................................................
TEMPERATURE (F)
 YESTERDAY
  MAXIMUM         90    305 PM 100    1916  85      5       89
  MINIMUM         70    604 AM  51    1962  66      4       71
  AVERAGE         80                        75      5       80

PRECIPITATION (IN)
  YESTERDAY        0.00          1.86 1981   0.12  -0.12     0.01
  MONTH TO DATE    5.50                      4.05   1.45    13.14
  SINCE JUN 1     10.03                      8.30   1.73    21.50
  SINCE JAN 1     27.54                     25.70   1.84    34.63

SNOWFALL (IN)
  YESTERDAY        0.0           0.0    MM   0.0    0.0      0.0
  MONTH TO DATE    0.0                       0.0    0.0      0.0
  SINCE JUN 1      0.0                       0.0    0.0       T
  SINCE JUL 1      0.0                       0.0    0.0      0.0
  SNOW DEPTH       0

DEGREE DAYS
 HEATING
  YESTERDAY        0                         0      0        0
  MONTH TO DATE    2                         0      2        0
  SINCE JUN 1      3                        16    -13       16
  SINCE JUL 1      2                         0      2        0

 COOLING
  YESTERDAY       15                        10      5       15
  MONTH TO DATE  316                       285     31      248
  SINCE JUN 1    611                       511    100      499
  SINCE JAN 1    712                       595    117      647
..................................................................


WIND (MPH)
  HIGHEST WIND SPEED    10   HIGHEST WIND DIRECTION    NW (330)
  HIGHEST GUST SPEED    15   HIGHEST GUST DIRECTION    NE (40)
  AVERAGE WIND SPEED     3.5


SKY COVER
  AVERAGE SKY COVER 0.6


WEATHER CONDITIONS
 THE FOLLOWING WEATHER WAS RECORDED YESTERDAY.
  NO SIGNIFICANT WEATHER WAS OBSERVED.


RELATIVE HUMIDITY (PERCENT)
 HIGHEST    90           400 AM
 LOWEST     41           300 PM
 AVERAGE    66

..........................................................


THE INDIANAPOLIS IN CLIMATE NORMALS FOR TODAY
                         NORMAL    RECORD    YEAR
 MAXIMUM TEMPERATURE (F)   85       101      1930
 MINIMUM TEMPERATURE (F)   66        51      2013


SUNRISE AND SUNSET
JULY 28 2016..........SUNRISE   641 AM EDT   SUNSET   902 PM EDT
JULY 29 2016..........SUNRISE   642 AM EDT   SUNSET   901 PM EDT


-  INDICATES NEGATIVE NUMBERS.
R  INDICATES RECORD WAS SET OR TIED.
MM INDICATES DATA IS MISSING.
T  INDICATES TRACE AMOUNT.




$$
