000
CDUS43 KIND 230532
CLIIND


CLIMATE REPORT
NATIONAL WEATHER SERVICE INDIANAPOLIS IN
132 AM EDT MON OCT 23 2017


...................................

...THE INDIANAPOLIS IN CLIMATE SUMMARY FOR OCTOBER 22 2017...

CLIMATE NORMAL PERIOD 1981 TO 2010
CLIMATE RECORD PERIOD 1871 TO 2017


WEATHER ITEM   OBSERVED TIME   RECORD YEAR NORMAL DEPARTURE LAST
                VALUE   (LST)  VALUE       VALUE  FROM      YEAR
                                                  NORMAL
..................................................................
TEMPERATURE (F)
 YESTERDAY
  MAXIMUM         79    132 PM  85    1947  63     16       59
  MINIMUM         55    442 AM  23    1976  43     12       38
  AVERAGE         67                        53     14       49

PRECIPITATION (IN)
  YESTERDAY        0.00          1.84 1951   0.10  -0.10     0.00
  MONTH TO DATE    2.10                      2.24  -0.14     1.89
  SINCE SEP 1      2.76                      5.36  -2.60     6.56
  SINCE JAN 1     41.52                     34.69   6.83    41.58

SNOWFALL (IN)
  YESTERDAY        0.0           0.5  1925   0.0    0.0      0.0
  MONTH TO DATE    0.0                       0.2   -0.2      0.0
  SINCE SEP 1      0.0                       0.2   -0.2       T
  SINCE JUL 1      0.0                       0.2   -0.2       T
  SNOW DEPTH       0

DEGREE DAYS
 HEATING
  YESTERDAY        0                        12    -12       16
  MONTH TO DATE   55                       203   -148       93
  SINCE SEP 1     84                       274   -190      111
  SINCE JUL 1     84                       278   -194      113

 COOLING
  YESTERDAY        2                         0      2        0
  MONTH TO DATE   47                        13     34       43
  SINCE SEP 1    224                       141     83      256
  SINCE JAN 1   1164                      1062    102     1436
..................................................................


WIND (MPH)
  HIGHEST WIND SPEED    23   HIGHEST WIND DIRECTION     S (180)
  HIGHEST GUST SPEED    30   HIGHEST GUST DIRECTION     S (190)
  AVERAGE WIND SPEED    13.2


SKY COVER
  AVERAGE SKY COVER 0.7


WEATHER CONDITIONS
 THE FOLLOWING WEATHER WAS RECORDED YESTERDAY.
  NO SIGNIFICANT WEATHER WAS OBSERVED.


RELATIVE HUMIDITY (PERCENT)
 HIGHEST    83           600 AM
 LOWEST     52           100 PM
 AVERAGE    68

..........................................................


THE INDIANAPOLIS IN CLIMATE NORMALS FOR TODAY
                         NORMAL    RECORD    YEAR
 MAXIMUM TEMPERATURE (F)   63        86      1963
 MINIMUM TEMPERATURE (F)   43        24      1969


SUNRISE AND SUNSET
OCTOBER 23 2017.......SUNRISE   804 AM EDT   SUNSET   654 PM EDT
OCTOBER 24 2017.......SUNRISE   805 AM EDT   SUNSET   653 PM EDT


-  INDICATES NEGATIVE NUMBERS.
R  INDICATES RECORD WAS SET OR TIED.
MM INDICATES DATA IS MISSING.
T  INDICATES TRACE AMOUNT.




$$
