000
CDUS43 KDLH 260621
CLIINL


CLIMATE REPORT
NATIONAL WEATHER SERVICE DULUTH MN
1221 AM CST FRI DEC 26 2014


...................................

...THE INTERNATIONAL FALLS MN CLIMATE SUMMARY FOR DECEMBER 25 2014...

CLIMATE NORMAL PERIOD 1981 TO 2010
CLIMATE RECORD PERIOD 1895 TO 2014


WEATHER ITEM   OBSERVED TIME   RECORD YEAR NORMAL DEPARTURE LAST
                VALUE   (LST)  VALUE       VALUE  FROM      YEAR
                                                  NORMAL
..................................................................
TEMPERATURE (F)
 YESTERDAY
  MAXIMUM         31    212 PM  45    1999  16     15       13
  MINIMUM         27   1159 PM -37    1996  -4     31      -14
  AVERAGE         29                         6     23        0

PRECIPITATION (IN)
  YESTERDAY        0.01          0.56 2009   0.03  -0.02      T
  MONTH TO DATE    0.85                      0.66   0.19     1.26
  SINCE DEC 1      0.85                      0.66   0.19     1.26
  SINCE JAN 1     30.22                     24.07   6.15    31.66

SNOWFALL (IN)
  YESTERDAY        0.2           5.2  2009   0.5   -0.3      0.7
  MONTH TO DATE   10.0                      12.0   -2.0     23.8
  SINCE DEC 1     10.0                      12.0   -2.0     23.8
  SINCE JUL 1     19.3                      28.0   -8.7     34.7
  SNOW DEPTH       4

DEGREE DAYS
 HEATING
  YESTERDAY       36                        59    -23       65
  MONTH TO DATE 1091                      1357   -266     1702
  SINCE DEC 1   1091                      1357   -266     1702
  SINCE JUL 1   3702                      3818   -116     4060

 COOLING
  YESTERDAY        0                         0      0        0
  MONTH TO DATE    0                         0      0        0
  SINCE DEC 1      0                         0      0        0
  SINCE JAN 1    121                       192    -71      224
..................................................................


WIND (MPH)
  HIGHEST WIND SPEED    14   HIGHEST WIND DIRECTION     W (280)
  HIGHEST GUST SPEED    18   HIGHEST GUST DIRECTION     W (280)
  AVERAGE WIND SPEED     7.3


SKY COVER
  AVERAGE SKY COVER 1.0


WEATHER CONDITIONS
 THE FOLLOWING WEATHER WAS RECORDED YESTERDAY.
  LIGHT SNOW
  FOG


RELATIVE HUMIDITY (PERCENT)
 HIGHEST    92          1200 AM
 LOWEST     75           700 PM
 AVERAGE    84

..........................................................


THE INTERNATIONAL FALLS MN CLIMATE NORMALS FOR TODAY
                         NORMAL    RECORD    YEAR
 MAXIMUM TEMPERATURE (F)   16        42      1994
 MINIMUM TEMPERATURE (F)   -4       -38      1990


SUNRISE AND SUNSET
DECEMBER 26 2014......SUNRISE   805 AM CST   SUNSET   423 PM CST
DECEMBER 27 2014......SUNRISE   805 AM CST   SUNSET   424 PM CST


-  INDICATES NEGATIVE NUMBERS.
R  INDICATES RECORD WAS SET OR TIED.
MM INDICATES DATA IS MISSING.
T  INDICATES TRACE AMOUNT.




$$
