655
CDUS43 KDLH 250621
CLIINL


CLIMATE REPORT
NATIONAL WEATHER SERVICE DULUTH MN
121 AM CDT MON JUL 25 2016


...................................

...THE INTERNATIONAL FALLS MN CLIMATE SUMMARY FOR JULY 24 2016...

CLIMATE NORMAL PERIOD 1981 TO 2010
CLIMATE RECORD PERIOD 1895 TO 2016


WEATHER ITEM   OBSERVED TIME   RECORD YEAR NORMAL DEPARTURE LAST
                VALUE   (LST)  VALUE       VALUE  FROM      YEAR
                                                  NORMAL
..................................................................
TEMPERATURE (F)
 YESTERDAY
  MAXIMUM         78    340 PM  97    1918  78      0       80
  MINIMUM         60   1159 PM  36    2004  53      7       54
  AVERAGE         69                        66      3       67

PRECIPITATION (IN)
  YESTERDAY        T             1.50 1960   0.10  -0.10     0.08
  MONTH TO DATE    2.42                      3.00  -0.58     1.38
  SINCE JUN 1      9.34                      6.92   2.42     4.58
  SINCE JAN 1     17.14                     13.45   3.69    12.75

SNOWFALL (IN)
  YESTERDAY        0.0           0.0  2002   0.0    0.0      0.0
                                      2001
  MONTH TO DATE    0.0                       0.0    0.0      0.0
  SINCE JUN 1      0.0                       0.0    0.0      0.0
  SINCE JUL 1      0.0                       0.0    0.0      0.0
  SNOW DEPTH       0

DEGREE DAYS
 HEATING
  YESTERDAY        0                         2     -2        0
  MONTH TO DATE   40                        55    -15       47
  SINCE JUN 1    207                       219    -12      196
  SINCE JUL 1     40                        55    -15       47

 COOLING
  YESTERDAY        4                         2      2        2
  MONTH TO DATE   59                        59      0       60
  SINCE JUN 1     78                        97    -19       64
  SINCE JAN 1     80                       106    -26       64
..................................................................


WIND (MPH)
  HIGHEST WIND SPEED    21   HIGHEST WIND DIRECTION     W (290)
  HIGHEST GUST SPEED    29   HIGHEST GUST DIRECTION    NW (300)
  AVERAGE WIND SPEED    10.2


SKY COVER
  AVERAGE SKY COVER 0.6


WEATHER CONDITIONS
 THE FOLLOWING WEATHER WAS RECORDED YESTERDAY.
  LIGHT RAIN


RELATIVE HUMIDITY (PERCENT)
 HIGHEST    93           400 AM
 LOWEST     54           100 PM
 AVERAGE    74

..........................................................


THE INTERNATIONAL FALLS MN CLIMATE NORMALS FOR TODAY
                         NORMAL    RECORD    YEAR
 MAXIMUM TEMPERATURE (F)   78        92      1949
 MINIMUM TEMPERATURE (F)   53        39      1911


SUNRISE AND SUNSET
JULY 25 2016..........SUNRISE   540 AM CDT   SUNSET   900 PM CDT
JULY 26 2016..........SUNRISE   541 AM CDT   SUNSET   859 PM CDT


-  INDICATES NEGATIVE NUMBERS.
R  INDICATES RECORD WAS SET OR TIED.
MM INDICATES DATA IS MISSING.
T  INDICATES TRACE AMOUNT.




$$
