000
CDUS43 KDLH 280649
CLIINL


CLIMATE REPORT
NATIONAL WEATHER SERVICE DULUTH MN
1247 AM CST TUE FEB 28 2017


...................................

...THE INTERNATIONAL FALLS MN CLIMATE SUMMARY FOR FEBRUARY 27 2017...

CLIMATE NORMAL PERIOD 1981 TO 2010
CLIMATE RECORD PERIOD 1895 TO 2017


WEATHER ITEM   OBSERVED TIME   RECORD YEAR NORMAL DEPARTURE LAST
                VALUE   (LST)  VALUE       VALUE  FROM      YEAR
                                                  NORMAL
..................................................................
TEMPERATURE (F)
 YESTERDAY
  MAXIMUM         30    452 PM  49    1914  27      3       46
  MINIMUM         -1    621 AM -36    2014   4     -5       21
  AVERAGE         15                        15      0       34

PRECIPITATION (IN)
  YESTERDAY        0.01          0.69 1971   0.02  -0.01      T
  MONTH TO DATE    1.47                      0.54   0.93     0.68
  SINCE DEC 1      4.93                      1.97   2.96     2.34
  SINCE JAN 1      2.74                      1.16   1.58     1.27

SNOWFALL (IN)
  YESTERDAY        T            12.1  1996   0.4   -0.4      0.1
  MONTH TO DATE   12.2                      10.4    1.8      8.4
  SINCE DEC 1     54.6                      40.4   14.2     26.7
  SINCE JUL 1     63.0                      56.4    6.6     30.5
  SNOW DEPTH      10

DEGREE DAYS
 HEATING
  YESTERDAY       50                        50      0       31
  MONTH TO DATE 1287                      1481   -194     1414
  SINCE DEC 1   4625                      5073   -448     4423
  SINCE JUL 1   6431                      7534  -1103     6429

 COOLING
  YESTERDAY        0                         0      0        0
  MONTH TO DATE    0                         0      0        0
  SINCE DEC 1      0                         0      0        0
  SINCE JAN 1      0                         0      0        0
..................................................................


WIND (MPH)
  HIGHEST WIND SPEED     9   HIGHEST WIND DIRECTION    SW (220)
  HIGHEST GUST SPEED    13   HIGHEST GUST DIRECTION    SW (210)
  AVERAGE WIND SPEED     3.4


SKY COVER
  AVERAGE SKY COVER 0.3


WEATHER CONDITIONS
 THE FOLLOWING WEATHER WAS RECORDED YESTERDAY.
  LIGHT SNOW


RELATIVE HUMIDITY (PERCENT)
 HIGHEST    87           200 AM
 LOWEST     39           500 PM
 AVERAGE    63

..........................................................


THE INTERNATIONAL FALLS MN CLIMATE NORMALS FOR TODAY
                         NORMAL    RECORD    YEAR
 MAXIMUM TEMPERATURE (F)   27        47      1914
 MINIMUM TEMPERATURE (F)    4       -37      1962


SUNRISE AND SUNSET
FEBRUARY 28 2017......SUNRISE   657 AM CST   SUNSET   556 PM CST
MARCH  1 2017.........SUNRISE   655 AM CST   SUNSET   558 PM CST


-  INDICATES NEGATIVE NUMBERS.
R  INDICATES RECORD WAS SET OR TIED.
MM INDICATES DATA IS MISSING.
T  INDICATES TRACE AMOUNT.




$$
