000
CDUS43 KDLH 162247
CLIINL


CLIMATE REPORT
NATIONAL WEATHER SERVICE DULUTH MN
546 PM CDT WED AUG 16 2017


...................................

...THE INTERNATIONAL FALLS MN CLIMATE SUMMARY FOR AUGUST 16 2017...
VALID TODAY AS OF 0500 PM LOCAL TIME.

CLIMATE NORMAL PERIOD 1981 TO 2010
CLIMATE RECORD PERIOD 1895 TO 2017


WEATHER ITEM   OBSERVED TIME   RECORD YEAR NORMAL DEPARTURE LAST
                VALUE   (LST)  VALUE       VALUE  FROM      YEAR
                                                  NORMAL
..................................................................
TEMPERATURE (F)
 TODAY
  MAXIMUM         73   1127 AM  93    1971  76     -3       80
  MINIMUM         59    609 AM  41    2012  51      8       55
                                      1958
  AVERAGE         66                        64      2       68

PRECIPITATION (IN)
  TODAY            0.56                      0.09   0.47      T
  MONTH TO DATE    2.20                      1.47   0.73     2.17
  SINCE JUN 1      8.24                      9.09  -0.85    11.52
  SINCE JAN 1     14.86                     15.62  -0.76    19.32

SNOWFALL (IN)
  TODAY            0.0                       0.0    0.0      0.0
  MONTH TO DATE    0.0                       0.0    0.0      0.0
  SINCE JUL 1      0.0                       0.0    0.0      0.0
  SNOW DEPTH       0

DEGREE DAYS
 HEATING
  TODAY            0                         3     -3        0
  MONTH TO DATE   51                        42      9       16
  SINCE JUN 1    242                       276    -34      226
  SINCE JUL 1    118                       112      6       59

 COOLING
  TODAY            1                         2     -1        3
  MONTH TO DATE   10                        32    -22       28
  SINCE JUN 1     76                       146    -70      128
  SINCE JAN 1     76                       155    -79      130
..................................................................


WIND (MPH)
  HIGHEST WIND SPEED    12   HIGHEST WIND DIRECTION    SE (120)
  HIGHEST GUST SPEED    16   HIGHEST GUST DIRECTION     E (100)


SKY COVER
  AVERAGE SKY COVER 0.8


WEATHER CONDITIONS
 THE FOLLOWING WEATHER WAS RECORDED TODAY.
  HEAVY RAIN
  RAIN
  LIGHT RAIN
  FOG


RELATIVE HUMIDITY (PERCENT)
 HIGHEST    93           300 PM
 LOWEST     61          1100 AM
 AVERAGE    77

..........................................................


THE INTERNATIONAL FALLS MN CLIMATE NORMALS FOR TOMORROW
                         NORMAL    RECORD    YEAR
 MAXIMUM TEMPERATURE (F)   76        90      1906
 MINIMUM TEMPERATURE (F)   51        35      1954


SUNRISE AND SUNSET
AUGUST 16 2017........SUNRISE   609 AM CDT   SUNSET   826 PM CDT
AUGUST 17 2017........SUNRISE   610 AM CDT   SUNSET   824 PM CDT


-  INDICATES NEGATIVE NUMBERS.
R  INDICATES RECORD WAS SET OR TIED.
MM INDICATES DATA IS MISSING.
T  INDICATES TRACE AMOUNT.




$$
