000
CDUS45 KFGZ 080058
CLIINW
CLIMATE REPORT
NATIONAL WEATHER SERVICE FLAGSTAFF, AZ
558 PM MST TUE JUL 7 2015


...................................

...THE WINSLOW AZ AIRPORT CLIMATE SUMMARY FOR JULY 7 2015...
VALID TODAY AS OF 0500 PM LOCAL TIME.

CLIMATE NORMAL PERIOD 1981 TO 2010
CLIMATE RECORD PERIOD 1915 TO 2015


WEATHER ITEM   OBSERVED TIME   RECORD YEAR NORMAL DEPARTURE LAST
                VALUE   (LST)  VALUE       VALUE  FROM      YEAR
                                                  NORMAL
..................................................................
TEMPERATURE (F)
 TODAY
  MAXIMUM         91    151 PM 103    1940  95     -4       90
  MINIMUM         60    514 AM  48    1969  61     -1       63
  AVERAGE         76                        78     -2       77

PRECIPITATION (IN)
  TODAY            T             0.95 1950   0.02  -0.02      T
  MONTH TO DATE    0.28                      0.14   0.14     0.21
  SINCE SEP 1      7.44                      4.91   2.53     5.20
  SINCE JAN 1      4.59                      2.43   2.16     1.39

DEGREE DAYS
 HEATING
  TODAY            0                         0      0        0
  MONTH TO DATE    0                         0      0        0
  SINCE JUL 1      0                         0      0        0

 COOLING
  TODAY           11                        13     -2       12
  MONTH TO DATE   97                        88      9      108
  SINCE JAN 1    450                       396     54      445
..................................................................


WIND (MPH)
  HIGHEST WIND SPEED    31   HIGHEST WIND DIRECTION    NW (310)
  HIGHEST GUST SPEED    41   HIGHEST GUST DIRECTION    NW (310)
  AVERAGE WIND SPEED     5.3


SKY COVER
  POSSIBLE SUNSHINE  MM
  AVERAGE SKY COVER 0.1


WEATHER CONDITIONS
 THE FOLLOWING WEATHER WAS RECORDED TODAY.
  THUNDERSTORM
  LIGHT RAIN


RELATIVE HUMIDITY (PERCENT)
 HIGHEST    78           500 AM
 LOWEST     23           200 PM
 AVERAGE    51

..........................................................


THE WINSLOW AZ AIRPORT CLIMATE NORMALS FOR TOMORROW
                         NORMAL    RECORD    YEAR
 MAXIMUM TEMPERATURE (F)   95       103      2007
 MINIMUM TEMPERATURE (F)   61        52      1955


SUNRISE AND SUNSET
JULY  7 2015..........SUNRISE   515 AM MST   SUNSET   740 PM MST
JULY  8 2015..........SUNRISE   516 AM MST   SUNSET   740 PM MST


-  INDICATES NEGATIVE NUMBERS.
R  INDICATES RECORD WAS SET OR TIED.
MM INDICATES DATA IS MISSING.
T  INDICATES TRACE AMOUNT.




$$
