000
CDUS45 KFGZ 160800
CLIINW
CLIMATE REPORT
NATIONAL WEATHER SERVICE FLAGSTAFF, AZ
1258 AM MST WED APR 16 2014


...................................

...THE WINSLOW AZ AIRPORT CLIMATE SUMMARY FOR APRIL 15 2014...

CLIMATE NORMAL PERIOD 1981 TO 2010
CLIMATE RECORD PERIOD 1898 TO 2014


WEATHER ITEM   OBSERVED TIME   RECORD YEAR NORMAL DEPARTURE LAST
                VALUE   (LST)  VALUE       VALUE  FROM      YEAR
                                                  NORMAL
..................................................................
TEMPERATURE (F)
 YESTERDAY
  MAXIMUM         73    448 PM  89    1937  72      1       75
  MINIMUM         24    509 AM  21    1974  36    -12       48
  AVERAGE         49                        54     -5       62

PRECIPITATION (IN)
  YESTERDAY        0.00          0.31 1971   0.01  -0.01     0.00
  MONTH TO DATE    0.03                      0.16  -0.13     0.30
  SINCE SEP 1      4.86                      4.16   0.70     3.05
  SINCE JAN 1      1.05                      1.68  -0.63     1.78

DEGREE DAYS
 HEATING
  YESTERDAY       16                        11      5        3
  MONTH TO DATE  175                       195    -20      126
  SINCE JUL 1   4033                      4248   -215     3977

 COOLING
  YESTERDAY        0                         0      0        0
  MONTH TO DATE    0                         0      0        0
  SINCE JAN 1      0                         0      0        0
..................................................................


WIND (MPH)
  HIGHEST WIND SPEED    17   HIGHEST WIND DIRECTION    SW (240)
  HIGHEST GUST SPEED    20   HIGHEST GUST DIRECTION    SW (240)
  AVERAGE WIND SPEED     6.2


SKY COVER
  POSSIBLE SUNSHINE  MM
  AVERAGE SKY COVER 0.0


WEATHER CONDITIONS
 THE FOLLOWING WEATHER WAS RECORDED YESTERDAY.
  NO SIGNIFICANT WEATHER WAS OBSERVED.


RELATIVE HUMIDITY (PERCENT)
 HIGHEST    46           500 AM
 LOWEST      7           200 PM
 AVERAGE    27

..........................................................


THE WINSLOW AZ AIRPORT CLIMATE NORMALS FOR TODAY
                         NORMAL    RECORD    YEAR
 MAXIMUM TEMPERATURE (F)   72        87      1962
                                             1948
 MINIMUM TEMPERATURE (F)   37        21      1974
                                             1924


SUNRISE AND SUNSET
APRIL 16 2014.........SUNRISE   550 AM MST   SUNSET   656 PM MST
APRIL 17 2014.........SUNRISE   548 AM MST   SUNSET   657 PM MST


-  INDICATES NEGATIVE NUMBERS.
R  INDICATES RECORD WAS SET OR TIED.
MM INDICATES DATA IS MISSING.
T  INDICATES TRACE AMOUNT.




$$
