000
CDUS45 KFGZ 230802
CLIINW
CLIMATE REPORT
NATIONAL WEATHER SERVICE FLAGSTAFF, AZ
102 AM MST WED APR 23 2014


...................................

...THE WINSLOW AZ AIRPORT CLIMATE SUMMARY FOR APRIL 22 2014...

CLIMATE NORMAL PERIOD 1981 TO 2010
CLIMATE RECORD PERIOD 1898 TO 2014


WEATHER ITEM   OBSERVED TIME   RECORD YEAR NORMAL DEPARTURE LAST
                VALUE   (LST)  VALUE       VALUE  FROM      YEAR
                                                  NORMAL
..................................................................
TEMPERATURE (F)
 YESTERDAY
  MAXIMUM         83   1219 PM  90    2012  74      9       84
  MINIMUM         48    507 AM  20    1963  39      9       48
  AVERAGE         66                        56     10       66

PRECIPITATION (IN)
  YESTERDAY        0.00          0.21 1968   0.01  -0.01     0.00
  MONTH TO DATE    0.03                      0.21  -0.18     0.31
  SINCE SEP 1      4.86                      4.21   0.65     3.06
  SINCE JAN 1      1.05                      1.73  -0.68     1.79

DEGREE DAYS
 HEATING
  YESTERDAY        0                         9     -9        0
  MONTH TO DATE  214                       265    -51      221
  SINCE JUL 1   4072                      4318   -246     4072

 COOLING
  YESTERDAY        1                         0      1        1
  MONTH TO DATE    1                         0      1        1
  SINCE JAN 1      1                         0      1        1
..................................................................


WIND (MPH)
  HIGHEST WIND SPEED    33   HIGHEST WIND DIRECTION     S (190)
  HIGHEST GUST SPEED    45   HIGHEST GUST DIRECTION     S (180)
  AVERAGE WIND SPEED    15.1


SKY COVER
  POSSIBLE SUNSHINE  MM
  AVERAGE SKY COVER 0.1


WEATHER CONDITIONS
 THE FOLLOWING WEATHER WAS RECORDED YESTERDAY.
  NO SIGNIFICANT WEATHER WAS OBSERVED.


RELATIVE HUMIDITY (PERCENT)
 HIGHEST    50           500 AM
 LOWEST     12           100 PM
 AVERAGE    31

..........................................................


THE WINSLOW AZ AIRPORT CLIMATE NORMALS FOR TODAY
                         NORMAL    RECORD    YEAR
 MAXIMUM TEMPERATURE (F)   74        90      2012
 MINIMUM TEMPERATURE (F)   39        24      1963


SUNRISE AND SUNSET
APRIL 23 2014.........SUNRISE   541 AM MST   SUNSET   702 PM MST
APRIL 24 2014.........SUNRISE   540 AM MST   SUNSET   703 PM MST


-  INDICATES NEGATIVE NUMBERS.
R  INDICATES RECORD WAS SET OR TIED.
MM INDICATES DATA IS MISSING.
T  INDICATES TRACE AMOUNT.




$$
