009
CDUS45 KFGZ 280149
CLIINW
CLIMATE REPORT
NATIONAL WEATHER SERVICE FLAGSTAFF, AZ
648 PM MST MON FEB 27 2017


...................................

...THE WINSLOW AZ AIRPORT CLIMATE SUMMARY FOR FEBRUARY 27 2017...
VALID TODAY AS OF 0500 PM LOCAL TIME.

CLIMATE NORMAL PERIOD 1981 TO 2010
CLIMATE RECORD PERIOD 1915 TO 2017


WEATHER ITEM   OBSERVED TIME   RECORD YEAR NORMAL DEPARTURE LAST
                VALUE   (LST)  VALUE       VALUE  FROM      YEAR
                                                  NORMAL
..................................................................
TEMPERATURE (F)
 TODAY
  MAXIMUM         58    222 PM  76    2016  59     -1       76
  MINIMUM         27   1202 AM   5    1977  27      0       30
  AVERAGE         43                        43      0       53

PRECIPITATION (IN)
  TODAY            0.00          0.44 1942   0.01  -0.01     0.00
  MONTH TO DATE    0.15                      0.44  -0.29     0.22
  SINCE SEP 1      4.04                      3.44   0.60     4.59
  SINCE JAN 1      0.96                      0.96   0.00     0.57

DEGREE DAYS
 HEATING
  TODAY           22                        22      0       12
  MONTH TO DATE  495                       669   -174      620
  SINCE JUL 1   2782                      3472   -690     3308

 COOLING
  TODAY            0                         0      0        0
  MONTH TO DATE    0                         0      0        0
  SINCE JAN 1      0                         0      0        0
..................................................................


WIND (MPH)
  HIGHEST WIND SPEED    29   HIGHEST WIND DIRECTION     S (190)
  HIGHEST GUST SPEED    40   HIGHEST GUST DIRECTION     S (190)
  AVERAGE WIND SPEED    13.8


SKY COVER
  POSSIBLE SUNSHINE  MM
  AVERAGE SKY COVER 0.5


WEATHER CONDITIONS
 THE FOLLOWING WEATHER WAS RECORDED TODAY.
  NO SIGNIFICANT WEATHER WAS OBSERVED.


RELATIVE HUMIDITY (PERCENT)
 HIGHEST    75          1200 AM
 LOWEST     38           300 PM
 AVERAGE    57

..........................................................


THE WINSLOW AZ AIRPORT CLIMATE NORMALS FOR TOMORROW
                         NORMAL    RECORD    YEAR
 MAXIMUM TEMPERATURE (F)   59        76      1940
 MINIMUM TEMPERATURE (F)   28         8      1962


SUNRISE AND SUNSET
FEBRUARY 27 2017......SUNRISE   654 AM MST   SUNSET   617 PM MST
FEBRUARY 28 2017......SUNRISE   653 AM MST   SUNSET   618 PM MST


-  INDICATES NEGATIVE NUMBERS.
R  INDICATES RECORD WAS SET OR TIED.
MM INDICATES DATA IS MISSING.
T  INDICATES TRACE AMOUNT.




$$
