000
CDUS43 KDVN 252122
CLIIOW


CLIMATE REPORT
NATIONAL WEATHER SERVICE QUAD CITIES IA IL
421 PM CDT MON SEP 25 2017


...................................

...THE IOWA CITY IA CLIMATE SUMMARY FOR SEPTEMBER 25 2017...
VALID TODAY AS OF 0400 PM LOCAL TIME.

CLIMATE NORMAL PERIOD 1981 TO 2010
CLIMATE RECORD PERIOD 9999 TO 9999


WEATHER ITEM   OBSERVED TIME   RECORD YEAR NORMAL DEPARTURE LAST
                VALUE   (LST)  VALUE       VALUE  FROM      YEAR
                                                  NORMAL
..................................................................
TEMPERATURE (F)
 TODAY
  MAXIMUM         93    245 PM  MM      MM  72     21       81
  MINIMUM         64    605 AM  MM      MM  48     16       59
  AVERAGE         79                        60     19       70

PRECIPITATION (IN)
  TODAY            0.00         MM      MM   0.11  -0.11      T
  MONTH TO DATE    0.49                      2.91  -2.42     2.83
  SINCE SEP 1      0.49                      2.91  -2.42     2.83
  SINCE JAN 1     26.02                     29.06  -3.04    28.47

DEGREE DAYS
 HEATING
  TODAY            0                         6     -6        0
  MONTH TO DATE   17                        69    -52        0
  SINCE SEP 1     17                        69    -52        0
  SINCE JUL 1     17                        77    -60        2

 COOLING
  TODAY           14                         1     13        5
  MONTH TO DATE  166                        73     93      180
  SINCE SEP 1    166                        73     93      180
  SINCE JAN 1   1038                       895    143     1156
..................................................................


WIND (MPH)
  HIGHEST WIND SPEED    17   HIGHEST WIND DIRECTION     S (180)
  HIGHEST GUST SPEED    22   HIGHEST GUST DIRECTION     S (180)
  AVERAGE WIND SPEED     3.5


SKY COVER
  POSSIBLE SUNSHINE  MM
  AVERAGE SKY COVER 0.1


WEATHER CONDITIONS
 THE FOLLOWING WEATHER WAS RECORDED TODAY.
  NO SIGNIFICANT WEATHER WAS OBSERVED.


RELATIVE HUMIDITY (PERCENT)
 HIGHEST    93           500 AM
 LOWEST     38           100 PM
 AVERAGE    66

..........................................................


THE IOWA CITY IA CLIMATE NORMALS FOR TOMORROW
                         NORMAL    RECORD    YEAR
 MAXIMUM TEMPERATURE (F)   72        MM        MM
 MINIMUM TEMPERATURE (F)   48        MM        MM


SUNRISE AND SUNSET
SEPTEMBER 25 2017.....SUNRISE   657 AM CDT   SUNSET   658 PM CDT
SEPTEMBER 26 2017.....SUNRISE   658 AM CDT   SUNSET   656 PM CDT


-  INDICATES NEGATIVE NUMBERS.
R  INDICATES RECORD WAS SET OR TIED.
MM INDICATES DATA IS MISSING.
T  INDICATES TRACE AMOUNT.




$$
