000
CDUS43 KDVN 232223
CLIIOW


CLIMATE REPORT
NATIONAL WEATHER SERVICE QUAD CITIES IA IL
422 PM CST FRI FEB 23 2018


...................................

...THE IOWA CITY IA CLIMATE SUMMARY FOR FEBRUARY 23 2018...
VALID TODAY AS OF 0400 PM LOCAL TIME.

CLIMATE NORMAL PERIOD 1981 TO 2010
CLIMATE RECORD PERIOD 9999 TO 9999


WEATHER ITEM   OBSERVED TIME   RECORD YEAR NORMAL DEPARTURE LAST
                VALUE   (LST)  VALUE       VALUE  FROM      YEAR
                                                  NORMAL
..................................................................
TEMPERATURE (F)
 TODAY
  MAXIMUM         40    255 PM  MM      MM  37      3       52
  MINIMUM         35    804 AM  MM      MM  21     14       39
  AVERAGE         38                        29      9       46

PRECIPITATION (IN)
  TODAY            0.10         MM      MM   0.05   0.05     0.04
  MONTH TO DATE    2.34                      0.99   1.35     0.37
  SINCE DEC 1      3.33                      3.43  -0.10     2.68
  SINCE JAN 1      2.63                      1.91   0.72     1.84

DEGREE DAYS
 HEATING
  TODAY           27                        36     -9       19
  MONTH TO DATE  982                       909     73      629
  SINCE DEC 1   3491                      3469     22     2963
  SINCE JUL 1   4586                      4776   -190     3765

 COOLING
  TODAY            0                         0      0        0
  MONTH TO DATE    0                         0      0        0
  SINCE DEC 1      0                         0      0        0
  SINCE JAN 1      0                         0      0        0
..................................................................


WIND (MPH)
  HIGHEST WIND SPEED    20   HIGHEST WIND DIRECTION     W (280)
  HIGHEST GUST SPEED    27   HIGHEST GUST DIRECTION     W (270)
  AVERAGE WIND SPEED    11.4


SKY COVER
  POSSIBLE SUNSHINE  MM
  AVERAGE SKY COVER 0.9


WEATHER CONDITIONS
 THE FOLLOWING WEATHER WAS RECORDED TODAY.
  LIGHT RAIN
  FOG


RELATIVE HUMIDITY (PERCENT)
 HIGHEST   100           200 AM
 LOWEST     64           100 PM
 AVERAGE    82

..........................................................


THE IOWA CITY IA CLIMATE NORMALS FOR TOMORROW
                         NORMAL    RECORD    YEAR
 MAXIMUM TEMPERATURE (F)   37        MM        MM
 MINIMUM TEMPERATURE (F)   21        MM        MM


SUNRISE AND SUNSET
FEBRUARY 23 2018......SUNRISE   650 AM CST   SUNSET   550 PM CST
FEBRUARY 24 2018......SUNRISE   649 AM CST   SUNSET   551 PM CST


-  INDICATES NEGATIVE NUMBERS.
R  INDICATES RECORD WAS SET OR TIED.
MM INDICATES DATA IS MISSING.
T  INDICATES TRACE AMOUNT.




$$
