000
CDUS43 KDVN 200918
CLIIOW


CLIMATE REPORT
NATIONAL WEATHER SERVICE QUAD CITIES IA IL
417 AM CDT MON OCT 20 2014


...................................

...THE IOWA CITY IA CLIMATE SUMMARY FOR OCTOBER 19 2014...

CLIMATE NORMAL PERIOD 1981 TO 2010
CLIMATE RECORD PERIOD 9999 TO 9999


WEATHER ITEM   OBSERVED TIME   RECORD YEAR NORMAL DEPARTURE LAST
                VALUE   (LST)  VALUE       VALUE  FROM      YEAR
                                                  NORMAL
..................................................................
TEMPERATURE (F)
 YESTERDAY
  MAXIMUM         64    216 PM  MM      MM  62      2       54
  MINIMUM         31    617 AM  MM      MM  40     -9       35
  AVERAGE         48                        51     -3       45

PRECIPITATION (IN)
  YESTERDAY        0.00         MM      MM   0.09  -0.09      T
  MONTH TO DATE    2.91                      1.73   1.18     1.55
  SINCE SEP 1      8.78                      5.12   3.66     3.48
  SINCE JAN 1     36.21                     31.27   4.94    31.74

DEGREE DAYS
 HEATING
  YESTERDAY       17                        14      3       20
  MONTH TO DATE  247                       214     33      164
  SINCE SEP 1    368                       318     50      221
  SINCE JUL 1    380                       326     54      230

 COOLING
  YESTERDAY        0                         0      0        0
  MONTH TO DATE    0                        10    -10       23
  SINCE SEP 1     62                        90    -28      196
  SINCE JAN 1    778                       912   -134     1064
..................................................................


WIND (MPH)
  HIGHEST WIND SPEED    18   HIGHEST WIND DIRECTION     S (200)
  HIGHEST GUST SPEED    23   HIGHEST GUST DIRECTION     S (200)
  AVERAGE WIND SPEED     6.2


SKY COVER
  POSSIBLE SUNSHINE  MM
  AVERAGE SKY COVER 0.2


WEATHER CONDITIONS
 THE FOLLOWING WEATHER WAS RECORDED YESTERDAY.
  FOG
  FOG W/VISIBILITY <= 1/4 MILE


RELATIVE HUMIDITY (PERCENT)
 HIGHEST   100          1200 AM
 LOWEST     48           200 PM
 AVERAGE    74

..........................................................


THE IOWA CITY IA CLIMATE NORMALS FOR TODAY
                         NORMAL    RECORD    YEAR
 MAXIMUM TEMPERATURE (F)   61        MM        MM
 MINIMUM TEMPERATURE (F)   40        MM        MM


SUNRISE AND SUNSET
OCTOBER 20 2014.......SUNRISE   724 AM CDT   SUNSET   617 PM CDT
OCTOBER 21 2014.......SUNRISE   725 AM CDT   SUNSET   616 PM CDT


-  INDICATES NEGATIVE NUMBERS.
R  INDICATES RECORD WAS SET OR TIED.
MM INDICATES DATA IS MISSING.
T  INDICATES TRACE AMOUNT.




$$
