000
CDUS43 KDVN 221015
CLIIOW


CLIMATE REPORT
NATIONAL WEATHER SERVICE QUAD CITIES IA IL
415 AM CST WED NOV 22 2017


...................................

...THE IOWA CITY IA CLIMATE SUMMARY FOR NOVEMBER 21 2017...

CLIMATE NORMAL PERIOD 1981 TO 2010
CLIMATE RECORD PERIOD 9999 TO 9999


WEATHER ITEM   OBSERVED TIME   RECORD YEAR NORMAL DEPARTURE LAST
                VALUE   (LST)  VALUE       VALUE  FROM      YEAR
                                                  NORMAL
..................................................................
TEMPERATURE (F)
 YESTERDAY
  MAXIMUM         48   1215 AM  MM      MM  45      3       44
  MINIMUM         23   1032 PM  MM      MM  28     -5       21
  AVERAGE         36                        36      0       33

PRECIPITATION (IN)
  YESTERDAY        T            MM      MM   0.07  -0.07     0.00
  MONTH TO DATE    0.83                      1.71  -0.88     0.05
  SINCE SEP 1      5.05                      7.97  -2.92     5.04
  SINCE JAN 1     30.58                     34.12  -3.54    30.68

DEGREE DAYS
 HEATING
  YESTERDAY       29                        29      0       32
  MONTH TO DATE  557                       499     58      325
  SINCE SEP 1    885                      1016   -131      574
  SINCE JUL 1    885                      1024   -139      576

 COOLING
  YESTERDAY        0                         0      0        0
  MONTH TO DATE    0                         0      0        0
  SINCE SEP 1    201                        90    111      216
  SINCE JAN 1   1073                       912    161     1192
..................................................................


WIND (MPH)
  HIGHEST WIND SPEED    28   HIGHEST WIND DIRECTION    NW (310)
  HIGHEST GUST SPEED    36   HIGHEST GUST DIRECTION    NW (310)
  AVERAGE WIND SPEED    12.6


SKY COVER
  POSSIBLE SUNSHINE  MM
  AVERAGE SKY COVER 0.2


WEATHER CONDITIONS
 THE FOLLOWING WEATHER WAS RECORDED YESTERDAY.
  LIGHT RAIN


RELATIVE HUMIDITY (PERCENT)
 HIGHEST    70           200 AM
 LOWEST     44           300 PM
 AVERAGE    57

..........................................................


THE IOWA CITY IA CLIMATE NORMALS FOR TODAY
                         NORMAL    RECORD    YEAR
 MAXIMUM TEMPERATURE (F)   44        MM        MM
 MINIMUM TEMPERATURE (F)   27        MM        MM


SUNRISE AND SUNSET
NOVEMBER 22 2017......SUNRISE   704 AM CST   SUNSET   441 PM CST
NOVEMBER 23 2017......SUNRISE   705 AM CST   SUNSET   440 PM CST


-  INDICATES NEGATIVE NUMBERS.
R  INDICATES RECORD WAS SET OR TIED.
MM INDICATES DATA IS MISSING.
T  INDICATES TRACE AMOUNT.




$$
