000
CDUS43 KDVN 280905
CLIIOW


CLIMATE REPORT
NATIONAL WEATHER SERVICE QUAD CITIES IA IL
404 AM CDT SAT MAR 28 2015


...................................

...THE IOWA CITY IA CLIMATE SUMMARY FOR MARCH 27 2015...

CLIMATE NORMAL PERIOD 1981 TO 2010
CLIMATE RECORD PERIOD 9999 TO 9999


WEATHER ITEM   OBSERVED TIME   RECORD YEAR NORMAL DEPARTURE LAST
                VALUE   (LST)  VALUE       VALUE  FROM      YEAR
                                                  NORMAL
..................................................................
TEMPERATURE (F)
 YESTERDAY
  MAXIMUM         39    421 PM  MM      MM  54    -15       53
  MINIMUM         24    944 PM  MM      MM  34    -10       37
  AVERAGE         32                        44    -12       45

PRECIPITATION (IN)
  YESTERDAY        0.00         MM      MM   0.07  -0.07     0.29
  MONTH TO DATE    0.48                      1.92  -1.44     0.58
  SINCE MAR 1      0.48                      1.92  -1.44     0.58
  SINCE JAN 1      2.06                      4.08  -2.02     2.41

DEGREE DAYS
 HEATING
  YESTERDAY       33                        21     12       20
  MONTH TO DATE  765                       737     28      960
  SINCE MAR 1    765                       737     28      960
  SINCE JUL 1   6130                      5687    443     6753

 COOLING
  YESTERDAY        0                         0      0        0
  MONTH TO DATE    0                         0      0        0
  SINCE MAR 1      0                         0      0        0
  SINCE JAN 1      0                         0      0        0
..................................................................


WIND (MPH)
  HIGHEST WIND SPEED    18   HIGHEST WIND DIRECTION    NE (40)
  HIGHEST GUST SPEED    24   HIGHEST GUST DIRECTION    NE (40)
  AVERAGE WIND SPEED     7.3


SKY COVER
  POSSIBLE SUNSHINE  MM
  AVERAGE SKY COVER 0.2


WEATHER CONDITIONS
 THE FOLLOWING WEATHER WAS RECORDED YESTERDAY.
  NO SIGNIFICANT WEATHER WAS OBSERVED.


RELATIVE HUMIDITY (PERCENT)
 HIGHEST    75           400 AM
 LOWEST     27           400 PM
 AVERAGE    51

..........................................................


THE IOWA CITY IA CLIMATE NORMALS FOR TODAY
                         NORMAL    RECORD    YEAR
 MAXIMUM TEMPERATURE (F)   55        MM        MM
 MINIMUM TEMPERATURE (F)   34        MM        MM


SUNRISE AND SUNSET
MARCH 28 2015.........SUNRISE   656 AM CDT   SUNSET   727 PM CDT
MARCH 29 2015.........SUNRISE   655 AM CDT   SUNSET   728 PM CDT


-  INDICATES NEGATIVE NUMBERS.
R  INDICATES RECORD WAS SET OR TIED.
MM INDICATES DATA IS MISSING.
T  INDICATES TRACE AMOUNT.




$$
