000
CDUS43 KDVN 162136
CLIIOW


CLIMATE REPORT
NATIONAL WEATHER SERVICE QUAD CITIES IA IL
435 PM CDT WED APR 16 2014


...................................

...THE IOWA CITY IA CLIMATE SUMMARY FOR APRIL 16 2014...
VALID TODAY AS OF 0400 PM LOCAL TIME.

CLIMATE NORMAL PERIOD 1981 TO 2010
CLIMATE RECORD PERIOD 9999 TO 9999


WEATHER ITEM   OBSERVED TIME   RECORD YEAR NORMAL DEPARTURE LAST
                VALUE   (LST)  VALUE       VALUE  FROM      YEAR
                                                  NORMAL
..................................................................
TEMPERATURE (F)
 TODAY
  MAXIMUM         60    232 PM  MM      MM  62     -2       53
  MINIMUM         31    148 AM  MM      MM  40     -9       33
  AVERAGE         46                        51     -5       43

PRECIPITATION (IN)
  TODAY            0.00         MM      MM   0.13  -0.13     0.00
  MONTH TO DATE    2.25                      1.52   0.73     3.51
  SINCE MAR 1      2.88                      3.74  -0.86     5.94
  SINCE JAN 1      4.71                      5.90  -1.19     8.39

DEGREE DAYS
 HEATING
  TODAY           19                        14      5       22
  MONTH TO DATE  303                       264     39      312
  SINCE MAR 1   1346                      1081    265     1366
  SINCE JUL 1   7139                      6031   1108     6052

 COOLING
  TODAY            0                         0      0        0
  MONTH TO DATE    2                         0      2        0
  SINCE MAR 1      2                         0      2        0
  SINCE JAN 1      2                         0      2        0
..................................................................


WIND (MPH)
  HIGHEST WIND SPEED    33   HIGHEST WIND DIRECTION     S (160)
  HIGHEST GUST SPEED    42   HIGHEST GUST DIRECTION     S (160)
  AVERAGE WIND SPEED    17.0


SKY COVER
  POSSIBLE SUNSHINE  MM
  AVERAGE SKY COVER 0.2


WEATHER CONDITIONS
 THE FOLLOWING WEATHER WAS RECORDED TODAY.
  NO SIGNIFICANT WEATHER WAS OBSERVED.


RELATIVE HUMIDITY (PERCENT)
 HIGHEST    69           400 AM
 LOWEST     33           300 PM
 AVERAGE    51

..........................................................


THE IOWA CITY IA CLIMATE NORMALS FOR TOMORROW
                         NORMAL    RECORD    YEAR
 MAXIMUM TEMPERATURE (F)   62        MM        MM
 MINIMUM TEMPERATURE (F)   41        MM        MM


SUNRISE AND SUNSET
APRIL 16 2014.........SUNRISE   625 AM CDT   SUNSET   748 PM CDT
APRIL 17 2014.........SUNRISE   623 AM CDT   SUNSET   749 PM CDT


-  INDICATES NEGATIVE NUMBERS.
R  INDICATES RECORD WAS SET OR TIED.
MM INDICATES DATA IS MISSING.
T  INDICATES TRACE AMOUNT.




$$
