000
CDUS41 KCTP 280633
CLIIPT


CLIMATE REPORT
NATIONAL WEATHER SERVICE STATE COLLEGE PA
133 AM EST WED JAN 28 2015


...................................

...THE WILLIAMSPORT PA CLIMATE SUMMARY FOR JANUARY 27 2015...

CLIMATE NORMAL PERIOD 1981 TO 2010
CLIMATE RECORD PERIOD 1895 TO 2015


WEATHER ITEM   OBSERVED TIME   RECORD YEAR NORMAL DEPARTURE LAST
                VALUE   (LST)  VALUE       VALUE  FROM      YEAR
                                                  NORMAL
..................................................................
TEMPERATURE (F)
 YESTERDAY
  MAXIMUM         29    248 PM  62    1916  35     -6       31
  MINIMUM         14   1159 PM  -6    1961  19     -5       12
                                      1927
                                      1922
  AVERAGE         22                        27     -5       22

PRECIPITATION (IN)
  YESTERDAY        0.01          1.69 1996   0.08  -0.07      T
  MONTH TO DATE    1.59                      2.34  -0.75     1.25
  SINCE DEC 1      4.19                      5.27  -1.08     4.89
  SINCE JAN 1      1.59                      2.34  -0.75     1.25

SNOWFALL (IN)
  YESTERDAY        0.1           5.3  2004   0.3   -0.2       T
  MONTH TO DATE   13.6                       9.0    4.6      7.9
  SINCE DEC 1     17.6                      15.9    1.7     22.0
  SINCE JUL 1     22.7                      17.7    5.0     24.2
  SNOW DEPTH       6

DEGREE DAYS
 HEATING
  YESTERDAY       43                        38      5       43
  MONTH TO DATE 1076                      1034     42     1151
  SINCE DEC 1   1979                      2082   -103     2224
  SINCE JUL 1   3149                      3327   -178     3467

 COOLING
  YESTERDAY        0                         0      0        0
  MONTH TO DATE    0                         0      0        0
  SINCE DEC 1      0                         0      0        0
  SINCE JAN 1      0                         0      0        0
..................................................................


WIND (MPH)
  HIGHEST WIND SPEED    21   HIGHEST WIND DIRECTION    NW (300)
  HIGHEST GUST SPEED    25   HIGHEST GUST DIRECTION    NW (300)
  AVERAGE WIND SPEED    10.5


SKY COVER
  POSSIBLE SUNSHINE  MM
  AVERAGE SKY COVER 0.6


WEATHER CONDITIONS
 THE FOLLOWING WEATHER WAS RECORDED YESTERDAY.
  LIGHT SNOW
  FOG


RELATIVE HUMIDITY (PERCENT)
 HIGHEST    81          1200 AM
 LOWEST     38           400 PM
 AVERAGE    60

..........................................................


THE WILLIAMSPORT PA CLIMATE NORMALS FOR TODAY
                         NORMAL    RECORD    YEAR
 MAXIMUM TEMPERATURE (F)   35        61      1916
 MINIMUM TEMPERATURE (F)   19       -16      1925


SUNRISE AND SUNSET
JANUARY 28 2015.......SUNRISE   723 AM EST   SUNSET   519 PM EST
JANUARY 29 2015.......SUNRISE   722 AM EST   SUNSET   520 PM EST


-  INDICATES NEGATIVE NUMBERS.
R  INDICATES RECORD WAS SET OR TIED.
MM INDICATES DATA IS MISSING.
T  INDICATES TRACE AMOUNT.




$$
