000
CDUS41 KCTP 300627
CLIIPT


CLIMATE REPORT
NATIONAL WEATHER SERVICE STATE COLLEGE PA
226 AM EDT MON MAR 30 2015


...................................

...THE WILLIAMSPORT PA CLIMATE SUMMARY FOR MARCH 29 2015...

CLIMATE NORMAL PERIOD 1981 TO 2010
CLIMATE RECORD PERIOD 1895 TO 2015


WEATHER ITEM   OBSERVED TIME   RECORD YEAR NORMAL DEPARTURE LAST
                VALUE   (LST)  VALUE       VALUE  FROM      YEAR
                                                  NORMAL
..................................................................
TEMPERATURE (F)
 YESTERDAY
  MAXIMUM         47    412 PM  83    1945  53     -6       47
                                      1907
  MINIMUM         19    401 AM   9    1923  33    -14       31
  AVERAGE         33                        43    -10       39

PRECIPITATION (IN)
  YESTERDAY        0.00          1.72 2014   0.11  -0.11     1.72
  MONTH TO DATE    1.91                      2.75  -0.84     2.83
  SINCE MAR 1      1.91                      2.75  -0.84     2.83
  SINCE JAN 1      4.70                      7.79  -3.09     6.63

SNOWFALL (IN)
  YESTERDAY        0.0          10.6  1984   0.1   -0.1      0.0
  MONTH TO DATE    7.1                       6.7    0.4      0.1
  SINCE MAR 1      7.1                       6.7    0.4      0.1
  SINCE JUL 1     40.1                      34.7    5.4     45.9
  SNOW DEPTH       0

DEGREE DAYS
 HEATING
  YESTERDAY       32                        22     10       26
  MONTH TO DATE  937                       787    150      958
  SINCE MAR 1    937                       787    150      958
  SINCE JUL 1   5574                      5254    320     5790

 COOLING
  YESTERDAY        0                         0      0        0
  MONTH TO DATE    0                         0      0        0
  SINCE MAR 1      0                         0      0        0
  SINCE JAN 1      0                         0      0        0
..................................................................


WIND (MPH)
  HIGHEST WIND SPEED    24   HIGHEST WIND DIRECTION     S (160)
  HIGHEST GUST SPEED    31   HIGHEST GUST DIRECTION    SE (150)
  AVERAGE WIND SPEED     9.1


SKY COVER
  POSSIBLE SUNSHINE  MM
  AVERAGE SKY COVER 0.0


WEATHER CONDITIONS
 THE FOLLOWING WEATHER WAS RECORDED YESTERDAY.
  NO SIGNIFICANT WEATHER WAS OBSERVED.


RELATIVE HUMIDITY (PERCENT)
 HIGHEST    62           300 AM
 LOWEST     16           500 PM
 AVERAGE    39

..........................................................


THE WILLIAMSPORT PA CLIMATE NORMALS FOR TODAY
                         NORMAL    RECORD    YEAR
 MAXIMUM TEMPERATURE (F)   54        87      1986
 MINIMUM TEMPERATURE (F)   34         6      1970


SUNRISE AND SUNSET
MARCH 30 2015.........SUNRISE   655 AM EDT   SUNSET   730 PM EDT
MARCH 31 2015.........SUNRISE   653 AM EDT   SUNSET   731 PM EDT


-  INDICATES NEGATIVE NUMBERS.
R  INDICATES RECORD WAS SET OR TIED.
MM INDICATES DATA IS MISSING.
T  INDICATES TRACE AMOUNT.




$$
