000
CDUS41 KCTP 220622
CLIIPT


CLIMATE REPORT
NATIONAL WEATHER SERVICE STATE COLLEGE PA
121 AM EST SUN JAN 22 2017


...................................

...THE WILLIAMSPORT PA CLIMATE SUMMARY FOR JANUARY 21 2017...

CLIMATE NORMAL PERIOD 1981 TO 2010
CLIMATE RECORD PERIOD 1895 TO 2017


WEATHER ITEM   OBSERVED TIME   RECORD YEAR NORMAL DEPARTURE LAST
                VALUE   (LST)  VALUE       VALUE  FROM      YEAR
                                                  NORMAL
..................................................................
TEMPERATURE (F)
 YESTERDAY
  MAXIMUM         46    344 PM  61    2006  34     12       33
  MINIMUM         39    838 AM -20    1994  19     20       22
  AVERAGE         43                        26     17       28

PRECIPITATION (IN)
  YESTERDAY        T             1.25 1903   0.09  -0.09     0.00
  MONTH TO DATE    2.09                      1.82   0.27     2.06
  SINCE DEC 1      5.05                      4.75   0.30     5.42
  SINCE JAN 1      2.09                      1.82   0.27     2.06

SNOWFALL (IN)
  YESTERDAY        0.0           4.1  2012   0.3   -0.3      0.0
  MONTH TO DATE    1.0                       6.9   -5.9      0.9
  SINCE DEC 1      9.9                      13.8   -3.9      0.9
  SINCE JUL 1     10.0                      15.6   -5.6      0.9
  SNOW DEPTH       0

DEGREE DAYS
 HEATING
  YESTERDAY       22                        38    -16       37
  MONTH TO DATE  699                       806   -107      785
  SINCE DEC 1   1674                      1854   -180     1457
  SINCE JUL 1   2608                      3099   -491     2384

 COOLING
  YESTERDAY        0                         0      0        0
  MONTH TO DATE    0                         0      0        0
  SINCE DEC 1      0                         0      0        0
  SINCE JAN 1      0                         0      0        0
..................................................................


WIND (MPH)
  HIGHEST WIND SPEED     8   HIGHEST WIND DIRECTION     E (100)
  HIGHEST GUST SPEED    10   HIGHEST GUST DIRECTION     E (90)
  AVERAGE WIND SPEED     0.8


SKY COVER
  POSSIBLE SUNSHINE  MM
  AVERAGE SKY COVER 1.0


WEATHER CONDITIONS
 THE FOLLOWING WEATHER WAS RECORDED YESTERDAY.
  LIGHT RAIN
  FOG
  FOG W/VISIBILITY <= 1/4 MILE


RELATIVE HUMIDITY (PERCENT)
 HIGHEST   100           900 AM
 LOWEST     86           300 PM
 AVERAGE    93

..........................................................


THE WILLIAMSPORT PA CLIMATE NORMALS FOR TODAY
                         NORMAL    RECORD    YEAR
 MAXIMUM TEMPERATURE (F)   34        62      1906
 MINIMUM TEMPERATURE (F)   19       -13      1984
                                             1961


SUNRISE AND SUNSET
JANUARY 22 2017.......SUNRISE   727 AM EST   SUNSET   512 PM EST
JANUARY 23 2017.......SUNRISE   726 AM EST   SUNSET   513 PM EST


-  INDICATES NEGATIVE NUMBERS.
R  INDICATES RECORD WAS SET OR TIED.
MM INDICATES DATA IS MISSING.
T  INDICATES TRACE AMOUNT.




$$
