000
CDUS41 KCTP 182116
CLIIPT


CLIMATE REPORT
NATIONAL WEATHER SERVICE STATE COLLEGE PA
515 PM EDT WED OCT 18 2017


...................................

...THE WILLIAMSPORT PA CLIMATE SUMMARY FOR OCTOBER 18 2017...
VALID TODAY AS OF 0500 PM LOCAL TIME.

CLIMATE NORMAL PERIOD 1981 TO 2010
CLIMATE RECORD PERIOD 1895 TO 2017


WEATHER ITEM   OBSERVED TIME   RECORD YEAR NORMAL DEPARTURE LAST
                VALUE   (LST)  VALUE       VALUE  FROM      YEAR
                                                  NORMAL
..................................................................
TEMPERATURE (F)
 TODAY
  MAXIMUM         71    354 PM  84    2016  61     10       84
  MINIMUM         40    542 AM  24    1939  41     -1       57
  AVERAGE         56                        51      5       71

PRECIPITATION (IN)
  TODAY            0.00          1.62 1990   0.10  -0.10      T
  MONTH TO DATE    2.14                      2.06   0.08     1.86
  SINCE SEP 1      3.38                      6.22  -2.84     5.37
  SINCE JAN 1     39.41                     33.25   6.16    28.80

SNOWFALL (IN)
  TODAY            0.0           0.3  1972   0.0    0.0      0.0
  MONTH TO DATE    0.0                       0.0    0.0      0.0
  SINCE SEP 1      0.0                       0.0    0.0      0.0
  SINCE JUL 1      0.0                       0.0    0.0      0.0
  SNOW DEPTH       0

DEGREE DAYS
 HEATING
  TODAY            9                        14     -5        0
  MONTH TO DATE   82                       203   -121      120
  SINCE SEP 1    147                       317   -170      161
  SINCE JUL 1    149                       331   -182      161

 COOLING
  TODAY            0                         0      0        6
  MONTH TO DATE   41                         1     40        8
  SINCE SEP 1    187                        64    123      172
  SINCE JAN 1    929                       698    231     1145
..................................................................


WIND (MPH)
  HIGHEST WIND SPEED     9   HIGHEST WIND DIRECTION    SE (130)
  HIGHEST GUST SPEED    12   HIGHEST GUST DIRECTION    SE (140)
  AVERAGE WIND SPEED     2.2


SKY COVER
  POSSIBLE SUNSHINE  MM
  AVERAGE SKY COVER 0.3


WEATHER CONDITIONS
 THE FOLLOWING WEATHER WAS RECORDED TODAY.
  FOG
  FOG W/VISIBILITY <= 1/4 MILE
  HAZE


RELATIVE HUMIDITY (PERCENT)
 HIGHEST   100           400 AM
 LOWEST     44           200 PM
 AVERAGE    72

..........................................................


THE WILLIAMSPORT PA CLIMATE NORMALS FOR TOMORROW
                         NORMAL    RECORD    YEAR
 MAXIMUM TEMPERATURE (F)   61        82      1963
 MINIMUM TEMPERATURE (F)   40        24      1974
                                             1930


SUNRISE AND SUNSET
OCTOBER 18 2017.......SUNRISE   723 AM EDT   SUNSET   622 PM EDT
OCTOBER 19 2017.......SUNRISE   724 AM EDT   SUNSET   620 PM EDT


-  INDICATES NEGATIVE NUMBERS.
R  INDICATES RECORD WAS SET OR TIED.
MM INDICATES DATA IS MISSING.
T  INDICATES TRACE AMOUNT.




$$
