000
CDUS41 KCTP 020653
CLIIPT


CLIMATE REPORT
NATIONAL WEATHER SERVICE STATE COLLEGE PA
153 AM EST MON MAR 2 2015


...................................

...THE WILLIAMSPORT PA CLIMATE SUMMARY FOR MARCH 1 2015...

CLIMATE NORMAL PERIOD 1981 TO 2010
CLIMATE RECORD PERIOD 1895 TO 2015


WEATHER ITEM   OBSERVED TIME   RECORD YEAR NORMAL DEPARTURE LAST
                VALUE   (LST)  VALUE       VALUE  FROM      YEAR
                                                  NORMAL
..................................................................
TEMPERATURE (F)
 YESTERDAY
  MAXIMUM         26   1159 PM  63    1991  42    -16       32
                                      1954
  MINIMUM          9    112 AM  -1    1934  24    -15       10
  AVERAGE         18                        33    -15       21

PRECIPITATION (IN)
  YESTERDAY        0.22          2.26 1900   0.08   0.14     0.00
  MONTH TO DATE    0.22                      0.08   0.14     0.00
  SINCE MAR 1      0.22                      0.08   0.14     0.00
  SINCE JAN 1      3.01                      5.12  -2.11     3.80

SNOWFALL (IN)
  YESTERDAY        2.3           7.0  1963   0.3    2.0      0.0
  MONTH TO DATE    2.3                       0.3    2.0      0.0
  SINCE MAR 1      2.3                       0.3    2.0      0.0
  SINCE JUL 1     35.3                      28.3    7.0     45.8
  SNOW DEPTH       5

DEGREE DAYS
 HEATING
  YESTERDAY       47                        32     15       44
  MONTH TO DATE   47                        32     15       44
  SINCE MAR 1     47                        32     15       44
  SINCE JUL 1   4684                      4499    185     4876

 COOLING
  YESTERDAY        0                         0      0        0
  MONTH TO DATE    0                         0      0        0
  SINCE MAR 1      0                         0      0        0
  SINCE JAN 1      0                         0      0        0
..................................................................


WIND (MPH)
  HIGHEST WIND SPEED    14   HIGHEST WIND DIRECTION     E (100)
  HIGHEST GUST SPEED    22   HIGHEST GUST DIRECTION     E (100)
  AVERAGE WIND SPEED     5.3


SKY COVER
  POSSIBLE SUNSHINE  MM
  AVERAGE SKY COVER 0.9


WEATHER CONDITIONS
 THE FOLLOWING WEATHER WAS RECORDED YESTERDAY.
  LIGHT SNOW
  FOG


RELATIVE HUMIDITY (PERCENT)
 HIGHEST    88           900 PM
 LOWEST     61           300 AM
 AVERAGE    75

..........................................................


THE WILLIAMSPORT PA CLIMATE NORMALS FOR TODAY
                         NORMAL    RECORD    YEAR
 MAXIMUM TEMPERATURE (F)   43        71      1991
 MINIMUM TEMPERATURE (F)   24         4      1980


SUNRISE AND SUNSET
MARCH  2 2015.........SUNRISE   641 AM EST   SUNSET   559 PM EST
MARCH  3 2015.........SUNRISE   639 AM EST   SUNSET   601 PM EST


-  INDICATES NEGATIVE NUMBERS.
R  INDICATES RECORD WAS SET OR TIED.
MM INDICATES DATA IS MISSING.
T  INDICATES TRACE AMOUNT.




$$
