000
CDUS41 KCTP 250611
CLIIPT


CLIMATE REPORT
NATIONAL WEATHER SERVICE STATE COLLEGE PA
211 AM EDT SAT MAR 25 2017


...................................

...THE WILLIAMSPORT PA CLIMATE SUMMARY FOR MARCH 24 2017...

CLIMATE NORMAL PERIOD 1981 TO 2010
CLIMATE RECORD PERIOD 1895 TO 2017


WEATHER ITEM   OBSERVED TIME   RECORD YEAR NORMAL DEPARTURE LAST
                VALUE   (LST)  VALUE       VALUE  FROM      YEAR
                                                  NORMAL
..................................................................
TEMPERATURE (F)
 YESTERDAY
  MAXIMUM         56    507 PM  74    1939  51      5       73
                                      1938
  MINIMUM         33   1258 AM   3    1906  31      2       38
  AVERAGE         45                        41      4       56

PRECIPITATION (IN)
  YESTERDAY        0.02          2.24 1953   0.10  -0.08     0.00
  MONTH TO DATE    2.38                      2.21   0.17     0.61
  SINCE MAR 1      2.38                      2.21   0.17     0.61
  SINCE JAN 1      7.68                      7.25   0.43     7.03

SNOWFALL (IN)
  YESTERDAY        0.0           1.4  1956   0.1   -0.1      0.0
  MONTH TO DATE   22.6                       5.9   16.7      0.2
  SINCE MAR 1     22.6                       5.9   16.7      0.2
  SINCE JUL 1     41.1                      33.9    7.2      5.9
  SNOW DEPTH       0

DEGREE DAYS
 HEATING
  YESTERDAY       20                        24     -4        9
  MONTH TO DATE  726                       674     52      464
  SINCE MAR 1    726                       674     52      464
  SINCE JUL 1   4362                      5141   -779     4107

 COOLING
  YESTERDAY        0                         0      0        0
  MONTH TO DATE    0                         0      0        0
  SINCE MAR 1      0                         0      0        0
  SINCE JAN 1      0                         0      0        0
..................................................................


WIND (MPH)
  HIGHEST WIND SPEED    17   HIGHEST WIND DIRECTION    SE (130)
  HIGHEST GUST SPEED    23   HIGHEST GUST DIRECTION    SE (120)
  AVERAGE WIND SPEED     8.2


SKY COVER
  POSSIBLE SUNSHINE  MM
  AVERAGE SKY COVER 0.5


WEATHER CONDITIONS
 THE FOLLOWING WEATHER WAS RECORDED YESTERDAY.
  LIGHT RAIN


RELATIVE HUMIDITY (PERCENT)
 HIGHEST    76           900 PM
 LOWEST     38           200 AM
 AVERAGE    57

..........................................................


THE WILLIAMSPORT PA CLIMATE NORMALS FOR TODAY
                         NORMAL    RECORD    YEAR
 MAXIMUM TEMPERATURE (F)   52        77      1988
                                             1939
 MINIMUM TEMPERATURE (F)   32         6      1906


SUNRISE AND SUNSET
MARCH 25 2017.........SUNRISE   702 AM EDT   SUNSET   726 PM EDT
MARCH 26 2017.........SUNRISE   701 AM EDT   SUNSET   727 PM EDT


-  INDICATES NEGATIVE NUMBERS.
R  INDICATES RECORD WAS SET OR TIED.
MM INDICATES DATA IS MISSING.
T  INDICATES TRACE AMOUNT.




$$
