000
CDUS41 KCTP 290616
CLIIPT


CLIMATE REPORT
NATIONAL WEATHER SERVICE STATE COLLEGE PA
216 AM EDT FRI JUL 29 2016


...................................

...THE WILLIAMSPORT PA CLIMATE SUMMARY FOR JULY 28 2016...

CLIMATE NORMAL PERIOD 1981 TO 2010
CLIMATE RECORD PERIOD 1895 TO 2016


WEATHER ITEM   OBSERVED TIME   RECORD YEAR NORMAL DEPARTURE LAST
                VALUE   (LST)  VALUE       VALUE  FROM      YEAR
                                                  NORMAL
..................................................................
TEMPERATURE (F)
 YESTERDAY
  MAXIMUM         89    318 PM 100    1949  84      5       91
  MINIMUM         64    556 AM  47    1903  62      2       67
  AVERAGE         77                        73      4       79

PRECIPITATION (IN)
  YESTERDAY        T             2.18 1945   0.14  -0.14     0.00
  MONTH TO DATE    1.72                      3.90  -2.18     3.88
  SINCE JUN 1      6.17                      7.82  -1.65    11.69
  SINCE JAN 1     17.51                     22.73  -5.22    24.11

DEGREE DAYS
 HEATING
  YESTERDAY        0                         0      0        0
  MONTH TO DATE    0                         0      0        2
  SINCE JUN 1      9                        37    -28       23
  SINCE JUL 1      0                         0      0        2

 COOLING
  YESTERDAY       12                         8      4       14
  MONTH TO DATE  334                       221    113      220
  SINCE JUN 1    506                       367    139      392
  SINCE JAN 1    579                       410    169      520
..................................................................


WIND (MPH)
  HIGHEST WIND SPEED    12   HIGHEST WIND DIRECTION     W (260)
  HIGHEST GUST SPEED    15   HIGHEST GUST DIRECTION     W (260)
  AVERAGE WIND SPEED     3.9


SKY COVER
  POSSIBLE SUNSHINE  MM
  AVERAGE SKY COVER 0.1


WEATHER CONDITIONS
 THE FOLLOWING WEATHER WAS RECORDED YESTERDAY.
  LIGHT RAIN


RELATIVE HUMIDITY (PERCENT)
 HIGHEST    87           300 AM
 LOWEST     43           200 PM
 AVERAGE    65

..........................................................


THE WILLIAMSPORT PA CLIMATE NORMALS FOR TODAY
                         NORMAL    RECORD    YEAR
 MAXIMUM TEMPERATURE (F)   84        98      1949
 MINIMUM TEMPERATURE (F)   62        49      1965


SUNRISE AND SUNSET
JULY 29 2016..........SUNRISE   601 AM EDT   SUNSET   827 PM EDT
JULY 30 2016..........SUNRISE   602 AM EDT   SUNSET   826 PM EDT


-  INDICATES NEGATIVE NUMBERS.
R  INDICATES RECORD WAS SET OR TIED.
MM INDICATES DATA IS MISSING.
T  INDICATES TRACE AMOUNT.




$$
