000
CDUS41 KCTP 302116
CLIIPT


CLIMATE REPORT
NATIONAL WEATHER SERVICE STATE COLLEGE PA
516 PM EDT FRI SEP 30 2016


...................................

...THE WILLIAMSPORT PA CLIMATE SUMMARY FOR SEPTEMBER 30 2016...
VALID TODAY AS OF 0500 PM LOCAL TIME.

CLIMATE NORMAL PERIOD 1981 TO 2010
CLIMATE RECORD PERIOD 1895 TO 2016


WEATHER ITEM   OBSERVED TIME   RECORD YEAR NORMAL DEPARTURE LAST
                VALUE   (LST)  VALUE       VALUE  FROM      YEAR
                                                  NORMAL
..................................................................
TEMPERATURE (F)
 TODAY
  MAXIMUM         59    301 PM  93    1953  68     -9       69
  MINIMUM         53    627 AM  31    1932  47      6       54
  AVERAGE         56                        58     -2       62

PRECIPITATION (IN)
  TODAY            0.77          3.91 2010   0.14   0.63     0.15
  MONTH TO DATE    3.50                      4.16  -0.66     3.28
  SINCE SEP 1      3.50                      4.16  -0.66     3.28
  SINCE JAN 1     26.93                     31.19  -4.26    31.57

DEGREE DAYS
 HEATING
  TODAY            9                         8      1        3
  MONTH TO DATE   41                       115    -74       23
  SINCE SEP 1     41                       114    -73       23
  SINCE JUL 1     41                       128    -87       25

 COOLING
  TODAY            0                         1     -1        0
  MONTH TO DATE  164                        63    101      152
  SINCE SEP 1    164                        63    101      152
  SINCE JAN 1   1137                       697    440      937
..................................................................


WIND (MPH)
  HIGHEST WIND SPEED    16   HIGHEST WIND DIRECTION     E (90)
  HIGHEST GUST SPEED    22   HIGHEST GUST DIRECTION     E (90)
  AVERAGE WIND SPEED     7.0


SKY COVER
  POSSIBLE SUNSHINE  MM
  AVERAGE SKY COVER 1.0


WEATHER CONDITIONS
 THE FOLLOWING WEATHER WAS RECORDED TODAY.
  HEAVY RAIN
  RAIN
  LIGHT RAIN
  FOG


RELATIVE HUMIDITY (PERCENT)
 HIGHEST   100          1100 AM
 LOWEST     75          1200 AM
 AVERAGE    88

..........................................................


THE WILLIAMSPORT PA CLIMATE NORMALS FOR TOMORROW
                         NORMAL    RECORD    YEAR
 MAXIMUM TEMPERATURE (F)   68        91      1927
 MINIMUM TEMPERATURE (F)   47        31      1993
                                             1947


SUNRISE AND SUNSET
SEPTEMBER 30 2016.....SUNRISE   704 AM EDT   SUNSET   650 PM EDT
OCTOBER  1 2016.......SUNRISE   705 AM EDT   SUNSET   649 PM EDT


-  INDICATES NEGATIVE NUMBERS.
R  INDICATES RECORD WAS SET OR TIED.
MM INDICATES DATA IS MISSING.
T  INDICATES TRACE AMOUNT.




$$
