000
CDUS43 KEAX 300707
CLIIRK


CLIMATE REPORT
NATIONAL WEATHER SERVICE KANSAS CITY/PLEASANT HILL MO
148 AM CDT SAT MAY 30 2015


...................................

...THE KIRKSVILLE MO CLIMATE SUMMARY FOR MAY 29 2015...

CLIMATE NORMAL PERIOD 1981 TO 2010
CLIMATE RECORD PERIOD 9999 TO 9999


WEATHER ITEM   OBSERVED TIME   NORMAL DEPARTURE LAST
                VALUE   (LST)  VALUE  FROM      YEAR
                                      NORMAL
......................................................
TEMPERATURE (F)
 YESTERDAY
  MAXIMUM         75    248 PM  77     -2       84
  MINIMUM         63    314 AM  56      7       65
  AVERAGE         69            66      3       75

PRECIPITATION (IN)
  YESTERDAY        T             0.17  -0.17      T
  MONTH TO DATE    4.08          4.63  -0.55     1.32
  SINCE MAR 1      8.61         11.02  -2.41     5.37
  SINCE JAN 1     10.66         13.82  -3.16     8.92

DEGREE DAYS
 HEATING
  YESTERDAY        0             2     -2        0
  MONTH TO DATE  106           147    -41      155
  SINCE MAR 1   1074          1304   -230     1458
  SINCE JUL 1   5753          5837    -84     6428

 COOLING
  YESTERDAY        4             3      1       10
  MONTH TO DATE   65            49     16       99
  SINCE MAR 1     68            56     12      104
  SINCE JAN 1     68            56     12      104
......................................................


WIND (MPH)
  HIGHEST WIND SPEED    13   HIGHEST WIND DIRECTION    SW (220)
  HIGHEST GUST SPEED    16   HIGHEST GUST DIRECTION    SW (210)
  AVERAGE WIND SPEED     5.7


SKY COVER
  AVERAGE SKY COVER 0.8


WEATHER CONDITIONS
 THE FOLLOWING WEATHER WAS RECORDED YESTERDAY.
  LIGHT RAIN
  FOG


RELATIVE HUMIDITY (PERCENT)
 HIGHEST   100          1200 AM
 LOWEST     73           400 PM
 AVERAGE    87

..........................................................


THE KIRKSVILLE MO CLIMATE NORMALS FOR TODAY
                         NORMAL
 MAXIMUM TEMPERATURE (F)   77
 MINIMUM TEMPERATURE (F)   56


SUNRISE AND SUNSET
MAY 30 2015...........SUNRISE   544 AM CDT   SUNSET   832 PM CDT
MAY 31 2015...........SUNRISE   544 AM CDT   SUNSET   832 PM CDT


-  INDICATES NEGATIVE NUMBERS.
R  INDICATES RECORD WAS SET OR TIED.
MM INDICATES DATA IS MISSING.
T  INDICATES TRACE AMOUNT.




$$
