000
CDUS43 KEAX 290638
CLIIRK


CLIMATE REPORT
NATIONAL WEATHER SERVICE KANSAS CITY/PLEASANT HILL MO
138 AM CDT MON MAY 29 2017


...................................

...THE KIRKSVILLE MO CLIMATE SUMMARY FOR MAY 28 2017...

CLIMATE NORMAL PERIOD 1981 TO 2010
CLIMATE RECORD PERIOD 9999 TO 9999


WEATHER ITEM   OBSERVED TIME   NORMAL DEPARTURE LAST
                VALUE   (LST)  VALUE  FROM      YEAR
                                      NORMAL
......................................................
TEMPERATURE (F)
 YESTERDAY
  MAXIMUM         80    420 PM  76      4       78
  MINIMUM         56   1139 PM  56      0       63
  AVERAGE         68            66      2       71

PRECIPITATION (IN)
  YESTERDAY        0.00          0.16  -0.16     0.03
  MONTH TO DATE    1.79          4.46  -2.67     4.72
  SINCE MAR 1     11.56         10.85   0.71     9.70
  SINCE JAN 1     13.42         13.65  -0.23    12.29

DEGREE DAYS
 HEATING
  YESTERDAY        0             2     -2        0
  MONTH TO DATE  152           145      7      170
  SINCE MAR 1   1080          1302   -222     1031
  SINCE JUL 1   4609          5835  -1226     4738

 COOLING
  YESTERDAY        3             3      0        6
  MONTH TO DATE   68            46     22       42
  SINCE MAR 1     92            53     39       50
  SINCE JAN 1     92            53     39       50
......................................................


WIND (MPH)
  HIGHEST WIND SPEED    21   HIGHEST WIND DIRECTION     W (290)
  HIGHEST GUST SPEED    27   HIGHEST GUST DIRECTION     W (270)
  AVERAGE WIND SPEED     9.3


SKY COVER
  AVERAGE SKY COVER 0.2


WEATHER CONDITIONS
 THE FOLLOWING WEATHER WAS RECORDED YESTERDAY.
  NO SIGNIFICANT WEATHER WAS OBSERVED.


RELATIVE HUMIDITY (PERCENT)
 HIGHEST   100           100 AM
 LOWEST     30           500 PM
 AVERAGE    65

..........................................................


THE KIRKSVILLE MO CLIMATE NORMALS FOR TODAY
                         NORMAL
 MAXIMUM TEMPERATURE (F)   77
 MINIMUM TEMPERATURE (F)   56


SUNRISE AND SUNSET
MAY 29 2017...........SUNRISE   544 AM CDT   SUNSET   831 PM CDT
MAY 30 2017...........SUNRISE   544 AM CDT   SUNSET   832 PM CDT


-  INDICATES NEGATIVE NUMBERS.
R  INDICATES RECORD WAS SET OR TIED.
MM INDICATES DATA IS MISSING.
T  INDICATES TRACE AMOUNT.




$$
