929
CDUS43 KEAX 220646
CLIIRK


CLIMATE REPORT
NATIONAL WEATHER SERVICE KANSAS CITY/PLEASANT HILL MO
1245 AM CST WED FEB 22 2017


...................................

...THE KIRKSVILLE MO CLIMATE SUMMARY FOR FEBRUARY 21 2017...

CLIMATE NORMAL PERIOD 1981 TO 2010
CLIMATE RECORD PERIOD 9999 TO 9999


WEATHER ITEM   OBSERVED TIME   NORMAL DEPARTURE LAST
                VALUE   (LST)  VALUE  FROM      YEAR
                                      NORMAL
......................................................
TEMPERATURE (F)
 YESTERDAY
  MAXIMUM         72    435 PM  41     31       46
  MINIMUM         47    807 AM  22     25       28
  AVERAGE         60            31     29       37

PRECIPITATION (IN)
  YESTERDAY        0.00          0.05  -0.05     0.00
  MONTH TO DATE    0.14          1.13  -0.99     1.49
  SINCE DEC 1      3.00          4.15  -1.15     6.94
  SINCE JAN 1      1.77          2.40  -0.63     2.58

DEGREE DAYS
 HEATING
  YESTERDAY        5            34    -29       28
  MONTH TO DATE  507           761   -254      696
  SINCE DEC 1   2665          3087   -422     2639
  SINCE JUL 1   3387          4308   -921     3521

 COOLING
  YESTERDAY        0             0      0        0
  MONTH TO DATE    0             0      0        0
  SINCE DEC 1      0             0      0        0
  SINCE JAN 1      0             0      0        0
......................................................


WIND (MPH)
  HIGHEST WIND SPEED    15   HIGHEST WIND DIRECTION     N (350)
  HIGHEST GUST SPEED    19   HIGHEST GUST DIRECTION     N (360)
  AVERAGE WIND SPEED     5.6


SKY COVER
  AVERAGE SKY COVER 0.1


WEATHER CONDITIONS
 THE FOLLOWING WEATHER WAS RECORDED YESTERDAY.
  FOG


RELATIVE HUMIDITY (PERCENT)
 HIGHEST   100           300 AM
 LOWEST     38           500 PM
 AVERAGE    69

..........................................................


THE KIRKSVILLE MO CLIMATE NORMALS FOR TODAY
                         NORMAL
 MAXIMUM TEMPERATURE (F)   41
 MINIMUM TEMPERATURE (F)   23


SUNRISE AND SUNSET
FEBRUARY 22 2017......SUNRISE   653 AM CST   SUNSET   554 PM CST
FEBRUARY 23 2017......SUNRISE   652 AM CST   SUNSET   556 PM CST


-  INDICATES NEGATIVE NUMBERS.
R  INDICATES RECORD WAS SET OR TIED.
MM INDICATES DATA IS MISSING.
T  INDICATES TRACE AMOUNT.




$$
