000
CDUS43 KEAX 250635
CLIIRK


CLIMATE REPORT
NATIONAL WEATHER SERVICE KANSAS CITY/PLEASANT HILL MO
134 AM CDT MON JUL 25 2016


...................................

...THE KIRKSVILLE MO CLIMATE SUMMARY FOR JULY 24 2016...

CLIMATE NORMAL PERIOD 1981 TO 2010
CLIMATE RECORD PERIOD 9999 TO 9999


WEATHER ITEM   OBSERVED TIME   NORMAL DEPARTURE LAST
                VALUE   (LST)  VALUE  FROM      YEAR
                                      NORMAL
......................................................
TEMPERATURE (F)
 YESTERDAY
  MAXIMUM         94   1139 AM  86      8       88
  MINIMUM         75    951 PM  65     10       65
  AVERAGE         85            76      9       77

PRECIPITATION (IN)
  YESTERDAY        0.00          0.16  -0.16     0.04
  MONTH TO DATE    2.12          3.53  -1.41     4.84
  SINCE JUN 1      3.61          8.31  -4.70    16.03
  SINCE JAN 1     15.90         22.46  -6.56    26.79

DEGREE DAYS
 HEATING
  YESTERDAY        0             0      0        0
  MONTH TO DATE    6             0      6        5
  SINCE JUN 1      6            16    -10       20
  SINCE JUL 1      6             0      6        5

 COOLING
  YESTERDAY       20            11      9       12
  MONTH TO DATE  290           239     51      237
  SINCE JUN 1    613           431    182      479
  SINCE JAN 1    685           493    192      547
......................................................


WIND (MPH)
  HIGHEST WIND SPEED    15   HIGHEST WIND DIRECTION     W (270)
  HIGHEST GUST SPEED    20   HIGHEST GUST DIRECTION     W (270)
  AVERAGE WIND SPEED     6.7


SKY COVER
  AVERAGE SKY COVER 0.1


WEATHER CONDITIONS
 THE FOLLOWING WEATHER WAS RECORDED YESTERDAY.
  THUNDERSTORM
  LIGHT RAIN


RELATIVE HUMIDITY (PERCENT)
 HIGHEST    91           400 AM
 LOWEST     56          1000 AM
 AVERAGE    74

..........................................................


THE KIRKSVILLE MO CLIMATE NORMALS FOR TODAY
                         NORMAL
 MAXIMUM TEMPERATURE (F)   86
 MINIMUM TEMPERATURE (F)   65


SUNRISE AND SUNSET
JULY 25 2016..........SUNRISE   602 AM CDT   SUNSET   830 PM CDT
JULY 26 2016..........SUNRISE   603 AM CDT   SUNSET   829 PM CDT


-  INDICATES NEGATIVE NUMBERS.
R  INDICATES RECORD WAS SET OR TIED.
MM INDICATES DATA IS MISSING.
T  INDICATES TRACE AMOUNT.




$$
