000
CDUS43 KEAX 180632
CLIIRK


CLIMATE REPORT
NATIONAL WEATHER SERVICE KANSAS CITY/PLEASANT HILL MO
1232 AM CST SAT NOV 18 2017


...................................

...THE KIRKSVILLE MO CLIMATE SUMMARY FOR NOVEMBER 17 2017...

CLIMATE NORMAL PERIOD 1981 TO 2010
CLIMATE RECORD PERIOD 9999 TO 9999


WEATHER ITEM   OBSERVED TIME   NORMAL DEPARTURE LAST
                VALUE   (LST)  VALUE  FROM      YEAR
                                      NORMAL
......................................................
TEMPERATURE (F)
 YESTERDAY
  MAXIMUM         58   1038 PM  50      8       76
  MINIMUM         37   1227 AM  30      7       50
  AVERAGE         48            40      8       63

PRECIPITATION (IN)
  YESTERDAY        0.00          0.08  -0.08     0.00
  MONTH TO DATE    0.21          1.75  -1.54     1.38
  SINCE SEP 1      7.01          9.18  -2.17     6.22
  SINCE JAN 1     31.28         36.59  -5.31    29.36

DEGREE DAYS
 HEATING
  YESTERDAY       17            25     -8        2
  MONTH TO DATE  417           363     54      191
  SINCE SEP 1    740           845   -105      412
  SINCE JUL 1    741           852   -111      418

 COOLING
  YESTERDAY        0             0      0        0
  MONTH TO DATE    0             0      0        7
  SINCE SEP 1    196            95    101      235
  SINCE JAN 1   1121           939    182     1313
......................................................


WIND (MPH)
  HIGHEST WIND SPEED    21   HIGHEST WIND DIRECTION     S (160)
  HIGHEST GUST SPEED    25   HIGHEST GUST DIRECTION     S (160)
  AVERAGE WIND SPEED    10.9


SKY COVER
  AVERAGE SKY COVER 1.0


WEATHER CONDITIONS
 THE FOLLOWING WEATHER WAS RECORDED YESTERDAY.
  FOG


RELATIVE HUMIDITY (PERCENT)
 HIGHEST   100           200 PM
 LOWEST     79           600 AM
 AVERAGE    90

..........................................................


THE KIRKSVILLE MO CLIMATE NORMALS FOR TODAY
                         NORMAL
 MAXIMUM TEMPERATURE (F)   49
 MINIMUM TEMPERATURE (F)   30


SUNRISE AND SUNSET
NOVEMBER 18 2017......SUNRISE   659 AM CST   SUNSET   451 PM CST
NOVEMBER 19 2017......SUNRISE   700 AM CST   SUNSET   450 PM CST


-  INDICATES NEGATIVE NUMBERS.
R  INDICATES RECORD WAS SET OR TIED.
MM INDICATES DATA IS MISSING.
T  INDICATES TRACE AMOUNT.




$$
