000
CDUS43 KEAX 290633
CLIIRK


CLIMATE REPORT
NATIONAL WEATHER SERVICE KANSAS CITY/PLEASANT HILL MO
133 AM CDT SUN MAY 29 2016


...................................

...THE KIRKSVILLE MO CLIMATE SUMMARY FOR MAY 28 2016...

CLIMATE NORMAL PERIOD 1981 TO 2010
CLIMATE RECORD PERIOD 9999 TO 9999


WEATHER ITEM   OBSERVED TIME   NORMAL DEPARTURE LAST
                VALUE   (LST)  VALUE  FROM      YEAR
                                      NORMAL
......................................................
TEMPERATURE (F)
 YESTERDAY
  MAXIMUM         78    326 PM  76      2       80
  MINIMUM         63   1026 PM  56      7       58
  AVERAGE         71            66      5       69

PRECIPITATION (IN)
  YESTERDAY        0.03          0.16  -0.13     0.39
  MONTH TO DATE    4.72          4.46   0.26     4.08
  SINCE MAR 1      9.70         10.85  -1.15     8.61
  SINCE JAN 1     12.29         13.65  -1.36    10.66

DEGREE DAYS
 HEATING
  YESTERDAY        0             2     -2        0
  MONTH TO DATE  170           145     25      106
  SINCE MAR 1   1031          1302   -271     1074
  SINCE JUL 1   4738          5835  -1097     5753

 COOLING
  YESTERDAY        6             3      3        4
  MONTH TO DATE   42            46     -4       61
  SINCE MAR 1     50            53     -3       64
  SINCE JAN 1     50            53     -3       64
......................................................


WIND (MPH)
  HIGHEST WIND SPEED    20   HIGHEST WIND DIRECTION     S (200)
  HIGHEST GUST SPEED    26   HIGHEST GUST DIRECTION    SW (220)
  AVERAGE WIND SPEED     9.2


SKY COVER
  AVERAGE SKY COVER 0.5


WEATHER CONDITIONS
 THE FOLLOWING WEATHER WAS RECORDED YESTERDAY.
  LIGHT RAIN
  FOG


RELATIVE HUMIDITY (PERCENT)
 HIGHEST   100           200 AM
 LOWEST     58           400 PM
 AVERAGE    79

..........................................................


THE KIRKSVILLE MO CLIMATE NORMALS FOR TODAY
                         NORMAL
 MAXIMUM TEMPERATURE (F)   77
 MINIMUM TEMPERATURE (F)   56


SUNRISE AND SUNSET
MAY 29 2016...........SUNRISE   544 AM CDT   SUNSET   831 PM CDT
MAY 30 2016...........SUNRISE   544 AM CDT   SUNSET   832 PM CDT


-  INDICATES NEGATIVE NUMBERS.
R  INDICATES RECORD WAS SET OR TIED.
MM INDICATES DATA IS MISSING.
T  INDICATES TRACE AMOUNT.




$$
