000
CDUS43 KEAX 180637
CLIIRK


CLIMATE REPORT
NATIONAL WEATHER SERVICE KANSAS CITY/PLEASANT HILL MO
1236 AM CST THU DEC 18 2014


...................................

...THE KIRKSVILLE MO CLIMATE SUMMARY FOR DECEMBER 17 2014...

CLIMATE NORMAL PERIOD 1981 TO 2010
CLIMATE RECORD PERIOD 9999 TO 9999


WEATHER ITEM   OBSERVED TIME   NORMAL DEPARTURE LAST
                VALUE   (LST)  VALUE  FROM      YEAR
                                      NORMAL
......................................................
TEMPERATURE (F)
 YESTERDAY
  MAXIMUM         33    331 PM  36     -3       40
  MINIMUM         22   1001 AM  20      2       16
  AVERAGE         28            28      0       28

PRECIPITATION (IN)
  YESTERDAY        0.00          0.05  -0.05     0.01
  MONTH TO DATE    0.50          1.04  -0.54     0.75
  SINCE DEC 1      0.50          1.04  -0.54     0.75
  SINCE JAN 1     44.13         38.60   5.53    37.66

DEGREE DAYS
 HEATING
  YESTERDAY       37            37      0       37
  MONTH TO DATE  515           589    -74      687
  SINCE DEC 1    515           589    -74      687
  SINCE JUL 1   1836          1810     26     1954

 COOLING
  YESTERDAY        0             0      0        0
  MONTH TO DATE    0             0      0        0
  SINCE DEC 1      0             0      0        0
  SINCE JAN 1    958           939     19     1028
......................................................


WIND (MPH)
  HIGHEST WIND SPEED    10   HIGHEST WIND DIRECTION    NE (50)
  HIGHEST GUST SPEED    13   HIGHEST GUST DIRECTION    NW (330)
  AVERAGE WIND SPEED     4.9


SKY COVER
  AVERAGE SKY COVER 0.7


WEATHER CONDITIONS
 THE FOLLOWING WEATHER WAS RECORDED YESTERDAY.
  NO SIGNIFICANT WEATHER WAS OBSERVED.


RELATIVE HUMIDITY (PERCENT)
 HIGHEST    88          1200 AM
 LOWEST     59           300 PM
 AVERAGE    74

..........................................................


THE KIRKSVILLE MO CLIMATE NORMALS FOR TODAY
                         NORMAL
 MAXIMUM TEMPERATURE (F)   36
 MINIMUM TEMPERATURE (F)   20


SUNRISE AND SUNSET
DECEMBER 18 2014......SUNRISE   727 AM CST   SUNSET   447 PM CST
DECEMBER 19 2014......SUNRISE   728 AM CST   SUNSET   447 PM CST


-  INDICATES NEGATIVE NUMBERS.
R  INDICATES RECORD WAS SET OR TIED.
MM INDICATES DATA IS MISSING.
T  INDICATES TRACE AMOUNT.




$$
