000
CDUS43 KBIS 260027
CLIISN


CLIMATE REPORT
NATIONAL WEATHER SERVICE BISMARCK ND
627 PM CST SAT FEB 25 2017


...................................

...THE WILLISTON ND CLIMATE SUMMARY FOR FEBRUARY 25 2017...
VALID TODAY AS OF 0600 PM LOCAL TIME.

CLIMATE NORMAL PERIOD 1981 TO 2010
CLIMATE RECORD PERIOD 1894 TO 2017


WEATHER ITEM   OBSERVED TIME   RECORD YEAR NORMAL DEPARTURE LAST
                VALUE   (LST)  VALUE       VALUE  FROM      YEAR
                                                  NORMAL
..................................................................
TEMPERATURE (F)
 TODAY
  MAXIMUM         28    436 PM  55    1958  31     -3       40
  MINIMUM         16    540 AM -27    1962  10      6       14
  AVERAGE         22                        21      1       27

PRECIPITATION (IN)
  TODAY            0.02          0.69 1998   0.02   0.00     0.00
  MONTH TO DATE    0.58                      0.34   0.24     0.71
  SINCE DEC 1      1.98                      1.55   0.43     1.64
  SINCE JAN 1      1.02                      0.93   0.09     1.09

SNOWFALL (IN)
  TODAY           MM

DEGREE DAYS
 HEATING
  TODAY           43                        44     -1       38
  MONTH TO DATE 1091                      1215   -124      915
  SINCE DEC 1   4277                      4474   -197     3744
  SINCE JUL 1   5856                      6636   -780     5494

 COOLING
  TODAY            0                         0      0        0
  MONTH TO DATE    0                         0      0        0
  SINCE DEC 1      0                         0      0        0
  SINCE JAN 1      0                         0      0        0
..................................................................


WIND (MPH)
  HIGHEST WIND SPEED    24   HIGHEST WIND DIRECTION     N (10)
  HIGHEST GUST SPEED    27   HIGHEST GUST DIRECTION     N (10)
  AVERAGE WIND SPEED     6.8


SKY COVER
  POSSIBLE SUNSHINE  MM
  AVERAGE SKY COVER 0.8


WEATHER CONDITIONS
 THE FOLLOWING WEATHER WAS RECORDED TODAY.
  SNOW
  LIGHT SNOW
  FOG
  FOG W/VISIBILITY <= 1/4 MILE
  HAZE


RELATIVE HUMIDITY (PERCENT)
 HIGHEST   100           600 AM
 LOWEST     81           200 PM
 AVERAGE    91

..........................................................


THE WILLISTON ND CLIMATE NORMALS FOR TOMORROW
                         NORMAL    RECORD    YEAR
 MAXIMUM TEMPERATURE (F)   31        59      2016
                                             1988
 MINIMUM TEMPERATURE (F)   11       -27      1962
                                             1904


SUNRISE AND SUNSET
FEBRUARY 25 2017......SUNRISE   743 AM CST   SUNSET   633 PM CST
FEBRUARY 26 2017......SUNRISE   741 AM CST   SUNSET   635 PM CST


-  INDICATES NEGATIVE NUMBERS.
R  INDICATES RECORD WAS SET OR TIED.
MM INDICATES DATA IS MISSING.
T  INDICATES TRACE AMOUNT.




$$
