000
CDUS43 KBIS 282224
CLIISN


CLIMATE REPORT
NATIONAL WEATHER SERVICE BISMARCK ND
523 PM CDT SUN AUG 28 2016


...................................

...THE WILLISTON ND CLIMATE SUMMARY FOR AUGUST 28 2016...
VALID TODAY AS OF 0500 PM LOCAL TIME.

CLIMATE NORMAL PERIOD 1981 TO 2010
CLIMATE RECORD PERIOD 1894 TO 2016


WEATHER ITEM   OBSERVED TIME   RECORD YEAR NORMAL DEPARTURE LAST
                VALUE   (LST)  VALUE       VALUE  FROM      YEAR
                                                  NORMAL
..................................................................
TEMPERATURE (F)
 TODAY
  MAXIMUM         91    325 PM 100    1996  80     11       91
  MINIMUM         58    547 AM  34    1988  50      8       56
  AVERAGE         75                        65     10       74

PRECIPITATION (IN)
  TODAY            0.00          0.68 1925   0.04  -0.04     0.00
  MONTH TO DATE    0.45                      1.32  -0.87     0.82
  SINCE JUN 1      4.68                      6.38  -1.70     4.27
  SINCE JAN 1      9.75                     10.99  -1.24     7.77

SNOWFALL (IN)
  TODAY           MM

DEGREE DAYS
 HEATING
  TODAY            0                         3     -3        0
  MONTH TO DATE    9                        39    -30       31
  SINCE JUN 1     26                       183   -157       93
  SINCE JUL 1     10                        63    -53       39

 COOLING
  TODAY           10                         3      7        9
  MONTH TO DATE  155                       157     -2      192
  SINCE JUN 1    460                       407     53      542
  SINCE JAN 1    470                       420     50      543
..................................................................


WIND (MPH)
  HIGHEST WIND SPEED    16   HIGHEST WIND DIRECTION     N (360)
  HIGHEST GUST SPEED    21   HIGHEST GUST DIRECTION     N (360)
  AVERAGE WIND SPEED     7.5


SKY COVER
  POSSIBLE SUNSHINE  MM
  AVERAGE SKY COVER 0.0


WEATHER CONDITIONS
 THE FOLLOWING WEATHER WAS RECORDED TODAY.
  NO SIGNIFICANT WEATHER WAS OBSERVED.


RELATIVE HUMIDITY (PERCENT)
 HIGHEST    64           600 AM
 LOWEST     22           100 PM
 AVERAGE    43

..........................................................


THE WILLISTON ND CLIMATE NORMALS FOR TOMORROW
                         NORMAL    RECORD    YEAR
 MAXIMUM TEMPERATURE (F)   80        99      2012
 MINIMUM TEMPERATURE (F)   50        34      1988


SUNRISE AND SUNSET
AUGUST 28 2016........SUNRISE   708 AM CDT   SUNSET   843 PM CDT
AUGUST 29 2016........SUNRISE   709 AM CDT   SUNSET   841 PM CDT


-  INDICATES NEGATIVE NUMBERS.
R  INDICATES RECORD WAS SET OR TIED.
MM INDICATES DATA IS MISSING.
T  INDICATES TRACE AMOUNT.




$$
