000
CDUS43 KBIS 250045
CLIISN


CLIMATE REPORT
NATIONAL WEATHER SERVICE BISMARCK ND
744 PM CDT FRI MAR 24 2017


...................................

...THE WILLISTON ND CLIMATE SUMMARY FOR MARCH 24 2017...
VALID TODAY AS OF 0700 PM LOCAL TIME.

CLIMATE NORMAL PERIOD 1981 TO 2010
CLIMATE RECORD PERIOD 1894 TO 2017


WEATHER ITEM   OBSERVED TIME   RECORD YEAR NORMAL DEPARTURE LAST
                VALUE   (LST)  VALUE       VALUE  FROM      YEAR
                                                  NORMAL
..................................................................
TEMPERATURE (F)
 TODAY
  MAXIMUM         59    407 PM  76    1993  45     14       56
  MINIMUM         24    707 AM -18    1965  22      2       19
  AVERAGE         42                        33      9       38

PRECIPITATION (IN)
  TODAY            0.00          0.50 1942   0.02  -0.02      T
  MONTH TO DATE    0.64                      0.53   0.11     0.08
  SINCE MAR 1      0.64                      0.53   0.11     0.08
  SINCE JAN 1      1.78                      1.51   0.27     1.21

SNOWFALL (IN)
  TODAY           MM

DEGREE DAYS
 HEATING
  TODAY           23                        32     -9       27
  MONTH TO DATE  919                       898     21      675
  SINCE MAR 1    919                       898     21      675
  SINCE JUL 1   6941                      7666   -725     6285

 COOLING
  TODAY            0                         0      0        0
  MONTH TO DATE    0                         0      0        0
  SINCE MAR 1      0                         0      0        0
  SINCE JAN 1      0                         0      0        0
..................................................................


WIND (MPH)
  HIGHEST WIND SPEED    22   HIGHEST WIND DIRECTION     E (110)
  HIGHEST GUST SPEED    25   HIGHEST GUST DIRECTION     E (110)
  AVERAGE WIND SPEED     7.3


SKY COVER
  POSSIBLE SUNSHINE  MM
  AVERAGE SKY COVER 0.0


WEATHER CONDITIONS
 THE FOLLOWING WEATHER WAS RECORDED TODAY.
  FOG
  HAZE


RELATIVE HUMIDITY (PERCENT)
 HIGHEST    92          1200 AM
 LOWEST     36           400 PM
 AVERAGE    64

..........................................................


THE WILLISTON ND CLIMATE NORMALS FOR TOMORROW
                         NORMAL    RECORD    YEAR
 MAXIMUM TEMPERATURE (F)   45        78      2007
 MINIMUM TEMPERATURE (F)   22       -20      1964


SUNRISE AND SUNSET
MARCH 24 2017.........SUNRISE   749 AM CDT   SUNSET   814 PM CDT
MARCH 25 2017.........SUNRISE   746 AM CDT   SUNSET   815 PM CDT


-  INDICATES NEGATIVE NUMBERS.
R  INDICATES RECORD WAS SET OR TIED.
MM INDICATES DATA IS MISSING.
T  INDICATES TRACE AMOUNT.




$$
