000
CDUS43 KBIS 050724
CLIISN


CLIMATE REPORT
NATIONAL WEATHER SERVICE BISMARCK ND
224 AM CDT WED AUG 5 2015


...................................

...THE WILLISTON ND CLIMATE SUMMARY FOR AUGUST 4 2015...

CLIMATE NORMAL PERIOD 1981 TO 2010
CLIMATE RECORD PERIOD 1894 TO 2015


WEATHER ITEM   OBSERVED TIME   RECORD YEAR NORMAL DEPARTURE LAST
                VALUE   (LST)  VALUE       VALUE  FROM      YEAR
                                                  NORMAL
..................................................................
TEMPERATURE (F)
 YESTERDAY
  MAXIMUM         91    434 PM 104    1983  86      5       83
  MINIMUM         57    232 AM  40    2009  57      0       64
  AVERAGE         74                        71      3       74

PRECIPITATION (IN)
  YESTERDAY        0.00          0.78 1951   0.05  -0.05     0.00
  MONTH TO DATE    0.00                      0.21  -0.21     0.16
  SINCE JUN 1      3.45                      5.27  -1.82     2.26
  SINCE JAN 1      6.95                      9.88  -2.93     6.35

SNOWFALL (IN)
  YESTERDAY       MM             0.0  2002   0.0   MM       MM
                                      2001
  MONTH TO DATE    0.0                       0.0    0.0     MM
  SINCE JUN 1      0.0                       0.0    0.0     MM
  SINCE JUL 1      0.0                       0.0    0.0     MM
  SNOW DEPTH      MM

DEGREE DAYS
 HEATING
  YESTERDAY        0                         1     -1        0
  MONTH TO DATE    0                         4     -4        0
  SINCE JUN 1     62                       148    -86      127
  SINCE JUL 1      8                        28    -20       17

 COOLING
  YESTERDAY        9                         7      2        9
  MONTH TO DATE   29                        28      1       36
  SINCE JUN 1    379                       278    101      228
  SINCE JAN 1    380                       291     89      249
..................................................................


WIND (MPH)
  HIGHEST WIND SPEED    21   HIGHEST WIND DIRECTION    SE (120)
  HIGHEST GUST SPEED    28   HIGHEST GUST DIRECTION    SE (120)
  AVERAGE WIND SPEED     9.7


SKY COVER
  POSSIBLE SUNSHINE  MM
  AVERAGE SKY COVER 0.0


WEATHER CONDITIONS
 THE FOLLOWING WEATHER WAS RECORDED YESTERDAY.
  NO SIGNIFICANT WEATHER WAS OBSERVED.


RELATIVE HUMIDITY (PERCENT)
 HIGHEST    72           500 AM
 LOWEST     27           300 PM
 AVERAGE    50

..........................................................


THE WILLISTON ND CLIMATE NORMALS FOR TODAY
                         NORMAL    RECORD    YEAR
 MAXIMUM TEMPERATURE (F)   86       104      1941
 MINIMUM TEMPERATURE (F)   57        41      1977


SUNRISE AND SUNSET
AUGUST  5 2015........SUNRISE   635 AM CDT   SUNSET   925 PM CDT
AUGUST  6 2015........SUNRISE   636 AM CDT   SUNSET   924 PM CDT


-  INDICATES NEGATIVE NUMBERS.
R  INDICATES RECORD WAS SET OR TIED.
MM INDICATES DATA IS MISSING.
T  INDICATES TRACE AMOUNT.




$$
