000
CDUS43 KBIS 240729
CLIISN


CLIMATE REPORT
NATIONAL WEATHER SERVICE BISMARCK ND
228 AM CDT SUN SEP 24 2017


...................................

...THE WILLISTON ND CLIMATE SUMMARY FOR SEPTEMBER 23 2017...

CLIMATE NORMAL PERIOD 1981 TO 2010
CLIMATE RECORD PERIOD 1894 TO 2017


WEATHER ITEM   OBSERVED TIME   RECORD YEAR NORMAL DEPARTURE LAST
                VALUE   (LST)  VALUE       VALUE  FROM      YEAR
                                                  NORMAL
..................................................................
TEMPERATURE (F)
 YESTERDAY
  MAXIMUM         53    301 PM  93    1992  68    -15       57
  MINIMUM         43    131 AM  26    1985  39      4       50
                                      1926
  AVERAGE         48                        53     -5       54

PRECIPITATION (IN)
  YESTERDAY        0.14          1.08 2016   0.03   0.11     1.08
  MONTH TO DATE    1.61                      0.81   0.80     3.15
  SINCE SEP 1      1.61                      0.81   0.80     3.15
  SINCE JAN 1     10.89                     11.93  -1.04    12.90

DEGREE DAYS
 HEATING
  YESTERDAY       17                        12      5       11
  MONTH TO DATE  158                       178    -20      142
  SINCE SEP 1    158                       178    -20      142
  SINCE JUL 1    177                       249    -72      152

 COOLING
  YESTERDAY        0                         0      0        0
  MONTH TO DATE   38                        24     14       31
  SINCE SEP 1     38                        24     14       31
  SINCE JAN 1    643                       453    190      521
..................................................................


WIND (MPH)
  HIGHEST WIND SPEED    13   HIGHEST WIND DIRECTION     N (340)
  HIGHEST GUST SPEED    16   HIGHEST GUST DIRECTION    NW (330)
  AVERAGE WIND SPEED     4.1


SKY COVER
  POSSIBLE SUNSHINE  MM
  AVERAGE SKY COVER 1.0


WEATHER CONDITIONS
 THE FOLLOWING WEATHER WAS RECORDED YESTERDAY.
  LIGHT RAIN


RELATIVE HUMIDITY (PERCENT)
 HIGHEST    93           900 PM
 LOWEST     59           100 PM
 AVERAGE    76

..........................................................


THE WILLISTON ND CLIMATE NORMALS FOR TODAY
                         NORMAL    RECORD    YEAR
 MAXIMUM TEMPERATURE (F)   67        92      1992
 MINIMUM TEMPERATURE (F)   38        23      1985
                                             1926


SUNRISE AND SUNSET
SEPTEMBER 24 2017.....SUNRISE   744 AM CDT   SUNSET   748 PM CDT
SEPTEMBER 25 2017.....SUNRISE   746 AM CDT   SUNSET   745 PM CDT


-  INDICATES NEGATIVE NUMBERS.
R  INDICATES RECORD WAS SET OR TIED.
MM INDICATES DATA IS MISSING.
T  INDICATES TRACE AMOUNT.




$$
