000
CDUS41 KOKX 030624
CLIISP


CLIMATE REPORT
NATIONAL WEATHER SERVICE NEW YORK NY
224 AM EDT WED SEP 3 2014


...................................

...THE ISLIP NY CLIMATE SUMMARY FOR SEPTEMBER 2 2014...

CLIMATE NORMAL PERIOD 1981 TO 2010
CLIMATE RECORD PERIOD 1986 TO 2014


WEATHER ITEM   OBSERVED TIME   RECORD YEAR NORMAL DEPARTURE LAST
                VALUE   (LST)  VALUE       VALUE  FROM      YEAR
                                                  NORMAL
..................................................................
TEMPERATURE (F)
 YESTERDAY
  MAXIMUM         88R   226 PM  88    2005  78     10       78
                                      1996
  MINIMUM         74    556 AM  47    1992  63     11       69
  AVERAGE         81                        70     11       74

PRECIPITATION (IN)
  YESTERDAY        0.00          1.02 2002   0.12  -0.12     0.04
  MONTH TO DATE    0.00                      0.25  -0.25     0.29
  SINCE SEP 1      0.00                      0.25  -0.25     0.29
  SINCE JAN 1     40.56                     31.39   9.17    28.85

SNOWFALL (IN)
  YESTERDAY        0.0          MM      MM   0.0    0.0      0.0
  MONTH TO DATE    0.0                       0.0    0.0      0.0
  SINCE OCT 1     63.7                      24.8   38.9     46.9
  SINCE JUL 1      0.0                       0.0    0.0      0.0
  SNOW DEPTH       0

DEGREE DAYS
 HEATING
  YESTERDAY        0                         0      0        0
  MONTH TO DATE    0                         0      0        0
  SINCE SEP 1      0                         0      0        0
  SINCE JUL 1      0                         5     -5        0

 COOLING
  YESTERDAY       16                         6     10        9
  MONTH TO DATE   30                        12     18       21
  SINCE SEP 1     30                        12     18       21
  SINCE JAN 1    777                       698     79      868
..................................................................


WIND (MPH)
  HIGHEST WIND SPEED    23   HIGHEST WIND DIRECTION    SW (230)
  HIGHEST GUST SPEED    32   HIGHEST GUST DIRECTION    SW (220)
  AVERAGE WIND SPEED     9.2


SKY COVER
  AVERAGE SKY COVER 0.6


WEATHER CONDITIONS
 THE FOLLOWING WEATHER WAS RECORDED YESTERDAY.
  FOG
  HAZE


RELATIVE HUMIDITY (PERCENT)
 HIGHEST   100           500 AM
 LOWEST     59           200 PM
 AVERAGE    80

..........................................................


THE ISLIP NY CLIMATE NORMALS FOR TODAY
                         NORMAL    RECORD    YEAR
 MAXIMUM TEMPERATURE (F)   78        86      1996
                                             1993
 MINIMUM TEMPERATURE (F)   62        50      1991


SUNRISE AND SUNSET
SEPTEMBER  3 2014.....SUNRISE   621 AM EDT   SUNSET   722 PM EDT
SEPTEMBER  4 2014.....SUNRISE   622 AM EDT   SUNSET   720 PM EDT


-  INDICATES NEGATIVE NUMBERS.
R  INDICATES RECORD WAS SET OR TIED.
MM INDICATES DATA IS MISSING.
T  INDICATES TRACE AMOUNT.




$$
