000
CDUS41 KOKX 280617
CLIISP


CLIMATE REPORT
NATIONAL WEATHER SERVICE NEW YORK NY
216 AM EDT SAT MAR 28 2015


...................................

...THE ISLIP NY CLIMATE SUMMARY FOR MARCH 27 2015...

CLIMATE NORMAL PERIOD 1981 TO 2010
CLIMATE RECORD PERIOD 1986 TO 2015


WEATHER ITEM   OBSERVED TIME   RECORD YEAR NORMAL DEPARTURE LAST
                VALUE   (LST)  VALUE       VALUE  FROM      YEAR
                                                  NORMAL
..................................................................
TEMPERATURE (F)
 YESTERDAY
  MAXIMUM         46    518 PM  78    1998  51     -5       39
  MINIMUM         37   1116 PM  22    2014  34      3       22
                                      2001
  AVERAGE         42                        43     -1       31

PRECIPITATION (IN)
  YESTERDAY        0.17          0.63 2002   0.15   0.02     0.00
  MONTH TO DATE    4.84                      3.88   0.96     1.30
  SINCE MAR 1      4.84                      3.88   0.96     1.30
  SINCE JAN 1     12.78                     10.78   2.00     9.64

SNOWFALL (IN)
  YESTERDAY        0.0           0.0  2006   0.1   -0.1      0.0
  MONTH TO DATE   18.2                       4.2   14.0      0.8
  SINCE OCT 1     62.2                      23.9   38.3     58.9
  SINCE JUL 1     62.2                      23.9   38.3     58.9
  SNOW DEPTH       0

DEGREE DAYS
 HEATING
  YESTERDAY       23                        22      1       34
  MONTH TO DATE  809                       710     99      816
  SINCE MAR 1    809                       710     99      816
  SINCE JUL 1   4829                      4605    224     4769

 COOLING
  YESTERDAY        0                         0      0        0
  MONTH TO DATE    0                         0      0        0
  SINCE MAR 1      0                         0      0        0
  SINCE JAN 1      0                         0      0        0
..................................................................


WIND (MPH)
  HIGHEST WIND SPEED    20   HIGHEST WIND DIRECTION    NW (330)
  HIGHEST GUST SPEED    23   HIGHEST GUST DIRECTION    NW (330)
  AVERAGE WIND SPEED     9.6


SKY COVER
  AVERAGE SKY COVER 0.8


WEATHER CONDITIONS
 THE FOLLOWING WEATHER WAS RECORDED YESTERDAY.
  LIGHT RAIN
  FOG


RELATIVE HUMIDITY (PERCENT)
 HIGHEST    92           400 AM
 LOWEST     58           600 PM
 AVERAGE    75

..........................................................


THE ISLIP NY CLIMATE NORMALS FOR TODAY
                         NORMAL    RECORD    YEAR
 MAXIMUM TEMPERATURE (F)   51        79      1991
 MINIMUM TEMPERATURE (F)   35        18      1990


SUNRISE AND SUNSET
MARCH 28 2015.........SUNRISE   643 AM EDT   SUNSET   713 PM EDT
MARCH 29 2015.........SUNRISE   641 AM EDT   SUNSET   714 PM EDT


-  INDICATES NEGATIVE NUMBERS.
R  INDICATES RECORD WAS SET OR TIED.
MM INDICATES DATA IS MISSING.
T  INDICATES TRACE AMOUNT.




$$
