000
CDCA42 TJSJ 290425
CLIISX


CLIMATE REPORT
NATIONAL WEATHER SERVICE SAN JUAN, PR
1225 AM AST THU SEP 29 2016


...................................

...THE HENRY E. ROHLSEN AP/ST CROIX CLIMATE SUMMARY FOR SEPTEMBER 28 2016...

CLIMATE NORMAL PERIOD 1981 TO 2010
CLIMATE RECORD PERIOD 1951 TO 2016


WEATHER ITEM   OBSERVED TIME   RECORD YEAR NORMAL DEPARTURE LAST
                VALUE   (LST)  VALUE       VALUE  FROM      YEAR
                                                  NORMAL
..................................................................
TEMPERATURE (F)
 YESTERDAY
  MAXIMUM         90   1243 PM  93    1993  89      1       91
  MINIMUM         75    628 PM  70    1980  77     -2       76
  AVERAGE         83                        83      0       84

PRECIPITATION (IN)
  YESTERDAY        0.46          2.00 1999   0.17   0.29      T
  MONTH TO DATE    4.09                      4.52  -0.43     1.17
  SINCE SEP 1      4.09                      4.52  -0.43     1.17
  SINCE JAN 1     22.15                     24.65  -2.50    10.86

SNOWFALL (IN)
  YESTERDAY        0.0                       0.0    0.0      0.0
  MONTH TO DATE    0.0                       0.0    0.0      0.0
  SINCE SEP 1      0.0                       0.0    0.0      0.0
  SINCE JUL 1      0.0                       0.0    0.0      0.0

DEGREE DAYS
 HEATING
  YESTERDAY        0                         0      0        0
  MONTH TO DATE    0                         0      0        0
  SINCE SEP 1      0                         0      0        0
  SINCE JUL 1      0                         0      0        0

 COOLING
  YESTERDAY       18                        18      0       19
  MONTH TO DATE  500                       510    -10      517
  SINCE SEP 1    500                       510    -10      517
  SINCE JAN 1   4630                      4363    267     4544
..................................................................


WIND (MPH)
  HIGHEST WIND SPEED    40   HIGHEST WIND DIRECTION     E (70)
  HIGHEST GUST SPEED    50   HIGHEST GUST DIRECTION     E (70)
  AVERAGE WIND SPEED    16.1


SKY COVER
  AVERAGE SKY COVER 0.3


WEATHER CONDITIONS
 THE FOLLOWING WEATHER WAS RECORDED YESTERDAY.
  HEAVY RAIN
  RAIN
  LIGHT RAIN
  FOG


RELATIVE HUMIDITY (PERCENT)
 HIGHEST    91
 LOWEST     68
 AVERAGE    80

..........................................................


THE HENRY E. ROHLSEN AP/ST CROIX CLIMATE NORMALS FOR TODAY
                         NORMAL    RECORD    YEAR
 MAXIMUM TEMPERATURE (F)   89        94      1972
 MINIMUM TEMPERATURE (F)   77        69      1955


SUNRISE AND SUNSET
SEPTEMBER 29 2016.....SUNRISE   609 AM AST   SUNSET   609 PM AST
SEPTEMBER 30 2016.....SUNRISE   609 AM AST   SUNSET   608 PM AST


-  INDICATES NEGATIVE NUMBERS.
R  INDICATES RECORD WAS SET OR TIED.
MM INDICATES DATA IS MISSING.
T  INDICATES TRACE AMOUNT.




$$
