000
CDCA42 TJSJ 050427
CLIISX


CLIMATE REPORT
NATIONAL WEATHER SERVICE SAN JUAN, PR
1226 AM AST THU MAY 5 2016


...................................

...THE HENRY E. ROHLSEN AP/ST CROIX CLIMATE SUMMARY FOR MAY 4 2016...

CLIMATE NORMAL PERIOD 1981 TO 2010
CLIMATE RECORD PERIOD 1951 TO 2016


WEATHER ITEM   OBSERVED TIME   RECORD YEAR NORMAL DEPARTURE LAST
                VALUE   (LST)  VALUE       VALUE  FROM      YEAR
                                                  NORMAL
..................................................................
TEMPERATURE (F)
 YESTERDAY
  MAXIMUM         88   1235 PM  90    1999  86      2       89
  MINIMUM         77    547 AM  63    1992  75      2       78
  AVERAGE         83                        81      2       84

PRECIPITATION (IN)
  YESTERDAY        0.00          1.36 1958   0.12  -0.12     0.00
  MONTH TO DATE    1.85                      0.50   1.35      T
  SINCE MAR 1      7.46                      4.19   3.27     1.35
  SINCE JAN 1      9.43                      7.98   1.45     4.31

SNOWFALL (IN)
  YESTERDAY        0.0                       0.0    0.0      0.0
  MONTH TO DATE    0.0                       0.0    0.0      0.0
  SINCE MAR 1      0.0                       0.0    0.0      0.0
  SINCE JUL 1      0.0                       0.0    0.0      0.0

DEGREE DAYS
 HEATING
  YESTERDAY        0                         0      0        0
  MONTH TO DATE    0                         0      0        0
  SINCE MAR 1      0                         0      0        0
  SINCE JUL 1      0                         0      0        0

 COOLING
  YESTERDAY       18                        16      2       19
  MONTH TO DATE   59                        64     -5       72
  SINCE MAR 1   1006                       932     74      971
  SINCE JAN 1   1856                      1709    147     1774
..................................................................


WIND (MPH)
  HIGHEST WIND SPEED    17   HIGHEST WIND DIRECTION     E (100)
  HIGHEST GUST SPEED    22   HIGHEST GUST DIRECTION     E (90)
  AVERAGE WIND SPEED     9.8


SKY COVER
  AVERAGE SKY COVER 0.3


WEATHER CONDITIONS
 THE FOLLOWING WEATHER WAS RECORDED YESTERDAY.
  HAZE


RELATIVE HUMIDITY (PERCENT)
 HIGHEST    88
 LOWEST     65
 AVERAGE    77

..........................................................


THE HENRY E. ROHLSEN AP/ST CROIX CLIMATE NORMALS FOR TODAY
                         NORMAL    RECORD    YEAR
 MAXIMUM TEMPERATURE (F)   86        90      2015
                                             1978
 MINIMUM TEMPERATURE (F)   75        68      1979


SUNRISE AND SUNSET
MAY  5 2016...........SUNRISE   551 AM AST   SUNSET   641 PM AST
MAY  6 2016...........SUNRISE   550 AM AST   SUNSET   642 PM AST


-  INDICATES NEGATIVE NUMBERS.
R  INDICATES RECORD WAS SET OR TIED.
MM INDICATES DATA IS MISSING.
T  INDICATES TRACE AMOUNT.




$$
