000
CDCA42 TJSJ 210432
CLIISX


CLIMATE REPORT
NATIONAL WEATHER SERVICE SAN JUAN, PR
1231 AM AST THU AUG 21 2014


...................................

...THE HENRY E. ROHLSEN AIRPORT/USVI CLIMATE SUMMARY FOR AUGUST 20 2014...

CLIMATE NORMAL PERIOD 1981 TO 2010
CLIMATE RECORD PERIOD 1951 TO 2014


WEATHER ITEM   OBSERVED TIME   RECORD YEAR NORMAL DEPARTURE LAST
                VALUE   (LST)  VALUE       VALUE  FROM      YEAR
                                                  NORMAL
..................................................................
TEMPERATURE (F)
 YESTERDAY
  MAXIMUM         91    131 PM  93    1977  89      2       86
  MINIMUM         77    215 AM  70    1980  78     -1       77
  AVERAGE         84                        84      0       82

PRECIPITATION (IN)
  YESTERDAY        0.10          0.98 1960   0.10   0.00     0.44
  MONTH TO DATE    1.75                      1.92  -0.17     4.43
  SINCE JUN 1      3.12                      7.27  -4.15    11.03
  SINCE JAN 1     16.28                     18.90  -2.62    21.52

SNOWFALL (IN)
  YESTERDAY        0.0
  MONTH TO DATE    0.0
  SINCE JUN 1      0.0
  SINCE JUL 1      0.0

DEGREE DAYS
 HEATING
  YESTERDAY        0                         0      0        0
  MONTH TO DATE    0                         0      0        0
  SINCE JUN 1      0                         0      0        0
  SINCE JUL 1      0                         0      0        0

 COOLING
  YESTERDAY       19                        19      0       17
  MONTH TO DATE  382                       380      2      386
  SINCE JUN 1   1560                      1497     63     1391
  SINCE JAN 1   3812                      3650    162     3450
..................................................................


WIND (MPH)
  RESULTANT WIND SPEED  10   RESULTANT WIND DIRECTION   E (80)
  HIGHEST WIND SPEED    20   HIGHEST WIND DIRECTION     E (110)
  HIGHEST GUST SPEED    25   HIGHEST GUST DIRECTION     E (90)
  AVERAGE WIND SPEED     9.9


SKY COVER
  POSSIBLE SUNSHINE  MM
  AVERAGE SKY COVER 0.3


WEATHER CONDITIONS
 THE FOLLOWING WEATHER WAS RECORDED YESTERDAY.
  LIGHT RAIN
  FOG


RELATIVE HUMIDITY (PERCENT)
 HIGHEST    91
 LOWEST     59
 AVERAGE    75

..........................................................


THE HENRY E. ROHLSEN AIRPORT/USVI CLIMATE NORMALS FOR TODAY
                         NORMAL    RECORD    YEAR
 MAXIMUM TEMPERATURE (F)   89        92      1995
 MINIMUM TEMPERATURE (F)   78        70      1980


SUNRISE AND SUNSET
AUGUST 21 2014........SUNRISE   603 AM AST   SUNSET   641 PM AST
AUGUST 22 2014........SUNRISE   603 AM AST   SUNSET   641 PM AST


-  INDICATES NEGATIVE NUMBERS.
R  INDICATES RECORD WAS SET OR TIED.
MM INDICATES DATA IS MISSING.
T  INDICATES TRACE AMOUNT.




$$
