000
CDHW43 PHFO 300250
CLIITO


CLIMATE REPORT
NATIONAL WEATHER SERVICE HONOLULU HI
440 PM HST MON JUN 29 2015


...................................

...THE HILO HI CLIMATE SUMMARY FOR JUNE 29 2015...
VALID TODAY AS OF 0400 PM LOCAL TIME.

CLIMATE NORMAL PERIOD 1981 TO 2010
CLIMATE RECORD PERIOD 1946 TO 2015


WEATHER ITEM   OBSERVED TIME   RECORD YEAR NORMAL DEPARTURE LAST
                VALUE   (LST)  VALUE       VALUE  FROM      YEAR
                                                  NORMAL
..................................................................
TEMPERATURE (F)
 TODAY
  MAXIMUM         86    349 PM  87    2008  83      3       79
                                      1996
  MINIMUM         71    740 AM  64    2014  69      2       64
                                      1999
  AVERAGE         79                        76      3       72

PRECIPITATION (IN)
  TODAY            0.16          2.15 1997   0.28  -0.12     0.41
  MONTH TO DATE    5.23                      7.08  -1.85     6.53
  SINCE JUN 1      5.23                      7.08  -1.85     6.53
  SINCE JAN 1     44.30                     58.99 -14.69    54.27

SNOWFALL (IN)
  TODAY            0.0
  MONTH TO DATE    0.0
  SINCE JUN 1      0.0
  SINCE JUL 1      0.0
  SNOW DEPTH       0

DEGREE DAYS
 HEATING
  TODAY            0                         0      0        0
  MONTH TO DATE    0                         0      0        0
  SINCE JUN 1      0                         0      0        0
  SINCE JUL 1      0                         0      0        0

 COOLING
  TODAY           14                        11      3        7
  MONTH TO DATE  346                       293     53      255
  SINCE JUN 1    346                       293     53      255
  SINCE JAN 1   1673                      1361    312     1511
..................................................................


WIND (MPH)
  HIGHEST WIND SPEED    15   HIGHEST WIND DIRECTION     E (100)
  HIGHEST GUST SPEED    21   HIGHEST GUST DIRECTION     E (110)
  AVERAGE WIND SPEED     5.8


SKY COVER
  POSSIBLE SUNSHINE  MM
  AVERAGE SKY COVER 0.8


WEATHER CONDITIONS
 THE FOLLOWING WEATHER WAS RECORDED TODAY.
  RAIN
  LIGHT RAIN
  FOG
  HAZE


RELATIVE HUMIDITY (PERCENT)
 HIGHEST    93           200 AM
 LOWEST     65           100 PM
 AVERAGE    79

..........................................................


THE HILO HI CLIMATE NORMALS FOR TOMORROW
                         NORMAL    RECORD    YEAR
 MAXIMUM TEMPERATURE (F)   83        88      1980
 MINIMUM TEMPERATURE (F)   69        64      2009
                                             1999
                                             1993


SUNRISE AND SUNSET
JUNE 29 2015..........SUNRISE   544 AM HST   SUNSET   703 PM HST
JUNE 30 2015..........SUNRISE   545 AM HST   SUNSET   703 PM HST


-  INDICATES NEGATIVE NUMBERS.
R  INDICATES RECORD WAS SET OR TIED.
MM INDICATES DATA IS MISSING.
T  INDICATES TRACE AMOUNT.




$$
