000
CDHW43 PHFO 221245
CLIITO


CLIMATE REPORT
NATIONAL WEATHER SERVICE HONOLULU HI
245 AM HST WED MAR 22 2017


...................................

...THE HILO HI CLIMATE SUMMARY FOR MARCH 21 2017...

CLIMATE NORMAL PERIOD 1981 TO 2010
CLIMATE RECORD PERIOD 1946 TO 2017


WEATHER ITEM   OBSERVED TIME   RECORD YEAR NORMAL DEPARTURE LAST
                VALUE   (LST)  VALUE       VALUE  FROM      YEAR
                                                  NORMAL
..................................................................
TEMPERATURE (F)
 YESTERDAY
  MAXIMUM         84    129 PM  87    1974  79      5       82
  MINIMUM         66    700 AM  58    1954  65      1       67
  AVERAGE         75                        72      3       75

PRECIPITATION (IN)
  YESTERDAY        0.00          1.91 1964   0.46  -0.46     0.05
  MONTH TO DATE    0.82                      8.96  -8.14     4.55
  SINCE MAR 1      0.82                      8.96  -8.14     4.55
  SINCE JAN 1     19.31                     27.78  -8.47     9.12

SNOWFALL (IN)
  YESTERDAY        0.0
  MONTH TO DATE    0.0
  SINCE MAR 1      0.0
  SINCE JUL 1      0.0
  SNOW DEPTH       0

DEGREE DAYS
 HEATING
  YESTERDAY        0                         0      0        0
  MONTH TO DATE    0                         0      0        0
  SINCE MAR 1      0                         0      0        0
  SINCE JUL 1      0                         0      0        0

 COOLING
  YESTERDAY       10                         7      3       10
  MONTH TO DATE  205                       144     61      201
  SINCE MAR 1    205                       144     61      201
  SINCE JAN 1    614                       514    100      765
..................................................................


WIND (MPH)
  HIGHEST WIND SPEED    15   HIGHEST WIND DIRECTION     E (70)
  HIGHEST GUST SPEED    19   HIGHEST GUST DIRECTION     E (80)
  AVERAGE WIND SPEED     6.6


SKY COVER
  POSSIBLE SUNSHINE  MM
  AVERAGE SKY COVER 0.5


WEATHER CONDITIONS
 THE FOLLOWING WEATHER WAS RECORDED YESTERDAY.
  NO SIGNIFICANT WEATHER WAS OBSERVED.


RELATIVE HUMIDITY (PERCENT)
 HIGHEST    84           500 AM
 LOWEST     58          1000 AM
 AVERAGE    71

..........................................................


THE HILO HI CLIMATE NORMALS FOR TODAY
                         NORMAL    RECORD    YEAR
 MAXIMUM TEMPERATURE (F)   79        88      1972
 MINIMUM TEMPERATURE (F)   65        59      1958


SUNRISE AND SUNSET
MARCH 22 2017.........SUNRISE   622 AM HST   SUNSET   632 PM HST
MARCH 23 2017.........SUNRISE   621 AM HST   SUNSET   632 PM HST


-  INDICATES NEGATIVE NUMBERS.
R  INDICATES RECORD WAS SET OR TIED.
MM INDICATES DATA IS MISSING.
T  INDICATES TRACE AMOUNT.




$$
