000
CDHW43 PHFO 230236
CLIITO


CLIMATE REPORT
NATIONAL WEATHER SERVICE HONOLULU HI
426 PM HST SAT NOV 22 2014


...................................

...THE HILO HI CLIMATE SUMMARY FOR NOVEMBER 22 2014...
VALID TODAY AS OF 0400 PM LOCAL TIME.

CLIMATE NORMAL PERIOD 1981 TO 2010
CLIMATE RECORD PERIOD 1946 TO 2014


WEATHER ITEM   OBSERVED TIME   RECORD YEAR NORMAL DEPARTURE LAST
                VALUE   (LST)  VALUE       VALUE  FROM      YEAR
                                                  NORMAL
..................................................................
TEMPERATURE (F)
 TODAY
  MAXIMUM         81    147 PM  86    1977  80      1       85
  MINIMUM         66    725 AM  59    1956  67     -1       67
  AVERAGE         74                        74      0       76

PRECIPITATION (IN)
  TODAY            T             3.72 1966   0.52  -0.52     0.00
  MONTH TO DATE    6.93                     11.59  -4.66     6.20
  SINCE SEP 1     25.93                     31.30  -5.37    16.64
  SINCE JAN 1    107.04                    111.24  -4.20    81.52

SNOWFALL (IN)
  TODAY            0.0
  MONTH TO DATE    0.0
  SINCE SEP 1      0.0
  SINCE JUL 1      0.0
  SNOW DEPTH       0

DEGREE DAYS
 HEATING
  TODAY            0                         0      0        0
  MONTH TO DATE    0                         0      0        0
  SINCE SEP 1      0                         0      0        0
  SINCE JUL 1      0                         0      0        0

 COOLING
  TODAY            9                         9      0       11
  MONTH TO DATE  221                       206     15      226
  SINCE SEP 1   1070                       869    201      985
  SINCE JAN 1   3347                      2941    406     3198
..................................................................


WIND (MPH)
  HIGHEST WIND SPEED    16   HIGHEST WIND DIRECTION    SE (120)
  HIGHEST GUST SPEED    19   HIGHEST GUST DIRECTION    SE (120)
  AVERAGE WIND SPEED     5.5


SKY COVER
  POSSIBLE SUNSHINE  MM
  AVERAGE SKY COVER 0.7


WEATHER CONDITIONS
 THE FOLLOWING WEATHER WAS RECORDED TODAY.
  NO SIGNIFICANT WEATHER WAS OBSERVED.


RELATIVE HUMIDITY (PERCENT)
 HIGHEST   100          1200 AM
 LOWEST     62           200 PM
 AVERAGE    81

..........................................................


THE HILO HI CLIMATE NORMALS FOR TOMORROW
                         NORMAL    RECORD    YEAR
 MAXIMUM TEMPERATURE (F)   80        86      1977
                                             1964
 MINIMUM TEMPERATURE (F)   67        62      1975


SUNRISE AND SUNSET
NOVEMBER 22 2014......SUNRISE   633 AM HST   SUNSET   540 PM HST
NOVEMBER 23 2014......SUNRISE   634 AM HST   SUNSET   540 PM HST


-  INDICATES NEGATIVE NUMBERS.
R  INDICATES RECORD WAS SET OR TIED.
MM INDICATES DATA IS MISSING.
T  INDICATES TRACE AMOUNT.




$$
