000
CDHW43 PHFO 261245
CLIITO


CLIMATE REPORT
NATIONAL WEATHER SERVICE HONOLULU HI
245 AM HST SUN FEB 26 2017


...................................

...THE HILO HI CLIMATE SUMMARY FOR FEBRUARY 25 2017...

CLIMATE NORMAL PERIOD 1981 TO 2010
CLIMATE RECORD PERIOD 1946 TO 2017


WEATHER ITEM   OBSERVED TIME   RECORD YEAR NORMAL DEPARTURE LAST
                VALUE   (LST)  VALUE       VALUE  FROM      YEAR
                                                  NORMAL
..................................................................
TEMPERATURE (F)
 YESTERDAY
  MAXIMUM         77   1248 PM  91    1968  79     -2       79
  MINIMUM         62    634 AM  58    1982  64     -2       69
  AVERAGE         70                        71     -1       74

PRECIPITATION (IN)
  YESTERDAY        0.00          8.00 1956   0.37  -0.37     0.49
  MONTH TO DATE    1.09                      8.42  -7.33     3.25
  SINCE DEC 1     33.83                     29.25   4.58    18.64
  SINCE JAN 1     13.43                     17.68  -4.25     4.54

SNOWFALL (IN)
  YESTERDAY        0.0
  MONTH TO DATE    0.0
  SINCE DEC 1      0.0
  SINCE JUL 1      0.0
  SNOW DEPTH       0

DEGREE DAYS
 HEATING
  YESTERDAY        0                         0      0        0
  MONTH TO DATE    0                         0      0        0
  SINCE DEC 1      0                         0      0        0
  SINCE JUL 1      0                         0      0        0

 COOLING
  YESTERDAY        5                         6     -1        9
  MONTH TO DATE  183                       150     33      229
  SINCE DEC 1    623                       573     50      822
  SINCE JAN 1    393                       348     45      516
..................................................................


WIND (MPH)
  HIGHEST WIND SPEED    13   HIGHEST WIND DIRECTION     E (80)
  HIGHEST GUST SPEED    16   HIGHEST GUST DIRECTION     E (80)
  AVERAGE WIND SPEED     5.5


SKY COVER
  POSSIBLE SUNSHINE  MM
  AVERAGE SKY COVER 0.6


WEATHER CONDITIONS
 THE FOLLOWING WEATHER WAS RECORDED YESTERDAY.
  NO SIGNIFICANT WEATHER WAS OBSERVED.


RELATIVE HUMIDITY (PERCENT)
 HIGHEST    81          1000 PM
 LOWEST     50          1200 PM
 AVERAGE    66

..........................................................


THE HILO HI CLIMATE NORMALS FOR TODAY
                         NORMAL    RECORD    YEAR
 MAXIMUM TEMPERATURE (F)   79        86      2016
                                             1963
 MINIMUM TEMPERATURE (F)   64        58      1991


SUNRISE AND SUNSET
FEBRUARY 26 2017......SUNRISE   642 AM HST   SUNSET   625 PM HST
FEBRUARY 27 2017......SUNRISE   641 AM HST   SUNSET   625 PM HST


-  INDICATES NEGATIVE NUMBERS.
R  INDICATES RECORD WAS SET OR TIED.
MM INDICATES DATA IS MISSING.
T  INDICATES TRACE AMOUNT.




$$
