000
CDHW43 PHFO 260242
CLIITO


CLIMATE REPORT
NATIONAL WEATHER SERVICE HONOLULU HI
441 PM HST MON JUL 25 2016


...................................

...THE HILO HI CLIMATE SUMMARY FOR JULY 25 2016...
VALID TODAY AS OF 0400 PM LOCAL TIME.

CLIMATE NORMAL PERIOD 1981 TO 2010
CLIMATE RECORD PERIOD 1946 TO 2016


WEATHER ITEM   OBSERVED TIME   RECORD YEAR NORMAL DEPARTURE LAST
                VALUE   (LST)  VALUE       VALUE  FROM      YEAR
                                                  NORMAL
..................................................................
TEMPERATURE (F)
 TODAY
  MAXIMUM         87    140 PM  89    2015  83      4       89
                                      2003
  MINIMUM         74    633 AM  63    1955  70      4       71
  AVERAGE         81                        76      5       80

PRECIPITATION (IN)
  TODAY            T             3.79 1966   0.37  -0.37      T
  MONTH TO DATE    6.88                      8.58  -1.70     7.27
  SINCE JUN 1     18.07                     15.95   2.12    12.50
  SINCE JAN 1     42.93                     67.86 -24.93    51.42

SNOWFALL (IN)
  TODAY            0.0
  MONTH TO DATE    0.0
  SINCE JUN 1      0.0
  SINCE JUL 1      0.0
  SNOW DEPTH       0

DEGREE DAYS
 HEATING
  TODAY            0                         0      0        0
  MONTH TO DATE    0                         0      0        0
  SINCE JUN 1      0                         0      0        0
  SINCE JUL 1      0                         0      0        0

 COOLING
  TODAY           16                        11      5       15
  MONTH TO DATE  341                       275     66      335
  SINCE JUN 1    707                       581    126      696
  SINCE JAN 1   2253                      1649    604     2014
..................................................................


WIND (MPH)
  HIGHEST WIND SPEED    14   HIGHEST WIND DIRECTION     E (90)
  HIGHEST GUST SPEED    19   HIGHEST GUST DIRECTION     E (100)
  AVERAGE WIND SPEED     6.5


SKY COVER
  POSSIBLE SUNSHINE  MM
  AVERAGE SKY COVER 0.4


WEATHER CONDITIONS
 THE FOLLOWING WEATHER WAS RECORDED TODAY.
  NO SIGNIFICANT WEATHER WAS OBSERVED.


RELATIVE HUMIDITY (PERCENT)
 HIGHEST    94           100 AM
 LOWEST     59          1200 PM
 AVERAGE    77

..........................................................


THE HILO HI CLIMATE NORMALS FOR TOMORROW
                         NORMAL    RECORD    YEAR
 MAXIMUM TEMPERATURE (F)   83        89      2003
 MINIMUM TEMPERATURE (F)   70        64      2012
                                             1971
                                             1956


SUNRISE AND SUNSET
JULY 25 2016..........SUNRISE   554 AM HST   SUNSET   659 PM HST
JULY 26 2016..........SUNRISE   554 AM HST   SUNSET   659 PM HST


-  INDICATES NEGATIVE NUMBERS.
R  INDICATES RECORD WAS SET OR TIED.
MM INDICATES DATA IS MISSING.
T  INDICATES TRACE AMOUNT.




$$
