709
CDUS43 KGLD 290745
CLIITR

CLIMATE REPORT
 NATIONAL WEATHER SERVICE GOODLAND
141 AM MDT WED MAR 29 2017

...................................

...THE BURLINGTON CO CLIMATE SUMMARY FOR MARCH 28 2017...

CLIMATE NORMAL PERIOD 1981 TO 2010
CLIMATE RECORD PERIOD 1896 TO 2017

WEATHER ITEM   OBSERVED TIME   RECORD YEAR NORMAL DEPARTURE LAST
                VALUE   (LST)  VALUE       VALUE  FROM      YEAR
                                                  NORMAL
..................................................................
TEMPERATURE (F)
 YESTERDAY
  MAXIMUM         47    333 AM  83    1962  58    -11       67
  MINIMUM         39   1159 PM   0    1931  28     11       25
  AVERAGE         43                        43      0       46

PRECIPITATION (IN)
  YESTERDAY        0.48                      0.04   0.44     0.00
  MONTH TO DATE    2.73                      0.78   1.95     1.07
  SINCE MAR 1      2.73                      0.78   1.95     1.07
  SINCE JAN 1      3.29                      1.58   1.71     1.88

..................................................................

THE BURLINGTON CO CLIMATE NORMALS FOR TODAY
                         NORMAL    RECORD    YEAR
 MAXIMUM TEMPERATURE (F)   58        87      1943
 MINIMUM TEMPERATURE (F)   29         2      1987

-  INDICATES NEGATIVE NUMBERS.
R  INDICATES RECORD WAS SET OR TIED.
MM INDICATES DATA IS MISSING.
T  INDICATES TRACE AMOUNT.

$$
