000
CDUS43 KGLD 290740 RRA
CLIITR

CLIMATE REPORT
NATIONAL WEATHER SERVICE GOODLAND
137 AM MDT FRI JUL 29 2016

...................................

...THE BURLINGTON CO CLIMATE SUMMARY FOR JULY 28 2016...

CLIMATE NORMAL PERIOD 1981 TO 2010
CLIMATE RECORD PERIOD 1896 TO 2016


WEATHER ITEM   OBSERVED TIME   RECORD YEAR NORMAL DEPARTURE LAST
                VALUE   (LST)  VALUE       VALUE  FROM      YEAR
                                                  NORMAL
..................................................................
TEMPERATURE (F)
 YESTERDAY
  MAXIMUM         84    440 PM 102    1947  89     -5       82
  MINIMUM         60    333 AM  50    1958  61     -1       61
  AVERAGE         72                        75     -3       72

PRECIPITATION (IN)
  YESTERDAY        0.02                      0.08  -0.06     0.00
  MONTH TO DATE    1.93                      2.89  -0.96     4.62
  SINCE JUN 1      5.93                      5.77   0.16     7.53
  SINCE JAN 1     14.17                     11.50   2.67    18.55

..................................................................


THE BURLINGTON CO CLIMATE NORMALS FOR TODAY
                         NORMAL    RECORD    YEAR
 MAXIMUM TEMPERATURE (F)   88       100      2012
                                             2001
 MINIMUM TEMPERATURE (F)   61        47      1956



-  INDICATES NEGATIVE NUMBERS.
R  INDICATES RECORD WAS SET OR TIED.
MM INDICATES DATA IS MISSING.
T  INDICATES TRACE AMOUNT.

$$
