000
CDUS43 KGLD 260812 RRA
CLIITR

CLIMATE REPORT
NATIONAL WEATHER SERVICE GOODLAND
107 AM MST THU FEB 26 2015

...................................

...THE BURLINGTON CO CLIMATE SUMMARY FOR FEBRUARY 25 2015...

CLIMATE NORMAL PERIOD 1981 TO 2010
CLIMATE RECORD PERIOD 1896 TO 2015

WEATHER ITEM   OBSERVED TIME   RECORD YEAR NORMAL DEPARTURE LAST
                VALUE   (LST)  VALUE       VALUE  FROM      YEAR
                                                  NORMAL
..................................................................
TEMPERATURE (F)
 YESTERDAY
  MAXIMUM         43    151 PM  75    1917  47     -4       18
  MINIMUM         19   1159 PM -22    1960  20     -1        4
  AVERAGE         31                        34     -3       11

PRECIPITATION (IN)
  YESTERDAY        T                         0.02  -0.02     0.04
  MONTH TO DATE    0.86                      0.36   0.50     0.37
  SINCE DEC 1      3.61                      1.17   2.44     0.79
  SINCE JAN 1      1.14                      0.74   0.40     0.70

..................................................................

THE BURLINGTON CO CLIMATE NORMALS FOR TODAY
                         NORMAL    RECORD    YEAR
 MAXIMUM TEMPERATURE (F)   48        72      1995
 MINIMUM TEMPERATURE (F)   20        -6      1962

-  INDICATES NEGATIVE NUMBERS.
R  INDICATES RECORD WAS SET OR TIED.
MM INDICATES DATA IS MISSING.
T  INDICATES TRACE AMOUNT.

$$
