000
CDUS43 KGLD 080817
CLIITR

CLIMATE REPORT
NATIONAL WEATHER SERVICE GOODLAND
103 AM MST MON FEB 8 2016
...................................

...THE BURLINGTON CO CLIMATE SUMMARY FOR FEBRUARY 7 2016...

CLIMATE NORMAL PERIOD 1981 TO 2010
CLIMATE RECORD PERIOD 1896 TO 2016

WEATHER ITEM   OBSERVED TIME   RECORD YEAR NORMAL DEPARTURE LAST
                VALUE   (LST)  VALUE       VALUE  FROM      YEAR
                                                  NORMAL
..................................................................
TEMPERATURE (F)
 YESTERDAY
  MAXIMUM         38    110 AM  77    2015  43     -5       77
  MINIMUM         20    732 AM -17    1933  17      3       35
  AVERAGE         29                        30     -1       56

PRECIPITATION (IN)
  YESTERDAY        0.00                      0.01  -0.01     0.00
  MONTH TO DATE    0.12                      0.08   0.04      T
  SINCE DEC 1      0.39                      0.89  -0.50     2.75
  SINCE JAN 1      0.13                      0.46  -0.33     0.28

..................................................................

THE BURLINGTON CO CLIMATE NORMALS FOR TODAY
                         NORMAL    RECORD    YEAR
 MAXIMUM TEMPERATURE (F)   43        74      1907
 MINIMUM TEMPERATURE (F)   17       -23      1936

-  INDICATES NEGATIVE NUMBERS.
R  INDICATES RECORD WAS SET OR TIED.
MM INDICATES DATA IS MISSING.
T  INDICATES TRACE AMOUNT.

$$
