000
CDUS43 KGLD 230038 RRA
CLIITR

CLIMATE REPORT
NATIONAL WEATHER SERVICE GOODLAND
537 PM MST WED NOV 22 2017

...................................

...THE BURLINGTON CO CLIMATE SUMMARY FOR NOVEMBER 22 2017...
VALID TODAY AS OF 0500 PM LOCAL TIME.

CLIMATE NORMAL PERIOD 1981 TO 2010
CLIMATE RECORD PERIOD 1896 TO 2017

WEATHER ITEM   OBSERVED TIME   RECORD YEAR NORMAL DEPARTURE LAST
                VALUE   (LST)  VALUE       VALUE  FROM      YEAR
                                                  NORMAL
..................................................................
TEMPERATURE (F)
 TODAY
  MAXIMUM         71   1256 PM  80    1998  49     22       45
  MINIMUM         29   1255 AM  -7    1929  21      8       32
  AVERAGE         50                        35     15       39

PRECIPITATION (IN)
  TODAY            0.00                      0.02  -0.02     0.08
  MONTH TO DATE    0.02                      0.50  -0.48     0.24
  SINCE SEP 1      1.77                      2.79  -1.02     4.02
  SINCE JAN 1     25.07                     16.94   8.13    18.95

..................................................................

THE BURLINGTON CO CLIMATE NORMALS FOR TOMORROW
                         NORMAL    RECORD    YEAR
 MAXIMUM TEMPERATURE (F)   49        72      1925
 MINIMUM TEMPERATURE (F)   21         2      2003
                                             1941

-  INDICATES NEGATIVE NUMBERS.
R  INDICATES RECORD WAS SET OR TIED.
MM INDICATES DATA IS MISSING.
T  INDICATES TRACE AMOUNT.

$$
