000
CDUS44 KJAN 010811
CLIJAN

CLIMATE REPORT
NATIONAL WEATHER SERVICE JACKSON MS
309 AM CDT SUN MAY 1 2016


...................................

...THE JACKSON CLIMATE SUMMARY FOR APRIL 30 2016...

CLIMATE NORMAL PERIOD 1981 TO 2010
CLIMATE RECORD PERIOD 1896 TO 2016


WEATHER ITEM   OBSERVED TIME   RECORD YEAR NORMAL DEPARTURE LAST
                VALUE   (LST)  VALUE       VALUE  FROM      YEAR
                                                  NORMAL
..................................................................
TEMPERATURE (F)
 YESTERDAY
  MAXIMUM         77   1238 PM  93    1943  79     -2       83
  MINIMUM         66   1159 PM  38    1965  57      9       47
  AVERAGE         72                        68      4       65

PRECIPITATION (IN)
  YESTERDAY        0.19          2.19 1940   0.13   0.06     0.00
  MONTH TO DATE    7.25                      4.96   2.29     3.75
  SINCE MAR 1     19.49                     10.00   9.49    11.02
  SINCE JAN 1     31.09                     19.73  11.36    21.22

SNOWFALL (IN)
  YESTERDAY        0.0           0.0    MM   0.0    0.0      0.0
  MONTH TO DATE    0.0                       T      0.0      0.0
  SINCE MAR 1      0.0                       0.1   -0.1      0.3
  SINCE JUL 1      T                         0.8   -0.8      0.3

DEGREE DAYS
 HEATING
  YESTERDAY        0                         1     -1        0
  MONTH TO DATE   45                       108    -63       30
  SINCE MAR 1    189                       387   -198      225
  SINCE JUL 1   1580                      2379   -799     2351

 COOLING
  YESTERDAY        7                         4      3        0
  MONTH TO DATE   98                        81     17      139
  SINCE MAR 1    150                       108     42      176
  SINCE JAN 1    159                       118     41      176
..................................................................


WIND (MPH)
  HIGHEST WIND SPEED    40   HIGHEST WIND DIRECTION    SE (130)
  HIGHEST GUST SPEED    49   HIGHEST GUST DIRECTION    SE (130)
  AVERAGE WIND SPEED     8.4


SKY COVER
  POSSIBLE SUNSHINE  MM
  AVERAGE SKY COVER 0.6


WEATHER CONDITIONS
 THE FOLLOWING WEATHER WAS RECORDED YESTERDAY.
  THUNDERSTORM
  RAIN
  LIGHT RAIN
  FOG


RELATIVE HUMIDITY (PERCENT)
 HIGHEST    90           400 AM
 LOWEST     73           500 PM
 AVERAGE    82

..........................................................


THE JACKSON CLIMATE NORMALS FOR TODAY
                         NORMAL    RECORD    YEAR
 MAXIMUM TEMPERATURE (F)   79        92      1952
                                             1902
                                             1899
 MINIMUM TEMPERATURE (F)   57        40      1908


SUNRISE AND SUNSET
MAY  1 2016...........SUNRISE   613 AM CDT   SUNSET   742 PM CDT
MAY  2 2016...........SUNRISE   612 AM CDT   SUNSET   742 PM CDT


-  INDICATES NEGATIVE NUMBERS.
R  INDICATES RECORD WAS SET OR TIED.
MM INDICATES DATA IS MISSING.
T  INDICATES TRACE AMOUNT.

&&

AT 3 AM...

THE PEARL RIVER STAGE AT JACKSON WAS 9.0 FEET. THE RIVER ROSE 3.0
FEET OVER THE PAST 24 HOURS.

THE MISSISSIPPI RIVER STAGE AT VICKSBURG WAS 26.4 FEET. THE RIVER
FELL 0.9 FEET OVER THE PAST 24 HOURS.

$$
