000
CDUS44 KJAN 210857
CLIJAN


CLIMATE REPORT
NATIONAL WEATHER SERVICE JACKSON MS
355 AM CDT FRI JUL 21 2017


...................................

...THE JACKSON CLIMATE SUMMARY FOR JULY 20 2017...

CLIMATE NORMAL PERIOD 1981 TO 2010
CLIMATE RECORD PERIOD 1896 TO 2017


WEATHER ITEM   OBSERVED TIME   RECORD YEAR NORMAL DEPARTURE LAST
                VALUE   (LST)  VALUE       VALUE  FROM      YEAR
                                                  NORMAL
..................................................................
TEMPERATURE (F)
 YESTERDAY
  MAXIMUM         97    442 PM 102    2000  92      5       98
  MINIMUM         74    505 AM  61    1984  72      2       76
                                      1947
  AVERAGE         86                        82      4       87

PRECIPITATION (IN)
  YESTERDAY        0.00          2.92 1938   0.15  -0.15     0.00
  MONTH TO DATE    4.66                      3.10   1.56     3.22
  SINCE JUN 1     13.08                      7.22   5.86     6.25
  SINCE JAN 1     44.57                     31.33  13.24    38.70

SNOWFALL (IN)
  YESTERDAY        0.0           0.0  2002   0.0    0.0      0.0
                                      2001
  MONTH TO DATE    0.0                       0.0    0.0      0.0
  SINCE JUN 1      0.0                       0.0    0.0      0.0
  SINCE JUL 1      0.0                       0.0    0.0      0.0

DEGREE DAYS
 HEATING
  YESTERDAY        0                         0      0        0
  MONTH TO DATE    0                         0      0        0
  SINCE JUN 1      0                         0      0        0
  SINCE JUL 1      0                         0      0        0

 COOLING
  YESTERDAY       21                        17      4       22
  MONTH TO DATE  364                       333     31      393
  SINCE JUN 1    745                       755    -10      909
  SINCE JAN 1   1241                      1113    128     1297
..................................................................


WIND (MPH)
  HIGHEST WIND SPEED     8   HIGHEST WIND DIRECTION     N (350)
  HIGHEST GUST SPEED    11   HIGHEST GUST DIRECTION    NW (330)
  AVERAGE WIND SPEED     1.1


SKY COVER
  POSSIBLE SUNSHINE  MM
  AVERAGE SKY COVER 0.2


WEATHER CONDITIONS
 THE FOLLOWING WEATHER WAS RECORDED YESTERDAY.
  NO SIGNIFICANT WEATHER WAS OBSERVED.


RELATIVE HUMIDITY (PERCENT)
 HIGHEST   100           500 AM
 LOWEST     35           500 PM
 AVERAGE    68

..........................................................


THE JACKSON CLIMATE NORMALS FOR TODAY
                         NORMAL    RECORD    YEAR
 MAXIMUM TEMPERATURE (F)   92       101      2008
                                             1951
                                             1924
 MINIMUM TEMPERATURE (F)   72        62      1900


SUNRISE AND SUNSET
JULY 21 2017..........SUNRISE   608 AM CDT   SUNSET   805 PM CDT
JULY 22 2017..........SUNRISE   609 AM CDT   SUNSET   805 PM CDT


-  INDICATES NEGATIVE NUMBERS.
R  INDICATES RECORD WAS SET OR TIED.
MM INDICATES DATA IS MISSING.
T  INDICATES TRACE AMOUNT.

&&

AT 2 AM:

THE PEARL RIVER STAGE AT JACKSON WAS 6.6 FEET. THE RIVER FELL 0.8 FEET
OVER THE PAST 24 HOURS.

THE MISSISSIPPI RIVER STAGE AT VICKSBURG WAS 24.5 FEET. THE RIVER FELL
0.9 FEET OVER THE PAST 24 HOURS.


$$
