000
CDUS44 KJAN 060645
CLIJAN


CLIMATE REPORT
NATIONAL WEATHER SERVICE JACKSON MS
134 AM CDT MON JUL 6 2015


...................................

...THE JACKSON CLIMATE SUMMARY FOR JULY 5 2015...

CLIMATE NORMAL PERIOD 1981 TO 2010
CLIMATE RECORD PERIOD 1896 TO 2015


WEATHER ITEM   OBSERVED TIME   RECORD YEAR NORMAL DEPARTURE LAST
                VALUE   (LST)  VALUE       VALUE  FROM      YEAR
                                                  NORMAL
..................................................................
TEMPERATURE (F)
 YESTERDAY
  MAXIMUM         79    406 PM 102    1948  92    -13       88
  MINIMUM         68   1159 PM  59    1922  71     -3       60
  AVERAGE         74                        81     -7       74

PRECIPITATION (IN)
  YESTERDAY        1.23          2.93 2006   0.15   1.08     0.00
  MONTH TO DATE    1.38                      0.78   0.60      T
  SINCE JUN 1      7.82                      4.90   2.92     6.43
  SINCE JAN 1     36.10                     29.01   7.09    38.03

SNOWFALL (IN)
  YESTERDAY        0.0           0.0    MM   0.0    0.0      0.0
  MONTH TO DATE    0.0                       0.0    0.0      0.0
  SINCE JUN 1      0.0                       0.0    0.0      0.0
  SINCE JUL 1      0.0                       0.0    0.0      0.0

DEGREE DAYS
 HEATING
  YESTERDAY        0                         0      0        0
  MONTH TO DATE    0                         0      0        0
  SINCE JUN 1      0                         0      0        0
  SINCE JUL 1      0                         0      0        0

 COOLING
  YESTERDAY        9                        16     -7        9
  MONTH TO DATE   73                        80     -7       73
  SINCE JUN 1    555                       502     53      516
  SINCE JAN 1   1008                       860    148      847
..................................................................


WIND (MPH)
  HIGHEST WIND SPEED    17   HIGHEST WIND DIRECTION     S (190)
  HIGHEST GUST SPEED    25   HIGHEST GUST DIRECTION    NW (300)
  AVERAGE WIND SPEED     5.4


SKY COVER
  POSSIBLE SUNSHINE  MM
  AVERAGE SKY COVER 0.7


WEATHER CONDITIONS
 THE FOLLOWING WEATHER WAS RECORDED YESTERDAY.
  THUNDERSTORM
  HEAVY RAIN
  RAIN
  LIGHT RAIN
  FOG


RELATIVE HUMIDITY (PERCENT)
 HIGHEST    97           900 PM
 LOWEST     74           400 PM
 AVERAGE    86

..........................................................


THE JACKSON CLIMATE NORMALS FOR TODAY
                         NORMAL    RECORD    YEAR
 MAXIMUM TEMPERATURE (F)   92       104      1902
 MINIMUM TEMPERATURE (F)   71        59      1972


SUNRISE AND SUNSET
JULY  6 2015..........SUNRISE   559 AM CDT   SUNSET   811 PM CDT
JULY  7 2015..........SUNRISE   600 AM CDT   SUNSET   811 PM CDT


-  INDICATES NEGATIVE NUMBERS.
R  INDICATES RECORD WAS SET OR TIED.
MM INDICATES DATA IS MISSING.
T  INDICATES TRACE AMOUNT.

&&

AT 1 AM:

THE PEARL RIVER STAGE AT JACKSON WAS 6.1 FEET. THE RIVER ROSE 1.9 FEET
DURING THE PAST 24 HOURS.

THE MISSISSIPPI RIVER STAGE AT VICKSBURG WAS 43.0 FEET. THE RIVER ROSE
0.8 FEET DURING THE PAST 24 HOURS.

$$
