000
CDUS44 KJAN 260813
CLIJAN


CLIMATE REPORT
NATIONAL WEATHER SERVICE JACKSON MS
309 AM CDT SUN MAR 26 2017


...................................

...THE JACKSON CLIMATE SUMMARY FOR MARCH 25 2017...

CLIMATE NORMAL PERIOD 1981 TO 2010
CLIMATE RECORD PERIOD 1896 TO 2017


WEATHER ITEM   OBSERVED TIME   RECORD YEAR NORMAL DEPARTURE LAST
                VALUE   (LST)  VALUE       VALUE  FROM      YEAR
                                                  NORMAL
..................................................................
TEMPERATURE (F)
 YESTERDAY
  MAXIMUM         78   1259 PM  89    1907  71      7       67
  MINIMUM         60    819 AM  25    1966  47     13       44
  AVERAGE         69                        59     10       56

PRECIPITATION (IN)
  YESTERDAY        0.68          3.40 1949   0.17   0.51     0.00
  MONTH TO DATE    2.90                      4.01  -1.11    10.29
  SINCE MAR 1      2.90                      4.01  -1.11    10.29
  SINCE JAN 1     13.11                     13.74  -0.63    21.89

SNOWFALL (IN)
  YESTERDAY        0.0           T    1916   0.0    0.0      0.0
  MONTH TO DATE    0.0                       0.1   -0.1      0.0
  SINCE MAR 1      0.0                       0.1   -0.1      0.0
  SINCE JUL 1      0.8                       0.8    0.0       T

DEGREE DAYS
 HEATING
  YESTERDAY        0                         7     -7        9
  MONTH TO DATE  163                       239    -76      135
  SINCE MAR 1    163                       239    -76      135
  SINCE JUL 1   1281                      2231   -950     1526

 COOLING
  YESTERDAY        4                         1      3        0
  MONTH TO DATE   47                        22     25       39
  SINCE MAR 1     47                        22     25       39
  SINCE JAN 1    105                        32     73       48
..................................................................


WIND (MPH)
  HIGHEST WIND SPEED    24   HIGHEST WIND DIRECTION    SE (150)
  HIGHEST GUST SPEED    30   HIGHEST GUST DIRECTION     W (270)
  AVERAGE WIND SPEED    12.1


SKY COVER
  POSSIBLE SUNSHINE  MM
  AVERAGE SKY COVER 0.7


WEATHER CONDITIONS
 THE FOLLOWING WEATHER WAS RECORDED YESTERDAY.
  THUNDERSTORM
  HEAVY RAIN
  RAIN
  LIGHT RAIN
  FOG
  HAZE


RELATIVE HUMIDITY (PERCENT)
 HIGHEST    90           800 AM
 LOWEST     56           100 PM
 AVERAGE    73

..........................................................


THE JACKSON CLIMATE NORMALS FOR TODAY
                         NORMAL    RECORD    YEAR
 MAXIMUM TEMPERATURE (F)   71        89      1907
 MINIMUM TEMPERATURE (F)   47        25      1955


SUNRISE AND SUNSET
MARCH 26 2017.........SUNRISE   656 AM CDT   SUNSET   716 PM CDT
MARCH 27 2017.........SUNRISE   655 AM CDT   SUNSET   717 PM CDT


-  INDICATES NEGATIVE NUMBERS.
R  INDICATES RECORD WAS SET OR TIED.
MM INDICATES DATA IS MISSING.
T  INDICATES TRACE AMOUNT.


&&

AT 3 AM:

THE PEARL RIVER STAGE AT JACKSON WAS 9.0 FEET. THE RIVER HAS RISEN
0.7 FEET OVER THE PAST 24 HOURS.

THE MISSISSIPPI RIVER STAGE AT VICKSBURG WAS NOT AVAILABLE.

$$
