000
CDUS44 KJAN 240700
CLIJAN

CLIMATE REPORT
NATIONAL WEATHER SERVICE JACKSON MS
156 AM CDT MON APR 24 2017

...................................

...THE JACKSON CLIMATE SUMMARY FOR APRIL 23 2017...

CLIMATE NORMAL PERIOD 1981 TO 2010
CLIMATE RECORD PERIOD 1896 TO 2017


WEATHER ITEM   OBSERVED TIME   RECORD YEAR NORMAL DEPARTURE LAST
                VALUE   (LST)  VALUE       VALUE  FROM      YEAR
                                                  NORMAL
..................................................................
TEMPERATURE (F)
 YESTERDAY
  MAXIMUM         60    521 PM  93    1925  78    -18       81
  MINIMUM         53    410 AM  35    1903  54     -1       51
  AVERAGE         57                        66     -9       66

PRECIPITATION (IN)
  YESTERDAY        0.08          2.03 1988   0.14  -0.06     0.00
  MONTH TO DATE    8.83                      3.97   4.86     6.78
  SINCE MAR 1     13.35                      9.01   4.34    19.02
  SINCE JAN 1     23.56                     18.74   4.82    30.62

SNOWFALL (IN)
  YESTERDAY        0.0           0.0    MM   0.0    0.0      0.0
  MONTH TO DATE    0.0                       0.0    0.0      0.0
  SINCE MAR 1      0.0                       0.1   -0.1      0.0
  SINCE JUL 1      0.8                       0.8    0.0       T

DEGREE DAYS
 HEATING
  YESTERDAY        8                         2      6        0
  MONTH TO DATE   31                        96    -65       45
  SINCE MAR 1    195                       374   -179      189
  SINCE JUL 1   1313                      2366  -1053     1580

 COOLING
  YESTERDAY        0                         3     -3        1
  MONTH TO DATE  102                        54     48       41
  SINCE MAR 1    187                        81    106       93
  SINCE JAN 1    245                        91    154      102
..................................................................


WIND (MPH)
  HIGHEST WIND SPEED    16   HIGHEST WIND DIRECTION    NW (330)
  HIGHEST GUST SPEED    22   HIGHEST GUST DIRECTION     N (340)
  AVERAGE WIND SPEED     7.1


SKY COVER
  POSSIBLE SUNSHINE  MM
  AVERAGE SKY COVER 0.8


WEATHER CONDITIONS
 THE FOLLOWING WEATHER WAS RECORDED YESTERDAY.
  RAIN
  LIGHT RAIN
  FOG


RELATIVE HUMIDITY (PERCENT)
 HIGHEST    93           300 AM
 LOWEST     67           300 PM
 AVERAGE    80

..........................................................


THE JACKSON CLIMATE NORMALS FOR TODAY
                         NORMAL    RECORD    YEAR
 MAXIMUM TEMPERATURE (F)   78        93      1925
 MINIMUM TEMPERATURE (F)   55        39      1910


SUNRISE AND SUNSET
APRIL 24 2017.........SUNRISE   621 AM CDT   SUNSET   737 PM CDT
APRIL 25 2017.........SUNRISE   620 AM CDT   SUNSET   737 PM CDT


-  INDICATES NEGATIVE NUMBERS.
R  INDICATES RECORD WAS SET OR TIED.
MM INDICATES DATA IS MISSING.
T  INDICATES TRACE AMOUNT.

&&

AT 2 AM:

THE PEARL RIVER STAGE AT JACKSON WAS 4.1 FEET. THE RIVER FELL
1.1 FEET OVER THE PAST 24 HOURS.

THE MISSISSIPPI RIVER STAGE AT VICKSBURG WAS 33.5 FEET. THE RIVER
FELL 0.6 FEET OVER THE PAST 24 HOURS.

$$
