000
CDUS44 KJAN 220632
CLIJAN


CLIMATE REPORT
NATIONAL WEATHER SERVICE JACKSON MS
1231 AM CST WED FEB 22 2017


...................................

...THE JACKSON CLIMATE SUMMARY FOR FEBRUARY 21 2017...

CLIMATE NORMAL PERIOD 1981 TO 2010
CLIMATE RECORD PERIOD 1896 TO 2017


WEATHER ITEM   OBSERVED TIME   RECORD YEAR NORMAL DEPARTURE LAST
                VALUE   (LST)  VALUE       VALUE  FROM      YEAR
                                                  NORMAL
..................................................................
TEMPERATURE (F)
 YESTERDAY
  MAXIMUM         70    453 PM  83    1909  62      8       73
  MINIMUM         51   1159 PM  18    1978  40     11       60
  AVERAGE         61                        51     10       67

PRECIPITATION (IN)
  YESTERDAY        0.36          4.62 2003   0.17   0.19      T
  MONTH TO DATE    1.09                      3.61  -2.52     6.47
  SINCE DEC 1     14.73                     13.73   1.00    15.71
  SINCE JAN 1      8.99                      8.58   0.41     9.84

SNOWFALL (IN)
  YESTERDAY        0.0           T    1968   0.0    0.0      0.0
                                      1964
                                      1963
  MONTH TO DATE    0.0                       0.1   -0.1      0.0
  SINCE DEC 1      0.8                       0.7    0.1       T
  SINCE JUL 1      0.8                       0.7    0.1       T

DEGREE DAYS
 HEATING
  YESTERDAY        4                        14    -10        0
  MONTH TO DATE  152                       345   -193      269
  SINCE DEC 1    876                      1489   -613     1106
  SINCE JUL 1   1080                      1897   -817     1298

 COOLING
  YESTERDAY        0                         0      0        2
  MONTH TO DATE   22                         0     22        9
  SINCE DEC 1     75                        12     63       78
  SINCE JAN 1     45                         4     41        9
..................................................................


WIND (MPH)
  HIGHEST WIND SPEED    16   HIGHEST WIND DIRECTION     W (270)
  HIGHEST GUST SPEED    24   HIGHEST GUST DIRECTION     W (270)
  AVERAGE WIND SPEED     4.9


SKY COVER
  POSSIBLE SUNSHINE  MM
  AVERAGE SKY COVER 0.7


WEATHER CONDITIONS
 THE FOLLOWING WEATHER WAS RECORDED YESTERDAY.
  HEAVY RAIN
  RAIN
  LIGHT RAIN
  FOG


RELATIVE HUMIDITY (PERCENT)
 HIGHEST    93           300 AM
 LOWEST     57           500 PM
 AVERAGE    75

..........................................................


THE JACKSON CLIMATE NORMALS FOR TODAY
                         NORMAL    RECORD    YEAR
 MAXIMUM TEMPERATURE (F)   62        82      1980
                                             1909
 MINIMUM TEMPERATURE (F)   40        16      1978


SUNRISE AND SUNSET
FEBRUARY 22 2017......SUNRISE   635 AM CST   SUNSET   553 PM CST
FEBRUARY 23 2017......SUNRISE   634 AM CST   SUNSET   553 PM CST


-  INDICATES NEGATIVE NUMBERS.
R  INDICATES RECORD WAS SET OR TIED.
MM INDICATES DATA IS MISSING.
T  INDICATES TRACE AMOUNT.

&&

AT 1 AM:

THE PEARL RIVER STAGE AT JACKSON WAS 6.6 FEET. THE RIVER LEVEL HAS
RISEN 0.3 FEET OVER THE PAST 24 HOURS.

THE MISSISSIPPI RIVER STAGE AT VICKSBURG WAS 21.6 FEET. THE RIVER
FELL 0.1 FEET OVER THE PAST 24 HOURS.




$$
