000
CDUS44 KJAN 242122
CLIJAN


CLIMATE REPORT
NATIONAL WEATHER SERVICE JACKSON MS
419 PM CDT SUN SEP 24 2017


...................................

...THE JACKSON CLIMATE SUMMARY FOR SEPTEMBER 24 2017...
VALID TODAY AS OF 0400 PM LOCAL TIME.

CLIMATE NORMAL PERIOD 1981 TO 2010
CLIMATE RECORD PERIOD 1896 TO 2017


WEATHER ITEM   OBSERVED TIME   RECORD YEAR NORMAL DEPARTURE LAST
                VALUE   (LST)  VALUE       VALUE  FROM      YEAR
                                                  NORMAL
..................................................................
TEMPERATURE (F)
 TODAY
  MAXIMUM         90    229 PM 101    1921  84      6       96
  MINIMUM         66    610 AM  46    1982  62      4       69
  AVERAGE         78                        73      5       83

PRECIPITATION (IN)
  TODAY            0.00          2.24 1991   0.10  -0.10     0.00
  MONTH TO DATE    1.16                      2.38  -1.22     0.28
  SINCE SEP 1      1.16                      2.38  -1.22     0.28
  SINCE JAN 1     55.05                     39.66  15.39    53.48

SNOWFALL (IN)
  TODAY            0.0           0.0  2002   0.0    0.0      0.0
                                      2001
  MONTH TO DATE    0.0                       0.0    0.0      0.0
  SINCE SEP 1      0.0                       0.0    0.0      0.0
  SINCE JUL 1      0.0                       0.0    0.0      0.0

DEGREE DAYS
 HEATING
  TODAY            0                         0      0        0
  MONTH TO DATE    2                         0      2        0
  SINCE SEP 1      2                         0      2        0
  SINCE JUL 1      2                         0      2        0

 COOLING
  TODAY           13                         8      5       18
  MONTH TO DATE  264                       283    -19      414
  SINCE SEP 1    264                       283    -19      414
  SINCE JAN 1   2189                      2082    107     2488
..................................................................


WIND (MPH)
  HIGHEST WIND SPEED    12   HIGHEST WIND DIRECTION     E (90)
  HIGHEST GUST SPEED    15   HIGHEST GUST DIRECTION     E (100)
  AVERAGE WIND SPEED     3.2


SKY COVER
  POSSIBLE SUNSHINE  MM
  AVERAGE SKY COVER 0.1


WEATHER CONDITIONS
 THE FOLLOWING WEATHER WAS RECORDED TODAY.
  FOG


RELATIVE HUMIDITY (PERCENT)
 HIGHEST   100           400 AM
 LOWEST     47           100 PM
 AVERAGE    74

..........................................................


THE JACKSON CLIMATE NORMALS FOR TOMORROW
                         NORMAL    RECORD    YEAR
 MAXIMUM TEMPERATURE (F)   84        98      1921
 MINIMUM TEMPERATURE (F)   61        46      1994
                                             1975
                                             1965


SUNRISE AND SUNSET
SEPTEMBER 24 2017.....SUNRISE   650 AM CDT   SUNSET   654 PM CDT
SEPTEMBER 25 2017.....SUNRISE   651 AM CDT   SUNSET   653 PM CDT


-  INDICATES NEGATIVE NUMBERS.
R  INDICATES RECORD WAS SET OR TIED.
MM INDICATES DATA IS MISSING.
T  INDICATES TRACE AMOUNT.

&&

AT 4 PM:

THE PEARL RIVER STAGE AT JACKSON WAS 3.7 FEET. THE RIVER STAGE
REMAINED STEADY OVER THE PAST 24 HOURS.

THE MISSISSIPPI RIVER STAGE AT VICKSBURG WAS 9.5 FEET. THE
RIVER STAGE HAS FALLEN 0.7 FEET OVER THE PAST 24 HOURS.

THE AIR QUALITY INDEX IN JACKSON WAS 79...WHICH WAS MODERATE.

&&

AT 4 PM:

THE PEARL RIVER STAGE AT JACKSON WAS 3.7 FEET. THE RIVER STAGE
REMAINED STEADY OVER THE PAST 24 HOURS.

THE MISSISSIPPI RIVER STAGE AT VICKSBURG WAS 10.2 FEET. THE
RIVER STAGE HAD FALLEN 0.9 FEET OVER THE PAST 24 HOURS.

THE AIR QUALITY INDEX IN JACKSON WAS 51...WHICH WAS MODERATE.


$$
