000
CDUS44 KJAN 180736
CLIJAN


CLIMATE REPORT
NATIONAL WEATHER SERVICE JACKSON MS
134 AM CST MON DEC 18 2017


...................................

...THE JACKSON CLIMATE SUMMARY FOR DECEMBER 17 2017...

CLIMATE NORMAL PERIOD 1981 TO 2010
CLIMATE RECORD PERIOD 1896 TO 2017


WEATHER ITEM   OBSERVED TIME   RECORD YEAR NORMAL DEPARTURE LAST
                VALUE   (LST)  VALUE       VALUE  FROM      YEAR
                                                  NORMAL
..................................................................
TEMPERATURE (F)
 YESTERDAY
  MAXIMUM         64    121 PM  82    1924  58      6       81
  MINIMUM         47    738 AM  16    1932  37     10       66
  AVERAGE         56                        47      9       74

PRECIPITATION (IN)
  YESTERDAY        0.97          2.85 1922   0.17   0.80     0.01
  MONTH TO DATE    2.14                      2.95  -0.81     3.34
  SINCE DEC 1      2.14                      2.95  -0.81     3.34
  SINCE JAN 1     60.24                     51.94   8.30    60.99

SNOWFALL (IN)
  YESTERDAY        0.0           T    1989   0.1   -0.1      0.0
                                      1964
                                      1945
  MONTH TO DATE    5.1                       0.2    4.9      0.0
  SINCE DEC 1      5.1                       0.2    4.9      0.0
  SINCE JUL 1      5.1                       0.2    4.9      0.0

DEGREE DAYS
 HEATING
  YESTERDAY        9                        18     -9        0
  MONTH TO DATE  260                       277    -17      250
  SINCE DEC 1    260                       277    -17      250
  SINCE JUL 1    519                       685   -166      454

 COOLING
  YESTERDAY        0                         0      0        9
  MONTH TO DATE    0                         0      0        9
  SINCE DEC 1      0                         0      0        9
  SINCE JAN 1   2538                      2253    285     2808
..................................................................


WIND (MPH)
  HIGHEST WIND SPEED    16   HIGHEST WIND DIRECTION    SE (150)
  HIGHEST GUST SPEED    23   HIGHEST GUST DIRECTION    SE (140)
  AVERAGE WIND SPEED     5.4


SKY COVER
  POSSIBLE SUNSHINE  MM
  AVERAGE SKY COVER 1.0


WEATHER CONDITIONS
 THE FOLLOWING WEATHER WAS RECORDED YESTERDAY.
  HEAVY RAIN
  RAIN
  LIGHT RAIN
  FOG
  FOG W/VISIBILITY <= 1/4 MILE


RELATIVE HUMIDITY (PERCENT)
 HIGHEST    93           700 AM
 LOWEST     41           200 AM
 AVERAGE    67

..........................................................


THE JACKSON CLIMATE NORMALS FOR TODAY
                         NORMAL    RECORD    YEAR
 MAXIMUM TEMPERATURE (F)   57        82      1908
 MINIMUM TEMPERATURE (F)   37        13      1901


SUNRISE AND SUNSET
DECEMBER 18 2017......SUNRISE   656 AM CST   SUNSET   458 PM CST
DECEMBER 19 2017......SUNRISE   657 AM CST   SUNSET   459 PM CST


-  INDICATES NEGATIVE NUMBERS.
R  INDICATES RECORD WAS SET OR TIED.
MM INDICATES DATA IS MISSING.
T  INDICATES TRACE AMOUNT.

&&

AT 1 AM:

THE PEARL RIVER STAGE AT JACKSON WAS 4.3 FEET. THE RIVER HAS
RISEN 0.7 FEET OVER THE PAST 24 HOURS.

THE MISSISSIPPI RIVER STAGE AT VICKSBURG WAS 8.2 FEET. THE RIVER
FELL 0.2 FEET OVER THE PAST 24 HOURS.


$$
