000
CDUS44 KJAN 030706
CLIJAN


CLIMATE REPORT
NATIONAL WEATHER SERVICE JACKSON MS
105 AM CST TUE MAR 3 2015


...................................

...THE JACKSON CLIMATE SUMMARY FOR MARCH 2 2015...

CLIMATE NORMAL PERIOD 1981 TO 2010
CLIMATE RECORD PERIOD 1896 TO 2015


WEATHER ITEM   OBSERVED TIME   RECORD YEAR NORMAL DEPARTURE LAST
                VALUE   (LST)  VALUE       VALUE  FROM      YEAR
                                                  NORMAL
..................................................................
TEMPERATURE (F)
 YESTERDAY
  MAXIMUM         57    254 AM  86    1918  65     -8       79
  MINIMUM         50   1004 AM  19    1980  42      8       44
  AVERAGE         54                        53      1       62

PRECIPITATION (IN)
  YESTERDAY        0.06          2.63 2001   0.16  -0.10     0.03
  MONTH TO DATE    0.94                      0.33   0.61     0.03
  SINCE MAR 1      0.94                      0.33   0.61     0.03
  SINCE JAN 1     11.14                     10.06   1.08     7.08

SNOWFALL (IN)
  YESTERDAY        0.0           T    2013   0.0    0.0      0.0
                                      1980
                                      1942
  MONTH TO DATE    0.0                       0.0    0.0      0.0
  SINCE MAR 1      0.0                       0.0    0.0      0.0
  SINCE JUL 1      T                         0.7   -0.7      0.8

DEGREE DAYS
 HEATING
  YESTERDAY       11                        12     -1        3
  MONTH TO DATE   22                        24     -2        3
  SINCE MAR 1     22                        24     -2        3
  SINCE JUL 1   2148                      2016    132     2269

 COOLING
  YESTERDAY        0                         0      0        0
  MONTH TO DATE    0                         0      0        0
  SINCE MAR 1      0                         0      0        0
  SINCE JAN 1      0                        10    -10        6
..................................................................


WIND (MPH)
  HIGHEST WIND SPEED    10   HIGHEST WIND DIRECTION     N (340)
  HIGHEST GUST SPEED    11   HIGHEST GUST DIRECTION     N (350)
  AVERAGE WIND SPEED     4.7


SKY COVER
  POSSIBLE SUNSHINE  MM
  AVERAGE SKY COVER 0.9


WEATHER CONDITIONS
 THE FOLLOWING WEATHER WAS RECORDED YESTERDAY.
  HEAVY RAIN
  RAIN
  LIGHT RAIN
  FOG
  FOG W/VISIBILITY <= 1/4 MILE


RELATIVE HUMIDITY (PERCENT)
 HIGHEST   100           200 AM
 LOWEST     93           300 AM
 AVERAGE    97

..........................................................


THE JACKSON CLIMATE NORMALS FOR TODAY
                         NORMAL    RECORD    YEAR
 MAXIMUM TEMPERATURE (F)   65        84      1953
 MINIMUM TEMPERATURE (F)   43        15      1980


SUNRISE AND SUNSET
MARCH  3 2015.........SUNRISE   626 AM CST   SUNSET   559 PM CST
MARCH  4 2015.........SUNRISE   624 AM CST   SUNSET   600 PM CST


-  INDICATES NEGATIVE NUMBERS.
R  INDICATES RECORD WAS SET OR TIED.
MM INDICATES DATA IS MISSING.
T  INDICATES TRACE AMOUNT.

&&

THIS MORNING:

THE PEARL RIVER STAGE AT JACKSON WAS AT 25.9 FEET. THE RIVER HAS FALLEN
0.6 FEET OVER THE LAST 24 HOURS.

THE MISSISSIPPI RIVER STAGE AT VICKSBURG WAS 23.3 FEET. THE RIVER HAS
RISEN 1.3 FEET OVER THE PAST 24 HOURS.

$$
