000
CDUS42 KJAX 022138
CLIJAX


CLIMATE REPORT
NATIONAL WEATHER SERVICE JACKSONVILLE FL
538 PM EDT TUE SEP 2 2014


...................................

...THE JACKSONVILLE CLIMATE SUMMARY FOR SEPTEMBER 2 2014...
VALID TODAY AS OF 0500 PM LOCAL TIME.

CLIMATE NORMAL PERIOD 1981 TO 2010
CLIMATE RECORD PERIOD 1871 TO 2014


WEATHER ITEM   OBSERVED TIME   RECORD YEAR NORMAL DEPARTURE LAST
                VALUE   (LST)  VALUE       VALUE  FROM      YEAR
                                                  NORMAL
..................................................................
TEMPERATURE (F)
 TODAY
  MAXIMUM         92   1230 PM  98    1970  89      3       92
                                      1912
  MINIMUM         73    624 AM  57    1999  72      1       73
  AVERAGE         83                        80      3       83

PRECIPITATION (IN)
  TODAY            0.03          4.13 2009   0.29  -0.26     0.09
  MONTH TO DATE    0.03                      0.57  -0.54     0.09
  SINCE SEP 1      0.03                      0.57  -0.54     0.09
  SINCE JAN 1     36.12                     35.93   0.19    36.45

SNOWFALL (IN)
  TODAY            0.0           0.0  2002   0.0    0.0      0.0
                                      2001
  MONTH TO DATE    0.0                       0.0    0.0      0.0
  SINCE SEP 1      0.0                       0.0    0.0      0.0
  SINCE JUL 1      0.0                       0.0    0.0      0.0
  SNOW DEPTH       0

DEGREE DAYS
 HEATING
  TODAY            0                         0      0        0
  MONTH TO DATE    0                         0      0        0
  SINCE SEP 1      0                         0      0        0
  SINCE JUL 1      0                         0      0        0

 COOLING
  TODAY           18                        15      3       18
  MONTH TO DATE   37                        31      6       35
  SINCE SEP 1     37                        31      6       35
  SINCE JAN 1   2025                      2021      4     1964
..................................................................


WIND (MPH)
  HIGHEST WIND SPEED    18   HIGHEST WIND DIRECTION    SE (120)
  HIGHEST GUST SPEED    23   HIGHEST GUST DIRECTION    SE (130)
  AVERAGE WIND SPEED     3.5


SKY COVER
  POSSIBLE SUNSHINE  MM
  AVERAGE SKY COVER 0.3


WEATHER CONDITIONS
 THE FOLLOWING WEATHER WAS RECORDED TODAY.
  THUNDERSTORM
  LIGHT RAIN
  FOG
  HAZE


RELATIVE HUMIDITY (PERCENT)
 HIGHEST   100           300 AM
 LOWEST     59          1100 AM
 AVERAGE    80

..........................................................


THE JACKSONVILLE CLIMATE NORMALS FOR TOMORROW
                         NORMAL    RECORD    YEAR
 MAXIMUM TEMPERATURE (F)   89        99      1912
 MINIMUM TEMPERATURE (F)   72        64      1999
                                             1972
                                             1887


SUNRISE AND SUNSET
SEPTEMBER  2 2014.....SUNRISE   704 AM EDT   SUNSET   748 PM EDT
SEPTEMBER  3 2014.....SUNRISE   704 AM EDT   SUNSET   747 PM EDT


-  INDICATES NEGATIVE NUMBERS.
R  INDICATES RECORD WAS SET OR TIED.
MM INDICATES DATA IS MISSING.
T  INDICATES TRACE AMOUNT.




$$
