000
CDUS42 KJAX 232136
CLIJAX


CLIMATE REPORT
NATIONAL WEATHER SERVICE JACKSONVILLE FL
536 PM EDT TUE SEP 23 2014


...................................

...THE JACKSONVILLE CLIMATE SUMMARY FOR SEPTEMBER 23 2014...
VALID TODAY AS OF 0500 PM LOCAL TIME.

CLIMATE NORMAL PERIOD 1981 TO 2010
CLIMATE RECORD PERIOD 1871 TO 2014


WEATHER ITEM   OBSERVED TIME   RECORD YEAR NORMAL DEPARTURE LAST
                VALUE   (LST)  VALUE       VALUE  FROM      YEAR
                                                  NORMAL
..................................................................
TEMPERATURE (F)
 TODAY
  MAXIMUM         81    333 PM  95    1925  86     -5       83
  MINIMUM         69    831 AM  53    1897  68      1       72
  AVERAGE         75                        77     -2       78

PRECIPITATION (IN)
  TODAY            0.04          5.10 1947   0.26  -0.22      T
  MONTH TO DATE    6.74                      6.44   0.30     1.88
  SINCE SEP 1      6.74                      6.44   0.30     1.88
  SINCE JAN 1     42.83                     41.80   1.03    38.24

SNOWFALL (IN)
  TODAY            0.0           0.0  2002   0.0    0.0      0.0
                                      2001
  MONTH TO DATE    0.0                       0.0    0.0      0.0
  SINCE SEP 1      0.0                       0.0    0.0      0.0
  SINCE JUL 1      0.0                       0.0    0.0      0.0
  SNOW DEPTH       0

DEGREE DAYS
 HEATING
  TODAY            0                         0      0        0
  MONTH TO DATE    0                         0      0        0
  SINCE SEP 1      0                         0      0        0
  SINCE JUL 1      0                         0      0        0

 COOLING
  TODAY           10                        12     -2       13
  MONTH TO DATE  328                       321      7      345
  SINCE SEP 1    328                       321      7      345
  SINCE JAN 1   2316                      2311      5     2274
..................................................................


WIND (MPH)
  HIGHEST WIND SPEED    22   HIGHEST WIND DIRECTION    NE (30)
  HIGHEST GUST SPEED    27   HIGHEST GUST DIRECTION     N (10)
  AVERAGE WIND SPEED    10.1


SKY COVER
  POSSIBLE SUNSHINE  MM
  AVERAGE SKY COVER 0.8


WEATHER CONDITIONS
 THE FOLLOWING WEATHER WAS RECORDED TODAY.
  LIGHT RAIN
  FOG


RELATIVE HUMIDITY (PERCENT)
 HIGHEST   100           200 AM
 LOWEST     74           200 PM
 AVERAGE    87

..........................................................


THE JACKSONVILLE CLIMATE NORMALS FOR TOMORROW
                         NORMAL    RECORD    YEAR
 MAXIMUM TEMPERATURE (F)   85        94      1925
 MINIMUM TEMPERATURE (F)   68        53      1990


SUNRISE AND SUNSET
SEPTEMBER 23 2014.....SUNRISE   716 AM EDT   SUNSET   722 PM EDT
SEPTEMBER 24 2014.....SUNRISE   716 AM EDT   SUNSET   721 PM EDT


-  INDICATES NEGATIVE NUMBERS.
R  INDICATES RECORD WAS SET OR TIED.
MM INDICATES DATA IS MISSING.
T  INDICATES TRACE AMOUNT.




$$
