000
CDUS42 KJAX 220535
CLIJAX


CLIMATE REPORT
NATIONAL WEATHER SERVICE JACKSONVILLE FL
1233 AM EST WED FEB 22 2017


...................................

...THE JACKSONVILLE CLIMATE SUMMARY FOR FEBRUARY 21 2017...

CLIMATE NORMAL PERIOD 1981 TO 2010
CLIMATE RECORD PERIOD 1871 TO 2017


WEATHER ITEM   OBSERVED TIME   RECORD YEAR NORMAL DEPARTURE LAST
                VALUE   (LST)  VALUE       VALUE  FROM      YEAR
                                                  NORMAL
..................................................................
TEMPERATURE (F)
 YESTERDAY
  MAXIMUM         77    144 PM  85    1997  69      8       77
                                      1991
                                      1953
  MINIMUM         53    720 AM  25    1958  46      7       53
  AVERAGE         65                        58      7       65

PRECIPITATION (IN)
  YESTERDAY        0.00          1.77 1904   0.12  -0.12     0.00
  MONTH TO DATE    0.48                      2.33  -1.85     3.93
  SINCE DEC 1      6.82                      8.43  -1.61     7.32
  SINCE JAN 1      4.53                      5.63  -1.10     6.76

SNOWFALL (IN)
  YESTERDAY        0.0           0.0  2002   0.0    0.0      0.0
  MONTH TO DATE    0.0                       0.0    0.0      0.0
  SINCE DEC 1      0.0                       T      0.0      0.0
  SINCE JUL 1      0.0                       T      0.0      0.0
  SNOW DEPTH       0

DEGREE DAYS
 HEATING
  YESTERDAY        0                         8     -8        0
  MONTH TO DATE   95                       203   -108      220
  SINCE DEC 1    462                       906   -444      730
  SINCE JUL 1    592                      1079   -487      784

 COOLING
  YESTERDAY        0                         1     -1        0
  MONTH TO DATE   11                        16     -5       14
  SINCE DEC 1     90                        48     42      155
  SINCE JAN 1     47                        27     20       14
..................................................................


WIND (MPH)
  HIGHEST WIND SPEED    18   HIGHEST WIND DIRECTION    SE (120)
  HIGHEST GUST SPEED    24   HIGHEST GUST DIRECTION    SE (120)
  AVERAGE WIND SPEED     6.9


SKY COVER
  POSSIBLE SUNSHINE  MM
  AVERAGE SKY COVER 0.9


WEATHER CONDITIONS
 THE FOLLOWING WEATHER WAS RECORDED YESTERDAY.
  FOG
  FOG W/VISIBILITY <= 1/4 MILE


RELATIVE HUMIDITY (PERCENT)
 HIGHEST   100          1200 AM
 LOWEST     54           100 PM
 AVERAGE    77

..........................................................


THE JACKSONVILLE CLIMATE NORMALS FOR TODAY
                         NORMAL    RECORD    YEAR
 MAXIMUM TEMPERATURE (F)   70        85      1962
                                             1961
 MINIMUM TEMPERATURE (F)   46        29      1977
                                             1958
                                             1896


SUNRISE AND SUNSET
FEBRUARY 22 2017......SUNRISE   700 AM EST   SUNSET   621 PM EST
FEBRUARY 23 2017......SUNRISE   659 AM EST   SUNSET   621 PM EST


-  INDICATES NEGATIVE NUMBERS.
R  INDICATES RECORD WAS SET OR TIED.
MM INDICATES DATA IS MISSING.
T  INDICATES TRACE AMOUNT.




$$
