000
CDUS42 KJAX 250532
CLIJAX


CLIMATE REPORT
NATIONAL WEATHER SERVICE JACKSONVILLE FL
132 AM EDT SUN SEP 25 2016


...................................

...THE JACKSONVILLE CLIMATE SUMMARY FOR SEPTEMBER 24 2016...

CLIMATE NORMAL PERIOD 1981 TO 2010
CLIMATE RECORD PERIOD 1871 TO 2016


WEATHER ITEM   OBSERVED TIME   RECORD YEAR NORMAL DEPARTURE LAST
                VALUE   (LST)  VALUE       VALUE  FROM      YEAR
                                                  NORMAL
..................................................................
TEMPERATURE (F)
 YESTERDAY
  MAXIMUM         90    212 PM  94    1925  85      5       78
  MINIMUM         70    653 AM  53    1990  68      2       67
  AVERAGE         80                        77      3       73

PRECIPITATION (IN)
  YESTERDAY        0.00          4.46 2002   0.26  -0.26     0.00
  MONTH TO DATE    4.35                      6.70  -2.35     8.22
  SINCE SEP 1      4.35                      6.70  -2.35     8.22
  SINCE JAN 1     26.69                     42.06 -15.37    39.42

SNOWFALL (IN)
  YESTERDAY        0.0           0.0  2002   0.0    0.0      0.0
                                      2001
  MONTH TO DATE    0.0                       0.0    0.0      0.0
  SINCE SEP 1      0.0                       0.0    0.0      0.0
  SINCE JUL 1      0.0                       0.0    0.0      0.0
  SNOW DEPTH       0

DEGREE DAYS
 HEATING
  YESTERDAY        0                         0      0        0
  MONTH TO DATE    0                         0      0        0
  SINCE SEP 1      0                         0      0        0
  SINCE JUL 1      0                         0      0        0

 COOLING
  YESTERDAY       15                        12      3        8
  MONTH TO DATE  343                       333     10      330
  SINCE SEP 1    343                       333     10      330
  SINCE JAN 1   2579                      2323    256     2520
..................................................................


WIND (MPH)
  HIGHEST WIND SPEED    15   HIGHEST WIND DIRECTION     E (70)
  HIGHEST GUST SPEED    18   HIGHEST GUST DIRECTION     E (90)
  AVERAGE WIND SPEED     3.5


SKY COVER
  POSSIBLE SUNSHINE  MM
  AVERAGE SKY COVER 0.5


WEATHER CONDITIONS
 THE FOLLOWING WEATHER WAS RECORDED YESTERDAY.
  FOG


RELATIVE HUMIDITY (PERCENT)
 HIGHEST   100           100 AM
 LOWEST     52          1200 PM
 AVERAGE    76

..........................................................


THE JACKSONVILLE CLIMATE NORMALS FOR TODAY
                         NORMAL    RECORD    YEAR
 MAXIMUM TEMPERATURE (F)   85        94      1961
 MINIMUM TEMPERATURE (F)   68        51      1990


SUNRISE AND SUNSET
SEPTEMBER 25 2016.....SUNRISE   717 AM EDT   SUNSET   719 PM EDT
SEPTEMBER 26 2016.....SUNRISE   718 AM EDT   SUNSET   718 PM EDT


-  INDICATES NEGATIVE NUMBERS.
R  INDICATES RECORD WAS SET OR TIED.
MM INDICATES DATA IS MISSING.
T  INDICATES TRACE AMOUNT.




$$
