000
CDUS44 KMEG 230635
CLIJBR


CLIMATE REPORT
NATIONAL WEATHER SERVICE MEMPHIS TN
134 AM CDT WED AUG 23 2017


...................................

...THE JONESBORO CLIMATE SUMMARY FOR AUGUST 22 2017...

CLIMATE NORMAL PERIOD 1981 TO 2010
CLIMATE RECORD PERIOD 1897 TO 2017


WEATHER ITEM   OBSERVED TIME   RECORD YEAR NORMAL DEPARTURE LAST
                VALUE   (LST)  VALUE       VALUE  FROM      YEAR
                                                  NORMAL
..................................................................
TEMPERATURE (F)
 YESTERDAY
  MAXIMUM         91    222 PM 101    1980  90      1       84
                                      1921
  MINIMUM         73   1135 PM  53    1940  69      4       61
  AVERAGE         82                        79      3       73

PRECIPITATION (IN)
  YESTERDAY        0.00          2.17 1923   0.07  -0.07     0.00
  MONTH TO DATE    3.08                      1.80   1.28     4.97
  SINCE JUN 1      9.22                      9.09   0.13     8.36
  SINCE JAN 1     36.41                     30.37   6.04    40.79

DEGREE DAYS
 HEATING
  YESTERDAY        0                         0      0        0
  MONTH TO DATE    0                         0      0        0
  SINCE JUN 1      0                         1     -1        0
  SINCE JUL 1      0                         0      0        0

 COOLING
  YESTERDAY       17                        14      3        8
  MONTH TO DATE  278                       340    -62      344
  SINCE JUN 1   1208                      1214     -6     1397
  SINCE JAN 1   1442                      1427     15     1596
..................................................................


WIND (MPH)
  HIGHEST WIND SPEED    22   HIGHEST WIND DIRECTION    SW (230)
  HIGHEST GUST SPEED    29   HIGHEST GUST DIRECTION     W (260)
  AVERAGE WIND SPEED     8.1


SKY COVER
  POSSIBLE SUNSHINE  MM
  AVERAGE SKY COVER 0.1


WEATHER CONDITIONS
 THE FOLLOWING WEATHER WAS RECORDED YESTERDAY.
  NO SIGNIFICANT WEATHER WAS OBSERVED.


RELATIVE HUMIDITY (PERCENT)
 HIGHEST   100           500 AM
 LOWEST     59           100 PM
 AVERAGE    80

..........................................................


THE JONESBORO CLIMATE NORMALS FOR TODAY
                         NORMAL    RECORD    YEAR
 MAXIMUM TEMPERATURE (F)   89       101      1938
                                             1921
 MINIMUM TEMPERATURE (F)   69        55      1956


SUNRISE AND SUNSET
AUGUST 23 2017........SUNRISE   628 AM CDT   SUNSET   742 PM CDT
AUGUST 24 2017........SUNRISE   629 AM CDT   SUNSET   740 PM CDT


-  INDICATES NEGATIVE NUMBERS.
R  INDICATES RECORD WAS SET OR TIED.
MM INDICATES DATA IS MISSING.
T  INDICATES TRACE AMOUNT.




$$
