000
CDUS44 KMEG 270642
CLIJBR


CLIMATE REPORT
NATIONAL WEATHER SERVICE MEMPHIS TN
142 AM CDT TUE JUN 27 2017


...................................

...THE JONESBORO CLIMATE SUMMARY FOR JUNE 26 2017...

CLIMATE NORMAL PERIOD 1981 TO 2010
CLIMATE RECORD PERIOD 1897 TO 2017


WEATHER ITEM   OBSERVED TIME   RECORD YEAR NORMAL DEPARTURE LAST
                VALUE   (LST)  VALUE       VALUE  FROM      YEAR
                                                  NORMAL
..................................................................
TEMPERATURE (F)
 YESTERDAY
  MAXIMUM         84    455 PM 106    1901  91     -7       92
  MINIMUM         65   1159 PM  50    1974  69     -4       76
  AVERAGE         75                        80     -5       84

PRECIPITATION (IN)
  YESTERDAY        0.00          2.33 1946   0.15  -0.15     0.06
  MONTH TO DATE    2.54                      3.07  -0.53     0.54
  SINCE JUN 1      2.54                      3.07  -0.53     0.54
  SINCE JAN 1     29.73                     24.35   5.38    32.97

DEGREE DAYS
 HEATING
  YESTERDAY        0                         0      0        0
  MONTH TO DATE    0                         0      0        0
  SINCE JUN 1      0                         0      0        0
  SINCE JUL 1   2628                      3652  -1024     2983

 COOLING
  YESTERDAY       10                        15     -5       19
  MONTH TO DATE  344                       322     22      423
  SINCE JUN 1    344                       322     22      423
  SINCE JAN 1    578                       535     43      622
..................................................................


WIND (MPH)
  HIGHEST WIND SPEED    20   HIGHEST WIND DIRECTION    NE (30)
  HIGHEST GUST SPEED    28   HIGHEST GUST DIRECTION    NE (30)
  AVERAGE WIND SPEED     6.3


SKY COVER
  POSSIBLE SUNSHINE  MM
  AVERAGE SKY COVER 0.2


WEATHER CONDITIONS
 THE FOLLOWING WEATHER WAS RECORDED YESTERDAY.
  NO SIGNIFICANT WEATHER WAS OBSERVED.


RELATIVE HUMIDITY (PERCENT)
 HIGHEST    76           800 PM
 LOWEST     45           100 PM
 AVERAGE    61

..........................................................


THE JONESBORO CLIMATE NORMALS FOR TODAY
                         NORMAL    RECORD    YEAR
 MAXIMUM TEMPERATURE (F)   91       108      1901
 MINIMUM TEMPERATURE (F)   69        55      1974


SUNRISE AND SUNSET
JUNE 27 2017..........SUNRISE   549 AM CDT   SUNSET   823 PM CDT
JUNE 28 2017..........SUNRISE   549 AM CDT   SUNSET   823 PM CDT


-  INDICATES NEGATIVE NUMBERS.
R  INDICATES RECORD WAS SET OR TIED.
MM INDICATES DATA IS MISSING.
T  INDICATES TRACE AMOUNT.




$$
