000
CDUS44 KMEG 270739
CLIJBR


CLIMATE REPORT
NATIONAL WEATHER SERVICE MEMPHIS TN
139 AM CST THU NOV 27 2014


...................................

...THE JONESBORO CLIMATE SUMMARY FOR NOVEMBER 26 2014...

CLIMATE NORMAL PERIOD 1981 TO 2010
CLIMATE RECORD PERIOD 1897 TO 2014


WEATHER ITEM   OBSERVED TIME   RECORD YEAR NORMAL DEPARTURE LAST
                VALUE   (LST)  VALUE       VALUE  FROM      YEAR
                                                  NORMAL
..................................................................
TEMPERATURE (F)
 YESTERDAY
  MAXIMUM         47    410 PM  90    2003  54     -7       43
  MINIMUM         29    342 AM  18    1898  36     -7       32
  AVERAGE         38                        45     -7       38

PRECIPITATION (IN)
  YESTERDAY        T             2.10 1988   0.18  -0.18     0.03
  MONTH TO DATE    1.91                      4.15  -2.24     2.39
  SINCE SEP 1      7.70                     11.47  -3.77     8.53
  SINCE JAN 1     41.38                     42.58  -1.20    45.98

SNOWFALL (IN)
  YESTERDAY        0.0           T    1993   0.0    0.0      0.0
                                      2001
  MONTH TO DATE    0.5                       0.0    0.5       T
  SINCE SEP 1      0.5                       0.0    0.5       T
  SINCE JUL 1      0.5                       0.0    0.5       T
  SNOW DEPTH       0

DEGREE DAYS
 HEATING
  YESTERDAY       27                        20      7       27
  MONTH TO DATE  558                       380    178      451
  SINCE SEP 1    699                       567    132      620
  SINCE JUL 1    699                       567    132      620

 COOLING
  YESTERDAY        0                         0      0        0
  MONTH TO DATE    0                         1     -1        5
  SINCE SEP 1    338                       279     59      444
  SINCE JAN 1   1798                      1825    -27     2044
..................................................................


WIND (MPH)
  HIGHEST WIND SPEED    17   HIGHEST WIND DIRECTION     W (290)
  HIGHEST GUST SPEED    25   HIGHEST GUST DIRECTION     W (280)
  AVERAGE WIND SPEED     5.8


SKY COVER
  POSSIBLE SUNSHINE  MM
  AVERAGE SKY COVER 0.3


WEATHER CONDITIONS
 THE FOLLOWING WEATHER WAS RECORDED YESTERDAY.
  NO SIGNIFICANT WEATHER WAS OBSERVED.


RELATIVE HUMIDITY (PERCENT)
 HIGHEST   100           100 AM
 LOWEST     57          1000 PM
 AVERAGE    79

..........................................................


THE JONESBORO CLIMATE NORMALS FOR TODAY
                         NORMAL    RECORD    YEAR
 MAXIMUM TEMPERATURE (F)   54        79      1990
 MINIMUM TEMPERATURE (F)   36        13      1903


SUNRISE AND SUNSET
NOVEMBER 27 2014......SUNRISE   651 AM CST   SUNSET   450 PM CST
NOVEMBER 28 2014......SUNRISE   651 AM CST   SUNSET   449 PM CST


-  INDICATES NEGATIVE NUMBERS.
R  INDICATES RECORD WAS SET OR TIED.
MM INDICATES DATA IS MISSING.
T  INDICATES TRACE AMOUNT.




$$
