000
CDUS44 KMEG 280639
CLIJBR


CLIMATE REPORT
NATIONAL WEATHER SERVICE MEMPHIS TN
138 AM CDT THU MAY 28 2015


...................................

...THE JONESBORO CLIMATE SUMMARY FOR MAY 27 2015...

CLIMATE NORMAL PERIOD 1981 TO 2010
CLIMATE RECORD PERIOD 1897 TO 2015


WEATHER ITEM   OBSERVED TIME   RECORD YEAR NORMAL DEPARTURE LAST
                VALUE   (LST)  VALUE       VALUE  FROM      YEAR
                                                  NORMAL
..................................................................
TEMPERATURE (F)
 YESTERDAY
  MAXIMUM         79    348 PM 100    1911  84     -5       84
  MINIMUM         62    519 AM  41    1961  61      1       67
  AVERAGE         71                        72     -1       76

PRECIPITATION (IN)
  YESTERDAY        0.97          4.50 1973   0.12   0.85     0.47
  MONTH TO DATE    7.19                      4.24   2.95     3.97
  SINCE MAR 1     20.33                     13.76   6.57    15.96
  SINCE JAN 1     25.16                     20.91   4.25    20.67

SNOWFALL (IN)
  YESTERDAY        0.0          MM      MM   0.0    0.0      0.0
  MONTH TO DATE    0.0                       0.0    0.0      0.0
  SINCE MAR 1      7.6                       0.7    6.9      3.2
  SINCE JUL 1      9.4                       4.8    4.6      5.2
  SNOW DEPTH       0

DEGREE DAYS
 HEATING
  YESTERDAY        0                         0      0        0
  MONTH TO DATE   48                        35     13       64
  SINCE MAR 1    765                       694     71      885
  SINCE JUL 1   4013                      3650    363     4150

 COOLING
  YESTERDAY        6                         8     -2       11
  MONTH TO DATE  120                       131    -11      188
  SINCE MAR 1    148                       178    -30      209
  SINCE JAN 1    148                       178    -30      209
..................................................................


WIND (MPH)
  HIGHEST WIND SPEED    23   HIGHEST WIND DIRECTION     S (190)
  HIGHEST GUST SPEED    27   HIGHEST GUST DIRECTION     S (190)
  AVERAGE WIND SPEED     7.2


SKY COVER
  POSSIBLE SUNSHINE  MM
  AVERAGE SKY COVER 0.2


WEATHER CONDITIONS
 THE FOLLOWING WEATHER WAS RECORDED YESTERDAY.
  THUNDERSTORM
  HEAVY RAIN
  RAIN
  LIGHT RAIN
  FOG


RELATIVE HUMIDITY (PERCENT)
 HIGHEST   100          1200 AM
 LOWEST     69           300 PM
 AVERAGE    85

..........................................................


THE JONESBORO CLIMATE NORMALS FOR TODAY
                         NORMAL    RECORD    YEAR
 MAXIMUM TEMPERATURE (F)   84       101      1911
 MINIMUM TEMPERATURE (F)   62        40      1907


SUNRISE AND SUNSET
MAY 28 2015...........SUNRISE   549 AM CDT   SUNSET   811 PM CDT
MAY 29 2015...........SUNRISE   549 AM CDT   SUNSET   811 PM CDT


-  INDICATES NEGATIVE NUMBERS.
R  INDICATES RECORD WAS SET OR TIED.
MM INDICATES DATA IS MISSING.
T  INDICATES TRACE AMOUNT.




$$
