000
CDUS44 KMEG 262152
CLIJBR


CLIMATE REPORT
NATIONAL WEATHER SERVICE MEMPHIS TN
452 PM CDT WED APR 26 2017


...................................

...THE JONESBORO CLIMATE SUMMARY FOR APRIL 26 2017...
VALID TODAY AS OF 0400 PM LOCAL TIME.

CLIMATE NORMAL PERIOD 1981 TO 2010
CLIMATE RECORD PERIOD 1897 TO 2017


WEATHER ITEM   OBSERVED TIME   RECORD YEAR NORMAL DEPARTURE LAST
                VALUE   (LST)  VALUE       VALUE  FROM      YEAR
                                                  NORMAL
..................................................................
TEMPERATURE (F)
 TODAY
  MAXIMUM         77    132 PM  93    1901  74      3       83
  MINIMUM         63    345 PM  29    1919  53     10       61
  AVERAGE         70                        63      7       72

PRECIPITATION (IN)
  TODAY            0.01          2.20 1921   0.19  -0.18     0.00
  MONTH TO DATE    1.73                      4.26  -2.53     0.89
  SINCE MAR 1      8.00                      8.76  -0.76    14.11
  SINCE JAN 1     13.61                     15.91  -2.30    18.04

DEGREE DAYS
 HEATING
  TODAY            0                         4     -4        0
  MONTH TO DATE   87                       184    -97      115
  SINCE MAR 1    451                       648   -197      461
  SINCE JUL 1   2584                      3604  -1020     2950

 COOLING
  TODAY            5                         2      3        7
  MONTH TO DATE   55                        33     22       30
  SINCE MAR 1     61                        39     22       34
  SINCE JAN 1     65                        39     26       34
..................................................................


WIND (MPH)
  HIGHEST WIND SPEED    26   HIGHEST WIND DIRECTION     S (170)
  HIGHEST GUST SPEED    33   HIGHEST GUST DIRECTION     S (180)
  AVERAGE WIND SPEED    14.5


SKY COVER
  POSSIBLE SUNSHINE  MM
  AVERAGE SKY COVER 0.8


WEATHER CONDITIONS
 THE FOLLOWING WEATHER WAS RECORDED TODAY.
  THUNDERSTORM
  LIGHT RAIN


RELATIVE HUMIDITY (PERCENT)
 HIGHEST    81           600 AM
 LOWEST     68          1200 AM
 AVERAGE    75

..........................................................


THE JONESBORO CLIMATE NORMALS FOR TOMORROW
                         NORMAL    RECORD    YEAR
 MAXIMUM TEMPERATURE (F)   74        92      1987
 MINIMUM TEMPERATURE (F)   53        35      1919


SUNRISE AND SUNSET
APRIL 26 2017.........SUNRISE   616 AM CDT   SUNSET   746 PM CDT
APRIL 27 2017.........SUNRISE   614 AM CDT   SUNSET   746 PM CDT


-  INDICATES NEGATIVE NUMBERS.
R  INDICATES RECORD WAS SET OR TIED.
MM INDICATES DATA IS MISSING.
T  INDICATES TRACE AMOUNT.




$$
