000
CDUS44 KMEG 180638
CLIJBR


CLIMATE REPORT
NATIONAL WEATHER SERVICE MEMPHIS TN
137 AM CDT FRI APR 18 2014


...................................

...THE JONESBORO CLIMATE SUMMARY FOR APRIL 17 2014...

CLIMATE NORMAL PERIOD 1981 TO 2010
CLIMATE RECORD PERIOD 1897 TO 2014


WEATHER ITEM   OBSERVED TIME   RECORD YEAR NORMAL DEPARTURE LAST
                VALUE   (LST)  VALUE       VALUE  FROM      YEAR
                                                  NORMAL
..................................................................
TEMPERATURE (F)
 YESTERDAY
  MAXIMUM         67    517 PM  91    2006  71     -4       86
  MINIMUM         36    535 AM  32    1951  50    -14       68
  AVERAGE         52                        60     -8       77

PRECIPITATION (IN)
  YESTERDAY        0.00          2.05 1990   0.17  -0.17     0.00
  MONTH TO DATE    3.83                      2.67   1.16     1.45
  SINCE MAR 1      8.84                      7.17   1.67     3.54
  SINCE JAN 1     13.55                     14.32  -0.77    13.33

SNOWFALL (IN)
  YESTERDAY        0.0          MM      MM   0.0    0.0      0.0
  MONTH TO DATE    0.0                       0.0    0.0      0.0
  SINCE MAR 1      3.2                       0.7    2.5      4.0
  SINCE JUL 1      5.2                       4.8    0.4     11.0
  SNOW DEPTH       0

DEGREE DAYS
 HEATING
  YESTERDAY       13                         6      7        0
  MONTH TO DATE  164                       141     23      137
  SINCE MAR 1    795                       605    190      752
  SINCE JUL 1   4060                      3561    499     3380

 COOLING
  YESTERDAY        0                         1     -1       12
  MONTH TO DATE   13                        17     -4       46
  SINCE MAR 1     13                        23    -10       46
  SINCE JAN 1     13                        23    -10       46
..................................................................


WIND (MPH)
  HIGHEST WIND SPEED    14   HIGHEST WIND DIRECTION     S (160)
  HIGHEST GUST SPEED    21   HIGHEST GUST DIRECTION    SE (140)
  AVERAGE WIND SPEED     3.5


SKY COVER
  POSSIBLE SUNSHINE  MM
  AVERAGE SKY COVER 0.0


WEATHER CONDITIONS
 THE FOLLOWING WEATHER WAS RECORDED YESTERDAY.
  NO SIGNIFICANT WEATHER WAS OBSERVED.


RELATIVE HUMIDITY (PERCENT)
 HIGHEST    92           200 AM
 LOWEST     34           500 PM
 AVERAGE    63

..........................................................


THE JONESBORO CLIMATE NORMALS FOR TODAY
                         NORMAL    RECORD    YEAR
 MAXIMUM TEMPERATURE (F)   71        94      2006
 MINIMUM TEMPERATURE (F)   50        32      1921


SUNRISE AND SUNSET
APRIL 18 2014.........SUNRISE   626 AM CDT   SUNSET   739 PM CDT
APRIL 19 2014.........SUNRISE   625 AM CDT   SUNSET   739 PM CDT


-  INDICATES NEGATIVE NUMBERS.
R  INDICATES RECORD WAS SET OR TIED.
MM INDICATES DATA IS MISSING.
T  INDICATES TRACE AMOUNT.




$$
