000
CDUS44 KMEG 160825
CLIJBR


CLIMATE REPORT
NATIONAL WEATHER SERVICE MEMPHIS TN
225 AM CST SAT DEC 16 2017


...................................

...THE JONESBORO CLIMATE SUMMARY FOR DECEMBER 15 2017...

CLIMATE NORMAL PERIOD 1981 TO 2010
CLIMATE RECORD PERIOD 1897 TO 2017


WEATHER ITEM   OBSERVED TIME   RECORD YEAR NORMAL DEPARTURE LAST
                VALUE   (LST)  VALUE       VALUE  FROM      YEAR
                                                  NORMAL
..................................................................
TEMPERATURE (F)
 YESTERDAY
  MAXIMUM         50    314 PM  72    1933  48      2       32
                                      1908
  MINIMUM         27    244 AM  -2    1914  31     -4       25
  AVERAGE         39                        39      0       29

PRECIPITATION (IN)
  YESTERDAY        0.00          2.15 1902   0.13  -0.13     0.00
  MONTH TO DATE    0.23                      2.52  -2.29     1.07
  SINCE DEC 1      0.23                      2.52  -2.29     1.07
  SINCE JAN 1     42.28                     45.85  -3.57    49.17

DEGREE DAYS
 HEATING
  YESTERDAY       26                        26      0       36
  MONTH TO DATE  315                       361    -46      383
  SINCE DEC 1    315                       361    -46      383
  SINCE JUL 1    859                      1011   -152      732

 COOLING
  YESTERDAY        0                         0      0        0
  MONTH TO DATE    0                         0      0        0
  SINCE DEC 1      0                         0      0        0
  SINCE JAN 1   1958                      1827    131     2285
..................................................................


WIND (MPH)
  HIGHEST WIND SPEED    16   HIGHEST WIND DIRECTION    SW (210)
  HIGHEST GUST SPEED    20   HIGHEST GUST DIRECTION    SW (230)
  AVERAGE WIND SPEED     7.4


SKY COVER
  POSSIBLE SUNSHINE  MM
  AVERAGE SKY COVER 0.3


WEATHER CONDITIONS
 THE FOLLOWING WEATHER WAS RECORDED YESTERDAY.
  NO SIGNIFICANT WEATHER WAS OBSERVED.


RELATIVE HUMIDITY (PERCENT)
 HIGHEST    92           400 AM
 LOWEST     46           300 PM
 AVERAGE    69

..........................................................


THE JONESBORO CLIMATE NORMALS FOR TODAY
                         NORMAL    RECORD    YEAR
 MAXIMUM TEMPERATURE (F)   48        75      1924
 MINIMUM TEMPERATURE (F)   31         0      1989


SUNRISE AND SUNSET
DECEMBER 16 2017......SUNRISE   706 AM CST   SUNSET   451 PM CST
DECEMBER 17 2017......SUNRISE   707 AM CST   SUNSET   451 PM CST


-  INDICATES NEGATIVE NUMBERS.
R  INDICATES RECORD WAS SET OR TIED.
MM INDICATES DATA IS MISSING.
T  INDICATES TRACE AMOUNT.




$$
