000
CDUS45 KGGW 200122
CLIJDN


CLIMATE REPORT
NATIONAL WEATHER SERVICE GLASGOW MT
621 PM MST FRI JAN 19 2018


...................................

...THE JORDAN  ASOS MT CLIMATE SUMMARY FOR JANUARY 19 2018...
VALID TODAY AS OF 0500 PM LOCAL TIME.

CLIMATE NORMAL PERIOD 1981 TO 2010
CLIMATE RECORD PERIOD 9999 TO 9999


WEATHER ITEM   OBSERVED TIME   RECORD YEAR NORMAL DEPARTURE LAST
                VALUE   (LST)  VALUE       VALUE  FROM      YEAR
                                                  NORMAL
..................................................................
TEMPERATURE (F)
 TODAY
  MAXIMUM         39    300 AM  MM      MM  29     10       46
  MINIMUM         34        MM  MM      MM   6     28       14
  AVERAGE         37                        17     20       30

PRECIPITATION (IN)
  TODAY            0.01         MM      MM   0.01   0.00     0.00
  MONTH TO DATE    0.50                      0.16   0.34     0.53
  SINCE OCT 1      2.44                      1.70   0.74     3.74
  SINCE JAN 1      0.50                      0.16   0.34     0.53

SNOWFALL (IN)
  TODAY           MM            MM      MM  MM     MM        0.0
  MONTH TO DATE    0.0                      MM     MM        0.0
  SINCE DEC 1      0.0                      MM     MM        0.0
  SINCE JUL 1      0.0                      MM     MM        0.0
  SNOW DEPTH       0

DEGREE DAYS
 HEATING
  TODAY           28                        48    -20       35
  MONTH TO DATE 1029                       919    110     1100
  SINCE DEC 1   2428                      2351     77     2698
  SINCE JUL 1   4349                      4369    -20     4261

 COOLING
  TODAY            0                         0      0        0
  MONTH TO DATE    0                         0      0        0
  SINCE DEC 1      0                         0      0        0
  SINCE JAN 1      0                         0      0        0
..................................................................


WIND (MPH)
  HIGHEST WIND SPEED    13   HIGHEST WIND DIRECTION    SW (240)
  HIGHEST GUST SPEED    MM   HIGHEST GUST DIRECTION    MM
  AVERAGE WIND SPEED     8.1


SKY COVER
  POSSIBLE SUNSHINE  MM
  AVERAGE SKY COVER 0.0


WEATHER CONDITIONS
 THE FOLLOWING WEATHER WAS RECORDED TODAY.
  NO SIGNIFICANT WEATHER WAS OBSERVED.


RELATIVE HUMIDITY (PERCENT)
 HIGHEST    92           300 PM
 LOWEST     76           300 AM
 AVERAGE    84

..........................................................


THE JORDAN  ASOS MT CLIMATE NORMALS FOR TOMORROW
                         NORMAL    RECORD    YEAR
 MAXIMUM TEMPERATURE (F)   29        MM        MM
 MINIMUM TEMPERATURE (F)    6        MM        MM


SUNRISE AND SUNSET
JANUARY 19 2018.......SUNRISE   747 AM MST   SUNSET   450 PM MST
JANUARY 20 2018.......SUNRISE   746 AM MST   SUNSET   451 PM MST


-  INDICATES NEGATIVE NUMBERS.
R  INDICATES RECORD WAS SET OR TIED.
MM INDICATES DATA IS MISSING.
T  INDICATES TRACE AMOUNT.




$$
