000
CDUS45 KGGW 270740
CLIJDN


CLIMATE REPORT
NATIONAL WEATHER SERVICE GLASGOW MT
140 AM MDT THU JUL 27 2017


...................................

...THE JORDAN  ASOS MT CLIMATE SUMMARY FOR JULY 26 2017...

CLIMATE NORMAL PERIOD 1981 TO 2010
CLIMATE RECORD PERIOD 9999 TO 9999


WEATHER ITEM   OBSERVED TIME   RECORD YEAR NORMAL DEPARTURE LAST
                VALUE   (LST)  VALUE       VALUE  FROM      YEAR
                                                  NORMAL
..................................................................
TEMPERATURE (F)
 YESTERDAY
  MAXIMUM         95    504 PM  MM      MM  87      8       90
  MINIMUM         50    502 AM  MM      MM  56     -6       61
  AVERAGE         73                        71      2       76

PRECIPITATION (IN)
  YESTERDAY        0.00         MM      MM   0.04  -0.04     0.27
  MONTH TO DATE    0.28                      1.66  -1.38     1.68
  SINCE OCT 1      6.77                     10.06  -3.29    12.60
  SINCE JAN 1      3.56                      8.52  -4.96     8.91

SNOWFALL (IN)
  YESTERDAY        0.0          MM      MM  MM     MM        0.0
  MONTH TO DATE    0.0                      MM     MM        0.0
  SINCE JUN 1      0.0                      MM     MM        0.0
  SINCE JUL 1      0.0                      MM     MM        0.0
  SNOW DEPTH       0

DEGREE DAYS
 HEATING
  YESTERDAY        0                         1     -1        0
  MONTH TO DATE    0                        27    -27       13
  SINCE JUN 1     62                       152    -90       49
  SINCE JUL 1      0                        27    -27       13

 COOLING
  YESTERDAY        8                         7      1       11
  MONTH TO DATE  315                       143    172      159
  SINCE JUN 1    388                       191    197      237
  SINCE JAN 1    402                       197    205      240
..................................................................


WIND (MPH)
  HIGHEST WIND SPEED    15   HIGHEST WIND DIRECTION    SE (150)
  HIGHEST GUST SPEED    23   HIGHEST GUST DIRECTION    SE (130)
  AVERAGE WIND SPEED     4.8


SKY COVER
  POSSIBLE SUNSHINE  MM
  AVERAGE SKY COVER 0.0


WEATHER CONDITIONS
 THE FOLLOWING WEATHER WAS RECORDED YESTERDAY.
  NO SIGNIFICANT WEATHER WAS OBSERVED.


RELATIVE HUMIDITY (PERCENT)
 HIGHEST    61           500 AM
 LOWEST     15           500 PM
 AVERAGE    38

..........................................................


THE JORDAN  ASOS MT CLIMATE NORMALS FOR TODAY
                         NORMAL    RECORD    YEAR
 MAXIMUM TEMPERATURE (F)   87        MM        MM
 MINIMUM TEMPERATURE (F)   56        MM        MM


SUNRISE AND SUNSET
JULY 27 2017..........SUNRISE   540 AM MDT   SUNSET   847 PM MDT
JULY 28 2017..........SUNRISE   541 AM MDT   SUNSET   846 PM MDT


-  INDICATES NEGATIVE NUMBERS.
R  INDICATES RECORD WAS SET OR TIED.
MM INDICATES DATA IS MISSING.
T  INDICATES TRACE AMOUNT.




$$
