000
CDUS45 KBOI 260931
CLIJER


CLIMATE REPORT
NATIONAL WEATHER SERVICE BOISE ID
331 AM MDT MON JUN 26 2017


...................................

...THE JEROME ID CLIMATE SUMMARY FOR JUNE 25 2017...

CLIMATE NORMAL PERIOD 1981 TO 2010
CLIMATE RECORD PERIOD 1915 TO 2017


WEATHER ITEM   OBSERVED TIME   RECORD YEAR NORMAL DEPARTURE LAST
                VALUE   (LST)  VALUE       VALUE  FROM      YEAR
                                                  NORMAL
..................................................................
TEMPERATURE (F)
 YESTERDAY
  MAXIMUM         93    343 PM 100    1926  81     12       77
  MINIMUM         55    450 AM  31    1950  52      3       44
  AVERAGE         74                        66      8       61

PRECIPITATION (IN)
  YESTERDAY        0.00          0.26 1998   0.01  -0.01     0.00
  MONTH TO DATE    0.36                      0.74  -0.38     0.10
  SINCE OCT 1     11.25                      9.86   1.39     9.94
  SINCE JAN 1      6.73                      6.34   0.39     5.35

DEGREE DAYS
 HEATING
  YESTERDAY        0                         2     -2        4
  MONTH TO DATE   63                       100    -37       42
  SINCE JUN 1     63                       100    -37       42
  SINCE JUL 1   5973                      6627   -654     5908

 COOLING
  YESTERDAY        9                         3      6        0
  MONTH TO DATE   85                        47     38      110
  SINCE JUN 1     85                        47     38      110
  SINCE JAN 1    101                        60     41      114
..................................................................


WIND (MPH)
  HIGHEST WIND SPEED    15   HIGHEST WIND DIRECTION     E (80)
  HIGHEST GUST SPEED    18   HIGHEST GUST DIRECTION     E (70)
  AVERAGE WIND SPEED     8.3


SKY COVER
  AVERAGE SKY COVER 0.0


WEATHER CONDITIONS
 THE FOLLOWING WEATHER WAS RECORDED YESTERDAY.
  NO SIGNIFICANT WEATHER WAS OBSERVED.


RELATIVE HUMIDITY (PERCENT)
 HIGHEST    55           200 AM
 LOWEST     10           300 PM
 AVERAGE    33

..........................................................


THE JEROME ID CLIMATE NORMALS FOR TODAY
                         NORMAL    RECORD    YEAR
 MAXIMUM TEMPERATURE (F)   81       105      1926
 MINIMUM TEMPERATURE (F)   52        35      1976


SUNRISE AND SUNSET
JUNE 26 2017..........SUNRISE   601 AM MDT   SUNSET   920 PM MDT
JUNE 27 2017..........SUNRISE   602 AM MDT   SUNSET   920 PM MDT


-  INDICATES NEGATIVE NUMBERS.
R  INDICATES RECORD WAS SET OR TIED.
MM INDICATES DATA IS MISSING.
T  INDICATES TRACE AMOUNT.




$$
