000
CDUS45 KBOI 220932
CLIJER


CLIMATE REPORT
NATIONAL WEATHER SERVICE BOISE ID
331 AM MDT WED MAR 22 2017


...................................

...THE JEROME ID CLIMATE SUMMARY FOR MARCH 21 2017...

CLIMATE NORMAL PERIOD 1981 TO 2010
CLIMATE RECORD PERIOD 1915 TO 2017


WEATHER ITEM   OBSERVED TIME   RECORD YEAR NORMAL DEPARTURE LAST
                VALUE   (LST)  VALUE       VALUE  FROM      YEAR
                                                  NORMAL
..................................................................
TEMPERATURE (F)
 YESTERDAY
  MAXIMUM         69    305 PM  79    1928  52     17       50
  MINIMUM         45   1159 PM  15    1955  32     13       39
  AVERAGE         57                        42     15       45

PRECIPITATION (IN)
  YESTERDAY        0.21          1.01 1973   0.03   0.18     0.10
  MONTH TO DATE    0.62                      0.63  -0.01     1.34
  SINCE OCT 1      7.80                      6.09   1.71     7.34
  SINCE JAN 1      3.28                      2.57   0.71     2.75

DEGREE DAYS
 HEATING
  YESTERDAY        8                        23    -15       20
  MONTH TO DATE  427                       549   -122      435
  SINCE MAR 1    427                       549   -122      435
  SINCE JUL 1   4850                      5436   -586     4974

 COOLING
  YESTERDAY        0                         0      0        0
  MONTH TO DATE    0                         0      0        0
  SINCE MAR 1      0                         0      0        0
  SINCE JAN 1      0                         0      0        0
..................................................................


WIND (MPH)
  HIGHEST WIND SPEED    26   HIGHEST WIND DIRECTION    NE (50)
  HIGHEST GUST SPEED    33   HIGHEST GUST DIRECTION    NE (50)
  AVERAGE WIND SPEED    14.2


SKY COVER
  AVERAGE SKY COVER 0.3


WEATHER CONDITIONS
 THE FOLLOWING WEATHER WAS RECORDED YESTERDAY.
  RAIN
  LIGHT RAIN
  FOG


RELATIVE HUMIDITY (PERCENT)
 HIGHEST   100           900 PM
 LOWEST     32           400 PM
 AVERAGE    66

..........................................................


THE JEROME ID CLIMATE NORMALS FOR TODAY
                         NORMAL    RECORD    YEAR
 MAXIMUM TEMPERATURE (F)   52        80      2004
 MINIMUM TEMPERATURE (F)   32        11      1938


SUNRISE AND SUNSET
MARCH 22 2017.........SUNRISE   737 AM MDT   SUNSET   753 PM MDT
MARCH 23 2017.........SUNRISE   735 AM MDT   SUNSET   754 PM MDT


-  INDICATES NEGATIVE NUMBERS.
R  INDICATES RECORD WAS SET OR TIED.
MM INDICATES DATA IS MISSING.
T  INDICATES TRACE AMOUNT.




$$
