000
CDUS45 KBOI 200931
CLIJER


CLIMATE REPORT
NATIONAL WEATHER SERVICE BOISE ID
331 AM MDT MON OCT 20 2014


...................................

...THE JEROME ID CLIMATE SUMMARY FOR OCTOBER 19 2014...

CLIMATE NORMAL PERIOD 1981 TO 2010
CLIMATE RECORD PERIOD 1919 TO 2014


WEATHER ITEM   OBSERVED TIME   RECORD YEAR NORMAL DEPARTURE LAST
                VALUE   (LST)  VALUE       VALUE  FROM      YEAR
                                                  NORMAL
..................................................................
TEMPERATURE (F)
 YESTERDAY
  MAXIMUM         78    342 PM  88    2003  59     19       63
  MINIMUM         39    600 AM  21    1949  37      2       31
  AVERAGE         59                        48     11       47

PRECIPITATION (IN)
  YESTERDAY        0.00          0.42 1979   0.03  -0.03     0.00
  MONTH TO DATE    0.02                      0.46  -0.44     0.02
  SINCE OCT 1      0.02                      0.46  -0.44     0.02
  SINCE JAN 1      9.09                      7.75   1.34     3.04

DEGREE DAYS
 HEATING
  YESTERDAY        6                        17    -11       18
  MONTH TO DATE  170                       262    -92      360
  SINCE SEP 1    278                       432   -154      498
  SINCE JUL 1    305                       465   -160      498

 COOLING
  YESTERDAY        0                         0      0        0
  MONTH TO DATE    0                         0      0        0
  SINCE SEP 1     60                        44     16       86
  SINCE JAN 1    652                       509    143      904
..................................................................


WIND (MPH)
  HIGHEST WIND SPEED    22   HIGHEST WIND DIRECTION    NE (60)
  HIGHEST GUST SPEED    28   HIGHEST GUST DIRECTION    NE (50)
  AVERAGE WIND SPEED    13.0


SKY COVER
  AVERAGE SKY COVER 0.0


WEATHER CONDITIONS
 THE FOLLOWING WEATHER WAS RECORDED YESTERDAY.
  NO SIGNIFICANT WEATHER WAS OBSERVED.


RELATIVE HUMIDITY (PERCENT)
 HIGHEST    64           600 AM
 LOWEST     15           400 PM
 AVERAGE    40

..........................................................


THE JEROME ID CLIMATE NORMALS FOR TODAY
                         NORMAL    RECORD    YEAR
 MAXIMUM TEMPERATURE (F)   59        85      2003
 MINIMUM TEMPERATURE (F)   36        20      1949


SUNRISE AND SUNSET
OCTOBER 20 2014.......SUNRISE   757 AM MDT   SUNSET   647 PM MDT
OCTOBER 21 2014.......SUNRISE   758 AM MDT   SUNSET   646 PM MDT


-  INDICATES NEGATIVE NUMBERS.
R  INDICATES RECORD WAS SET OR TIED.
MM INDICATES DATA IS MISSING.
T  INDICATES TRACE AMOUNT.




$$
