000
CDUS45 KBOI 310931
CLIJER


CLIMATE REPORT
NATIONAL WEATHER SERVICE BOISE ID
231 AM MST SAT JAN 31 2015


...................................

...THE JEROME ID CLIMATE SUMMARY FOR JANUARY 30 2015...

CLIMATE NORMAL PERIOD 1981 TO 2010
CLIMATE RECORD PERIOD 1919 TO 2015


WEATHER ITEM   OBSERVED TIME   RECORD YEAR NORMAL DEPARTURE LAST
                VALUE   (LST)  VALUE       VALUE  FROM      YEAR
                                                  NORMAL
..................................................................
TEMPERATURE (F)
 YESTERDAY
  MAXIMUM         37    538 PM  55    1992  35      2       39
  MINIMUM         30   1159 PM  -8    1979  20     10       29
  AVERAGE         34                        27      7       34

PRECIPITATION (IN)
  YESTERDAY        0.00          0.22 1988   0.03  -0.03     0.00
  MONTH TO DATE    1.19                      1.04   0.15     0.74
  SINCE OCT 1      4.09                      4.56  -0.47     1.34
  SINCE JAN 1      1.19                      1.04   0.15     0.74

DEGREE DAYS
 HEATING
  YESTERDAY       31                        38     -7       31
  MONTH TO DATE 1059                      1158    -99     1029
  SINCE DEC 1   2008                      2337   -329     2330
  SINCE JUL 1   3344                      3888   -544     3813

 COOLING
  YESTERDAY        0                         0      0        0
  MONTH TO DATE    0                         0      0        0
  SINCE DEC 1      0                         0      0        0
  SINCE JAN 1      0                         0      0        0
..................................................................


WIND (MPH)
  HIGHEST WIND SPEED    10   HIGHEST WIND DIRECTION     W (260)
  HIGHEST GUST SPEED    13   HIGHEST GUST DIRECTION     W (250)
  AVERAGE WIND SPEED     4.5


SKY COVER
  AVERAGE SKY COVER 0.5


WEATHER CONDITIONS
 THE FOLLOWING WEATHER WAS RECORDED YESTERDAY.
  FOG
  FOG W/VISIBILITY <= 1/4 MILE


RELATIVE HUMIDITY (PERCENT)
 HIGHEST    96           100 PM
 LOWEST     82          1200 AM
 AVERAGE    89

..........................................................


THE JEROME ID CLIMATE NORMALS FOR TODAY
                         NORMAL    RECORD    YEAR
 MAXIMUM TEMPERATURE (F)   35        57      1971
 MINIMUM TEMPERATURE (F)   20       -17      1985


SUNRISE AND SUNSET
JANUARY 31 2015.......SUNRISE   753 AM MST   SUNSET   550 PM MST
FEBRUARY  1 2015......SUNRISE   752 AM MST   SUNSET   551 PM MST


-  INDICATES NEGATIVE NUMBERS.
R  INDICATES RECORD WAS SET OR TIED.
MM INDICATES DATA IS MISSING.
T  INDICATES TRACE AMOUNT.




$$
