000
CDUS45 KBOI 210932
CLIJER


CLIMATE REPORT
NATIONAL WEATHER SERVICE BOISE ID
332 AM MDT MON APR 21 2014


...................................

...THE JEROME ID CLIMATE SUMMARY FOR APRIL 20 2014...

CLIMATE NORMAL PERIOD 1981 TO 2010
CLIMATE RECORD PERIOD 1919 TO 2014


WEATHER ITEM   OBSERVED TIME   RECORD YEAR NORMAL DEPARTURE LAST
                VALUE   (LST)  VALUE       VALUE  FROM      YEAR
                                                  NORMAL
..................................................................
TEMPERATURE (F)
 YESTERDAY
  MAXIMUM         62    316 PM  89    1962  59      3       57
  MINIMUM         41    630 AM  20    1966  36      5       38
  AVERAGE         52                        48      4       48

PRECIPITATION (IN)
  YESTERDAY        0.00          0.91 2005   0.05  -0.05     0.00
  MONTH TO DATE    0.18                      0.88  -0.70     0.70
  SINCE OCT 1      4.43                      7.42  -2.99     5.50
  SINCE JAN 1      3.83                      3.90  -0.07     2.20

DEGREE DAYS
 HEATING
  YESTERDAY       13                        17     -4       17
  MONTH TO DATE  333                       386    -53      418
  SINCE MAR 1   1033                      1155   -122     1141
  SINCE JUL 1   5701                      6042   -341     5766

 COOLING
  YESTERDAY        0                         0      0        0
  MONTH TO DATE    0                         0      0        0
  SINCE MAR 1      0                         0      0        0
  SINCE JAN 1      0                         0      0        0
..................................................................


WIND (MPH)
  HIGHEST WIND SPEED    25   HIGHEST WIND DIRECTION     W (250)
  HIGHEST GUST SPEED    33   HIGHEST GUST DIRECTION     W (250)
  AVERAGE WIND SPEED    17.0


SKY COVER
  AVERAGE SKY COVER 0.0


WEATHER CONDITIONS
 THE FOLLOWING WEATHER WAS RECORDED YESTERDAY.
  NO SIGNIFICANT WEATHER WAS OBSERVED.


RELATIVE HUMIDITY (PERCENT)
 HIGHEST    62           600 AM
 LOWEST     15           300 PM
 AVERAGE    39

..........................................................


THE JEROME ID CLIMATE NORMALS FOR TODAY
                         NORMAL    RECORD    YEAR
 MAXIMUM TEMPERATURE (F)   60        89      1994
 MINIMUM TEMPERATURE (F)   36        18      2008


SUNRISE AND SUNSET
APRIL 21 2014.........SUNRISE   647 AM MDT   SUNSET   827 PM MDT
APRIL 22 2014.........SUNRISE   645 AM MDT   SUNSET   828 PM MDT


-  INDICATES NEGATIVE NUMBERS.
R  INDICATES RECORD WAS SET OR TIED.
MM INDICATES DATA IS MISSING.
T  INDICATES TRACE AMOUNT.




$$
