000
CDUS45 KBOI 200931
CLIJER


CLIMATE REPORT
NATIONAL WEATHER SERVICE BOISE ID
231 AM MST SAT JAN 20 2018


...................................

...THE JEROME ID CLIMATE SUMMARY FOR JANUARY 19 2018...

CLIMATE NORMAL PERIOD 1981 TO 2010
CLIMATE RECORD PERIOD 1915 TO 2018


WEATHER ITEM   OBSERVED TIME   RECORD YEAR NORMAL DEPARTURE LAST
                VALUE   (LST)  VALUE       VALUE  FROM      YEAR
                                                  NORMAL
..................................................................
TEMPERATURE (F)
 YESTERDAY
  MAXIMUM         38    449 PM  54    1981  33      5       38
  MINIMUM         29   1159 PM -23    1922  20      9       26
  AVERAGE         34                        26      8       32

PRECIPITATION (IN)
  YESTERDAY        0.26          0.63 1996   0.03   0.23     0.15
  MONTH TO DATE    1.04                      0.79   0.25     1.06
  SINCE OCT 1      3.59                      4.31  -0.72     5.58
  SINCE JAN 1      1.04                      0.79   0.25     1.06

DEGREE DAYS
 HEATING
  YESTERDAY       31                        38     -7       33
  MONTH TO DATE  545                       740   -195      772
  SINCE DEC 1   1708                      1919   -211     2061
  SINCE JUL 1   3164                      3470   -306     3287

 COOLING
  YESTERDAY        0                         0      0        0
  MONTH TO DATE    0                         0      0        0
  SINCE DEC 1      0                         0      0        0
  SINCE JAN 1      0                         0      0        0
..................................................................


WIND (MPH)
  HIGHEST WIND SPEED    24   HIGHEST WIND DIRECTION    SW (240)
  HIGHEST GUST SPEED    29   HIGHEST GUST DIRECTION    SW (240)
  AVERAGE WIND SPEED    11.8


SKY COVER
  AVERAGE SKY COVER 0.7


WEATHER CONDITIONS
 THE FOLLOWING WEATHER WAS RECORDED YESTERDAY.
  LIGHT RAIN
  LIGHT SNOW
  FOG
  FOG W/VISIBILITY <= 1/4 MILE


RELATIVE HUMIDITY (PERCENT)
 HIGHEST   100           300 AM
 LOWEST     64           400 PM
 AVERAGE    82

..........................................................


THE JEROME ID CLIMATE NORMALS FOR TODAY
                         NORMAL    RECORD    YEAR
 MAXIMUM TEMPERATURE (F)   33        55      1953
 MINIMUM TEMPERATURE (F)   20       -16      1922


SUNRISE AND SUNSET
JANUARY 20 2018.......SUNRISE   802 AM MST   SUNSET   536 PM MST
JANUARY 21 2018.......SUNRISE   802 AM MST   SUNSET   537 PM MST


-  INDICATES NEGATIVE NUMBERS.
R  INDICATES RECORD WAS SET OR TIED.
MM INDICATES DATA IS MISSING.
T  INDICATES TRACE AMOUNT.




$$
