000
CDUS45 KBOI 010931
CLIJER


CLIMATE REPORT
NATIONAL WEATHER SERVICE BOISE ID
330 AM MDT FRI AUG 1 2014


...................................

...THE JEROME ID CLIMATE SUMMARY FOR JULY 31 2014...

CLIMATE NORMAL PERIOD 1981 TO 2010
CLIMATE RECORD PERIOD 1919 TO 2014


WEATHER ITEM   OBSERVED TIME   RECORD YEAR NORMAL DEPARTURE LAST
                VALUE   (LST)  VALUE       VALUE  FROM      YEAR
                                                  NORMAL
..................................................................
TEMPERATURE (F)
 YESTERDAY
  MAXIMUM         91    252 PM 104    2003  88      3       97
  MINIMUM         60    554 AM  44    1995  57      3       64
  AVERAGE         76                        73      3       81

PRECIPITATION (IN)
  YESTERDAY        0.00          0.52 1985   0.01  -0.01      T
  MONTH TO DATE    0.02                      0.23  -0.21      T
  SINCE OCT 1      5.65                     10.12  -4.47     5.82
  SINCE JAN 1      5.05                      6.60  -1.55     2.52

DEGREE DAYS
 HEATING
  YESTERDAY        0                         0      0        0
  MONTH TO DATE    0                        10    -10        0
  SINCE JUN 1     74                       119    -45       78
  SINCE JUL 1      0                        12    -12        0

 COOLING
  YESTERDAY       11                         8      3       16
  MONTH TO DATE  372                       202    170      376
  SINCE JUN 1    417                       270    147      506
  SINCE JAN 1    427                       283    144      521
..................................................................


WIND (MPH)
  HIGHEST WIND SPEED    17   HIGHEST WIND DIRECTION    NE (40)
  HIGHEST GUST SPEED    22   HIGHEST GUST DIRECTION    NE (30)
  AVERAGE WIND SPEED     9.6


SKY COVER
  AVERAGE SKY COVER 0.0


WEATHER CONDITIONS
 THE FOLLOWING WEATHER WAS RECORDED YESTERDAY.
  NO SIGNIFICANT WEATHER WAS OBSERVED.


RELATIVE HUMIDITY (PERCENT)
 HIGHEST    78           200 AM
 LOWEST     15           600 PM
 AVERAGE    47

..........................................................


THE JEROME ID CLIMATE NORMALS FOR TODAY
                         NORMAL    RECORD    YEAR
 MAXIMUM TEMPERATURE (F)   88       104      2000
 MINIMUM TEMPERATURE (F)   57        44      1995


SUNRISE AND SUNSET
AUGUST  1 2014........SUNRISE   629 AM MDT   SUNSET   858 PM MDT
AUGUST  2 2014........SUNRISE   630 AM MDT   SUNSET   857 PM MDT


-  INDICATES NEGATIVE NUMBERS.
R  INDICATES RECORD WAS SET OR TIED.
MM INDICATES DATA IS MISSING.
T  INDICATES TRACE AMOUNT.




$$
