000
CDUS45 KBOI 200936
CLIJER


CLIMATE REPORT
NATIONAL WEATHER SERVICE BOISE ID
336 AM MDT SAT SEP 20 2014


...................................

...THE JEROME ID CLIMATE SUMMARY FOR SEPTEMBER 19 2014...

CLIMATE NORMAL PERIOD 1981 TO 2010
CLIMATE RECORD PERIOD 1919 TO 2014


WEATHER ITEM   OBSERVED TIME   RECORD YEAR NORMAL DEPARTURE LAST
                VALUE   (LST)  VALUE       VALUE  FROM      YEAR
                                                  NORMAL
..................................................................
TEMPERATURE (F)
 YESTERDAY
  MAXIMUM         78    422 PM  95    1962  74      4       69
  MINIMUM         52    647 AM  24    1965  45      7       34
  AVERAGE         65                        60      5       52

PRECIPITATION (IN)
  YESTERDAY        0.00          0.29 1961   0.02  -0.02     0.00
  MONTH TO DATE    T                         0.20  -0.20     0.23
  SINCE OCT 1      9.17                     10.58  -1.41     6.05
  SINCE JAN 1      8.57                      7.06   1.51     2.75

DEGREE DAYS
 HEATING
  YESTERDAY        0                         6     -6       13
  MONTH TO DATE   57                        78    -21       28
  SINCE SEP 1     57                        78    -21       28
  SINCE JUL 1     84                       111    -27       28

 COOLING
  YESTERDAY        0                         1     -1        0
  MONTH TO DATE   35                        39     -4       86
  SINCE SEP 1     35                        39     -4       86
  SINCE JAN 1    627                       504    123      904
..................................................................


WIND (MPH)
  HIGHEST WIND SPEED    17   HIGHEST WIND DIRECTION     W (260)
  HIGHEST GUST SPEED    24   HIGHEST GUST DIRECTION     W (250)
  AVERAGE WIND SPEED     9.0


SKY COVER
  AVERAGE SKY COVER 0.0


WEATHER CONDITIONS
 THE FOLLOWING WEATHER WAS RECORDED YESTERDAY.
  NO SIGNIFICANT WEATHER WAS OBSERVED.


RELATIVE HUMIDITY (PERCENT)
 HIGHEST    71           500 AM
 LOWEST     28           400 PM
 AVERAGE    50

..........................................................


THE JEROME ID CLIMATE NORMALS FOR TODAY
                         NORMAL    RECORD    YEAR
 MAXIMUM TEMPERATURE (F)   73        94      1984
 MINIMUM TEMPERATURE (F)   45        30      1978


SUNRISE AND SUNSET
SEPTEMBER 20 2014.....SUNRISE   723 AM MDT   SUNSET   739 PM MDT
SEPTEMBER 21 2014.....SUNRISE   724 AM MDT   SUNSET   737 PM MDT


-  INDICATES NEGATIVE NUMBERS.
R  INDICATES RECORD WAS SET OR TIED.
MM INDICATES DATA IS MISSING.
T  INDICATES TRACE AMOUNT.




$$
