000
CDUS45 KBOI 280934
CLIJER


CLIMATE REPORT
NATIONAL WEATHER SERVICE BOISE ID
334 AM MDT TUE JUL 28 2015


...................................

...THE JEROME ID CLIMATE SUMMARY FOR JULY 27 2015...

CLIMATE NORMAL PERIOD 1981 TO 2010
CLIMATE RECORD PERIOD 1919 TO 2015


WEATHER ITEM   OBSERVED TIME   RECORD YEAR NORMAL DEPARTURE LAST
                VALUE   (LST)  VALUE       VALUE  FROM      YEAR
                                                  NORMAL
..................................................................
TEMPERATURE (F)
 YESTERDAY
  MAXIMUM         70    505 PM 104    1994  88    -18       97
  MINIMUM         50   1159 PM  43    1919  57     -7       59
  AVERAGE         60                        73    -13       78

PRECIPITATION (IN)
  YESTERDAY        0.08          0.22 1965   0.00   0.08     0.00
  MONTH TO DATE    0.46                      0.19   0.27      T
  SINCE OCT 1      8.67                     10.08  -1.41     5.63
  SINCE JAN 1      5.77                      6.56  -0.79     5.03

DEGREE DAYS
 HEATING
  YESTERDAY        5                         0      5        0
  MONTH TO DATE    5                        10     -5        0
  SINCE JUN 1     20                       117    -97       74
  SINCE JUL 1      5                        10     -5        0

 COOLING
  YESTERDAY        0                         8     -8       13
  MONTH TO DATE  186                       172     14      326
  SINCE JUN 1    400                       240    160      371
  SINCE JAN 1    410                       253    157      381
..................................................................


WIND (MPH)
  HIGHEST WIND SPEED    30   HIGHEST WIND DIRECTION     W (250)
  HIGHEST GUST SPEED    40   HIGHEST GUST DIRECTION     W (250)
  AVERAGE WIND SPEED    16.0


SKY COVER
  AVERAGE SKY COVER 0.1


WEATHER CONDITIONS
 THE FOLLOWING WEATHER WAS RECORDED YESTERDAY.
  LIGHT RAIN


RELATIVE HUMIDITY (PERCENT)
 HIGHEST    89           700 AM
 LOWEST     23           500 PM
 AVERAGE    56

..........................................................


THE JEROME ID CLIMATE NORMALS FOR TODAY
                         NORMAL    RECORD    YEAR
 MAXIMUM TEMPERATURE (F)   88       105      1996
 MINIMUM TEMPERATURE (F)   57        43      1949


SUNRISE AND SUNSET
JULY 28 2015..........SUNRISE   625 AM MDT   SUNSET   903 PM MDT
JULY 29 2015..........SUNRISE   626 AM MDT   SUNSET   902 PM MDT


-  INDICATES NEGATIVE NUMBERS.
R  INDICATES RECORD WAS SET OR TIED.
MM INDICATES DATA IS MISSING.
T  INDICATES TRACE AMOUNT.




$$
