000
CDUS45 KBOI 290933
CLIJER


CLIMATE REPORT
NATIONAL WEATHER SERVICE BOISE ID
332 AM MDT MON SEP 29 2014


...................................

...THE JEROME ID CLIMATE SUMMARY FOR SEPTEMBER 28 2014...

CLIMATE NORMAL PERIOD 1981 TO 2010
CLIMATE RECORD PERIOD 1919 TO 2014


WEATHER ITEM   OBSERVED TIME   RECORD YEAR NORMAL DEPARTURE LAST
                VALUE   (LST)  VALUE       VALUE  FROM      YEAR
                                                  NORMAL
..................................................................
TEMPERATURE (F)
 YESTERDAY
  MAXIMUM         68    242 PM  93    1963  69     -1       69
  MINIMUM         50   1159 PM  27    1950  42      8       42
  AVERAGE         59                        56      3       56

PRECIPITATION (IN)
  YESTERDAY        0.15R         0.13 1949   0.02   0.13      T
  MONTH TO DATE    0.25                      0.39  -0.14     0.43
  SINCE OCT 1      9.42                     10.77  -1.35     6.25
  SINCE JAN 1      8.82                      7.25   1.57     2.95

DEGREE DAYS
 HEATING
  YESTERDAY        6                         9     -3        9
  MONTH TO DATE   81                       150    -69      123
  SINCE SEP 1     81                       150    -69      123
  SINCE JUL 1    108                       183    -75      123

 COOLING
  YESTERDAY        0                         0      0        0
  MONTH TO DATE   60                        44     16       86
  SINCE SEP 1     60                        44     16       86
  SINCE JAN 1    652                       509    143      904
..................................................................


WIND (MPH)
  HIGHEST WIND SPEED    22   HIGHEST WIND DIRECTION    NE (40)
  HIGHEST GUST SPEED    27   HIGHEST GUST DIRECTION    NE (40)
  AVERAGE WIND SPEED    10.3


SKY COVER
  AVERAGE SKY COVER 0.5


WEATHER CONDITIONS
 THE FOLLOWING WEATHER WAS RECORDED YESTERDAY.
  THUNDERSTORM
  RAIN
  LIGHT RAIN
  FOG


RELATIVE HUMIDITY (PERCENT)
 HIGHEST    93          1000 PM
 LOWEST     45           300 PM
 AVERAGE    69

..........................................................


THE JEROME ID CLIMATE NORMALS FOR TODAY
                         NORMAL    RECORD    YEAR
 MAXIMUM TEMPERATURE (F)   69        93      1994
 MINIMUM TEMPERATURE (F)   42        26      1922


SUNRISE AND SUNSET
SEPTEMBER 29 2014.....SUNRISE   733 AM MDT   SUNSET   723 PM MDT
SEPTEMBER 30 2014.....SUNRISE   734 AM MDT   SUNSET   721 PM MDT


-  INDICATES NEGATIVE NUMBERS.
R  INDICATES RECORD WAS SET OR TIED.
MM INDICATES DATA IS MISSING.
T  INDICATES TRACE AMOUNT.




$$
