000
CDUS41 KOKX 210617
CLIJFK


CLIMATE REPORT
NATIONAL WEATHER SERVICE NEW YORK NY
117 AM EST SUN JAN 21 2018


...................................

...THE KENNEDY NY CLIMATE SUMMARY FOR JANUARY 20 2018...

CLIMATE NORMAL PERIOD 1981 TO 2010
CLIMATE RECORD PERIOD 1948 TO 2018


WEATHER ITEM   OBSERVED TIME   RECORD YEAR NORMAL DEPARTURE LAST
                VALUE   (LST)  VALUE       VALUE  FROM      YEAR
                                                  NORMAL
..................................................................
TEMPERATURE (F)
 YESTERDAY
  MAXIMUM         54    222 PM  56    2013  39     15       46
                                      2006
                                      1991
  MINIMUM         29    207 AM   3    1994  26      3       42
                                      1985
  AVERAGE         42                        32     10       44

PRECIPITATION (IN)
  YESTERDAY        0.00          1.66 1995   0.10  -0.10     0.08
  MONTH TO DATE    1.26                      2.11  -0.85     2.49
  SINCE DEC 1      2.91                      5.50  -2.59     5.55
  SINCE JAN 1      1.26                      2.11  -0.85     2.49

SNOWFALL (IN)
  YESTERDAY        0.0          10.4  1978   0.2   -0.2      0.0
  MONTH TO DATE    8.2                       4.0    4.2     11.1
  SINCE OCT 1     14.9                       8.9    6.0     14.4
  SINCE JUL 1     14.9                       8.9    6.0     14.4
  SNOW DEPTH       0

DEGREE DAYS
 HEATING
  YESTERDAY       23                        33    -10       21
  MONTH TO DATE  766                       646    120      546
  SINCE DEC 1   1690                      1491    199     1328
  SINCE JUL 1   2375                      2315     60     1968

 COOLING
  YESTERDAY        0                         0      0        0
  MONTH TO DATE    0                         0      0        0
  SINCE DEC 1      0                         0      0        0
  SINCE JAN 1      0                         0      0        0
..................................................................


WIND (MPH)
  HIGHEST WIND SPEED    25   HIGHEST WIND DIRECTION     W (270)
  HIGHEST GUST SPEED    31   HIGHEST GUST DIRECTION     W (270)
  AVERAGE WIND SPEED    13.3


SKY COVER
  POSSIBLE SUNSHINE  MM
  AVERAGE SKY COVER 0.5


WEATHER CONDITIONS
 THE FOLLOWING WEATHER WAS RECORDED YESTERDAY.
  NO SIGNIFICANT WEATHER WAS OBSERVED.


RELATIVE HUMIDITY (PERCENT)
 HIGHEST    78           200 AM
 LOWEST     38           100 PM
 AVERAGE    58

..........................................................


THE KENNEDY NY CLIMATE NORMALS FOR TODAY
                         NORMAL    RECORD    YEAR
 MAXIMUM TEMPERATURE (F)   39        61      2006
 MINIMUM TEMPERATURE (F)   26        -2      1985


SUNRISE AND SUNSET
JANUARY 21 2018.......SUNRISE   714 AM EST   SUNSET   500 PM EST
JANUARY 22 2018.......SUNRISE   713 AM EST   SUNSET   501 PM EST


-  INDICATES NEGATIVE NUMBERS.
R  INDICATES RECORD WAS SET OR TIED.
MM INDICATES DATA IS MISSING.
T  INDICATES TRACE AMOUNT.




$$
