000
CDUS43 KJKL 221030
CLIJKL

CLIMATE REPORT
NATIONAL WEATHER SERVICE JACKSON KY
530 AM EST MON JAN 22 2018

...................................

...THE JACKSON KY CLIMATE SUMMARY FOR JANUARY 21 2018...

CLIMATE NORMAL PERIOD 1981 TO 2010
CLIMATE RECORD PERIOD 1981 TO 2018


WEATHER ITEM   OBSERVED TIME   RECORD YEAR NORMAL DEPARTURE LAST
                VALUE   (LST)  VALUE       VALUE  FROM      YEAR
                                                  NORMAL
..................................................................

TEMPERATURE (F)
 YESTERDAY
  MAXIMUM         63    357 PM  65    1999  43     20       61
  MINIMUM         45    201 AM -18    1985  27     18       53
  AVERAGE         54                        35     19       57

PRECIPITATION (IN)
  YESTERDAY        0.05          1.52 2012   0.12  -0.07     0.01
  MONTH TO DATE    1.15                      2.42  -1.27     3.09
  SINCE DEC 1      4.43                      6.60  -2.17     9.25
  SINCE JAN 1      1.15                      2.42  -1.27     3.09

SNOWFALL (IN)
  YESTERDAY        0.0           5.4  2014   0.2   -0.2      0.0
  MONTH TO DATE    5.4                       4.6    0.8      2.5
  SINCE DEC 1      6.4                       9.5   -3.1      2.8
  SINCE JUL 1      6.4                      10.1   -3.7      2.8
  SNOW DEPTH       0

DEGREE DAYS
 HEATING
  YESTERDAY       11                        30    -19        8
  MONTH TO DATE  773                       630    143      466
  SINCE DEC 1   1653                      1464    189     1263
  SINCE JUL 1   2375                      2264    111     1789

 COOLING
  YESTERDAY        0                         0      0        0
  MONTH TO DATE    0                         0      0        0
  SINCE DEC 1      0                         1     -1        0
  SINCE JAN 1      0                         0      0        0
..................................................................

WIND (MPH)
  HIGHEST WIND SPEED     8   HIGHEST WIND DIRECTION     S (190)
  HIGHEST GUST SPEED    14   HIGHEST GUST DIRECTION    SW (210)
  AVERAGE WIND SPEED     3.2


SKY COVER
  POSSIBLE SUNSHINE  MM
  AVERAGE SKY COVER 0.9


WEATHER CONDITIONS
 THE FOLLOWING WEATHER WAS RECORDED YESTERDAY.
  RAIN
  LIGHT RAIN
  FOG
  HAZE


RELATIVE HUMIDITY (PERCENT)
 HIGHEST    71           800 AM
 LOWEST     55           200 PM
 AVERAGE    63
..........................................................

THE JACKSON KY CLIMATE NORMALS FOR TODAY
                         NORMAL    RECORD    YEAR
 MAXIMUM TEMPERATURE (F)   43        77      1999
 MINIMUM TEMPERATURE (F)   27         0      2014


SUNRISE AND SUNSET
JANUARY 22 2018.......SUNRISE   744 AM EST   SUNSET   546 PM EST
JANUARY 23 2018.......SUNRISE   743 AM EST   SUNSET   547 PM EST


-  INDICATES NEGATIVE NUMBERS.
R  INDICATES RECORD WAS SET OR TIED.
MM INDICATES DATA IS MISSING.
T  INDICATES TRACE AMOUNT.
$$
