000
CDUS43 KJKL 250536
CLIJKL

CLIMATE REPORT
NATIONAL WEATHER SERVICE JACKSON KY
136 AM EDT MON MAY 25 2015


...................................

...THE JACKSON KY CLIMATE SUMMARY FOR MAY 24 2015...

CLIMATE NORMAL PERIOD 1981 TO 2010
CLIMATE RECORD PERIOD 1981 TO 2015


WEATHER ITEM   OBSERVED TIME   RECORD YEAR NORMAL DEPARTURE LAST
                VALUE   (LST)  VALUE       VALUE  FROM      YEAR
                                                  NORMAL
..................................................................
TEMPERATURE (F)
 YESTERDAY
  MAXIMUM         84    316 PM  88    1991  76      8       76
  MINIMUM         58    555 AM  48    2013  57      1       52
  AVERAGE         71                        66      5       64

PRECIPITATION (IN)
  YESTERDAY        0.00          1.22 2004   0.17  -0.17     0.00
  MONTH TO DATE    1.28                      3.98  -2.70     2.07
  SINCE MAR 1     17.83                     11.93   5.90    13.01
  SINCE JAN 1     24.01                     19.29   4.72    20.63

SNOWFALL (IN)
  YESTERDAY        0.0           0.0  2002   0.0    0.0      0.0
                                      2001
  MONTH TO DATE    0.0                       0.0    0.0      0.0
  SINCE MAR 1      3.7                       3.9   -0.2     11.9
  SINCE JUL 1     29.1                      23.5    5.6     38.9
  SNOW DEPTH       0

DEGREE DAYS
 HEATING
  YESTERDAY        0                         2     -2        1
  MONTH TO DATE   44                        88    -44       79
  SINCE MAR 1    801                       909   -108      908
  SINCE JUL 1   4566                      4209    357     4509

COOLING
  YESTERDAY        6                         4      2        0
  MONTH TO DATE  114                        63     51       95
  SINCE MAR 1    139                       109     30      134
  SINCE JAN 1    139                       109     30      134
..................................................................


WIND (MPH)
  HIGHEST WIND SPEED     8   HIGHEST WIND DIRECTION    SE (140)
  HIGHEST GUST SPEED    13   HIGHEST GUST DIRECTION    SE (140)
  AVERAGE WIND SPEED     2.3


SKY COVER
  POSSIBLE SUNSHINE  MM
  AVERAGE SKY COVER 0.1


WEATHER CONDITIONS
 THE FOLLOWING WEATHER WAS RECORDED YESTERDAY.
  NO SIGNIFICANT WEATHER WAS OBSERVED.


RELATIVE HUMIDITY (PERCENT)
 HIGHEST    77           600 AM
 LOWEST     33           500 PM
 AVERAGE    55

..........................................................


THE JACKSON KY CLIMATE NORMALS FOR TODAY
                         NORMAL    RECORD    YEAR
 MAXIMUM TEMPERATURE (F)   76        88      1991
 MINIMUM TEMPERATURE (F)   57        42      2013


SUNRISE AND SUNSET
MAY 25 2015...........SUNRISE   617 AM EDT   SUNSET   844 PM EDT
MAY 26 2015...........SUNRISE   616 AM EDT   SUNSET   845 PM EDT


-  INDICATES NEGATIVE NUMBERS.
R  INDICATES RECORD WAS SET OR TIED.
MM INDICATES DATA IS MISSING.
T  INDICATES TRACE AMOUNT.




$$
