000
CDUS43 KSGF 200633
CLIJLN


CLIMATE REPORT
NATIONAL WEATHER SERVICE SPRINGFIELD MO
1232 AM CST MON NOV 20 2017


...................................

...THE JOPLIN MO CLIMATE SUMMARY FOR NOVEMBER 19 2017...

CLIMATE NORMAL PERIOD 1981 TO 2010
CLIMATE RECORD PERIOD 1902 TO 2017


WEATHER ITEM   OBSERVED TIME   RECORD YEAR NORMAL DEPARTURE LAST
                VALUE   (LST)  VALUE       VALUE  FROM      YEAR
                                                  NORMAL
..................................................................
TEMPERATURE (F)
 YESTERDAY
  MAXIMUM         53    214 PM  75    1950  57     -4       46
  MINIMUM         28    720 AM  21    1969  37     -9       26
  AVERAGE         41                        47     -6       36

PRECIPITATION (IN)
  YESTERDAY        0.00          1.54 1994   0.12  -0.12     0.00
  MONTH TO DATE    0.26                      2.47  -2.21     0.75
  SINCE SEP 1      6.06                     11.45  -5.39     8.74
  SINCE JAN 1     44.74                     42.42   2.32    38.52

DEGREE DAYS
 HEATING
  YESTERDAY       24                        18      6       29
  MONTH TO DATE  260                       273    -13      165
  SINCE SEP 1    491                       524    -33      267
  SINCE JUL 1    491                       525    -34      267

 COOLING
  YESTERDAY        0                         0      0        0
  MONTH TO DATE    1                         5     -4       27
  SINCE SEP 1    318                       269     49      391
  SINCE JAN 1   1750                      1696     54     1878
..................................................................


WIND (MPH)
  HIGHEST WIND SPEED    12   HIGHEST WIND DIRECTION     S (180)
  HIGHEST GUST SPEED    16   HIGHEST GUST DIRECTION    SW (230)
  AVERAGE WIND SPEED     4.5


SKY COVER
  AVERAGE SKY COVER 0.0


WEATHER CONDITIONS
 THE FOLLOWING WEATHER WAS RECORDED YESTERDAY.
  NO SIGNIFICANT WEATHER WAS OBSERVED.


RELATIVE HUMIDITY (PERCENT)
 HIGHEST    92           700 AM
 LOWEST     41           200 PM
 AVERAGE    67

..........................................................


THE JOPLIN MO CLIMATE NORMALS FOR TODAY
                         NORMAL    RECORD    YEAR
 MAXIMUM TEMPERATURE (F)   57        75      2007
 MINIMUM TEMPERATURE (F)   36        21      2006


SUNRISE AND SUNSET
NOVEMBER 20 2017......SUNRISE   702 AM CST   SUNSET   505 PM CST
NOVEMBER 21 2017......SUNRISE   703 AM CST   SUNSET   504 PM CST


-  INDICATES NEGATIVE NUMBERS.
R  INDICATES RECORD WAS SET OR TIED.
MM INDICATES DATA IS MISSING.
T  INDICATES TRACE AMOUNT.




$$
