000
CDUS43 KSGF 230626
CLIJLN


CLIMATE REPORT
NATIONAL WEATHER SERVICE SPRINGFIELD MO
126 AM CDT WED APR 23 2014


...................................

...THE JOPLIN MO CLIMATE SUMMARY FOR APRIL 22 2014...

CLIMATE NORMAL PERIOD 1981 TO 2010
CLIMATE RECORD PERIOD 1902 TO 2014


WEATHER ITEM   OBSERVED TIME   RECORD YEAR NORMAL DEPARTURE LAST
                VALUE   (LST)  VALUE       VALUE  FROM      YEAR
                                                  NORMAL
..................................................................
TEMPERATURE (F)
 YESTERDAY
  MAXIMUM         70    459 PM  90    1965  72     -2       70
  MINIMUM         49    546 AM  29    1986  49      0       48
  AVERAGE         60                        60      0       59

PRECIPITATION (IN)
  YESTERDAY        0.00          2.36 1983   0.16  -0.16     0.02
  MONTH TO DATE    0.87                      3.02  -2.15     3.64
  SINCE MAR 1      2.75                      6.44  -3.69     6.34
  SINCE JAN 1      3.60                     10.79  -7.19    11.49

DEGREE DAYS
 HEATING
  YESTERDAY        5                         6     -1        6
  MONTH TO DATE  221                       199     22      247
  SINCE MAR 1    884                       707    177      904
  SINCE JUL 1   4733                      3961    772     4020

 COOLING
  YESTERDAY        0                         2     -2        0
  MONTH TO DATE   12                        28    -16       14
  SINCE MAR 1     12                        37    -25       14
  SINCE JAN 1     12                        38    -26       15
..................................................................


WIND (MPH)
  HIGHEST WIND SPEED    15   HIGHEST WIND DIRECTION    NE (40)
  HIGHEST GUST SPEED    23   HIGHEST GUST DIRECTION    NE (50)
  AVERAGE WIND SPEED     6.1


SKY COVER
  AVERAGE SKY COVER 0.0


WEATHER CONDITIONS
 THE FOLLOWING WEATHER WAS RECORDED YESTERDAY.
  FOG


RELATIVE HUMIDITY (PERCENT)
 HIGHEST   100           100 AM
 LOWEST     28           300 PM
 AVERAGE    64

..........................................................


THE JOPLIN MO CLIMATE NORMALS FOR TODAY
                         NORMAL    RECORD    YEAR
 MAXIMUM TEMPERATURE (F)   72        90      1989
 MINIMUM TEMPERATURE (F)   49        35      1956


SUNRISE AND SUNSET
APRIL 23 2014.........SUNRISE   633 AM CDT   SUNSET   800 PM CDT
APRIL 24 2014.........SUNRISE   632 AM CDT   SUNSET   801 PM CDT


-  INDICATES NEGATIVE NUMBERS.
R  INDICATES RECORD WAS SET OR TIED.
MM INDICATES DATA IS MISSING.
T  INDICATES TRACE AMOUNT.




$$
