000
CDUS43 KSGF 010625
CLIJLN


CLIMATE REPORT
NATIONAL WEATHER SERVICE SPRINGFIELD MO
125 AM CDT WED OCT 1 2014


...................................

...THE JOPLIN MO CLIMATE SUMMARY FOR SEPTEMBER 30 2014...

CLIMATE NORMAL PERIOD 1981 TO 2010
CLIMATE RECORD PERIOD 1902 TO 2014


WEATHER ITEM   OBSERVED TIME   RECORD YEAR NORMAL DEPARTURE LAST
                VALUE   (LST)  VALUE       VALUE  FROM      YEAR
                                                  NORMAL
..................................................................
TEMPERATURE (F)
 YESTERDAY
  MAXIMUM         85    204 PM  93    1952  76      9       80
                                      1979
  MINIMUM         59    605 AM  30    1984  53      6       53
  AVERAGE         72                        65      7       67

PRECIPITATION (IN)
  YESTERDAY        0.00          7.12 1986   0.15  -0.15    MM
  MONTH TO DATE    4.53                      4.95  -0.42      T
  SINCE SEP 1      4.53                      4.95  -0.42      T
  SINCE JAN 1     19.97                     35.92 -15.95    35.46

DEGREE DAYS
 HEATING
  YESTERDAY        0                         4     -4        0
  MONTH TO DATE   27                        38    -11       11
  SINCE SEP 1     27                        41    -14       11
  SINCE JUL 1     28                        42    -14       11

 COOLING
  YESTERDAY        7                         3      4        2
  MONTH TO DATE  196                       215    -19      251
  SINCE SEP 1    196                       215    -19      251
  SINCE JAN 1   1529                      1642   -113     1515
..................................................................


WIND (MPH)
  HIGHEST WIND SPEED    20   HIGHEST WIND DIRECTION     S (190)
  HIGHEST GUST SPEED    30   HIGHEST GUST DIRECTION     S (180)
  AVERAGE WIND SPEED     8.1


SKY COVER
  AVERAGE SKY COVER 0.1


WEATHER CONDITIONS
 THE FOLLOWING WEATHER WAS RECORDED YESTERDAY.
  NO SIGNIFICANT WEATHER WAS OBSERVED.


RELATIVE HUMIDITY (PERCENT)
 HIGHEST    90           300 AM
 LOWEST     43           200 PM
 AVERAGE    67

..........................................................


THE JOPLIN MO CLIMATE NORMALS FOR TODAY
                         NORMAL    RECORD    YEAR
 MAXIMUM TEMPERATURE (F)   76        94      1953
 MINIMUM TEMPERATURE (F)   53        32      1985


SUNRISE AND SUNSET
OCTOBER  1 2014.......SUNRISE   713 AM CDT   SUNSET   701 PM CDT
OCTOBER  2 2014.......SUNRISE   714 AM CDT   SUNSET   700 PM CDT


-  INDICATES NEGATIVE NUMBERS.
R  INDICATES RECORD WAS SET OR TIED.
MM INDICATES DATA IS MISSING.
T  INDICATES TRACE AMOUNT.




$$
