000
CDUS43 KSGF 230628
CLIJLN


CLIMATE REPORT
NATIONAL WEATHER SERVICE SPRINGFIELD MO
1227 AM CST TUE JAN 23 2018


...................................

...THE JOPLIN MO CLIMATE SUMMARY FOR JANUARY 22 2018...

CLIMATE NORMAL PERIOD 1981 TO 2010
CLIMATE RECORD PERIOD 1902 TO 2018


WEATHER ITEM   OBSERVED TIME   RECORD YEAR NORMAL DEPARTURE LAST
                VALUE   (LST)  VALUE       VALUE  FROM      YEAR
                                                  NORMAL
..................................................................
TEMPERATURE (F)
 YESTERDAY
  MAXIMUM         56   1255 AM  73    1967  45     11       51
  MINIMUM         34   1159 PM   3    1963  25      9       35
  AVERAGE         45                        35     10       43

PRECIPITATION (IN)
  YESTERDAY        T             0.87 2017   0.06  -0.06     0.87
  MONTH TO DATE    0.47                      1.45  -0.98     3.65
  SINCE DEC 1      1.84                      4.27  -2.43     4.24
  SINCE JAN 1      0.47                      1.45  -0.98     3.65

DEGREE DAYS
 HEATING
  YESTERDAY       20                        30    -10       22
  MONTH TO DATE  776                       660    116      570
  SINCE DEC 1   1617                      1520     97     1447
  SINCE JUL 1   2262                      2277    -15     1902

 COOLING
  YESTERDAY        0                         0      0        0
  MONTH TO DATE    0                         0      0        0
  SINCE DEC 1      0                         0      0        0
  SINCE JAN 1      0                         0      0        0
..................................................................


WIND (MPH)
  HIGHEST WIND SPEED    33   HIGHEST WIND DIRECTION    SW (220)
  HIGHEST GUST SPEED    44   HIGHEST GUST DIRECTION    SW (210)
  AVERAGE WIND SPEED    20.1


SKY COVER
  AVERAGE SKY COVER 0.7


WEATHER CONDITIONS
 THE FOLLOWING WEATHER WAS RECORDED YESTERDAY.
  LIGHT RAIN
  LIGHT SNOW
  FOG


RELATIVE HUMIDITY (PERCENT)
 HIGHEST    93          1200 AM
 LOWEST     42           300 AM
 AVERAGE    68

..........................................................


THE JOPLIN MO CLIMATE NORMALS FOR TODAY
                         NORMAL    RECORD    YEAR
 MAXIMUM TEMPERATURE (F)   45        72      1967
 MINIMUM TEMPERATURE (F)   25        -7      1963


SUNRISE AND SUNSET
JANUARY 23 2018.......SUNRISE   727 AM CST   SUNSET   533 PM CST
JANUARY 24 2018.......SUNRISE   726 AM CST   SUNSET   534 PM CST


-  INDICATES NEGATIVE NUMBERS.
R  INDICATES RECORD WAS SET OR TIED.
MM INDICATES DATA IS MISSING.
T  INDICATES TRACE AMOUNT.




$$
