000
CDUS43 KSGF 290629
CLIJLN


CLIMATE REPORT
NATIONAL WEATHER SERVICE SPRINGFIELD MO
129 AM CDT FRI JUL 29 2016


...................................

...THE JOPLIN MO CLIMATE SUMMARY FOR JULY 28 2016...

CLIMATE NORMAL PERIOD 1981 TO 2010
CLIMATE RECORD PERIOD 1902 TO 2016


WEATHER ITEM   OBSERVED TIME   RECORD YEAR NORMAL DEPARTURE LAST
                VALUE   (LST)  VALUE       VALUE  FROM      YEAR
                                                  NORMAL
..................................................................
TEMPERATURE (F)
 YESTERDAY
  MAXIMUM         90    506 PM 104    2011  91     -1       96
  MINIMUM         71    450 AM  56    2005  70      1       78
  AVERAGE         81                        81      0       87

PRECIPITATION (IN)
  YESTERDAY        T             1.43 2006   0.11  -0.11     0.00
  MONTH TO DATE    5.30                      3.51   1.79     5.09
  SINCE JUN 1     11.42                      9.37   2.05    12.76
  SINCE JAN 1     25.52                     27.32  -1.80    30.47

DEGREE DAYS
 HEATING
  YESTERDAY        0                         0      0        0
  MONTH TO DATE    0                         0      0        0
  SINCE JUN 1      0                         5     -5        0
  SINCE JUL 1      0                         0      0        0

 COOLING
  YESTERDAY       16                        16      0       22
  MONTH TO DATE  451                       427     24      455
  SINCE JUN 1    874                       745    129      840
  SINCE JAN 1    988                       925     63      984
..................................................................


WIND (MPH)
  HIGHEST WIND SPEED    15   HIGHEST WIND DIRECTION    NW (330)
  HIGHEST GUST SPEED    21   HIGHEST GUST DIRECTION    NW (330)
  AVERAGE WIND SPEED     4.5


SKY COVER
  AVERAGE SKY COVER 0.1


WEATHER CONDITIONS
 THE FOLLOWING WEATHER WAS RECORDED YESTERDAY.
  THUNDERSTORM
  FOG


RELATIVE HUMIDITY (PERCENT)
 HIGHEST   100           100 AM
 LOWEST     52           300 PM
 AVERAGE    76

..........................................................


THE JOPLIN MO CLIMATE NORMALS FOR TODAY
                         NORMAL    RECORD    YEAR
 MAXIMUM TEMPERATURE (F)   91       109      2012
 MINIMUM TEMPERATURE (F)   70        57      1965
                                             1994


SUNRISE AND SUNSET
JULY 29 2016..........SUNRISE   621 AM CDT   SUNSET   828 PM CDT
JULY 30 2016..........SUNRISE   622 AM CDT   SUNSET   827 PM CDT


-  INDICATES NEGATIVE NUMBERS.
R  INDICATES RECORD WAS SET OR TIED.
MM INDICATES DATA IS MISSING.
T  INDICATES TRACE AMOUNT.




$$
