000
CDUS43 KSGF 250631
CLIJLN


CLIMATE REPORT
NATIONAL WEATHER SERVICE SPRINGFIELD MO
130 AM CDT SAT OCT 25 2014


...................................

...THE JOPLIN MO CLIMATE SUMMARY FOR OCTOBER 24 2014...

CLIMATE NORMAL PERIOD 1981 TO 2010
CLIMATE RECORD PERIOD 1902 TO 2014


WEATHER ITEM   OBSERVED TIME   RECORD YEAR NORMAL DEPARTURE LAST
                VALUE   (LST)  VALUE       VALUE  FROM      YEAR
                                                  NORMAL
..................................................................
TEMPERATURE (F)
 YESTERDAY
  MAXIMUM         75    242 PM  88    2003  69      6       52
  MINIMUM         50    405 AM  24    1999  46      4       33
  AVERAGE         63                        58      5       43

PRECIPITATION (IN)
  YESTERDAY        0.00          0.91 1961   0.12  -0.12     0.00
  MONTH TO DATE    7.61                      3.14   4.47     1.52
  SINCE SEP 1     12.14                      8.09   4.05     1.52
  SINCE JAN 1     27.58                     39.06 -11.48    36.98

DEGREE DAYS
 HEATING
  YESTERDAY        2                         8     -6       22
  MONTH TO DATE  129                       143    -14      197
  SINCE SEP 1    156                       184    -28      208
  SINCE JUL 1    157                       185    -28      208

 COOLING
  YESTERDAY        0                         1     -1        0
  MONTH TO DATE   33                        42     -9       51
  SINCE SEP 1    229                       257    -28      302
  SINCE JAN 1   1562                      1684   -122     1566
..................................................................


WIND (MPH)
  HIGHEST WIND SPEED    16   HIGHEST WIND DIRECTION     S (200)
  HIGHEST GUST SPEED    25   HIGHEST GUST DIRECTION     S (170)
  AVERAGE WIND SPEED     9.2


SKY COVER
  AVERAGE SKY COVER 0.1


WEATHER CONDITIONS
 THE FOLLOWING WEATHER WAS RECORDED YESTERDAY.
  FOG
  HAZE


RELATIVE HUMIDITY (PERCENT)
 HIGHEST   100          1200 AM
 LOWEST     64           100 PM
 AVERAGE    82

..........................................................


THE JOPLIN MO CLIMATE NORMALS FOR TODAY
                         NORMAL    RECORD    YEAR
 MAXIMUM TEMPERATURE (F)   69        83      2011
                                             1989
 MINIMUM TEMPERATURE (F)   46        27      2005


SUNRISE AND SUNSET
OCTOBER 25 2014.......SUNRISE   735 AM CDT   SUNSET   628 PM CDT
OCTOBER 26 2014.......SUNRISE   736 AM CDT   SUNSET   627 PM CDT


-  INDICATES NEGATIVE NUMBERS.
R  INDICATES RECORD WAS SET OR TIED.
MM INDICATES DATA IS MISSING.
T  INDICATES TRACE AMOUNT.




$$
