000
CDUS43 KSGF 170632
CLIJLN


CLIMATE REPORT
NATIONAL WEATHER SERVICE SPRINGFIELD MO
1231 AM CST TUE JAN 17 2017


...................................

...THE JOPLIN MO CLIMATE SUMMARY FOR JANUARY 16 2017...

CLIMATE NORMAL PERIOD 1981 TO 2010
CLIMATE RECORD PERIOD 1902 TO 2017


WEATHER ITEM   OBSERVED TIME   RECORD YEAR NORMAL DEPARTURE LAST
                VALUE   (LST)  VALUE       VALUE  FROM      YEAR
                                                  NORMAL
..................................................................
TEMPERATURE (F)
 YESTERDAY
  MAXIMUM         63   1122 AM  69    2012  45     18       35
                                      1952
  MINIMUM         41   1159 PM  -1    1997  25     16       20
                                      1977
  AVERAGE         52                        35     17       28

PRECIPITATION (IN)
  YESTERDAY        0.26          0.97 2004   0.07   0.19     0.00
  MONTH TO DATE    2.47                      1.07   1.40     0.30
  SINCE DEC 1      3.06                      3.89  -0.83    10.07
  SINCE JAN 1      2.47                      1.07   1.40     0.30

DEGREE DAYS
 HEATING
  YESTERDAY       13                        30    -17       37
  MONTH TO DATE  464                       480    -16      443
  SINCE DEC 1   1341                      1340      1     1080
  SINCE JUL 1   1796                      2097   -301     1698

 COOLING
  YESTERDAY        0                         0      0        0
  MONTH TO DATE    0                         0      0        0
  SINCE DEC 1      0                         0      0        3
  SINCE JAN 1      0                         0      0        0
..................................................................


WIND (MPH)
  HIGHEST WIND SPEED   128   HIGHEST WIND DIRECTION    SW (230)
  HIGHEST GUST SPEED    MM   HIGHEST GUST DIRECTION    SW (230)
  AVERAGE WIND SPEED    13.8


SKY COVER
  AVERAGE SKY COVER 0.8


WEATHER CONDITIONS
 THE FOLLOWING WEATHER WAS RECORDED YESTERDAY.
  RAIN
  LIGHT RAIN
  FOG


RELATIVE HUMIDITY (PERCENT)
 HIGHEST   100          1200 AM
 LOWEST     75          1200 PM
 AVERAGE    88

..........................................................


THE JOPLIN MO CLIMATE NORMALS FOR TODAY
                         NORMAL    RECORD    YEAR
 MAXIMUM TEMPERATURE (F)   45        68      1952
                                             1996
 MINIMUM TEMPERATURE (F)   25        -7      1978


SUNRISE AND SUNSET
JANUARY 17 2017.......SUNRISE   730 AM CST   SUNSET   527 PM CST
JANUARY 18 2017.......SUNRISE   729 AM CST   SUNSET   528 PM CST


-  INDICATES NEGATIVE NUMBERS.
R  INDICATES RECORD WAS SET OR TIED.
MM INDICATES DATA IS MISSING.
T  INDICATES TRACE AMOUNT.




$$
