000
CDUS43 KBIS 210811
CLIJMS


CLIMATE REPORT
NATIONAL WEATHER SERVICE BISMARCK ND
210 AM CST TUE NOV 21 2017


...................................

...THE JAMESTOWN ND CLIMATE SUMMARY FOR NOVEMBER 20 2017...

CLIMATE NORMAL PERIOD 1981 TO 2010
CLIMATE RECORD PERIOD 1891 TO 2017


WEATHER ITEM   OBSERVED TIME   RECORD YEAR NORMAL DEPARTURE LAST
                VALUE   (LST)  VALUE       VALUE  FROM      YEAR
                                                  NORMAL
..................................................................
TEMPERATURE (F)
 YESTERDAY
  MAXIMUM         54    309 PM  65    1908  34     20       35
  MINIMUM         19   1159 PM -14    1921  16      3       19
  AVERAGE         37                        25     12       27

PRECIPITATION (IN)
  YESTERDAY        T             0.64 1996   0.02  -0.02     0.00
  MONTH TO DATE    0.13                      0.47  -0.34      T
  SINCE SEP 1      3.04                      4.02  -0.98     5.06
  SINCE JAN 1     12.35                     18.21  -5.86    23.81

DEGREE DAYS
 HEATING
  YESTERDAY       28                        40    -12       38
  MONTH TO DATE  825                       686    139      442
  SINCE SEP 1   1616                      1587     29     1211
  SINCE JUL 1   1650                      1653     -3     1244

 COOLING
  YESTERDAY        0                         0      0        0
  MONTH TO DATE    0                         0      0        0
  SINCE SEP 1     35                        31      4       26
  SINCE JAN 1    397                       446    -49      419
..................................................................


WIND (MPH)
  HIGHEST WIND SPEED    38   HIGHEST WIND DIRECTION    NW (320)
  HIGHEST GUST SPEED    46   HIGHEST GUST DIRECTION    NW (310)
  AVERAGE WIND SPEED    17.2


SKY COVER
  POSSIBLE SUNSHINE  MM
  AVERAGE SKY COVER 0.0


WEATHER CONDITIONS
 THE FOLLOWING WEATHER WAS RECORDED YESTERDAY.
  NO SIGNIFICANT WEATHER WAS OBSERVED.


RELATIVE HUMIDITY (PERCENT)
 HIGHEST    88          1200 AM
 LOWEST     32           200 PM
 AVERAGE    60

..........................................................


THE JAMESTOWN ND CLIMATE NORMALS FOR TODAY
                         NORMAL    RECORD    YEAR
 MAXIMUM TEMPERATURE (F)   34        64      2006
 MINIMUM TEMPERATURE (F)   15       -12      1896


SUNRISE AND SUNSET
NOVEMBER 21 2017......SUNRISE   747 AM CST   SUNSET   454 PM CST
NOVEMBER 22 2017......SUNRISE   748 AM CST   SUNSET   453 PM CST


-  INDICATES NEGATIVE NUMBERS.
R  INDICATES RECORD WAS SET OR TIED.
MM INDICATES DATA IS MISSING.
T  INDICATES TRACE AMOUNT.




$$
