000
CDUS43 KBIS 290725
CLIJMS


CLIMATE REPORT
NATIONAL WEATHER SERVICE BISMARCK ND
225 AM CDT WED MAR 29 2017


...................................

...THE JAMESTOWN ND CLIMATE SUMMARY FOR MARCH 28 2017...

CLIMATE NORMAL PERIOD 1981 TO 2010
CLIMATE RECORD PERIOD 1891 TO 2017


WEATHER ITEM   OBSERVED TIME   RECORD YEAR NORMAL DEPARTURE LAST
                VALUE   (LST)  VALUE       VALUE  FROM      YEAR
                                                  NORMAL
..................................................................
TEMPERATURE (F)
 YESTERDAY
  MAXIMUM         56    330 PM  76    1986  44     12       58
  MINIMUM         30    801 AM -10    1969  23      7       31
  AVERAGE         43                        33     10       45

PRECIPITATION (IN)
  YESTERDAY        0.00          0.67 1940   0.03  -0.03     0.00
  MONTH TO DATE    0.08                      0.74  -0.66     0.32
  SINCE MAR 1      0.08                      0.74  -0.66     0.32
  SINCE JAN 1      0.50                      1.59  -1.09     0.43

DEGREE DAYS
 HEATING
  YESTERDAY       22                        32    -10       20
  MONTH TO DATE 1094                      1070     24      797
  SINCE MAR 1   1094                      1070     24      797
  SINCE JUL 1   7103                      7829   -726     6539

 COOLING
  YESTERDAY        0                         0      0        0
  MONTH TO DATE    0                         0      0        0
  SINCE MAR 1      0                         0      0        0
  SINCE JAN 1      0                         0      0        0
..................................................................


WIND (MPH)
  HIGHEST WIND SPEED    13   HIGHEST WIND DIRECTION     E (110)
  HIGHEST GUST SPEED    15   HIGHEST GUST DIRECTION     E (110)
  AVERAGE WIND SPEED     4.8


SKY COVER
  POSSIBLE SUNSHINE  MM
  AVERAGE SKY COVER 0.5


WEATHER CONDITIONS
 THE FOLLOWING WEATHER WAS RECORDED YESTERDAY.
  FOG
  FOG W/VISIBILITY <= 1/4 MILE


RELATIVE HUMIDITY (PERCENT)
 HIGHEST   100          1200 AM
 LOWEST     61           300 PM
 AVERAGE    81

..........................................................


THE JAMESTOWN ND CLIMATE NORMALS FOR TODAY
                         NORMAL    RECORD    YEAR
 MAXIMUM TEMPERATURE (F)   44        73      1986
 MINIMUM TEMPERATURE (F)   23       -16      1969


SUNRISE AND SUNSET
MARCH 29 2017.........SUNRISE   719 AM CDT   SUNSET   800 PM CDT
MARCH 30 2017.........SUNRISE   717 AM CDT   SUNSET   802 PM CDT


-  INDICATES NEGATIVE NUMBERS.
R  INDICATES RECORD WAS SET OR TIED.
MM INDICATES DATA IS MISSING.
T  INDICATES TRACE AMOUNT.




$$
