000
CDUS43 KBIS 261245
CLIJMS


CLIMATE REPORT
NATIONAL WEATHER SERVICE BISMARCK ND
745 AM CDT THU MAY 26 2016


...................................

...THE JAMESTOWN ND CLIMATE SUMMARY FOR MAY 25 2016...

CLIMATE NORMAL PERIOD 1981 TO 2010
CLIMATE RECORD PERIOD 1891 TO 2016


WEATHER ITEM   OBSERVED TIME   RECORD YEAR NORMAL DEPARTURE LAST
                VALUE   (LST)  VALUE       VALUE  FROM      YEAR
                                                  NORMAL
..................................................................
TEMPERATURE (F)
 YESTERDAY
  MAXIMUM         66    456 PM  95    1941  71     -5       73
  MINIMUM         56   1136 PM  28    1910  46     10       56
  AVERAGE         61                        58      3       65

PRECIPITATION (IN)
  YESTERDAY        0.43          1.47 1926   0.09   0.34     0.19
  MONTH TO DATE    1.69                      2.09  -0.40     8.48
  SINCE MAR 1      4.62                      4.13   0.49     9.47
  SINCE JAN 1      4.73                      4.98  -0.25     9.89

DEGREE DAYS
 HEATING
  YESTERDAY        4                         7     -3        0
  MONTH TO DATE  243                       283    -40      326
  SINCE MAR 1   1788                      2118   -330     1913
  SINCE JUL 1   7530                      8877  -1347     8650

 COOLING
  YESTERDAY        0                         1     -1        0
  MONTH TO DATE   12                        14     -2        0
  SINCE MAR 1     12                        16     -4        0
  SINCE JAN 1     12                        16     -4        0
..................................................................


WIND (MPH)
  HIGHEST WIND SPEED    23   HIGHEST WIND DIRECTION     S (180)
  HIGHEST GUST SPEED    33   HIGHEST GUST DIRECTION     S (180)
  AVERAGE WIND SPEED     9.2


SKY COVER
  POSSIBLE SUNSHINE  MM
  AVERAGE SKY COVER 0.6


WEATHER CONDITIONS
 THE FOLLOWING WEATHER WAS RECORDED YESTERDAY.
  THUNDERSTORM
  RAIN
  LIGHT RAIN
  FOG


RELATIVE HUMIDITY (PERCENT)
 HIGHEST   100          1000 PM
 LOWEST     90           800 PM
 AVERAGE    95

..........................................................


THE JAMESTOWN ND CLIMATE NORMALS FOR TODAY
                         NORMAL    RECORD    YEAR
 MAXIMUM TEMPERATURE (F)   71       101      1934
 MINIMUM TEMPERATURE (F)   46        29      1961


SUNRISE AND SUNSET
MAY 26 2016...........SUNRISE   548 AM CDT   SUNSET   916 PM CDT
MAY 27 2016...........SUNRISE   547 AM CDT   SUNSET   917 PM CDT


-  INDICATES NEGATIVE NUMBERS.
R  INDICATES RECORD WAS SET OR TIED.
MM INDICATES DATA IS MISSING.
T  INDICATES TRACE AMOUNT.




$$
