000
CDUS43 KBIS 031235
CLIJMS


CLIMATE REPORT
NATIONAL WEATHER SERVICE BISMARCK ND
634 AM CST SAT DEC 3 2016


...................................

...THE JAMESTOWN ND CLIMATE SUMMARY FOR DECEMBER 2 2016...

CLIMATE NORMAL PERIOD 1981 TO 2010
CLIMATE RECORD PERIOD 1891 TO 2016


WEATHER ITEM   OBSERVED TIME   RECORD YEAR NORMAL DEPARTURE LAST
                VALUE   (LST)  VALUE       VALUE  FROM      YEAR
                                                  NORMAL
..................................................................
TEMPERATURE (F)
 YESTERDAY
  MAXIMUM         28    201 PM  61    1941  28      0       28
  MINIMUM         20    942 PM -22    1927  10     10        9
  AVERAGE         24                        19      5       19

PRECIPITATION (IN)
  YESTERDAY        0.00          0.50 1909   0.02  -0.02     0.00
  MONTH TO DATE    T                         0.03  -0.03     0.01
  SINCE DEC 1      T                         0.03  -0.03     0.01
  SINCE JAN 1     24.86                     18.40   6.46    22.25

DEGREE DAYS
 HEATING
  YESTERDAY       41                        46     -5       46
  MONTH TO DATE   77                        92    -15       82
  SINCE DEC 1     77                        92    -15       82
  SINCE JUL 1   1638                      2176   -538     1730

 COOLING
  YESTERDAY        0                         0      0        0
  MONTH TO DATE    0                         0      0        0
  SINCE DEC 1      0                         0      0        0
  SINCE JAN 1    419                       446    -27      508
..................................................................


WIND (MPH)
  HIGHEST WIND SPEED    13   HIGHEST WIND DIRECTION     N (360)
  HIGHEST GUST SPEED    16   HIGHEST GUST DIRECTION     N (360)
  AVERAGE WIND SPEED     6.7


SKY COVER
  POSSIBLE SUNSHINE  MM
  AVERAGE SKY COVER 1.0


WEATHER CONDITIONS
 THE FOLLOWING WEATHER WAS RECORDED YESTERDAY.
  NO SIGNIFICANT WEATHER WAS OBSERVED.


RELATIVE HUMIDITY (PERCENT)
 HIGHEST    84          1000 PM
 LOWEST     68           500 PM
 AVERAGE    76

..........................................................


THE JAMESTOWN ND CLIMATE NORMALS FOR TODAY
                         NORMAL    RECORD    YEAR
 MAXIMUM TEMPERATURE (F)   27        60      1916
 MINIMUM TEMPERATURE (F)   10       -19      1927
                                             1905


SUNRISE AND SUNSET
DECEMBER  3 2016......SUNRISE   802 AM CST   SUNSET   447 PM CST
DECEMBER  4 2016......SUNRISE   803 AM CST   SUNSET   447 PM CST


-  INDICATES NEGATIVE NUMBERS.
R  INDICATES RECORD WAS SET OR TIED.
MM INDICATES DATA IS MISSING.
T  INDICATES TRACE AMOUNT.




$$
