000
CDUS43 KBIS 060743
CLIJMS


CLIMATE REPORT
NATIONAL WEATHER SERVICE BISMARCK ND
143 AM CST SAT FEB 6 2016


...................................

...THE JAMESTOWN ND CLIMATE SUMMARY FOR FEBRUARY 5 2016...

CLIMATE NORMAL PERIOD 1981 TO 2010
CLIMATE RECORD PERIOD 1891 TO 2016


WEATHER ITEM   OBSERVED TIME   RECORD YEAR NORMAL DEPARTURE LAST
                VALUE   (LST)  VALUE       VALUE  FROM      YEAR
                                                  NORMAL
..................................................................
TEMPERATURE (F)
 YESTERDAY
  MAXIMUM         33    346 PM  58    1991  22     11       27
  MINIMUM         20    928 PM -35    1936   2     18       -4
  AVERAGE         27                        12     15       12

PRECIPITATION (IN)
  YESTERDAY        0.00          0.35 1923   0.01  -0.01     0.00
  MONTH TO DATE    T                         0.05  -0.05     0.03
  SINCE DEC 1      0.14                      0.90  -0.76     0.33
  SINCE JAN 1      T                         0.50  -0.50     0.30

DEGREE DAYS
 HEATING
  YESTERDAY       38                        53    -15       53
  MONTH TO DATE  206                       267    -61      302
  SINCE DEC 1   3124                      3545   -421     3264
  SINCE JUL 1   4772                      5629   -857     5427

 COOLING
  YESTERDAY        0                         0      0        0
  MONTH TO DATE    0                         0      0        0
  SINCE DEC 1      0                         0      0        0
  SINCE JAN 1      0                         0      0        0
..................................................................


WIND (MPH)
  HIGHEST WIND SPEED    17   HIGHEST WIND DIRECTION    NW (320)
  HIGHEST GUST SPEED    20   HIGHEST GUST DIRECTION    NW (300)
  AVERAGE WIND SPEED     7.6


SKY COVER
  POSSIBLE SUNSHINE  MM
  AVERAGE SKY COVER 0.4


WEATHER CONDITIONS
 THE FOLLOWING WEATHER WAS RECORDED YESTERDAY.
  NO SIGNIFICANT WEATHER WAS OBSERVED.


RELATIVE HUMIDITY (PERCENT)
 HIGHEST    92           500 AM
 LOWEST     54           400 PM
 AVERAGE    73

..........................................................


THE JAMESTOWN ND CLIMATE NORMALS FOR TODAY
                         NORMAL    RECORD    YEAR
 MAXIMUM TEMPERATURE (F)   22        48      1990
 MINIMUM TEMPERATURE (F)    2       -41      1936


SUNRISE AND SUNSET
FEBRUARY  6 2016......SUNRISE   753 AM CST   SUNSET   545 PM CST
FEBRUARY  7 2016......SUNRISE   752 AM CST   SUNSET   546 PM CST


-  INDICATES NEGATIVE NUMBERS.
R  INDICATES RECORD WAS SET OR TIED.
MM INDICATES DATA IS MISSING.
T  INDICATES TRACE AMOUNT.




$$
