000
CDUS43 KBIS 180838
CLIJMS


CLIMATE REPORT
NATIONAL WEATHER SERVICE BISMARCK ND
337 AM CDT FRI APR 18 2014


...................................

...THE JAMESTOWN ND CLIMATE SUMMARY FOR APRIL 17 2014...

CLIMATE NORMAL PERIOD 1981 TO 2010
CLIMATE RECORD PERIOD 1891 TO 2014


WEATHER ITEM   OBSERVED TIME   RECORD YEAR NORMAL DEPARTURE LAST
                VALUE   (LST)  VALUE       VALUE  FROM      YEAR
                                                  NORMAL
..................................................................
TEMPERATURE (F)
 YESTERDAY
  MAXIMUM         45    514 PM  87    1915  56    -11       31
  MINIMUM         18    615 AM   4    1910  31    -13       25
  AVERAGE         32                        44    -12       28

PRECIPITATION (IN)
  YESTERDAY        0.00          0.54 1975   0.03  -0.03      T
  MONTH TO DATE    0.11                      0.56  -0.45     0.22
  SINCE MAR 1      0.27                      1.40  -1.13     0.50
  SINCE JAN 1      0.66                      2.25  -1.59     0.99

DEGREE DAYS
 HEATING
  YESTERDAY       33                        22     11       37
  MONTH TO DATE  521                       438     83      644
  SINCE MAR 1   1792                      1599    193     2203
  SINCE JUL 1   9060                      8358    702     8950

 COOLING
  YESTERDAY        0                         0      0        0
  MONTH TO DATE    0                         0      0        0
  SINCE MAR 1      0                         0      0        0
  SINCE JAN 1      0                         0      0        0
..................................................................


WIND (MPH)
  HIGHEST WIND SPEED    13   HIGHEST WIND DIRECTION     E (110)
  HIGHEST GUST SPEED    17   HIGHEST GUST DIRECTION     S (170)
  AVERAGE WIND SPEED     6.3


SKY COVER
  POSSIBLE SUNSHINE  MM
  AVERAGE SKY COVER 0.3


WEATHER CONDITIONS
 THE FOLLOWING WEATHER WAS RECORDED YESTERDAY.
  NO SIGNIFICANT WEATHER WAS OBSERVED.


RELATIVE HUMIDITY (PERCENT)
 HIGHEST    92           600 AM
 LOWEST     27          1200 PM
 AVERAGE    60

..........................................................


THE JAMESTOWN ND CLIMATE NORMALS FOR TODAY
                         NORMAL    RECORD    YEAR
 MAXIMUM TEMPERATURE (F)   57        90      1987
 MINIMUM TEMPERATURE (F)   31        10      1910


SUNRISE AND SUNSET
APRIL 18 2014.........SUNRISE   641 AM CDT   SUNSET   827 PM CDT
APRIL 19 2014.........SUNRISE   640 AM CDT   SUNSET   829 PM CDT


-  INDICATES NEGATIVE NUMBERS.
R  INDICATES RECORD WAS SET OR TIED.
MM INDICATES DATA IS MISSING.
T  INDICATES TRACE AMOUNT.




$$
