000
CDUS43 KBIS 020726
CLIJMS


CLIMATE REPORT
NATIONAL WEATHER SERVICE BISMARCK ND
225 AM CDT THU OCT 2 2014


...................................

...THE JAMESTOWN ND CLIMATE SUMMARY FOR OCTOBER 1 2014...

CLIMATE NORMAL PERIOD 1981 TO 2010
CLIMATE RECORD PERIOD 1891 TO 2014


WEATHER ITEM   OBSERVED TIME   RECORD YEAR NORMAL DEPARTURE LAST
                VALUE   (LST)  VALUE       VALUE  FROM      YEAR
                                                  NORMAL
..................................................................
TEMPERATURE (F)
 YESTERDAY
  MAXIMUM         63   1109 AM  94    1992  63      0       68
  MINIMUM         48   1159 PM  17    1936  38     10       40
  AVERAGE         56                        51      5       54

PRECIPITATION (IN)
  YESTERDAY       MM             0.96 2009   0.06  MM        0.00
  MONTH TO DATE   MM                         0.06  MM        0.00
  SINCE SEP 1      1.59                      2.06  -0.47     2.17
  SINCE JAN 1     20.27                     16.25   4.02    11.37

DEGREE DAYS
 HEATING
  YESTERDAY        9                        14     -5       11
  MONTH TO DATE    9                        14     -5       11
  SINCE SEP 1    228                       266    -38      130
  SINCE JUL 1    283                       332    -49      174

 COOLING
  YESTERDAY        0                         0      0        0
  MONTH TO DATE    0                         0      0        0
  SINCE SEP 1     29                        30     -1       55
  SINCE JAN 1    367                       445    -78      521
..................................................................


WIND (MPH)
  HIGHEST WIND SPEED    24   HIGHEST WIND DIRECTION     S (200)
  HIGHEST GUST SPEED    34   HIGHEST GUST DIRECTION     S (200)
  AVERAGE WIND SPEED    13.1


SKY COVER
  POSSIBLE SUNSHINE  MM
  AVERAGE SKY COVER 0.8


WEATHER CONDITIONS
 THE FOLLOWING WEATHER WAS RECORDED YESTERDAY.
  NO SIGNIFICANT WEATHER WAS OBSERVED.


RELATIVE HUMIDITY (PERCENT)
 HIGHEST    93           800 AM
 LOWEST     64           100 PM
 AVERAGE    79

..........................................................


THE JAMESTOWN ND CLIMATE NORMALS FOR TODAY
                         NORMAL    RECORD    YEAR
 MAXIMUM TEMPERATURE (F)   63        88      1914
 MINIMUM TEMPERATURE (F)   38        18      1936


SUNRISE AND SUNSET
OCTOBER  2 2014.......SUNRISE   735 AM CDT   SUNSET   712 PM CDT
OCTOBER  3 2014.......SUNRISE   736 AM CDT   SUNSET   710 PM CDT


-  INDICATES NEGATIVE NUMBERS.
R  INDICATES RECORD WAS SET OR TIED.
MM INDICATES DATA IS MISSING.
T  INDICATES TRACE AMOUNT.




$$
