000
CDUS43 KBIS 260830
CLIJMS


CLIMATE REPORT
NATIONAL WEATHER SERVICE BISMARCK ND
303 AM CDT MON SEP 26 2016


...................................

...THE JAMESTOWN ND CLIMATE SUMMARY FOR SEPTEMBER 25 2016...

CLIMATE NORMAL PERIOD 1981 TO 2010
CLIMATE RECORD PERIOD 1891 TO 2016


WEATHER ITEM   OBSERVED TIME   RECORD YEAR NORMAL DEPARTURE LAST
                VALUE   (LST)  VALUE       VALUE  FROM      YEAR
                                                  NORMAL
..................................................................
TEMPERATURE (F)
 YESTERDAY
  MAXIMUM         63    320 PM  95    1938  66     -3       81
  MINIMUM         46    416 AM  18    1926  41      5       51
  AVERAGE         55                        53      2       66

PRECIPITATION (IN)
  YESTERDAY        T             0.78 1915   0.05  -0.05     0.00
  MONTH TO DATE    3.91                      1.72   2.19     0.47
  SINCE SEP 1      3.91                      1.72   2.19     0.47
  SINCE JAN 1     22.66                     15.91   6.75    20.46

DEGREE DAYS
 HEATING
  YESTERDAY       10                        12     -2        0
  MONTH TO DATE  131                       188    -57      104
  SINCE SEP 1    131                       188    -57      104
  SINCE JUL 1    164                       254    -90      160

 COOLING
  YESTERDAY        0                         0      0        1
  MONTH TO DATE   22                        28     -6       63
  SINCE SEP 1     22                        28     -6       63
  SINCE JAN 1    415                       443    -28      495
..................................................................


WIND (MPH)
  HIGHEST WIND SPEED    38   HIGHEST WIND DIRECTION    NW (320)
  HIGHEST GUST SPEED    48   HIGHEST GUST DIRECTION    NW (300)
  AVERAGE WIND SPEED    19.3


SKY COVER
  POSSIBLE SUNSHINE  MM
  AVERAGE SKY COVER 0.5


WEATHER CONDITIONS
 THE FOLLOWING WEATHER WAS RECORDED YESTERDAY.
  LIGHT RAIN


RELATIVE HUMIDITY (PERCENT)
 HIGHEST    96           600 AM
 LOWEST     36           400 PM
 AVERAGE    66

..........................................................


THE JAMESTOWN ND CLIMATE NORMALS FOR TODAY
                         NORMAL    RECORD    YEAR
 MAXIMUM TEMPERATURE (F)   66        92      1963
 MINIMUM TEMPERATURE (F)   40        18      1965


SUNRISE AND SUNSET
SEPTEMBER 26 2016.....SUNRISE   727 AM CDT   SUNSET   723 PM CDT
SEPTEMBER 27 2016.....SUNRISE   729 AM CDT   SUNSET   721 PM CDT


-  INDICATES NEGATIVE NUMBERS.
R  INDICATES RECORD WAS SET OR TIED.
MM INDICATES DATA IS MISSING.
T  INDICATES TRACE AMOUNT.




$$
