000
CDUS43 KBIS 200825
CLIJMS


CLIMATE REPORT
NATIONAL WEATHER SERVICE BISMARCK ND
225 AM CST FRI JAN 20 2017


...................................

...THE JAMESTOWN ND CLIMATE SUMMARY FOR JANUARY 19 2017...

CLIMATE NORMAL PERIOD 1981 TO 2010
CLIMATE RECORD PERIOD 1891 TO 2017


WEATHER ITEM   OBSERVED TIME   RECORD YEAR NORMAL DEPARTURE LAST
                VALUE   (LST)  VALUE       VALUE  FROM      YEAR
                                                  NORMAL
..................................................................
TEMPERATURE (F)
 YESTERDAY
  MAXIMUM         33   1159 PM  56    1908  20     13       17
  MINIMUM         15    820 AM -35    1937   0     15       -1
  AVERAGE         24                        10     14        8

PRECIPITATION (IN)
  YESTERDAY        0.00          0.15 1977   0.01  -0.01      T
  MONTH TO DATE    0.21                      0.30  -0.09      T
  SINCE DEC 1      1.50                      0.70   0.80     0.14
  SINCE JAN 1      0.21                      0.30  -0.09      T

DEGREE DAYS
 HEATING
  YESTERDAY       41                        55    -14       57
  MONTH TO DATE 1175                      1043    132     1076
  SINCE DEC 1   2789                      2619    170     2439
  SINCE JUL 1   4350                      4703   -353     4087

 COOLING
  YESTERDAY        0                         0      0        0
  MONTH TO DATE    0                         0      0        0
  SINCE DEC 1      0                         0      0        0
  SINCE JAN 1      0                         0      0        0
..................................................................


WIND (MPH)
  HIGHEST WIND SPEED    21   HIGHEST WIND DIRECTION     S (170)
  HIGHEST GUST SPEED    27   HIGHEST GUST DIRECTION     S (180)
  AVERAGE WIND SPEED     9.0


SKY COVER
  POSSIBLE SUNSHINE  MM
  AVERAGE SKY COVER 0.3


WEATHER CONDITIONS
 THE FOLLOWING WEATHER WAS RECORDED YESTERDAY.
  FOG
  FOG W/VISIBILITY <= 1/4 MILE


RELATIVE HUMIDITY (PERCENT)
 HIGHEST   100           500 PM
 LOWEST     74           300 AM
 AVERAGE    87

..........................................................


THE JAMESTOWN ND CLIMATE NORMALS FOR TODAY
                         NORMAL    RECORD    YEAR
 MAXIMUM TEMPERATURE (F)   20        55      1908
 MINIMUM TEMPERATURE (F)    0       -29      1954


SUNRISE AND SUNSET
JANUARY 20 2017.......SUNRISE   812 AM CST   SUNSET   520 PM CST
JANUARY 21 2017.......SUNRISE   811 AM CST   SUNSET   522 PM CST


-  INDICATES NEGATIVE NUMBERS.
R  INDICATES RECORD WAS SET OR TIED.
MM INDICATES DATA IS MISSING.
T  INDICATES TRACE AMOUNT.




$$
