000
CDUS43 KBIS 300743
CLIJMS


CLIMATE REPORT
NATIONAL WEATHER SERVICE BISMARCK ND
243 AM CDT THU JUL 30 2015


...................................

...THE JAMESTOWN ND CLIMATE SUMMARY FOR JULY 29 2015...

CLIMATE NORMAL PERIOD 1981 TO 2010
CLIMATE RECORD PERIOD 1891 TO 2015


WEATHER ITEM   OBSERVED TIME   RECORD YEAR NORMAL DEPARTURE LAST
                VALUE   (LST)  VALUE       VALUE  FROM      YEAR
                                                  NORMAL
..................................................................
TEMPERATURE (F)
 YESTERDAY
  MAXIMUM         81    338 PM 103    1939  84     -3       79
  MINIMUM         61    450 AM  40    1899  58      3       50
  AVERAGE         71                        71      0       65

PRECIPITATION (IN)
  YESTERDAY        0.00          1.48 1921   0.09  -0.09     0.00
  MONTH TO DATE    2.96                      3.20  -0.24     0.82
  SINCE JUN 1      8.62                      6.39   2.23     7.18
  SINCE JAN 1     18.78                     11.94   6.84    15.62

DEGREE DAYS
 HEATING
  YESTERDAY        0                         0      0        0
  MONTH TO DATE    9                        19    -10       28
  SINCE JUN 1     51                       116    -65       87
  SINCE JUL 1      9                        19    -10       28

 COOLING
  YESTERDAY        6                         6      0        0
  MONTH TO DATE  184                       163     21      112
  SINCE JUN 1    286                       243     43      168
  SINCE JAN 1    294                       263     31      222
..................................................................


WIND (MPH)
  HIGHEST WIND SPEED    39   HIGHEST WIND DIRECTION     W (280)
  HIGHEST GUST SPEED    54   HIGHEST GUST DIRECTION     W (270)
  AVERAGE WIND SPEED    20.1


SKY COVER
  POSSIBLE SUNSHINE  MM
  AVERAGE SKY COVER 0.1


WEATHER CONDITIONS
 THE FOLLOWING WEATHER WAS RECORDED YESTERDAY.
  NO SIGNIFICANT WEATHER WAS OBSERVED.


RELATIVE HUMIDITY (PERCENT)
 HIGHEST    65           600 AM
 LOWEST     33           300 PM
 AVERAGE    49

..........................................................


THE JAMESTOWN ND CLIMATE NORMALS FOR TODAY
                         NORMAL    RECORD    YEAR
 MAXIMUM TEMPERATURE (F)   84       106      2006
 MINIMUM TEMPERATURE (F)   58        38      1903


SUNRISE AND SUNSET
JULY 30 2015..........SUNRISE   612 AM CDT   SUNSET   910 PM CDT
JULY 31 2015..........SUNRISE   613 AM CDT   SUNSET   909 PM CDT


-  INDICATES NEGATIVE NUMBERS.
R  INDICATES RECORD WAS SET OR TIED.
MM INDICATES DATA IS MISSING.
T  INDICATES TRACE AMOUNT.




$$
