948
CDUS43 KBIS 010019
CLIJMS


CLIMATE REPORT
NATIONAL WEATHER SERVICE BISMARCK ND
718 PM CDT WED AUG 31 2016


...................................

...THE JAMESTOWN ND CLIMATE SUMMARY FOR AUGUST 31 2016...
VALID TODAY AS OF 0700 PM LOCAL TIME.

CLIMATE NORMAL PERIOD 1981 TO 2010
CLIMATE RECORD PERIOD 1891 TO 2016


WEATHER ITEM   OBSERVED TIME   RECORD YEAR NORMAL DEPARTURE LAST
                VALUE   (LST)  VALUE       VALUE  FROM      YEAR
                                                  NORMAL
..................................................................
TEMPERATURE (F)
 TODAY
  MAXIMUM         80    253 PM 100    1953  77      3       78
                                      1921
  MINIMUM         57    637 AM  36    1909  51      6       57
                                      1900
  AVERAGE         69                        64      5       68

PRECIPITATION (IN)
  TODAY            0.00          3.97 1997   0.07  -0.07      T
  MONTH TO DATE    4.59                      2.10   2.49     1.21
  SINCE JUN 1     12.92                      8.64   4.28     9.83
  SINCE JAN 1     18.75                     14.19   4.56    19.99

DEGREE DAYS
 HEATING
  TODAY            0                         3     -3        0
  MONTH TO DATE   26                        46    -20       47
  SINCE JUN 1     82                       163    -81       98
  SINCE JUL 1     33                        66    -33       56

 COOLING
  TODAY            4                         3      1        3
  MONTH TO DATE  109                       143    -34      128
  SINCE JUN 1    379                       395    -16      424
  SINCE JAN 1    393                       415    -22      432
..................................................................


WIND (MPH)
  RESULTANT WIND SPEED   5   RESULTANT WIND DIRECTION  SE (130)
  HIGHEST WIND SPEED    15   HIGHEST WIND DIRECTION    SE (140)
  HIGHEST GUST SPEED    19   HIGHEST GUST DIRECTION    SE (140)
  AVERAGE WIND SPEED     5.8


SKY COVER
  POSSIBLE SUNSHINE  MM
  AVERAGE SKY COVER 0.4


WEATHER CONDITIONS
 THE FOLLOWING WEATHER WAS RECORDED TODAY.
  NO SIGNIFICANT WEATHER WAS OBSERVED.


RELATIVE HUMIDITY (PERCENT)
 HIGHEST    93           300 AM
 LOWEST     39           100 PM
 AVERAGE    66

..........................................................


THE JAMESTOWN ND CLIMATE NORMALS FOR TOMORROW
                         NORMAL    RECORD    YEAR
 MAXIMUM TEMPERATURE (F)   77       101      1983
 MINIMUM TEMPERATURE (F)   51        32      1917


SUNRISE AND SUNSET
AUGUST 31 2016........SUNRISE   654 AM CDT   SUNSET   815 PM CDT
SEPTEMBER  1 2016.....SUNRISE   655 AM CDT   SUNSET   813 PM CDT


-  INDICATES NEGATIVE NUMBERS.
R  INDICATES RECORD WAS SET OR TIED.
MM INDICATES DATA IS MISSING.
T  INDICATES TRACE AMOUNT.




$$
