000
CDUS43 KBIS 040727
CLIJMS


CLIMATE REPORT
NATIONAL WEATHER SERVICE BISMARCK ND
227 AM CDT SAT JUL 4 2015


...................................

...THE JAMESTOWN ND CLIMATE SUMMARY FOR JULY 3 2015...

CLIMATE NORMAL PERIOD 1981 TO 2010
CLIMATE RECORD PERIOD 1891 TO 2015


WEATHER ITEM   OBSERVED TIME   RECORD YEAR NORMAL DEPARTURE LAST
                VALUE   (LST)  VALUE       VALUE  FROM      YEAR
                                                  NORMAL
..................................................................
TEMPERATURE (F)
 YESTERDAY
  MAXIMUM         82    421 PM  94    1989  81      1       75
  MINIMUM         61    149 AM  37    1917  56      5       51
  AVERAGE         72                        68      4       63

PRECIPITATION (IN)
  YESTERDAY        0.00          1.34 1957   0.12  -0.12     0.00
  MONTH TO DATE    0.10                      0.37  -0.27     0.15
  SINCE JUN 1      5.76                      3.56   2.20     6.51
  SINCE JAN 1     15.92                      9.11   6.81    14.95

DEGREE DAYS
 HEATING
  YESTERDAY        0                         1     -1        2
  MONTH TO DATE    0                         3     -3       16
  SINCE JUN 1     42                       100    -58       75
  SINCE JUL 1      0                         3     -3       16

 COOLING
  YESTERDAY        7                         5      2        0
  MONTH TO DATE   17                        15      2        0
  SINCE JUN 1    119                        95     24       56
  SINCE JAN 1    127                       115     12      110
..................................................................


WIND (MPH)
  HIGHEST WIND SPEED    10   HIGHEST WIND DIRECTION     N (340)
  HIGHEST GUST SPEED    13   HIGHEST GUST DIRECTION    NW (320)
  AVERAGE WIND SPEED     4.5


SKY COVER
  POSSIBLE SUNSHINE  MM
  AVERAGE SKY COVER 1.0


WEATHER CONDITIONS
 THE FOLLOWING WEATHER WAS RECORDED YESTERDAY.
  FOG
  HAZE


RELATIVE HUMIDITY (PERCENT)
 HIGHEST    93           400 AM
 LOWEST     40           300 PM
 AVERAGE    67

..........................................................


THE JAMESTOWN ND CLIMATE NORMALS FOR TODAY
                         NORMAL    RECORD    YEAR
 MAXIMUM TEMPERATURE (F)   81       101      1989
 MINIMUM TEMPERATURE (F)   57        40      1917


SUNRISE AND SUNSET
JULY  4 2015..........SUNRISE   546 AM CDT   SUNSET   932 PM CDT
JULY  5 2015..........SUNRISE   546 AM CDT   SUNSET   932 PM CDT


-  INDICATES NEGATIVE NUMBERS.
R  INDICATES RECORD WAS SET OR TIED.
MM INDICATES DATA IS MISSING.
T  INDICATES TRACE AMOUNT.




$$
