000
CDUS43 KBIS 240728
CLIJMS


CLIMATE REPORT
NATIONAL WEATHER SERVICE BISMARCK ND
228 AM CDT FRI OCT 24 2014


...................................

...THE JAMESTOWN ND CLIMATE SUMMARY FOR OCTOBER 23 2014...

CLIMATE NORMAL PERIOD 1981 TO 2010
CLIMATE RECORD PERIOD 1891 TO 2014


WEATHER ITEM   OBSERVED TIME   RECORD YEAR NORMAL DEPARTURE LAST
                VALUE   (LST)  VALUE       VALUE  FROM      YEAR
                                                  NORMAL
..................................................................
TEMPERATURE (F)
 YESTERDAY
  MAXIMUM         70    330 PM  83    1918  52     18       40
  MINIMUM         40    513 AM   2    1936  30     10       32
  AVERAGE         55                        41     14       36

PRECIPITATION (IN)
  YESTERDAY        0.00          0.34 1980   0.05  -0.05     0.00
  MONTH TO DATE    0.42                      1.23  -0.81     4.49
  SINCE SEP 1      2.01                      3.23  -1.22     6.66
  SINCE JAN 1     20.69                     17.42   3.27    15.86

DEGREE DAYS
 HEATING
  YESTERDAY       10                        24    -14       29
  MONTH TO DATE  380                       439    -59      463
  SINCE SEP 1    599                       691    -92      582
  SINCE JUL 1    654                       757   -103      626

 COOLING
  YESTERDAY        0                         0      0        0
  MONTH TO DATE    0                         0      0        0
  SINCE SEP 1     29                        30     -1       55
  SINCE JAN 1    367                       445    -78      521
..................................................................


WIND (MPH)
  HIGHEST WIND SPEED    21   HIGHEST WIND DIRECTION    SW (240)
  HIGHEST GUST SPEED    25   HIGHEST GUST DIRECTION    SW (220)
  AVERAGE WIND SPEED     9.1


SKY COVER
  POSSIBLE SUNSHINE  MM
  AVERAGE SKY COVER 0.0


WEATHER CONDITIONS
 THE FOLLOWING WEATHER WAS RECORDED YESTERDAY.
  NO SIGNIFICANT WEATHER WAS OBSERVED.


RELATIVE HUMIDITY (PERCENT)
 HIGHEST    83          1200 AM
 LOWEST     26           200 PM
 AVERAGE    55

..........................................................


THE JAMESTOWN ND CLIMATE NORMALS FOR TODAY
                         NORMAL    RECORD    YEAR
 MAXIMUM TEMPERATURE (F)   52        81      1989
 MINIMUM TEMPERATURE (F)   29         4      1917


SUNRISE AND SUNSET
OCTOBER 24 2014.......SUNRISE   806 AM CDT   SUNSET   631 PM CDT
OCTOBER 25 2014.......SUNRISE   807 AM CDT   SUNSET   630 PM CDT


-  INDICATES NEGATIVE NUMBERS.
R  INDICATES RECORD WAS SET OR TIED.
MM INDICATES DATA IS MISSING.
T  INDICATES TRACE AMOUNT.




$$
