000
CDUS43 KBIS 280726
CLIJMS


CLIMATE REPORT
NATIONAL WEATHER SERVICE BISMARCK ND
225 AM CDT FRI AUG 28 2015


...................................

...THE JAMESTOWN ND CLIMATE SUMMARY FOR AUGUST 27 2015...

CLIMATE NORMAL PERIOD 1981 TO 2010
CLIMATE RECORD PERIOD 1891 TO 2015


WEATHER ITEM   OBSERVED TIME   RECORD YEAR NORMAL DEPARTURE LAST
                VALUE   (LST)  VALUE       VALUE  FROM      YEAR
                                                  NORMAL
..................................................................
TEMPERATURE (F)
 YESTERDAY
  MAXIMUM         78    553 PM 103    1973  79     -1       75
  MINIMUM         56   1211 AM  32    1982  53      3       49
  AVERAGE         67                        66      1       62

PRECIPITATION (IN)
  YESTERDAY        T             1.40 1923   0.07  -0.07     0.00
  MONTH TO DATE    1.21                      1.80  -0.59     2.71
  SINCE JUN 1      9.83                      8.34   1.49     9.89
  SINCE JAN 1     19.99                     13.89   6.10    18.33

DEGREE DAYS
 HEATING
  YESTERDAY        0                         3     -3        3
  MONTH TO DATE   47                        34     13       22
  SINCE JUN 1     98                       153    -55      109
  SINCE JUL 1     56                        56      0       50

 COOLING
  YESTERDAY        2                         3     -1        0
  MONTH TO DATE  102                       133    -31      106
  SINCE JUN 1    398                       385     13      279
  SINCE JAN 1    406                       405      1      333
..................................................................


WIND (MPH)
  HIGHEST WIND SPEED    10   HIGHEST WIND DIRECTION    SE (130)
  HIGHEST GUST SPEED    14   HIGHEST GUST DIRECTION     E (100)
  AVERAGE WIND SPEED     4.9


SKY COVER
  POSSIBLE SUNSHINE  MM
  AVERAGE SKY COVER 0.1


WEATHER CONDITIONS
 THE FOLLOWING WEATHER WAS RECORDED YESTERDAY.
  NO SIGNIFICANT WEATHER WAS OBSERVED.


RELATIVE HUMIDITY (PERCENT)
 HIGHEST    93           500 AM
 LOWEST     67           500 PM
 AVERAGE    80

..........................................................


THE JAMESTOWN ND CLIMATE NORMALS FOR TODAY
                         NORMAL    RECORD    YEAR
 MAXIMUM TEMPERATURE (F)   79       101      1905
 MINIMUM TEMPERATURE (F)   52        32      1935


SUNRISE AND SUNSET
AUGUST 28 2015........SUNRISE   649 AM CDT   SUNSET   822 PM CDT
AUGUST 29 2015........SUNRISE   650 AM CDT   SUNSET   820 PM CDT


-  INDICATES NEGATIVE NUMBERS.
R  INDICATES RECORD WAS SET OR TIED.
MM INDICATES DATA IS MISSING.
T  INDICATES TRACE AMOUNT.




$$
