000
CDUS43 KBIS 160743
CLIJMS


CLIMATE REPORT
NATIONAL WEATHER SERVICE BISMARCK ND
241 AM CDT TUE SEP 16 2014


...................................

...THE JAMESTOWN ND CLIMATE SUMMARY FOR SEPTEMBER 15 2014...

CLIMATE NORMAL PERIOD 1981 TO 2010
CLIMATE RECORD PERIOD 1891 TO 2014


WEATHER ITEM   OBSERVED TIME   RECORD YEAR NORMAL DEPARTURE LAST
                VALUE   (LST)  VALUE       VALUE  FROM      YEAR
                                                  NORMAL
..................................................................
TEMPERATURE (F)
 YESTERDAY
  MAXIMUM         64    328 PM 100    1948  71     -7       65
  MINIMUM         37    636 AM  25    1916  45     -8       44
  AVERAGE         51                        58     -7       55

PRECIPITATION (IN)
  YESTERDAY        0.00          1.28 1994   0.07  -0.07     0.00
  MONTH TO DATE    1.46                      1.13   0.33     1.68
  SINCE SEP 1      1.46                      1.13   0.33     1.68
  SINCE JAN 1     20.14                     15.32   4.82    10.88

DEGREE DAYS
 HEATING
  YESTERDAY       14                         8      6       10
  MONTH TO DATE  136                        86     50       31
  SINCE SEP 1    136                        86     50       31
  SINCE JUL 1    191                       152     39       75

 COOLING
  YESTERDAY        0                         1     -1        0
  MONTH TO DATE    5                        23    -18       43
  SINCE SEP 1      5                        23    -18       43
  SINCE JAN 1    343                       438    -95      509
..................................................................


WIND (MPH)
  HIGHEST WIND SPEED    18   HIGHEST WIND DIRECTION     W (250)
  HIGHEST GUST SPEED    22   HIGHEST GUST DIRECTION    SW (240)
  AVERAGE WIND SPEED     7.2


SKY COVER
  POSSIBLE SUNSHINE  MM
  AVERAGE SKY COVER 0.2


WEATHER CONDITIONS
 THE FOLLOWING WEATHER WAS RECORDED YESTERDAY.
  NO SIGNIFICANT WEATHER WAS OBSERVED.


RELATIVE HUMIDITY (PERCENT)
 HIGHEST    93          1200 AM
 LOWEST     39          1200 PM
 AVERAGE    66

..........................................................


THE JAMESTOWN ND CLIMATE NORMALS FOR TODAY
                         NORMAL    RECORD    YEAR
 MAXIMUM TEMPERATURE (F)   70        94      1979
 MINIMUM TEMPERATURE (F)   45        23      1959


SUNRISE AND SUNSET
SEPTEMBER 16 2014.....SUNRISE   714 AM CDT   SUNSET   744 PM CDT
SEPTEMBER 17 2014.....SUNRISE   715 AM CDT   SUNSET   742 PM CDT


-  INDICATES NEGATIVE NUMBERS.
R  INDICATES RECORD WAS SET OR TIED.
MM INDICATES DATA IS MISSING.
T  INDICATES TRACE AMOUNT.




$$
