000
CDAK47 PAJK 031126
CLIJNU
AKZ025-032300-
CLIMATE REPORT
NATIONAL WEATHER SERVICE JUNEAU, AK
325 AM AKDT FRI JUL 3 2015


...................................

...THE JUNEAU CLIMATE SUMMARY FOR JULY 2 2015...

CLIMATE NORMAL PERIOD 1981 TO 2010
CLIMATE RECORD PERIOD 1943 TO 2015


WEATHER ITEM   OBSERVED TIME   RECORD YEAR NORMAL DEPARTURE LAST
                VALUE   (LST)  VALUE       VALUE  FROM      YEAR
                                                  NORMAL
..................................................................
TEMPERATURE (F)
 YESTERDAY
  MAXIMUM         57    442 AM  77    1999  63     -6       66
  MINIMUM         52   1159 PM  40    1972  49      3       48
  AVERAGE         55                        56     -1       57

PRECIPITATION (IN)
  YESTERDAY        0.20          1.53 1975   0.12   0.08     0.28
  MONTH TO DATE    0.62                      0.25   0.37     0.28
  SINCE JUN 1      5.28                      3.49   1.79     7.76
  SINCE JAN 1     33.10                     23.09  10.01    27.68

DEGREE DAYS
 HEATING
  YESTERDAY       10                         9      1        8
  MONTH TO DATE   20                        18      2       17
  SINCE JUN 1    254                       333    -79      371
  SINCE JUL 1     20                        18      2       17

 COOLING
  YESTERDAY        0                         0      0        0
  MONTH TO DATE    0                         0      0        0
  SINCE JUN 1      2                         1      1        0
  SINCE JAN 1      2                         1      1        0
..................................................................


WIND (MPH)
  HIGHEST WIND SPEED    30   HIGHEST WIND DIRECTION     E (110)
  HIGHEST GUST SPEED    42   HIGHEST GUST DIRECTION    SE (120)
  AVERAGE WIND SPEED    17.3


SKY COVER
  AVERAGE SKY COVER 0.9


WEATHER CONDITIONS
 THE FOLLOWING WEATHER WAS RECORDED YESTERDAY.
  LIGHT RAIN
  FOG


RELATIVE HUMIDITY (PERCENT)
 HIGHEST    96          1100 PM
 LOWEST     77           400 AM
 AVERAGE    87

..........................................................


THE JUNEAU CLIMATE NORMALS FOR TODAY
                         NORMAL    RECORD    YEAR
 MAXIMUM TEMPERATURE (F)   63        82      1999
 MINIMUM TEMPERATURE (F)   49        38      1949


SUNRISE AND SUNSET
JULY  3 2015..........SUNRISE   359 AM AKDT  SUNSET  1005 PM AKDT
JULY  4 2015..........SUNRISE   400 AM AKDT  SUNSET  1005 PM AKDT


-  INDICATES NEGATIVE NUMBERS.
R  INDICATES RECORD WAS SET OR TIED.
MM INDICATES DATA IS MISSING.
T  INDICATES TRACE AMOUNT.




$$


&&
----------------------------
AMOUNT OF DAYLIGHT TODAY  (HOUR:MIN)........18:06
GAIN/LOSS SINCE YESTERDAY (HOUR:MIN:SEC)....-0:01:46
