000
CDAK47 PAJK 161131
CLIJNU
AKZ025-162300-
CLIMATE REPORT
NATIONAL WEATHER SERVICE JUNEAU, AK
327 AM AKDT TUE SEP 16 2014


...................................

...THE JUNEAU CLIMATE SUMMARY FOR SEPTEMBER 15 2014...

CLIMATE NORMAL PERIOD 1981 TO 2010
CLIMATE RECORD PERIOD 1943 TO 2014


WEATHER ITEM   OBSERVED TIME   RECORD YEAR NORMAL DEPARTURE LAST
                VALUE   (LST)  VALUE       VALUE  FROM      YEAR
                                                  NORMAL
..................................................................
TEMPERATURE (F)
 YESTERDAY
  MAXIMUM         62    233 PM  72    2010  56      6       64
  MINIMUM         46    418 AM  30    2006  45      1       39
  AVERAGE         54                        50      4       52

PRECIPITATION (IN)
  YESTERDAY        0.02          0.90 1992   0.29  -0.27     0.10
  MONTH TO DATE    3.41                      4.08  -0.67     3.75
  SINCE SEP 1      3.41                      4.08  -0.67     3.75
  SINCE JAN 1     47.51                     37.25  10.26    44.66

DEGREE DAYS
 HEATING
  YESTERDAY       11                        15     -4       13
  MONTH TO DATE  191                       202    -11      143
  SINCE SEP 1    191                       202    -11      143
  SINCE JUL 1    667                       737    -70      578

 COOLING
  YESTERDAY        0                         0      0        0
  MONTH TO DATE    0                         0      0        0
  SINCE SEP 1      0                         0      0        0
  SINCE JAN 1      0                         2     -2        9
..................................................................


WIND (MPH)
  HIGHEST WIND SPEED    17   HIGHEST WIND DIRECTION     E (100)
  HIGHEST GUST SPEED    20   HIGHEST GUST DIRECTION     E (100)
  AVERAGE WIND SPEED     5.2


SKY COVER
  POSSIBLE SUNSHINE  MM
  AVERAGE SKY COVER 0.8


WEATHER CONDITIONS
 THE FOLLOWING WEATHER WAS RECORDED YESTERDAY.
  LIGHT RAIN
  FOG
  FOG W/VISIBILITY <= 1/4 MILE


RELATIVE HUMIDITY (PERCENT)
 HIGHEST   100          1200 AM
 LOWEST     72           200 PM
 AVERAGE    86

..........................................................


THE JUNEAU CLIMATE NORMALS FOR TODAY
                         NORMAL    RECORD    YEAR
 MAXIMUM TEMPERATURE (F)   56        70      2010
 MINIMUM TEMPERATURE (F)   44        29      1969


SUNRISE AND SUNSET
SEPTEMBER 16 2014.....SUNRISE   630 AM AKDT  SUNSET   715 PM AKDT
SEPTEMBER 17 2014.....SUNRISE   632 AM AKDT  SUNSET   712 PM AKDT


-  INDICATES NEGATIVE NUMBERS.
R  INDICATES RECORD WAS SET OR TIED.
MM INDICATES DATA IS MISSING.
T  INDICATES TRACE AMOUNT.




$$


&&
----------------------------
AMOUNT OF DAYLIGHT TODAY  (HOUR:MIN)........12:44
GAIN/LOSS SINCE YESTERDAY (HOUR:MIN:SEC)....-0:05:02
