000
CDAK47 PAJK 251126
CLIJNU
AKZ025-252300-
CLIMATE REPORT
NATIONAL WEATHER SERVICE JUNEAU, AK
225 AM AKST SUN JAN 25 2015

...................................

...THE JUNEAU CLIMATE SUMMARY FOR JANUARY 24 2015...

CLIMATE NORMAL PERIOD 1981 TO 2010
CLIMATE RECORD PERIOD 1943 TO 2015

WEATHER ITEM   OBSERVED TIME   RECORD YEAR NORMAL DEPARTURE LAST
                VALUE   (LST)  VALUE       VALUE  FROM      YEAR
                                                  NORMAL
..................................................................
TEMPERATURE (F)
 YESTERDAY
  MAXIMUM         45    204 AM  48    2014  33     12       48
  MINIMUM         38   1159 PM -12    1971  24     14       33
  AVERAGE         42                        28     14       41

PRECIPITATION (IN)
  YESTERDAY        0.37          0.70 1999   0.17   0.20     0.00
  MONTH TO DATE   10.84                      4.16   6.68     9.74
  SINCE DEC 1     14.13                     10.00   4.13    18.26
  SINCE JAN 1     10.84                      4.16   6.68     9.74

SNOWFALL (IN)
  YESTERDAY        0.0          12.4  2006   0.9   -0.9      0.0
  MONTH TO DATE    9.1                      21.3  -12.2      4.7
  SINCE DEC 1     12.6                      36.9  -24.3     44.8
  SINCE JUL 1     22.4                      50.8  -28.4     64.0
  SNOW DEPTH       0

DEGREE DAYS
 HEATING
  YESTERDAY       23                        37    -14       24
  MONTH TO DATE  690                       888   -198      648
  SINCE DEC 1   1662                      1978   -316     1800
  SINCE JUL 1   4071                      4609   -538     4273
..................................................................

WIND (MPH)
  HIGHEST WIND SPEED    24   HIGHEST WIND DIRECTION    SE (120)
  HIGHEST GUST SPEED    33   HIGHEST GUST DIRECTION    SE (120)
  AVERAGE WIND SPEED     9.2

SKY COVER
  POSSIBLE SUNSHINE  MM
  AVERAGE SKY COVER 1.0

WEATHER CONDITIONS
 THE FOLLOWING WEATHER WAS RECORDED YESTERDAY.
  RAIN
  LIGHT RAIN
  FOG

RELATIVE HUMIDITY (PERCENT)
 HIGHEST   100           600 PM
 LOWEST     82           400 PM
 AVERAGE    91
..........................................................

THE JUNEAU CLIMATE NORMALS FOR TODAY
                         NORMAL    RECORD    YEAR
 MAXIMUM TEMPERATURE (F)   33        44      1983
 MINIMUM TEMPERATURE (F)   24       -14      1971

SUNRISE AND SUNSET
JANUARY 25 2015.......SUNRISE   818 AM AKST  SUNSET   404 PM AKST
JANUARY 26 2015.......SUNRISE   816 AM AKST  SUNSET   406 PM AKST

-  INDICATES NEGATIVE NUMBERS.
R  INDICATES RECORD WAS SET OR TIED.
MM INDICATES DATA IS MISSING.
T  INDICATES TRACE AMOUNT.

$$
&&
----------------------------
AMOUNT OF DAYLIGHT TODAY  (HOUR:MIN)........ 7:46
GAIN/LOSS SINCE YESTERDAY (HOUR:MIN:SEC)....+0:04:10
