000
CDUS41 KCTP 260617
CLIJST


CLIMATE REPORT
NATIONAL WEATHER SERVICE STATE COLLEGE PA
217 AM EDT WED JUL 26 2017


...................................

...THE JOHNSTOWN CLIMATE SUMMARY FOR JULY 25 2017...

CLIMATE NORMAL PERIOD 1981 TO 2010
CLIMATE RECORD PERIOD 1892 TO 2017


WEATHER ITEM   OBSERVED TIME   RECORD YEAR NORMAL DEPARTURE LAST
                VALUE   (LST)  VALUE       VALUE  FROM      YEAR
                                                  NORMAL
..................................................................
TEMPERATURE (F)
 YESTERDAY
  MAXIMUM         69    540 PM  99    1934  79    -10       90
  MINIMUM         58    820 AM  45    1957  60     -2       69
  AVERAGE         64                        69     -5       80

PRECIPITATION (IN)
  YESTERDAY        T             1.00 1968   0.13  -0.13     0.03
  MONTH TO DATE    2.68                      3.03  -0.35     1.83
  SINCE JUN 1     10.49                      3.03   7.46     6.51
  SINCE JAN 1     30.38                     19.67  10.71    17.31

DEGREE DAYS
 HEATING
  YESTERDAY        1                         0      1        0
  MONTH TO DATE    2                         8     -6       11
  SINCE JUN 1     61                        87    -26       54
  SINCE JUL 1      2                         8     -6       11

 COOLING
  YESTERDAY        0                         5     -5       15
  MONTH TO DATE  156                       120     36      184
  SINCE JUN 1    262                       195     67      278
  SINCE JAN 1    291                       213     78      316
..................................................................


WIND (MPH)
  HIGHEST WIND SPEED    16   HIGHEST WIND DIRECTION    NW (320)
  HIGHEST GUST SPEED    22   HIGHEST GUST DIRECTION    NW (300)
  AVERAGE WIND SPEED     8.3


SKY COVER
  POSSIBLE SUNSHINE  MM
  AVERAGE SKY COVER 0.9


WEATHER CONDITIONS
 THE FOLLOWING WEATHER WAS RECORDED YESTERDAY.
  LIGHT RAIN


RELATIVE HUMIDITY (PERCENT)
 HIGHEST    93           500 AM
 LOWEST     68           500 PM
 AVERAGE    81

..........................................................


THE JOHNSTOWN CLIMATE NORMALS FOR TODAY
                         NORMAL    RECORD    YEAR
 MAXIMUM TEMPERATURE (F)   79        99      1930
 MINIMUM TEMPERATURE (F)   60        44      1920


SUNRISE AND SUNSET
JULY 26 2017..........SUNRISE   608 AM EDT   SUNSET   835 PM EDT
JULY 27 2017..........SUNRISE   609 AM EDT   SUNSET   835 PM EDT


-  INDICATES NEGATIVE NUMBERS.
R  INDICATES RECORD WAS SET OR TIED.
MM INDICATES DATA IS MISSING.
T  INDICATES TRACE AMOUNT.




$$
