000
CDUS41 KCTP 260616
CLIJST


CLIMATE REPORT
NATIONAL WEATHER SERVICE STATE COLLEGE PA
216 AM EDT TUE SEP 26 2017


...................................

...THE JOHNSTOWN CLIMATE SUMMARY FOR SEPTEMBER 25 2017...

CLIMATE NORMAL PERIOD 1981 TO 2010
CLIMATE RECORD PERIOD 1892 TO 2017


WEATHER ITEM   OBSERVED TIME   RECORD YEAR NORMAL DEPARTURE LAST
                VALUE   (LST)  VALUE       VALUE  FROM      YEAR
                                                  NORMAL
..................................................................
TEMPERATURE (F)
 YESTERDAY
  MAXIMUM         85    237 PM  93    1970  65     20       70
  MINIMUM         65    538 AM  32    1942  47     18       44
  AVERAGE         75                        56     19       57

PRECIPITATION (IN)
  YESTERDAY        0.00          1.35 1975   0.11  -0.11     0.00
  MONTH TO DATE    2.05                      2.84  -0.79     1.96
  SINCE SEP 1      2.05                      2.84  -0.79     1.96
  SINCE JAN 1     36.30                     27.13   9.17    26.61

DEGREE DAYS
 HEATING
  YESTERDAY        0                         9     -9        8
  MONTH TO DATE   97                       129    -32       29
  SINCE SEP 1     97                       129    -32       29
  SINCE JUL 1    138                       171    -33       40

 COOLING
  YESTERDAY       10                         0     10        0
  MONTH TO DATE   56                        22     34       86
  SINCE SEP 1     56                        22     34       86
  SINCE JAN 1    458                       382     76      689
..................................................................


WIND (MPH)
  HIGHEST WIND SPEED    10   HIGHEST WIND DIRECTION     S (160)
  HIGHEST GUST SPEED    14   HIGHEST GUST DIRECTION    SE (140)
  AVERAGE WIND SPEED     2.6


SKY COVER
  POSSIBLE SUNSHINE  MM
  AVERAGE SKY COVER 0.0


WEATHER CONDITIONS
 THE FOLLOWING WEATHER WAS RECORDED YESTERDAY.
  NO SIGNIFICANT WEATHER WAS OBSERVED.


RELATIVE HUMIDITY (PERCENT)
 HIGHEST    87           100 AM
 LOWEST     44           200 PM
 AVERAGE    66

..........................................................


THE JOHNSTOWN CLIMATE NORMALS FOR TODAY
                         NORMAL    RECORD    YEAR
 MAXIMUM TEMPERATURE (F)   65        89      1900
 MINIMUM TEMPERATURE (F)   47        29      1943


SUNRISE AND SUNSET
SEPTEMBER 26 2017.....SUNRISE   707 AM EDT   SUNSET   705 PM EDT
SEPTEMBER 27 2017.....SUNRISE   708 AM EDT   SUNSET   704 PM EDT


-  INDICATES NEGATIVE NUMBERS.
R  INDICATES RECORD WAS SET OR TIED.
MM INDICATES DATA IS MISSING.
T  INDICATES TRACE AMOUNT.




$$
