000
CDUS41 KCTP 312117
CLIJST


CLIMATE REPORT
NATIONAL WEATHER SERVICE STATE COLLEGE PA
516 PM EDT THU JUL 31 2014


...................................

...THE JOHNSTOWN CLIMATE SUMMARY FOR JULY 31 2014...
VALID TODAY AS OF 0500 PM LOCAL TIME.

CLIMATE NORMAL PERIOD 1981 TO 2010
CLIMATE RECORD PERIOD 2000 TO 2014


WEATHER ITEM   OBSERVED TIME   RECORD YEAR NORMAL DEPARTURE LAST
                VALUE   (LST)  VALUE       VALUE  FROM      YEAR
                                                  NORMAL
..................................................................
TEMPERATURE (F)
 TODAY
  MAXIMUM         74    304 PM  98    1933  78     -4       75
  MINIMUM         54    524 AM  46    1936  60     -6       54
  AVERAGE         64                        69     -5       65

PRECIPITATION (IN)
  TODAY            T             2.00 1961   0.14  -0.14     0.00
  MONTH TO DATE    3.49                      3.85  -0.36     2.62
  SINCE JUN 1      8.33                      3.85   4.48     8.47
  SINCE JAN 1     21.89                     20.49   1.40    19.39

DEGREE DAYS
 HEATING
  TODAY            1                         0      1        0
  MONTH TO DATE   49                         8     41       23
  SINCE JUN 1     89                        87      2       86
  SINCE JUL 1     49                        13     36       23

 COOLING
  TODAY            0                         5     -5        0
  MONTH TO DATE  108                       145    -37      161
  SINCE JUN 1    192                       225    -33      230
  SINCE JAN 1    218                       243    -25      271
..................................................................


WIND (MPH)
  HIGHEST WIND SPEED    16   HIGHEST WIND DIRECTION    SW (230)
  HIGHEST GUST SPEED    23   HIGHEST GUST DIRECTION     W (250)
  AVERAGE WIND SPEED     8.0


SKY COVER
  POSSIBLE SUNSHINE  MM
  AVERAGE SKY COVER 0.5


WEATHER CONDITIONS
 THE FOLLOWING WEATHER WAS RECORDED TODAY.
  LIGHT RAIN
  FOG


RELATIVE HUMIDITY (PERCENT)
 HIGHEST   100           400 AM
 LOWEST     57           300 PM
 AVERAGE    79

..........................................................


THE JOHNSTOWN CLIMATE NORMALS FOR TOMORROW
                         NORMAL    RECORD    YEAR
 MAXIMUM TEMPERATURE (F)   78        99      1975
 MINIMUM TEMPERATURE (F)   60        45      1918


SUNRISE AND SUNSET
JULY 31 2014..........SUNRISE   612 AM EDT   SUNSET   831 PM EDT
AUGUST  1 2014........SUNRISE   613 AM EDT   SUNSET   830 PM EDT


-  INDICATES NEGATIVE NUMBERS.
R  INDICATES RECORD WAS SET OR TIED.
MM INDICATES DATA IS MISSING.
T  INDICATES TRACE AMOUNT.




$$
