000
CDUS41 KCTP 230640
CLIJST


CLIMATE REPORT
NATIONAL WEATHER SERVICE STATE COLLEGE PA
240 AM EDT WED APR 23 2014


...................................

...THE JOHNSTOWN CLIMATE SUMMARY FOR APRIL 22 2014...

CLIMATE NORMAL PERIOD 1981 TO 2010
CLIMATE RECORD PERIOD 2000 TO 2014


WEATHER ITEM   OBSERVED TIME   RECORD YEAR NORMAL DEPARTURE LAST
                VALUE   (LST)  VALUE       VALUE  FROM      YEAR
                                                  NORMAL
..................................................................
TEMPERATURE (F)
 YESTERDAY
  MAXIMUM         62    247 PM  91    1902  59      3       52
  MINIMUM         40   1159 PM  23    1922  40      0       34
  AVERAGE         51                        50      1       43

PRECIPITATION (IN)
  YESTERDAY        0.44          1.19 1978   0.11   0.33     0.00
  MONTH TO DATE    2.38                      2.71  -0.33     1.67
  SINCE MAR 1      4.33                      6.00  -1.67     3.23
  SINCE JAN 1      8.37                     11.23  -2.86     7.36

DEGREE DAYS
 HEATING
  YESTERDAY       14                        16     -2       22
  MONTH TO DATE  377                       427    -50      396
  SINCE MAR 1   1473                      1340    133     1431
  SINCE JUL 1   6801                      6219    582     6224

 COOLING
  YESTERDAY        0                         0      0        0
  MONTH TO DATE    4                         0      4        1
  SINCE MAR 1      4                         0      4        1
  SINCE JAN 1      4                         0      4        1
..................................................................


WIND (MPH)
  HIGHEST WIND SPEED    28   HIGHEST WIND DIRECTION    NW (300)
  HIGHEST GUST SPEED    37   HIGHEST GUST DIRECTION     W (280)
  AVERAGE WIND SPEED    11.7


SKY COVER
  POSSIBLE SUNSHINE  MM
  AVERAGE SKY COVER 0.5


WEATHER CONDITIONS
 THE FOLLOWING WEATHER WAS RECORDED YESTERDAY.
  THUNDERSTORM
  HEAVY RAIN
  RAIN
  LIGHT RAIN
  FOG
  FOG W/VISIBILITY <= 1/4 MILE
  HAZE


RELATIVE HUMIDITY (PERCENT)
 HIGHEST    96          1100 AM
 LOWEST     36          1200 AM
 AVERAGE    66

..........................................................


THE JOHNSTOWN CLIMATE NORMALS FOR TODAY
                         NORMAL    RECORD    YEAR
 MAXIMUM TEMPERATURE (F)   60        92      1985
 MINIMUM TEMPERATURE (F)   40        27      1982


SUNRISE AND SUNSET
APRIL 23 2014.........SUNRISE   625 AM EDT   SUNSET   802 PM EDT
APRIL 24 2014.........SUNRISE   624 AM EDT   SUNSET   803 PM EDT


-  INDICATES NEGATIVE NUMBERS.
R  INDICATES RECORD WAS SET OR TIED.
MM INDICATES DATA IS MISSING.
T  INDICATES TRACE AMOUNT.




$$
