000
CDUS41 KCTP 110607
CLIJST


CLIMATE REPORT
NATIONAL WEATHER SERVICE STATE COLLEGE PA
207 AM EDT FRI JUL 11 2014


...................................

...THE JOHNSTOWN CLIMATE SUMMARY FOR JULY 10 2014...

CLIMATE NORMAL PERIOD 1981 TO 2010
CLIMATE RECORD PERIOD 2000 TO 2014


WEATHER ITEM   OBSERVED TIME   RECORD YEAR NORMAL DEPARTURE LAST
                VALUE   (LST)  VALUE       VALUE  FROM      YEAR
                                                  NORMAL
..................................................................
TEMPERATURE (F)
 YESTERDAY
  MAXIMUM         77    408 PM 102    1936  79     -2       80
  MINIMUM         58    552 AM  45    1894  60     -2       62
  AVERAGE         68                        69     -1       71

PRECIPITATION (IN)
  YESTERDAY        0.00          1.51 1931   0.11  -0.11     1.05
  MONTH TO DATE    0.49                      1.16  -0.67     1.93
  SINCE JUN 1      5.33                      1.16   4.17     7.78
  SINCE JAN 1     18.89                     17.80   1.09    18.70

DEGREE DAYS
 HEATING
  YESTERDAY        0                         0      0        0
  MONTH TO DATE    7                         8     -1        0
  SINCE JUN 1     47                        87    -40       63
  SINCE JUL 1      7                         8     -1        0

 COOLING
  YESTERDAY        3                         5     -2        6
  MONTH TO DATE   54                        45      9       66
  SINCE JUN 1    138                       120     18      135
  SINCE JAN 1    164                       138     26      176
..................................................................


WIND (MPH)
  HIGHEST WIND SPEED    15   HIGHEST WIND DIRECTION    NW (320)
  HIGHEST GUST SPEED    18   HIGHEST GUST DIRECTION    NW (330)
  AVERAGE WIND SPEED     3.4


SKY COVER
  POSSIBLE SUNSHINE  MM
  AVERAGE SKY COVER 0.3


WEATHER CONDITIONS
 THE FOLLOWING WEATHER WAS RECORDED YESTERDAY.
  THUNDERSTORM
  FOG


RELATIVE HUMIDITY (PERCENT)
 HIGHEST    93           400 AM
 LOWEST     47           300 PM
 AVERAGE    70

..........................................................


THE JOHNSTOWN CLIMATE NORMALS FOR TODAY
                         NORMAL    RECORD    YEAR
 MAXIMUM TEMPERATURE (F)   79        98      1922
 MINIMUM TEMPERATURE (F)   60        42      1898


SUNRISE AND SUNSET
JULY 11 2014..........SUNRISE   555 AM EDT   SUNSET   846 PM EDT
JULY 12 2014..........SUNRISE   556 AM EDT   SUNSET   846 PM EDT


-  INDICATES NEGATIVE NUMBERS.
R  INDICATES RECORD WAS SET OR TIED.
MM INDICATES DATA IS MISSING.
T  INDICATES TRACE AMOUNT.




$$
