000
CDUS41 KCTP 300633
CLIJST


CLIMATE REPORT
NATIONAL WEATHER SERVICE STATE COLLEGE PA
133 AM EST FRI JAN 30 2015


...................................

...THE JOHNSTOWN CLIMATE SUMMARY FOR JANUARY 29 2015...

CLIMATE NORMAL PERIOD 1981 TO 2010
CLIMATE RECORD PERIOD 2000 TO 2015


WEATHER ITEM   OBSERVED TIME   RECORD YEAR NORMAL DEPARTURE LAST
                VALUE   (LST)  VALUE       VALUE  FROM      YEAR
                                                  NORMAL
..................................................................
TEMPERATURE (F)
 YESTERDAY
  MAXIMUM         33   1017 PM  71    1914  32      1       10
  MINIMUM         12    108 AM -13    1963  18     -6       -6
  AVERAGE         23                        25     -2        2

PRECIPITATION (IN)
  YESTERDAY        0.13          1.40 1969   0.08   0.05     0.00
  MONTH TO DATE    1.88                      2.71  -0.83     0.88
  SINCE DEC 1      4.21                      5.28  -1.07     4.05
  SINCE JAN 1      1.88                      2.71  -0.83     0.88

DEGREE DAYS
 HEATING
  YESTERDAY       42                        40      2       63
  MONTH TO DATE 1216                      1153     63     1337
  SINCE DEC 1   2222                      2280    -58     2400
  SINCE JUL 1   3733                      3737     -4     4031

 COOLING
  YESTERDAY        0                         0      0        0
  MONTH TO DATE    0                         0      0        0
  SINCE DEC 1      0                         0      0        0
  SINCE JAN 1      0                         0      0        0
..................................................................


WIND (MPH)
  HIGHEST WIND SPEED    28   HIGHEST WIND DIRECTION     W (290)
  HIGHEST GUST SPEED    35   HIGHEST GUST DIRECTION    NW (300)
  AVERAGE WIND SPEED    11.6


SKY COVER
  POSSIBLE SUNSHINE  MM
  AVERAGE SKY COVER 0.7


WEATHER CONDITIONS
 THE FOLLOWING WEATHER WAS RECORDED YESTERDAY.
  LIGHT RAIN
  LT FREEZING RAIN
  HEAVY SNOW
  SNOW
  LIGHT SNOW
  FOG
  FOG W/VISIBILITY <= 1/4 MILE


RELATIVE HUMIDITY (PERCENT)
 HIGHEST    92           700 PM
 LOWEST     37          1000 AM
 AVERAGE    65

..........................................................


THE JOHNSTOWN CLIMATE NORMALS FOR TODAY
                         NORMAL    RECORD    YEAR
 MAXIMUM TEMPERATURE (F)   32        70      1947
 MINIMUM TEMPERATURE (F)   18       -20      1977


SUNRISE AND SUNSET
JANUARY 30 2015.......SUNRISE   726 AM EST   SUNSET   531 PM EST
JANUARY 31 2015.......SUNRISE   726 AM EST   SUNSET   532 PM EST


-  INDICATES NEGATIVE NUMBERS.
R  INDICATES RECORD WAS SET OR TIED.
MM INDICATES DATA IS MISSING.
T  INDICATES TRACE AMOUNT.




$$
