000
CDUS41 KCTP 280621
CLIJST


CLIMATE REPORT
NATIONAL WEATHER SERVICE STATE COLLEGE PA
221 AM EDT SAT MAR 28 2015


...................................

...THE JOHNSTOWN CLIMATE SUMMARY FOR MARCH 27 2015...

CLIMATE NORMAL PERIOD 1981 TO 2010
CLIMATE RECORD PERIOD 2000 TO 2015


WEATHER ITEM   OBSERVED TIME   RECORD YEAR NORMAL DEPARTURE LAST
                VALUE   (LST)  VALUE       VALUE  FROM      YEAR
                                                  NORMAL
..................................................................
TEMPERATURE (F)
 YESTERDAY
  MAXIMUM         34   1244 PM  86    1989  48    -14       45
  MINIMUM         20   1159 PM   2    1990  31    -11       13
  AVERAGE         27                        40    -13       29

PRECIPITATION (IN)
  YESTERDAY        T             1.05 1983   0.13  -0.13     0.00
  MONTH TO DATE    4.05                      2.75   1.30     1.10
  SINCE MAR 1      4.05                      2.75   1.30     1.10
  SINCE JAN 1      7.45                      7.98  -0.53     5.14

DEGREE DAYS
 HEATING
  YESTERDAY       38                        25     13       36
  MONTH TO DATE  846                       815     31      997
  SINCE MAR 1    846                       815     31      997
  SINCE JUL 1   6035                      5694    341     6325

 COOLING
  YESTERDAY        0                         0      0        0
  MONTH TO DATE    0                         0      0        0
  SINCE MAR 1      0                         0      0        0
  SINCE JAN 1      0                         0      0        0
..................................................................


WIND (MPH)
  HIGHEST WIND SPEED    18   HIGHEST WIND DIRECTION    NW (320)
  HIGHEST GUST SPEED    25   HIGHEST GUST DIRECTION    NW (310)
  AVERAGE WIND SPEED    10.8


SKY COVER
  POSSIBLE SUNSHINE  MM
  AVERAGE SKY COVER 0.9


WEATHER CONDITIONS
 THE FOLLOWING WEATHER WAS RECORDED YESTERDAY.
  LIGHT SNOW
  FOG
  HAZE


RELATIVE HUMIDITY (PERCENT)
 HIGHEST    92           200 AM
 LOWEST     66           200 PM
 AVERAGE    79

..........................................................


THE JOHNSTOWN CLIMATE NORMALS FOR TODAY
                         NORMAL    RECORD    YEAR
 MAXIMUM TEMPERATURE (F)   49        84      1989
 MINIMUM TEMPERATURE (F)   32        13      2011


SUNRISE AND SUNSET
MARCH 28 2015.........SUNRISE   706 AM EDT   SUNSET   735 PM EDT
MARCH 29 2015.........SUNRISE   704 AM EDT   SUNSET   736 PM EDT


-  INDICATES NEGATIVE NUMBERS.
R  INDICATES RECORD WAS SET OR TIED.
MM INDICATES DATA IS MISSING.
T  INDICATES TRACE AMOUNT.




$$
