000
CDUS41 KCTP 280626
CLIJST


CLIMATE REPORT
NATIONAL WEATHER SERVICE STATE COLLEGE PA
226 AM EDT SUN MAY 28 2017


...................................

...THE JOHNSTOWN CLIMATE SUMMARY FOR MAY 27 2017...

CLIMATE NORMAL PERIOD 1981 TO 2010
CLIMATE RECORD PERIOD 1892 TO 2017


WEATHER ITEM   OBSERVED TIME   RECORD YEAR NORMAL DEPARTURE LAST
                VALUE   (LST)  VALUE       VALUE  FROM      YEAR
                                                  NORMAL
..................................................................
TEMPERATURE (F)
 YESTERDAY
  MAXIMUM         65    611 PM  91    1918  69     -4       83
  MINIMUM         51    341 AM  32    1915  51      0       64
  AVERAGE         58                        60     -2       74

PRECIPITATION (IN)
  YESTERDAY        0.03          3.15 2012   0.16  -0.13      T
  MONTH TO DATE    5.35                      3.90   1.45     3.91
  SINCE MAR 1     13.03                     10.78   2.25     7.71
  SINCE JAN 1     18.69                     16.01   2.68    10.56

DEGREE DAYS
 HEATING
  YESTERDAY        7                         7      0        0
  MONTH TO DATE  289                       254     35      278
  SINCE MAR 1   1537                      1705   -168     1424
  SINCE JUL 1   5457                      6585  -1128     5487

 COOLING
  YESTERDAY        0                         1     -1        9
  MONTH TO DATE   26                        14     12       16
  SINCE MAR 1     29                        19     10       16
  SINCE JAN 1     29                        19     10       16
..................................................................


WIND (MPH)
  HIGHEST WIND SPEED     8   HIGHEST WIND DIRECTION    SW (240)
  HIGHEST GUST SPEED    12   HIGHEST GUST DIRECTION    NW (310)
  AVERAGE WIND SPEED     3.4


SKY COVER
  POSSIBLE SUNSHINE  MM
  AVERAGE SKY COVER 0.7


WEATHER CONDITIONS
 THE FOLLOWING WEATHER WAS RECORDED YESTERDAY.
  LIGHT RAIN
  FOG


RELATIVE HUMIDITY (PERCENT)
 HIGHEST    96           400 AM
 LOWEST     84           400 PM
 AVERAGE    90

..........................................................


THE JOHNSTOWN CLIMATE NORMALS FOR TODAY
                         NORMAL    RECORD    YEAR
 MAXIMUM TEMPERATURE (F)   69        97      1911
 MINIMUM TEMPERATURE (F)   51        33      1983


SUNRISE AND SUNSET
MAY 28 2017...........SUNRISE   549 AM EDT   SUNSET   836 PM EDT
MAY 29 2017...........SUNRISE   549 AM EDT   SUNSET   837 PM EDT


-  INDICATES NEGATIVE NUMBERS.
R  INDICATES RECORD WAS SET OR TIED.
MM INDICATES DATA IS MISSING.
T  INDICATES TRACE AMOUNT.




$$
