168
CDUS41 KCTP 282126
CLIJST


CLIMATE REPORT
NATIONAL WEATHER SERVICE STATE COLLEGE PA
525 PM EDT THU JUL 28 2016


...................................

...THE JOHNSTOWN CLIMATE SUMMARY FOR JULY 28 2016...
VALID TODAY AS OF 0500 PM LOCAL TIME.

CLIMATE NORMAL PERIOD 1981 TO 2010
CLIMATE RECORD PERIOD 1892 TO 2016


WEATHER ITEM   OBSERVED TIME   RECORD YEAR NORMAL DEPARTURE LAST
                VALUE   (LST)  VALUE       VALUE  FROM      YEAR
                                                  NORMAL
..................................................................
TEMPERATURE (F)
 TODAY
  MAXIMUM         75   1113 AM 102    1930  79     -4       83
  MINIMUM         68    508 AM  47    1962  60      8       64
  AVERAGE         72                        69      3       74

PRECIPITATION (IN)
  TODAY            0.24          1.41 1923   0.13   0.11     0.00
  MONTH TO DATE    2.07                      3.42  -1.35     4.52
  SINCE JUN 1      6.75                      3.42   3.33    16.48
  SINCE JAN 1     17.55                     20.06  -2.51    30.88

DEGREE DAYS
 HEATING
  TODAY            0                         0      0        0
  MONTH TO DATE   11                         8      3        7
  SINCE JUN 1     54                        87    -33       68
  SINCE JUL 1     11                         8      3        7

 COOLING
  TODAY            7                         5      2        9
  MONTH TO DATE  213                       135     78      130
  SINCE JUN 1    307                       210     97      220
  SINCE JAN 1    345                       228    117      304
..................................................................


WIND (MPH)
  HIGHEST WIND SPEED     9   HIGHEST WIND DIRECTION    SW (230)
  HIGHEST GUST SPEED    12   HIGHEST GUST DIRECTION    SW (230)
  AVERAGE WIND SPEED     3.7


SKY COVER
  POSSIBLE SUNSHINE  MM
  AVERAGE SKY COVER 0.5


WEATHER CONDITIONS
 THE FOLLOWING WEATHER WAS RECORDED TODAY.
  THUNDERSTORM
  RAIN
  LIGHT RAIN
  FOG


RELATIVE HUMIDITY (PERCENT)
 HIGHEST    90          1200 PM
 LOWEST     49          1200 AM
 AVERAGE    70

..........................................................


THE JOHNSTOWN CLIMATE NORMALS FOR TOMORROW
                         NORMAL    RECORD    YEAR
 MAXIMUM TEMPERATURE (F)   79        98      1901
 MINIMUM TEMPERATURE (F)   60        48      2014


SUNRISE AND SUNSET
JULY 28 2016..........SUNRISE   610 AM EDT   SUNSET   833 PM EDT
JULY 29 2016..........SUNRISE   611 AM EDT   SUNSET   832 PM EDT


-  INDICATES NEGATIVE NUMBERS.
R  INDICATES RECORD WAS SET OR TIED.
MM INDICATES DATA IS MISSING.
T  INDICATES TRACE AMOUNT.




$$
