000
CDUS41 KCTP 230903
CLIJST


CLIMATE REPORT
NATIONAL WEATHER SERVICE STATE COLLEGE PA
403 AM EST THU NOV 23 2017


...................................

...THE JOHNSTOWN CLIMATE SUMMARY FOR NOVEMBER 22 2017...

CLIMATE NORMAL PERIOD 1981 TO 2010
CLIMATE RECORD PERIOD 1892 TO 2017


WEATHER ITEM   OBSERVED TIME   RECORD YEAR NORMAL DEPARTURE LAST
                VALUE   (LST)  VALUE       VALUE  FROM      YEAR
                                                  NORMAL
..................................................................
TEMPERATURE (F)
 YESTERDAY
  MAXIMUM         47   1215 AM  73    1909  43      4       32
  MINIMUM         26   1159 PM  12    2000  31     -5       24
  AVERAGE         37                        37      0       28

PRECIPITATION (IN)
  YESTERDAY        0.01          2.70 1952   0.13  -0.12     0.00
  MONTH TO DATE    2.93                      2.65   0.28     0.55
  SINCE SEP 1      9.55                      9.13   0.42     7.19
  SINCE JAN 1     43.80                     37.48   6.32    31.84

DEGREE DAYS
 HEATING
  YESTERDAY       28                        28      0       37
  MONTH TO DATE  566                       522     44      443
  SINCE SEP 1    981                      1179   -198      862
  SINCE JUL 1   1022                      1221   -199      873

 COOLING
  YESTERDAY        0                         0      0        0
  MONTH TO DATE    0                         0      0        0
  SINCE SEP 1     95                        28     67      102
  SINCE JAN 1    497                       388    109      705
..................................................................


WIND (MPH)
  HIGHEST WIND SPEED    24   HIGHEST WIND DIRECTION    NW (310)
  HIGHEST GUST SPEED    30   HIGHEST GUST DIRECTION    NW (310)
  AVERAGE WIND SPEED    12.6


SKY COVER
  POSSIBLE SUNSHINE  MM
  AVERAGE SKY COVER 0.9


WEATHER CONDITIONS
 THE FOLLOWING WEATHER WAS RECORDED YESTERDAY.
  LIGHT RAIN
  LIGHT SNOW
  FOG


RELATIVE HUMIDITY (PERCENT)
 HIGHEST   100           900 AM
 LOWEST     49          1200 AM
 AVERAGE    75

..........................................................


THE JOHNSTOWN CLIMATE NORMALS FOR TODAY
                         NORMAL    RECORD    YEAR
 MAXIMUM TEMPERATURE (F)   42        69      1931
 MINIMUM TEMPERATURE (F)   31        11      2000


SUNRISE AND SUNSET
NOVEMBER 23 2017......SUNRISE   711 AM EST   SUNSET   453 PM EST
NOVEMBER 24 2017......SUNRISE   712 AM EST   SUNSET   452 PM EST


-  INDICATES NEGATIVE NUMBERS.
R  INDICATES RECORD WAS SET OR TIED.
MM INDICATES DATA IS MISSING.
T  INDICATES TRACE AMOUNT.




$$
