000
CDUS41 KCTP 300625
CLIJST


CLIMATE REPORT
NATIONAL WEATHER SERVICE STATE COLLEGE PA
225 AM EDT FRI SEP 30 2016


...................................

...THE JOHNSTOWN CLIMATE SUMMARY FOR SEPTEMBER 29 2016...

CLIMATE NORMAL PERIOD 1981 TO 2010
CLIMATE RECORD PERIOD 1892 TO 2016


WEATHER ITEM   OBSERVED TIME   RECORD YEAR NORMAL DEPARTURE LAST
                VALUE   (LST)  VALUE       VALUE  FROM      YEAR
                                                  NORMAL
..................................................................
TEMPERATURE (F)
 YESTERDAY
  MAXIMUM         60    126 PM  90    1986  64     -4       68
  MINIMUM         54   1159 PM  26    1942  46      8       64
  AVERAGE         57                        55      2       66

PRECIPITATION (IN)
  YESTERDAY        0.74          2.46 1934   0.12   0.62     2.11
  MONTH TO DATE    2.82                      3.30  -0.48     2.91
  SINCE SEP 1      2.82                      3.30  -0.48     2.91
  SINCE JAN 1     27.47                     27.59  -0.12    36.56

DEGREE DAYS
 HEATING
  YESTERDAY        8                        11     -3        0
  MONTH TO DATE   54                       169   -115       76
  SINCE SEP 1     54                       169   -115       76
  SINCE JUL 1     65                       211   -146      106

 COOLING
  YESTERDAY        0                         0      0        1
  MONTH TO DATE   86                        22     64      101
  SINCE SEP 1     86                        22     64      101
  SINCE JAN 1    689                       382    307      556
..................................................................


WIND (MPH)
  HIGHEST WIND SPEED    20   HIGHEST WIND DIRECTION     E (90)
  HIGHEST GUST SPEED    31   HIGHEST GUST DIRECTION    NE (60)
  AVERAGE WIND SPEED    11.5


SKY COVER
  POSSIBLE SUNSHINE  MM
  AVERAGE SKY COVER 1.0


WEATHER CONDITIONS
 THE FOLLOWING WEATHER WAS RECORDED YESTERDAY.
  HEAVY RAIN
  RAIN
  LIGHT RAIN
  FOG


RELATIVE HUMIDITY (PERCENT)
 HIGHEST   100           300 AM
 LOWEST     93           100 AM
 AVERAGE    97

..........................................................


THE JOHNSTOWN CLIMATE NORMALS FOR TODAY
                         NORMAL    RECORD    YEAR
 MAXIMUM TEMPERATURE (F)   63        92      1953
 MINIMUM TEMPERATURE (F)   45        30      1942


SUNRISE AND SUNSET
SEPTEMBER 30 2016.....SUNRISE   711 AM EDT   SUNSET   658 PM EDT
OCTOBER  1 2016.......SUNRISE   712 AM EDT   SUNSET   657 PM EDT


-  INDICATES NEGATIVE NUMBERS.
R  INDICATES RECORD WAS SET OR TIED.
MM INDICATES DATA IS MISSING.
T  INDICATES TRACE AMOUNT.




$$
