000
CDUS43 KGRR 301334
CLIJXN


CLIMATE REPORT
NATIONAL WEATHER SERVICE GRAND RAPIDS, MI
933 AM EDT SAT AUG 30 2014


...................................

...THE JACKSON MI CLIMATE SUMMARY FOR AUGUST 30 2014...
VALID AS OF 0900 AM LOCAL TIME.

CLIMATE NORMAL PERIOD 1981 TO 2010
CLIMATE RECORD PERIOD 9999 TO 9999


WEATHER ITEM   OBSERVED TIME   RECORD YEAR NORMAL DEPARTURE LAST
                VALUE   (LST)  VALUE       VALUE  FROM      YEAR
                                                  NORMAL
..................................................................
TEMPERATURE (F)
 TODAY
  MAXIMUM         74    739 AM  MM      MM  78     -4       86
  MINIMUM         68   1253 AM  MM      MM  57     11       64
  AVERAGE         71                        68      3       75

PRECIPITATION (IN)
  TODAY            0.05         MM      MM   0.11  -0.06     0.28
  MONTH TO DATE    2.17                      3.35  -1.18     5.33
  SINCE JUN 1     10.07                     10.20  -0.13    11.93
  SINCE JAN 1     22.40                     20.80   1.60    24.55

DEGREE DAYS
 HEATING
  TODAY            0                         1     -1        0
  MONTH TO DATE   12                        26    -14       27
  SINCE JUN 1     73                        92    -19      105

 COOLING
  TODAY            6                         4      2       10
  MONTH TO DATE  156                       160     -4      130
  SINCE JUN 1    395                       488    -93      462
..................................................................


WIND (MPH)
  HIGHEST WIND SPEED    15   HIGHEST WIND DIRECTION     S (200)
  HIGHEST GUST SPEED    20   HIGHEST GUST DIRECTION    SW (210)



WEATHER CONDITIONS
 THE FOLLOWING WEATHER WAS RECORDED TODAY.
  LIGHT RAIN


..........................................................




SUNRISE AND SUNSET
AUGUST 30 2014........SUNRISE   701 AM EDT   SUNSET   815 PM EDT
AUGUST 31 2014........SUNRISE   702 AM EDT   SUNSET   813 PM EDT


-  INDICATES NEGATIVE NUMBERS.
R  INDICATES RECORD WAS SET OR TIED.
MM INDICATES DATA IS MISSING.
T  INDICATES TRACE AMOUNT.




$$

63
