000
CDUS43 KGRR 231347
CLIJXN


CLIMATE REPORT
NATIONAL WEATHER SERVICE GRAND RAPIDS, MI
947 AM EDT SUN APR 23 2017


...................................

...THE JACKSON MI CLIMATE SUMMARY FOR APRIL 23 2017...
VALID AS OF 0900 AM LOCAL TIME.

CLIMATE NORMAL PERIOD 1981 TO 2010
CLIMATE RECORD PERIOD 1944 TO 9999


WEATHER ITEM   OBSERVED TIME   NORMAL DEPARTURE LAST
                VALUE   (LST)  VALUE  FROM      YEAR
                                      NORMAL
......................................................
TEMPERATURE (F)
 TODAY
  MAXIMUM         49    759 AM  62    -13       60
  MINIMUM         33    506 AM  40     -7       36
  AVERAGE         41            51    -10       48

PRECIPITATION (IN)
  TODAY            0.00          0.09  -0.09     0.00
  MONTH TO DATE    3.43          1.99   1.44     1.76
  SINCE MAR 1      7.32          3.89   3.43     4.41
  SINCE JAN 1     12.26          6.67   5.59     6.28

DEGREE DAYS
 HEATING
  TODAY           24            15      9       17
  MONTH TO DATE  302           428   -126      462
  SINCE MAR 1   1218          1338   -120     1171
  SINCE JUL 1   5226          6252  -1026     5293

 COOLING
  TODAY            0             0      0        0
  MONTH TO DATE    3             0      3        0
  SINCE MAR 1      3             0      3        0
  SINCE JAN 1      3             0      3        0
......................................................


WIND (MPH)
  RESULTANT WIND SPEED   1   RESULTANT WIND DIRECTION  SW (210)
  HIGHEST WIND SPEED     5   HIGHEST WIND DIRECTION     S (200)
  HIGHEST GUST SPEED     6   HIGHEST GUST DIRECTION    NW (320)
  AVERAGE WIND SPEED     1.5


SKY COVER
  AVERAGE SKY COVER 0.0


WEATHER CONDITIONS
 THE FOLLOWING WEATHER WAS RECORDED TODAY.
  NO SIGNIFICANT WEATHER WAS OBSERVED.


RELATIVE HUMIDITY (PERCENT)
 HIGHEST    96           600 AM
 LOWEST     76          1200 AM
 AVERAGE    86

..........................................................


THE JACKSON MI CLIMATE NORMALS FOR TOMORROW
                         NORMAL
 MAXIMUM TEMPERATURE (F)   62
 MINIMUM TEMPERATURE (F)   40


SUNRISE AND SUNSET
APRIL 23 2017.........SUNRISE   644 AM EDT   SUNSET   829 PM EDT
APRIL 24 2017.........SUNRISE   643 AM EDT   SUNSET   830 PM EDT


-  INDICATES NEGATIVE NUMBERS.
R  INDICATES RECORD WAS SET OR TIED.
MM INDICATES DATA IS MISSING.
T  INDICATES TRACE AMOUNT.




$$
