000
CDUS43 KGRR 181427
CLIJXN


CLIMATE REPORT
NATIONAL WEATHER SERVICE GRAND RAPIDS, MI
926 AM EST SUN FEB 18 2018


...................................

...THE JACKSON MI CLIMATE SUMMARY FOR FEBRUARY 18 2018...
VALID AS OF 0900 AM LOCAL TIME.

CLIMATE NORMAL PERIOD 1981 TO 2010
CLIMATE RECORD PERIOD 1944 TO 9999


WEATHER ITEM   OBSERVED TIME   NORMAL DEPARTURE LAST
                VALUE   (LST)  VALUE  FROM      YEAR
                                      NORMAL
......................................................
TEMPERATURE (F)
 TODAY
  MAXIMUM         32    332 AM  35     -3       66
  MINIMUM         24    752 AM  19      5       40
  AVERAGE         28            27      1       53

PRECIPITATION (IN)
  TODAY            0.00          0.05  -0.05     0.00
  MONTH TO DATE    0.82          0.78   0.04     1.36
  SINCE DEC 1      2.23          4.14  -1.91     4.72
  SINCE JAN 1      1.55          2.27  -0.72     3.84

DEGREE DAYS
 HEATING
  TODAY           37            38     -1       12
  MONTH TO DATE  779           716     63      601
  SINCE DEC 1   3260          3143    117     2847
  SINCE JUL 1   4502          4547    -45     3817

 COOLING
  TODAY            0             0      0        0
  MONTH TO DATE    0             0      0        0
  SINCE DEC 1      0             0      0        0
  SINCE JAN 1      0             0      0        0
......................................................


WIND (MPH)
  RESULTANT WIND SPEED   7   RESULTANT WIND DIRECTION   W (250)
  HIGHEST WIND SPEED    17   HIGHEST WIND DIRECTION     W (270)
  HIGHEST GUST SPEED    27   HIGHEST GUST DIRECTION     W (280)
  AVERAGE WIND SPEED     7.2


SKY COVER
  AVERAGE SKY COVER 0.7


WEATHER CONDITIONS
 THE FOLLOWING WEATHER WAS RECORDED TODAY.
  FOG


RELATIVE HUMIDITY (PERCENT)
 HIGHEST    92          1200 AM
 LOWEST     75           700 AM
 AVERAGE    84

..........................................................


THE JACKSON MI CLIMATE NORMALS FOR TOMORROW
                         NORMAL
 MAXIMUM TEMPERATURE (F)   35
 MINIMUM TEMPERATURE (F)   19


SUNRISE AND SUNSET
FEBRUARY 18 2018......SUNRISE   730 AM EST   SUNSET   614 PM EST
FEBRUARY 19 2018......SUNRISE   728 AM EST   SUNSET   615 PM EST


-  INDICATES NEGATIVE NUMBERS.
R  INDICATES RECORD WAS SET OR TIED.
MM INDICATES DATA IS MISSING.
T  INDICATES TRACE AMOUNT.




$$

JAM
