000
CDUS43 KGRR 030518
CLIJXN


CLIMATE REPORT
NATIONAL WEATHER SERVICE GRAND RAPIDS, MI
117 AM EDT TUE MAY 3 2016


...................................

...THE JACKSON MI CLIMATE SUMMARY FOR MAY 2 2016...

CLIMATE NORMAL PERIOD 1981 TO 2010
CLIMATE RECORD PERIOD 1944 TO 9999


WEATHER ITEM   OBSERVED TIME   NORMAL DEPARTURE LAST
                VALUE   (LST)  VALUE  FROM      YEAR
                                      NORMAL
......................................................
TEMPERATURE (F)
 YESTERDAY
  MAXIMUM         52    603 PM  65    -13       74
  MINIMUM         43    723 AM  42      1       43
  AVERAGE         48            54     -6       59

PRECIPITATION (IN)
  YESTERDAY        0.10          0.10   0.00     0.00
  MONTH TO DATE    0.22          0.20   0.02     0.00
  SINCE MAR 1      6.14          4.71   1.43     3.07
  SINCE JAN 1      8.01          7.49   0.52     5.15

DEGREE DAYS
 HEATING
  YESTERDAY       17            12      5        6
  MONTH TO DATE   34            24     10       13
  SINCE MAR 1   1300          1456   -156     1517
  SINCE JUL 1   5422          6370   -948     7021

 COOLING
  YESTERDAY        0             0      0        0
  MONTH TO DATE    0             0      0        0
  SINCE MAR 1      0             6     -6        0
  SINCE JAN 1      0             6     -6        0
......................................................


WIND (MPH)
  RESULTANT WIND SPEED   4   RESULTANT WIND DIRECTION   N (20)
  HIGHEST WIND SPEED    13   HIGHEST WIND DIRECTION    NE (40)
  HIGHEST GUST SPEED    16   HIGHEST GUST DIRECTION    NE (50)
  AVERAGE WIND SPEED     5.0


SKY COVER
  AVERAGE SKY COVER 1.0


WEATHER CONDITIONS
 THE FOLLOWING WEATHER WAS RECORDED YESTERDAY.
  RAIN
  LIGHT RAIN
  FOG
  HAZE


RELATIVE HUMIDITY (PERCENT)
 HIGHEST    93          1000 AM
 LOWEST     77           200 PM
 AVERAGE    85

..........................................................


THE JACKSON MI CLIMATE NORMALS FOR TODAY
                         NORMAL
 MAXIMUM TEMPERATURE (F)   65
 MINIMUM TEMPERATURE (F)   42


SUNRISE AND SUNSET
MAY  3 2016...........SUNRISE   630 AM EDT   SUNSET   840 PM EDT
MAY  4 2016...........SUNRISE   629 AM EDT   SUNSET   841 PM EDT


-  INDICATES NEGATIVE NUMBERS.
R  INDICATES RECORD WAS SET OR TIED.
MM INDICATES DATA IS MISSING.
T  INDICATES TRACE AMOUNT.




$$
