000
CDUS43 KGRR 012228
CLIJXN


CLIMATE REPORT
NATIONAL WEATHER SERVICE GRAND RAPIDS, MI
526 PM EST SUN FEB 1 2015


...................................

...THE JACKSON MI CLIMATE SUMMARY FOR FEBRUARY 1 2015...
VALID TODAY AS OF 0500 PM LOCAL TIME.

CLIMATE NORMAL PERIOD 1981 TO 2010
CLIMATE RECORD PERIOD 1944 TO 9999


WEATHER ITEM   OBSERVED TIME   RECORD YEAR NORMAL DEPARTURE LAST
                VALUE   (LST)  VALUE       VALUE  FROM      YEAR
                                                  NORMAL
..................................................................
TEMPERATURE (F)
 TODAY
  MAXIMUM         31   1230 AM  MM      MM  32     -1       33
  MINIMUM         18    459 PM  MM      MM  16      2       22
  AVERAGE         25                        24      1       28

PRECIPITATION (IN)
  TODAY            0.60         MM      MM   0.04   0.56     0.55
  MONTH TO DATE    0.60                      0.04   0.56     0.55
  SINCE DEC 1      3.07                      3.40  -0.33     4.37
  SINCE JAN 1      1.67                      1.53   0.14     2.45

DEGREE DAYS
 HEATING
  TODAY           40                        41     -1       37
  MONTH TO DATE   40                        41     -1       37
  SINCE DEC 1   2431                      2468    -37     2793
  SINCE JUL 1   4042                      3872    170     4264

 COOLING
  TODAY            0                         0      0        0
  MONTH TO DATE    0                         0      0        0
  SINCE DEC 1      0                         0      0        0
  SINCE JAN 1      0                         0      0        0
..................................................................


WIND (MPH)
  RESULTANT WIND SPEED   7   RESULTANT WIND DIRECTION  NE (60)
  HIGHEST WIND SPEED    16   HIGHEST WIND DIRECTION     E (90)
  HIGHEST GUST SPEED    23   HIGHEST GUST DIRECTION    NE (50)
  AVERAGE WIND SPEED     7.4



WEATHER CONDITIONS
 THE FOLLOWING WEATHER WAS RECORDED TODAY.
  HEAVY SNOW
  SNOW
  LIGHT SNOW
  FOG
  FOG W/VISIBILITY <= 1/4 MILE


RELATIVE HUMIDITY (PERCENT)
 HIGHEST    92           200 AM
 LOWEST     72          1200 AM
 AVERAGE    82

..........................................................




SUNRISE AND SUNSET
FEBRUARY  1 2015......SUNRISE   751 AM EST   SUNSET   552 PM EST
FEBRUARY  2 2015......SUNRISE   750 AM EST   SUNSET   553 PM EST


-  INDICATES NEGATIVE NUMBERS.
R  INDICATES RECORD WAS SET OR TIED.
MM INDICATES DATA IS MISSING.
T  INDICATES TRACE AMOUNT.




$$

CAS
