000
CDUS43 KGRR 210526
CLIJXN


CLIMATE REPORT
NATIONAL WEATHER SERVICE GRAND RAPIDS, MI
1226 AM EST TUE NOV 21 2017


...................................

...THE JACKSON MI CLIMATE SUMMARY FOR NOVEMBER 20 2017...

CLIMATE NORMAL PERIOD 1981 TO 2010
CLIMATE RECORD PERIOD 1944 TO 9999


WEATHER ITEM   OBSERVED TIME   NORMAL DEPARTURE LAST
                VALUE   (LST)  VALUE  FROM      YEAR
                                      NORMAL
......................................................
TEMPERATURE (F)
 YESTERDAY
  MAXIMUM         50    342 PM  46      4       31
  MINIMUM         28    545 AM  30     -2       27
  AVERAGE         39            38      1       29

PRECIPITATION (IN)
  YESTERDAY        0.00          0.09  -0.09      T
  MONTH TO DATE    4.41          1.78   2.63     1.18
  SINCE SEP 1     12.76          7.89   4.87     8.75
  SINCE JAN 1     35.82         28.81   7.01    35.06

DEGREE DAYS
 HEATING
  YESTERDAY       26            27     -1       36
  MONTH TO DATE  538           463     75      327
  SINCE SEP 1    967          1076   -109      703
  SINCE JUL 1    994          1111   -117      707

 COOLING
  YESTERDAY        0             0      0        0
  MONTH TO DATE    0             0      0        0
  SINCE SEP 1    130            63     67      101
  SINCE JAN 1    657           592     65      829
......................................................


WIND (MPH)
  RESULTANT WIND SPEED  14   RESULTANT WIND DIRECTION   S (200)
  HIGHEST WIND SPEED    24   HIGHEST WIND DIRECTION     S (190)
  HIGHEST GUST SPEED    33   HIGHEST GUST DIRECTION     S (200)
  AVERAGE WIND SPEED    14.2


SKY COVER
  AVERAGE SKY COVER 0.2


WEATHER CONDITIONS
 THE FOLLOWING WEATHER WAS RECORDED YESTERDAY.
  NO SIGNIFICANT WEATHER WAS OBSERVED.


RELATIVE HUMIDITY (PERCENT)
 HIGHEST    75           100 AM
 LOWEST     39           300 PM
 AVERAGE    57

..........................................................


THE JACKSON MI CLIMATE NORMALS FOR TODAY
                         NORMAL
 MAXIMUM TEMPERATURE (F)   45
 MINIMUM TEMPERATURE (F)   30


SUNRISE AND SUNSET
NOVEMBER 21 2017......SUNRISE   736 AM EST   SUNSET   511 PM EST
NOVEMBER 22 2017......SUNRISE   737 AM EST   SUNSET   511 PM EST


-  INDICATES NEGATIVE NUMBERS.
R  INDICATES RECORD WAS SET OR TIED.
MM INDICATES DATA IS MISSING.
T  INDICATES TRACE AMOUNT.




$$
