000
CDUS43 KGRR 300532
CLIJXN


CLIMATE REPORT
NATIONAL WEATHER SERVICE GRAND RAPIDS, MI
131 AM EDT TUE MAY 30 2017


...................................

...THE JACKSON MI CLIMATE SUMMARY FOR MAY 29 2017...

CLIMATE NORMAL PERIOD 1981 TO 2010
CLIMATE RECORD PERIOD 1944 TO 9999


WEATHER ITEM   OBSERVED TIME   NORMAL DEPARTURE LAST
                VALUE   (LST)  VALUE  FROM      YEAR
                                      NORMAL
......................................................
TEMPERATURE (F)
 YESTERDAY
  MAXIMUM         78    152 PM  73      5       85
  MINIMUM         54   1152 PM  51      3       60
  AVERAGE         66            62      4       73

PRECIPITATION (IN)
  YESTERDAY        0.01          0.11  -0.10     0.02
  MONTH TO DATE    4.14          3.09   1.05     1.71
  SINCE MAR 1     12.96          7.60   5.36     7.63
  SINCE JAN 1     17.90         10.38   7.52     9.50

DEGREE DAYS
 HEATING
  YESTERDAY        0             5     -5        0
  MONTH TO DATE  241           248     -7      252
  SINCE MAR 1   1511          1680   -169     1518
  SINCE JUL 1   5519          6594  -1075     5640

 COOLING
  YESTERDAY        1             2     -1        8
  MONTH TO DATE   29            28      1       45
  SINCE MAR 1     36            34      2       45
  SINCE JAN 1     36            34      2       45
......................................................


WIND (MPH)
  RESULTANT WIND SPEED   9   RESULTANT WIND DIRECTION   W (250)
  HIGHEST WIND SPEED    31   HIGHEST WIND DIRECTION     W (270)
  HIGHEST GUST SPEED    44   HIGHEST GUST DIRECTION     W (270)
  AVERAGE WIND SPEED     9.8


SKY COVER
  AVERAGE SKY COVER 0.1


WEATHER CONDITIONS
 THE FOLLOWING WEATHER WAS RECORDED YESTERDAY.
  THUNDERSTORM


RELATIVE HUMIDITY (PERCENT)
 HIGHEST    93           300 AM
 LOWEST     29           200 PM
 AVERAGE    61

..........................................................


THE JACKSON MI CLIMATE NORMALS FOR TODAY
                         NORMAL
 MAXIMUM TEMPERATURE (F)   74
 MINIMUM TEMPERATURE (F)   51


SUNRISE AND SUNSET
MAY 30 2017...........SUNRISE   605 AM EDT   SUNSET   907 PM EDT
MAY 31 2017...........SUNRISE   604 AM EDT   SUNSET   907 PM EDT


-  INDICATES NEGATIVE NUMBERS.
R  INDICATES RECORD WAS SET OR TIED.
MM INDICATES DATA IS MISSING.
T  INDICATES TRACE AMOUNT.




$$
