000
CDUS43 KGRR 240516
CLIJXN


CLIMATE REPORT
NATIONAL WEATHER SERVICE GRAND RAPIDS, MI
116 AM EDT FRI MAR 24 2017


...................................

...THE JACKSON MI CLIMATE SUMMARY FOR MARCH 23 2017...

CLIMATE NORMAL PERIOD 1981 TO 2010
CLIMATE RECORD PERIOD 1944 TO 9999


WEATHER ITEM   OBSERVED TIME   NORMAL DEPARTURE LAST
                VALUE   (LST)  VALUE  FROM      YEAR
                                      NORMAL
......................................................
TEMPERATURE (F)
 YESTERDAY
  MAXIMUM         47    507 PM  49     -2       56
  MINIMUM         21    702 AM  28     -7       38
  AVERAGE         34            38     -4       47

PRECIPITATION (IN)
  YESTERDAY        0.18          0.07   0.11     0.02
  MONTH TO DATE    1.61          1.34   0.27     0.54
  SINCE MAR 1      1.61          1.34   0.27     0.54
  SINCE JAN 1      6.55          4.12   2.43     2.41

DEGREE DAYS
 HEATING
  YESTERDAY       31            27      4       18
  MONTH TO DATE  763           712     51      546
  SINCE MAR 1    763           712     51      546
  SINCE JUL 1   4771          5626   -855     4668

 COOLING
  YESTERDAY        0             0      0        0
  MONTH TO DATE    0             0      0        0
  SINCE MAR 1      0             0      0        0
  SINCE JAN 1      0             0      0        0
......................................................


WIND (MPH)
  RESULTANT WIND SPEED  10   RESULTANT WIND DIRECTION  SE (140)
  HIGHEST WIND SPEED    20   HIGHEST WIND DIRECTION    SE (150)
  HIGHEST GUST SPEED    25   HIGHEST GUST DIRECTION    SE (140)
  AVERAGE WIND SPEED    10.4


SKY COVER
  AVERAGE SKY COVER 0.3


WEATHER CONDITIONS
 THE FOLLOWING WEATHER WAS RECORDED YESTERDAY.
  THUNDERSTORM
  RAIN
  LIGHT RAIN
  FOG


RELATIVE HUMIDITY (PERCENT)
 HIGHEST    82          1100 PM
 LOWEST     27           100 PM
 AVERAGE    55

..........................................................


THE JACKSON MI CLIMATE NORMALS FOR TODAY
                         NORMAL
 MAXIMUM TEMPERATURE (F)   49
 MINIMUM TEMPERATURE (F)   29


SUNRISE AND SUNSET
MARCH 24 2017.........SUNRISE   734 AM EDT   SUNSET   755 PM EDT
MARCH 25 2017.........SUNRISE   732 AM EDT   SUNSET   756 PM EDT


-  INDICATES NEGATIVE NUMBERS.
R  INDICATES RECORD WAS SET OR TIED.
MM INDICATES DATA IS MISSING.
T  INDICATES TRACE AMOUNT.




$$
