000
CDUS43 KGRR 040520
CLIJXN


CLIMATE REPORT
NATIONAL WEATHER SERVICE GRAND RAPIDS, MI
118 AM EDT SAT JUL 4 2015


...................................

...THE JACKSON MI CLIMATE SUMMARY FOR JULY 3 2015...

CLIMATE NORMAL PERIOD 1981 TO 2010
CLIMATE RECORD PERIOD 1944 TO 9999


WEATHER ITEM   OBSERVED TIME   NORMAL DEPARTURE LAST
                VALUE   (LST)  VALUE  FROM      YEAR
                                      NORMAL
......................................................
TEMPERATURE (F)
 YESTERDAY
  MAXIMUM         74    532 PM  82     -8       72
  MINIMUM         51    541 AM  60     -9       53
  AVERAGE         63            71     -8       63

PRECIPITATION (IN)
  YESTERDAY        0.00          0.11  -0.11     0.05
  MONTH TO DATE    0.01          0.33  -0.32     0.82
  SINCE JUN 1      7.24          3.60   3.64     5.58
  SINCE JAN 1     17.87         14.20   3.67    17.91

DEGREE DAYS
 HEATING
  YESTERDAY        2             0      2        2
  MONTH TO DATE    6             1      5        2
  SINCE JUN 1     38            56    -18       33
  SINCE JUL 1      6             1      5        2

 COOLING
  YESTERDAY        0             7     -7        0
  MONTH TO DATE    0            19    -19       11
  SINCE JUN 1     86           145    -59      152
  SINCE JAN 1    141           182    -41      186
......................................................


WIND (MPH)
  RESULTANT WIND SPEED   2   RESULTANT WIND DIRECTION  NE (50)
  HIGHEST WIND SPEED     8   HIGHEST WIND DIRECTION    NW (320)
  HIGHEST GUST SPEED    11   HIGHEST GUST DIRECTION     N (360)
  AVERAGE WIND SPEED     2.5


SKY COVER
  AVERAGE SKY COVER 0.0


WEATHER CONDITIONS
 THE FOLLOWING WEATHER WAS RECORDED YESTERDAY.
  FOG


RELATIVE HUMIDITY (PERCENT)
 HIGHEST    96           300 AM
 LOWEST     46           500 PM
 AVERAGE    71

..........................................................


THE JACKSON MI CLIMATE NORMALS FOR TODAY
                         NORMAL
 MAXIMUM TEMPERATURE (F)   82
 MINIMUM TEMPERATURE (F)   60


SUNRISE AND SUNSET
JULY  4 2015..........SUNRISE   607 AM EDT   SUNSET   918 PM EDT
JULY  5 2015..........SUNRISE   607 AM EDT   SUNSET   917 PM EDT


-  INDICATES NEGATIVE NUMBERS.
R  INDICATES RECORD WAS SET OR TIED.
MM INDICATES DATA IS MISSING.
T  INDICATES TRACE AMOUNT.




$$
