000
CDUS43 KGRR 200519
CLIJXN


CLIMATE REPORT
NATIONAL WEATHER SERVICE GRAND RAPIDS, MI
118 AM EDT SAT SEP 20 2014


...................................

...THE JACKSON MI CLIMATE SUMMARY FOR SEPTEMBER 19 2014...

CLIMATE NORMAL PERIOD 1981 TO 2010
CLIMATE RECORD PERIOD 1944 TO 9999


WEATHER ITEM   OBSERVED TIME   NORMAL DEPARTURE LAST
                VALUE   (LST)  VALUE  FROM      YEAR
                                      NORMAL
......................................................
TEMPERATURE (F)
 YESTERDAY
  MAXIMUM         69    238 PM  72     -3       77
  MINIMUM         42    510 AM  50     -8       58
  AVERAGE         56            60     -4       68

PRECIPITATION (IN)
  YESTERDAY        0.00          0.12  -0.12     0.04
  MONTH TO DATE    1.41          2.18  -0.77     2.26
  SINCE SEP 1      1.41          2.18  -0.77     2.26
  SINCE JAN 1     24.42         23.10   1.32    26.81

DEGREE DAYS
 HEATING
  YESTERDAY        9             6      3        0
  MONTH TO DATE  108            66     42       73
  SINCE SEP 1    108            66     42       73
  SINCE JUL 1    150           101     49      121

 COOLING
  YESTERDAY        0             1     -1        3
  MONTH TO DATE   49            48      1       58
  SINCE SEP 1     49            48      1       58
  SINCE JAN 1    495           577    -82      598
......................................................


WIND (MPH)
  RESULTANT WIND SPEED   5   RESULTANT WIND DIRECTION  SE (150)
  HIGHEST WIND SPEED    13   HIGHEST WIND DIRECTION    SE (150)
  HIGHEST GUST SPEED    16   HIGHEST GUST DIRECTION    SE (140)
  AVERAGE WIND SPEED     6.0


SKY COVER
  AVERAGE SKY COVER 0.0


WEATHER CONDITIONS
 THE FOLLOWING WEATHER WAS RECORDED YESTERDAY.
  FOG


RELATIVE HUMIDITY (PERCENT)
 HIGHEST   100           200 AM
 LOWEST     48           500 PM
 AVERAGE    74

..........................................................


THE JACKSON MI CLIMATE NORMALS FOR TODAY
                         NORMAL
 MAXIMUM TEMPERATURE (F)   71
 MINIMUM TEMPERATURE (F)   49


SUNRISE AND SUNSET
SEPTEMBER 20 2014.....SUNRISE   723 AM EDT   SUNSET   739 PM EDT
SEPTEMBER 21 2014.....SUNRISE   724 AM EDT   SUNSET   737 PM EDT


-  INDICATES NEGATIVE NUMBERS.
R  INDICATES RECORD WAS SET OR TIED.
MM INDICATES DATA IS MISSING.
T  INDICATES TRACE AMOUNT.




$$
