000
CDUS45 KPUB 181142
CLILAA


CLIMATE REPORT
NATIONAL WEATHER SERVICE PUEBLO
442 AM MST WED JAN 18 2017


...................................

...THE LAMAR CO CLIMATE SUMMARY FOR JANUARY 17 2017...

CLIMATE NORMAL PERIOD 1981 TO 2010
CLIMATE RECORD PERIOD 9999 TO 9999


WEATHER ITEM   OBSERVED TIME   NORMAL DEPARTURE LAST
                VALUE   (LST)  VALUE  FROM      YEAR
                                      NORMAL
......................................................
TEMPERATURE (F)
 YESTERDAY
  MAXIMUM         42    352 PM  45     -3       22
  MINIMUM         20   1159 PM  13      7        9
  AVERAGE         31            29      2       16

PRECIPITATION (IN)
  YESTERDAY        0.02          0.01   0.01     0.00
  MONTH TO DATE    0.43          0.12   0.31     0.01
  SINCE DEC 1      0.66          0.52   0.14     0.20
  SINCE JAN 1      0.43          0.12   0.31     0.01

DEGREE DAYS
 HEATING
  YESTERDAY       34            36     -2       49
  MONTH TO DATE  643           624     19      602
  SINCE DEC 1   1840          1721    119     1549
  SINCE JUL 1   2646          2937   -291     2485

 COOLING
  YESTERDAY        0             0      0        0
  MONTH TO DATE    0             0      0        0
  SINCE DEC 1      0             0      0        0
  SINCE JAN 1      0             0      0        0
......................................................


WIND (MPH)
  HIGHEST WIND SPEED    13   HIGHEST WIND DIRECTION    SW (220)
  HIGHEST GUST SPEED    15   HIGHEST GUST DIRECTION    SW (220)
  AVERAGE WIND SPEED     6.0


SKY COVER
  POSSIBLE SUNSHINE  MM
  AVERAGE SKY COVER 0.3


WEATHER CONDITIONS
 THE FOLLOWING WEATHER WAS RECORDED YESTERDAY.
  LIGHT SNOW
  FOG


RELATIVE HUMIDITY (PERCENT)
 HIGHEST    92           600 AM
 LOWEST     65           400 PM
 AVERAGE    79

..........................................................




SUNRISE AND SUNSET
JANUARY 18 2017.......SUNRISE   704 AM MST   SUNSET   459 PM MST
JANUARY 19 2017.......SUNRISE   704 AM MST   SUNSET   500 PM MST


-  INDICATES NEGATIVE NUMBERS.
R  INDICATES RECORD WAS SET OR TIED.
MM INDICATES DATA IS MISSING.
T  INDICATES TRACE AMOUNT.




$$
