000
CDUS43 KIND 150535
CLILAF


CLIMATE REPORT
NATIONAL WEATHER SERVICE INDIANAPOLIS IN
134 AM EDT MON SEP 15 2014


...................................

...THE LAFAYETTE IN CLIMATE SUMMARY FOR SEPTEMBER 14 2014...

CLIMATE NORMAL PERIOD 1981 TO 2010
CLIMATE RECORD PERIOD 9999 TO 9999


WEATHER ITEM   OBSERVED TIME   NORMAL DEPARTURE LAST
                VALUE   (LST)  VALUE  FROM      YEAR
                                      NORMAL
......................................................
TEMPERATURE (F)
 YESTERDAY
  MAXIMUM         66    524 PM  79    -13       71
  MINIMUM         40    623 AM  55    -15       41
  AVERAGE         53            67    -14       56

PRECIPITATION (IN)
  YESTERDAY        0.00          0.08  -0.08     0.00
  MONTH TO DATE    2.67          1.27   1.40     0.80
  SINCE SEP 1      2.67          1.27   1.40     0.80
  SINCE JAN 1     27.99         26.82   1.17    28.43

DEGREE DAYS
 HEATING
  YESTERDAY       12             2     10        9
  MONTH TO DATE   49            15     34       16
  SINCE SEP 1     49            15     34       16
  SINCE JUL 1     73            21     52       36

 COOLING
  YESTERDAY        0             4     -4        0
  MONTH TO DATE   56            74    -18      110
  SINCE SEP 1     56            74    -18      110
  SINCE JAN 1    732           926   -194      836
......................................................


WIND (MPH)
  HIGHEST WIND SPEED     8   HIGHEST WIND DIRECTION     W (270)
  HIGHEST GUST SPEED    10   HIGHEST GUST DIRECTION     W (270)
  AVERAGE WIND SPEED     1.6


SKY COVER
  AVERAGE SKY COVER 0.2


WEATHER CONDITIONS
 THE FOLLOWING WEATHER WAS RECORDED YESTERDAY.
  FOG


RELATIVE HUMIDITY (PERCENT)
 HIGHEST   100           100 AM
 LOWEST     48           300 PM
 AVERAGE    74

..........................................................


THE LAFAYETTE IN CLIMATE NORMALS FOR TODAY
                         NORMAL
 MAXIMUM TEMPERATURE (F)   78
 MINIMUM TEMPERATURE (F)   55


SUNRISE AND SUNSET
SEPTEMBER 15 2014.....SUNRISE   728 AM EDT   SUNSET   757 PM EDT
SEPTEMBER 16 2014.....SUNRISE   729 AM EDT   SUNSET   755 PM EDT


-  INDICATES NEGATIVE NUMBERS.
R  INDICATES RECORD WAS SET OR TIED.
MM INDICATES DATA IS MISSING.
T  INDICATES TRACE AMOUNT.




$$
