000
CDUS43 KIND 300530
CLILAF


CLIMATE REPORT
NATIONAL WEATHER SERVICE INDIANAPOLIS IN
130 AM EDT THU OCT 30 2014


...................................

...THE LAFAYETTE IN CLIMATE SUMMARY FOR OCTOBER 29 2014...

CLIMATE NORMAL PERIOD 1981 TO 2010
CLIMATE RECORD PERIOD 9999 TO 9999


WEATHER ITEM   OBSERVED TIME   NORMAL DEPARTURE LAST
                VALUE   (LST)  VALUE  FROM      YEAR
                                      NORMAL
......................................................
TEMPERATURE (F)
 YESTERDAY
  MAXIMUM         47    257 PM  60    -13       56
  MINIMUM         37    721 AM  40     -3       33
  AVERAGE         42            50     -8       45

PRECIPITATION (IN)
  YESTERDAY        0.00          0.10  -0.10     0.01
  MONTH TO DATE    5.54          2.71   2.83     2.46
  SINCE SEP 1     10.34          5.37   4.97     6.39
  SINCE JAN 1     35.66         30.92   4.74    34.02

DEGREE DAYS
 HEATING
  YESTERDAY       23            15      8       20
  MONTH TO DATE  346           317     29      336
  SINCE SEP 1    472           396     76      395
  SINCE JUL 1    496           402     94      415

 COOLING
  YESTERDAY        0             0      0        0
  MONTH TO DATE    7            13     -6       31
  SINCE SEP 1     67           126    -59      158
  SINCE JAN 1    743           978   -235      884
......................................................


WIND (MPH)
  HIGHEST WIND SPEED    18   HIGHEST WIND DIRECTION     W (270)
  HIGHEST GUST SPEED    23   HIGHEST GUST DIRECTION     W (270)
  AVERAGE WIND SPEED     6.9


SKY COVER
  AVERAGE SKY COVER 0.7


WEATHER CONDITIONS
 THE FOLLOWING WEATHER WAS RECORDED YESTERDAY.
  NO SIGNIFICANT WEATHER WAS OBSERVED.


RELATIVE HUMIDITY (PERCENT)
 HIGHEST    92           500 AM
 LOWEST     60          1200 PM
 AVERAGE    76

..........................................................


THE LAFAYETTE IN CLIMATE NORMALS FOR TODAY
                         NORMAL
 MAXIMUM TEMPERATURE (F)   60
 MINIMUM TEMPERATURE (F)   40


SUNRISE AND SUNSET
OCTOBER 30 2014.......SUNRISE   815 AM EDT   SUNSET   647 PM EDT
OCTOBER 31 2014.......SUNRISE   816 AM EDT   SUNSET   646 PM EDT


-  INDICATES NEGATIVE NUMBERS.
R  INDICATES RECORD WAS SET OR TIED.
MM INDICATES DATA IS MISSING.
T  INDICATES TRACE AMOUNT.




$$
