000
CDUS43 KIND 300532
CLILAF


CLIMATE REPORT
NATIONAL WEATHER SERVICE INDIANAPOLIS IN
131 AM EDT MON MAY 30 2016


...................................

...THE LAFAYETTE IN CLIMATE SUMMARY FOR MAY 29 2016...

CLIMATE NORMAL PERIOD 1981 TO 2010
CLIMATE RECORD PERIOD 9999 TO 9999


WEATHER ITEM   OBSERVED TIME   NORMAL DEPARTURE LAST
                VALUE   (LST)  VALUE  FROM      YEAR
                                      NORMAL
......................................................
TEMPERATURE (F)
 YESTERDAY
  MAXIMUM         85    419 PM  77      8       85
  MINIMUM         61    454 AM  55      6       63
  AVERAGE         73            66      7       74

PRECIPITATION (IN)
  YESTERDAY        0.00          0.15  -0.15     0.00
  MONTH TO DATE    1.95          3.90  -1.95     3.14
  SINCE MAR 1      9.38         10.11  -0.73     6.22
  SINCE JAN 1     12.11         13.73  -1.62     7.95

DEGREE DAYS
 HEATING
  YESTERDAY        0             2     -2        0
  MONTH TO DATE  208           155     53      109
  SINCE MAR 1   1211          1311   -100     1396
  SINCE JUL 1   5019          5645   -626     6474

 COOLING
  YESTERDAY        8             4      4        9
  MONTH TO DATE   50            58     -8       86
  SINCE MAR 1     52            71    -19       88
  SINCE JAN 1     52            71    -19       88
......................................................


WIND (MPH)
  HIGHEST WIND SPEED    21   HIGHEST WIND DIRECTION     W (280)
  HIGHEST GUST SPEED    24   HIGHEST GUST DIRECTION     W (290)
  AVERAGE WIND SPEED     7.1


SKY COVER
  AVERAGE SKY COVER 0.2


WEATHER CONDITIONS
 THE FOLLOWING WEATHER WAS RECORDED YESTERDAY.
  FOG


RELATIVE HUMIDITY (PERCENT)
 HIGHEST    97           500 AM
 LOWEST     34           400 PM
 AVERAGE    66

..........................................................


THE LAFAYETTE IN CLIMATE NORMALS FOR TODAY
                         NORMAL
 MAXIMUM TEMPERATURE (F)   78
 MINIMUM TEMPERATURE (F)   56


SUNRISE AND SUNSET
MAY 30 2016...........SUNRISE   620 AM EDT   SUNSET   911 PM EDT
MAY 31 2016...........SUNRISE   620 AM EDT   SUNSET   911 PM EDT


-  INDICATES NEGATIVE NUMBERS.
R  INDICATES RECORD WAS SET OR TIED.
MM INDICATES DATA IS MISSING.
T  INDICATES TRACE AMOUNT.




$$
