000
CDUS43 KIND 110535
CLILAF


CLIMATE REPORT
NATIONAL WEATHER SERVICE INDIANAPOLIS IN
1234 AM EST MON DEC 11 2017


...................................

...THE LAFAYETTE IN CLIMATE SUMMARY FOR DECEMBER 10 2017...

CLIMATE NORMAL PERIOD 1981 TO 2010
CLIMATE RECORD PERIOD 9999 TO 9999


WEATHER ITEM   OBSERVED TIME   NORMAL DEPARTURE LAST
                VALUE   (LST)  VALUE  FROM      YEAR
                                      NORMAL
......................................................
TEMPERATURE (F)
 YESTERDAY
  MAXIMUM         39    425 PM  39      0       27
  MINIMUM         16    258 AM  25     -9       21
  AVERAGE         28            32     -4       24

PRECIPITATION (IN)
  YESTERDAY        0.00          0.09  -0.09      T
  MONTH TO DATE    0.10          0.93  -0.83     0.32
  SINCE DEC 1      0.10          0.93  -0.83     0.32
  SINCE JAN 1     42.81         35.00   7.81    34.63

DEGREE DAYS
 HEATING
  YESTERDAY       37            33      4       41
  MONTH TO DATE  298           313    -15      334
  SINCE DEC 1    298           313    -15      334
  SINCE JUL 1   1343          1414    -71     1180

 COOLING
  YESTERDAY        0             0      0        0
  MONTH TO DATE    0             0      0        0
  SINCE DEC 1      0             0      0        0
  SINCE JAN 1    853           983   -130     1102
......................................................


WIND (MPH)
  HIGHEST WIND SPEED    20   HIGHEST WIND DIRECTION     W (270)
  HIGHEST GUST SPEED    29   HIGHEST GUST DIRECTION    SW (220)
  AVERAGE WIND SPEED     9.4


SKY COVER
  AVERAGE SKY COVER 0.2


WEATHER CONDITIONS
 THE FOLLOWING WEATHER WAS RECORDED YESTERDAY.
  NO SIGNIFICANT WEATHER WAS OBSERVED.


RELATIVE HUMIDITY (PERCENT)
 HIGHEST    92           500 AM
 LOWEST     48           300 PM
 AVERAGE    70

..........................................................


THE LAFAYETTE IN CLIMATE NORMALS FOR TODAY
                         NORMAL
 MAXIMUM TEMPERATURE (F)   39
 MINIMUM TEMPERATURE (F)   24


SUNRISE AND SUNSET
DECEMBER 11 2017......SUNRISE   801 AM EST   SUNSET   521 PM EST
DECEMBER 12 2017......SUNRISE   802 AM EST   SUNSET   521 PM EST


-  INDICATES NEGATIVE NUMBERS.
R  INDICATES RECORD WAS SET OR TIED.
MM INDICATES DATA IS MISSING.
T  INDICATES TRACE AMOUNT.




$$
