000
CDUS43 KIND 260531
CLILAF


CLIMATE REPORT
NATIONAL WEATHER SERVICE INDIANAPOLIS IN
131 AM EDT TUE MAY 26 2015


...................................

...THE LAFAYETTE IN CLIMATE SUMMARY FOR MAY 25 2015...

CLIMATE NORMAL PERIOD 1981 TO 2010
CLIMATE RECORD PERIOD 9999 TO 9999


WEATHER ITEM   OBSERVED TIME   NORMAL DEPARTURE LAST
                VALUE   (LST)  VALUE  FROM      YEAR
                                      NORMAL
......................................................
TEMPERATURE (F)
 YESTERDAY
  MAXIMUM         80    335 PM  76      4       81
  MINIMUM         68   1159 PM  54     14       52
  AVERAGE         74            65      9       67

PRECIPITATION (IN)
  YESTERDAY        T             0.14  -0.14     0.00
  MONTH TO DATE    2.97          3.35  -0.38     3.79
  SINCE MAR 1      6.05          9.56  -3.51     9.49
  SINCE JAN 1      7.78         13.18  -5.40    12.83

DEGREE DAYS
 HEATING
  YESTERDAY        0             3     -3        0
  MONTH TO DATE  109           144    -35      178
  SINCE MAR 1   1396          1300     96     1584
  SINCE JUL 1   6474          5634    840     6546

 COOLING
  YESTERDAY        9             3      6        2
  MONTH TO DATE   65            44     21       49
  SINCE MAR 1     67            57     10       50
  SINCE JAN 1     67            57     10       50
......................................................


WIND (MPH)
  HIGHEST WIND SPEED    24   HIGHEST WIND DIRECTION    SW (230)
  HIGHEST GUST SPEED    41   HIGHEST GUST DIRECTION    SW (210)
  AVERAGE WIND SPEED    12.3


SKY COVER
  AVERAGE SKY COVER 0.4


WEATHER CONDITIONS
 THE FOLLOWING WEATHER WAS RECORDED YESTERDAY.
  LIGHT RAIN


RELATIVE HUMIDITY (PERCENT)
 HIGHEST    84           800 AM
 LOWEST     49           300 PM
 AVERAGE    67

..........................................................


THE LAFAYETTE IN CLIMATE NORMALS FOR TODAY
                         NORMAL
 MAXIMUM TEMPERATURE (F)   76
 MINIMUM TEMPERATURE (F)   54


SUNRISE AND SUNSET
MAY 26 2015...........SUNRISE   623 AM EDT   SUNSET   907 PM EDT
MAY 27 2015...........SUNRISE   622 AM EDT   SUNSET   908 PM EDT


-  INDICATES NEGATIVE NUMBERS.
R  INDICATES RECORD WAS SET OR TIED.
MM INDICATES DATA IS MISSING.
T  INDICATES TRACE AMOUNT.




$$
