517
CDUS43 KIND 250534
CLILAF


CLIMATE REPORT
NATIONAL WEATHER SERVICE INDIANAPOLIS IN
132 AM EDT SAT MAR 25 2017


...................................

...THE LAFAYETTE IN CLIMATE SUMMARY FOR MARCH 24 2017...

CLIMATE NORMAL PERIOD 1981 TO 2010
CLIMATE RECORD PERIOD 9999 TO 9999


WEATHER ITEM   OBSERVED TIME   NORMAL DEPARTURE LAST
                VALUE   (LST)  VALUE  FROM      YEAR
                                      NORMAL
......................................................
TEMPERATURE (F)
 YESTERDAY
  MAXIMUM         75    309 PM  54     21       63
  MINIMUM         50    154 AM  34     16       34
  AVERAGE         63            44     19       49

PRECIPITATION (IN)
  YESTERDAY        0.00          0.09  -0.09     0.53
  MONTH TO DATE    1.81          2.00  -0.19     2.34
  SINCE MAR 1      1.81          2.00  -0.19     2.34
  SINCE JAN 1      6.71          5.62   1.09     5.07

DEGREE DAYS
 HEATING
  YESTERDAY        2            21    -19       16
  MONTH TO DATE  640           614     26      446
  SINCE MAR 1    640           614     26      446
  SINCE JUL 1   4328          4948   -620     4254

 COOLING
  YESTERDAY        0             0      0        0
  MONTH TO DATE    0             0      0        0
  SINCE MAR 1      0             0      0        0
  SINCE JAN 1      0             0      0        0
......................................................


WIND (MPH)
  HIGHEST WIND SPEED    24   HIGHEST WIND DIRECTION     S (200)
  HIGHEST GUST SPEED    37   HIGHEST GUST DIRECTION    SW (220)
  AVERAGE WIND SPEED    11.7


SKY COVER
  AVERAGE SKY COVER 0.1


WEATHER CONDITIONS
 THE FOLLOWING WEATHER WAS RECORDED YESTERDAY.
  NO SIGNIFICANT WEATHER WAS OBSERVED.


RELATIVE HUMIDITY (PERCENT)
 HIGHEST    73          1000 PM
 LOWEST     52          1200 AM
 AVERAGE    63

..........................................................


THE LAFAYETTE IN CLIMATE NORMALS FOR TODAY
                         NORMAL
 MAXIMUM TEMPERATURE (F)   54
 MINIMUM TEMPERATURE (F)   34


SUNRISE AND SUNSET
MARCH 25 2017.........SUNRISE   743 AM EDT   SUNSET   805 PM EDT
MARCH 26 2017.........SUNRISE   741 AM EDT   SUNSET   806 PM EDT


-  INDICATES NEGATIVE NUMBERS.
R  INDICATES RECORD WAS SET OR TIED.
MM INDICATES DATA IS MISSING.
T  INDICATES TRACE AMOUNT.




$$
